{"id":99850,"date":"2024-04-29T17:12:27","date_gmt":"2024-04-29T15:12:27","guid":{"rendered":"https:\/\/letrame.com\/catalogo\/producto\/bajo-los-milagros-de-dios\/"},"modified":"2024-07-03T13:46:11","modified_gmt":"2024-07-03T11:46:11","slug":"bajo-los-milagros-de-dios","status":"publish","type":"product","link":"https:\/\/letrame.com\/catalogo\/producto\/bajo-los-milagros-de-dios\/","title":{"rendered":"Bajo los milagros de Dios"},"content":{"rendered":"<p>ISBN:\u00a09788411819503<br \/>\nT\u00edtulo:_Bajo los milagros de Dios<br \/>\nFecha:_2024<br \/>\nP\u00e1ginas:\u00a098<br \/>\nSINOPSIS<br \/>\nBajo los milagros de Dios es una obra autobiogr\u00e1fica que relata la extraordinaria vida de Roc\u00edo Guti\u00e9rrez y su familia, una mujer cuyos pasos fueron guiados por la mano de Dios a lo largo de su existencia. Desde su infancia, marcada por la adversidad, hasta su madurez, llena de triunfos y desaf\u00edos, Roc\u00edo comparte sus experiencias personales, revelando c\u00f3mo la fe y los milagros de Dios moldearon cada cap\u00edtulo de su existencia.<br \/>\nLa narrativa se sumerge en momentos de desesperaci\u00f3n donde solo la intervenci\u00f3n divina pudo cambiar el rumbo de los acontecimientos, destacando episodios de sanaci\u00f3n, protecci\u00f3n y provisi\u00f3n que marcan la presencia constante de lo trascendental en su vida. A trav\u00e9s de situaciones l\u00edmite y encrucijadas inesperadas, Roc\u00edo descubre su fortaleza interior y la conexi\u00f3n profunda con lo divino que la sostuvo.<br \/>\nLa historia no solo aborda los momentos de crisis, sino tambi\u00e9n celebra los periodos de alegr\u00eda y crecimiento espiritual. Roc\u00edo comparte c\u00f3mo, incluso en los momentos cotidianos, la presencia de Dios se manifest\u00f3 de manera sutil pero impactante, transformando su perspectiva y gui\u00e1ndola hacia un prop\u00f3sito mayor.<\/p>\n<p>Bajo los milagros de Dios no solo es un relato de la vida de Roc\u00edo, sino tambi\u00e9n un testimonio inspirador de c\u00f3mo la fe puede iluminar incluso los caminos m\u00e1s oscuros. A trav\u00e9s de sus vivencias, la autora invita a los lectores a reflexionar sobre su propia relaci\u00f3n con lo divino y a reconocer la presencia de milagros en cada rinc\u00f3n de sus vidas. Una obra conmovedora y edificante que deja una huella perdurable en el coraz\u00f3n de quienes buscan la conexi\u00f3n espiritual en medio de la complejidad de la existencia humana.<\/p>\n","protected":false},"excerpt":{"rendered":"<p>ISBN:\u00a09788411819503<br \/>\nSINOPSIS<br \/>\nBajo los milagros de Dios es una obra autobiogr\u00e1fica que relata la extraordinaria vida de Roc\u00edo Guti\u00e9rrez y su familia, una mujer cuyos pasos fueron guiados por la mano de Dios a lo largo de su existencia. Desde su infancia, marcada por la adversidad, hasta su madurez, llena de triunfos y desaf\u00edos, Roc\u00edo comparte sus experiencias personales, revelando c\u00f3mo la fe y los milagros de Dios moldearon cada cap\u00edtulo de su existencia.<br \/>\nLa narrativa se sumerge en momentos de desesperaci\u00f3n donde solo la intervenci\u00f3n divina pudo cambiar el rumbo de los acontecimientos, destacando episodios de sanaci\u00f3n, protecci\u00f3n y provisi\u00f3n que marcan la presencia constante de lo trascendental en su vida. A trav\u00e9s de situaciones l\u00edmite y encrucijadas inesperadas, Roc\u00edo descubre su fortaleza interior y la conexi\u00f3n profunda con lo divino que la sostuvo.<br \/>\nLa historia no solo aborda los momentos de crisis, sino tambi\u00e9n celebra los periodos de alegr\u00eda y crecimiento espiritual. Roc\u00edo comparte c\u00f3mo, incluso en los momentos cotidianos, la presencia de Dios se manifest\u00f3 de manera sutil pero impactante, transformando su perspectiva y gui\u00e1ndola hacia un prop\u00f3sito mayor.<\/p>\n<p>Bajo los milagros de Dios no solo es un relato de la vida de Roc\u00edo, sino tambi\u00e9n un testimonio inspirador de c\u00f3mo la fe puede iluminar incluso los caminos m\u00e1s oscuros. A trav\u00e9s de sus vivencias, la autora invita a los lectores a reflexionar sobre su propia relaci\u00f3n con lo divino y a reconocer la presencia de milagros en cada rinc\u00f3n de sus vidas. Una obra conmovedora y edificante que deja una huella perdurable en el coraz\u00f3n de quienes buscan la conexi\u00f3n espiritual en medio de la complejidad de la existencia humana.<\/p>\n","protected":false},"featured_media":99851,"comment_status":"closed","ping_status":"closed","template":"","meta":{"_acf_changed":false},"libro":[],"product_brand":[],"product_cat":[102],"product_tag":[],"class_list":{"0":"post-99850","1":"product","2":"type-product","3":"status-publish","4":"has-post-thumbnail","6":"product_cat-biografia","8":"first","9":"instock","10":"product-type-simple"},"acf":{"autor":[78068],"enlace_de_compra":"https:\/\/amzn.to\/3ztpaBC"},"yoast_head":"<!-- This site is optimized with the Yoast SEO plugin v27.4 - https:\/\/yoast.com\/product\/yoast-seo-wordpress\/ -->\n<title>Bajo los milagros de Dios - Catalogo | Letrame Grupo Editorial<\/title>\n<meta name=\"robots\" content=\"index, follow, max-snippet:-1, max-image-preview:large, max-video-preview:-1\" \/>\n<link rel=\"canonical\" href=\"https:\/\/letrame.com\/catalogo\/producto\/bajo-los-milagros-de-dios\/\" \/>\n<meta property=\"og:locale\" content=\"es_ES\" \/>\n<meta property=\"og:type\" content=\"article\" \/>\n<meta property=\"og:title\" content=\"Bajo los milagros de Dios - Catalogo | Letrame Grupo Editorial\" \/>\n<meta property=\"og:description\" content=\"ISBN:\u00a09788411819503 SINOPSIS Bajo los milagros de Dios es una obra autobiogr\u00e1fica que relata la extraordinaria vida de Roc\u00edo Guti\u00e9rrez y su familia, una mujer cuyos pasos fueron guiados por la mano de Dios a lo largo de su existencia. Desde su infancia, marcada por la adversidad, hasta su madurez, llena de triunfos y desaf\u00edos, Roc\u00edo comparte sus experiencias personales, revelando c\u00f3mo la fe y los milagros de Dios moldearon cada cap\u00edtulo de su existencia. La narrativa se sumerge en momentos de desesperaci\u00f3n donde solo la intervenci\u00f3n divina pudo cambiar el rumbo de los acontecimientos, destacando episodios de sanaci\u00f3n, protecci\u00f3n y provisi\u00f3n que marcan la presencia constante de lo trascendental en su vida. A trav\u00e9s de situaciones l\u00edmite y encrucijadas inesperadas, Roc\u00edo descubre su fortaleza interior y la conexi\u00f3n profunda con lo divino que la sostuvo. La historia no solo aborda los momentos de crisis, sino tambi\u00e9n celebra los periodos de alegr\u00eda y crecimiento espiritual. Roc\u00edo comparte c\u00f3mo, incluso en los momentos cotidianos, la presencia de Dios se manifest\u00f3 de manera sutil pero impactante, transformando su perspectiva y gui\u00e1ndola hacia un prop\u00f3sito mayor.  Bajo los milagros de Dios no solo es un relato de la vida de Roc\u00edo, sino tambi\u00e9n un testimonio inspirador de c\u00f3mo la fe puede iluminar incluso los caminos m\u00e1s oscuros. A trav\u00e9s de sus vivencias, la autora invita a los lectores a reflexionar sobre su propia relaci\u00f3n con lo divino y a reconocer la presencia de milagros en cada rinc\u00f3n de sus vidas. Una obra conmovedora y edificante que deja una huella perdurable en el coraz\u00f3n de quienes buscan la conexi\u00f3n espiritual en medio de la complejidad de la existencia humana.\" \/>\n<meta property=\"og:url\" content=\"https:\/\/letrame.com\/catalogo\/producto\/bajo-los-milagros-de-dios\/\" \/>\n<meta property=\"og:site_name\" content=\"Catalogo | Letrame Grupo Editorial\" \/>\n<meta property=\"article:modified_time\" content=\"2024-07-03T11:46:11+00:00\" \/>\n<meta property=\"og:image\" content=\"https:\/\/letrame.com\/catalogo\/wp-content\/uploads\/2024\/04\/webp_bajolosmilagros_56mm-compressed.jpg\" \/>\n\t<meta property=\"og:image:width\" content=\"1654\" \/>\n\t<meta property=\"og:image:height\" content=\"2362\" \/>\n\t<meta property=\"og:image:type\" content=\"image\/jpeg\" \/>\n<meta name=\"twitter:card\" content=\"summary_large_image\" \/>\n<meta name=\"twitter:label1\" content=\"Tiempo de lectura\" \/>\n\t<meta name=\"twitter:data1\" content=\"2 minutos\" \/>\n<script type=\"application\/ld+json\" class=\"yoast-schema-graph\">{\"@context\":\"https:\\\/\\\/schema.org\",\"@graph\":[{\"@type\":\"WebPage\",\"@id\":\"https:\\\/\\\/letrame.com\\\/catalogo\\\/producto\\\/bajo-los-milagros-de-dios\\\/\",\"url\":\"https:\\\/\\\/letrame.com\\\/catalogo\\\/producto\\\/bajo-los-milagros-de-dios\\\/\",\"name\":\"Bajo los milagros de Dios - Catalogo | Letrame Grupo Editorial\",\"isPartOf\":{\"@id\":\"https:\\\/\\\/letrame.com\\\/catalogo\\\/#website\"},\"primaryImageOfPage\":{\"@id\":\"https:\\\/\\\/letrame.com\\\/catalogo\\\/producto\\\/bajo-los-milagros-de-dios\\\/#primaryimage\"},\"image\":{\"@id\":\"https:\\\/\\\/letrame.com\\\/catalogo\\\/producto\\\/bajo-los-milagros-de-dios\\\/#primaryimage\"},\"thumbnailUrl\":\"https:\\\/\\\/letrame.com\\\/catalogo\\\/wp-content\\\/uploads\\\/2024\\\/04\\\/webp_bajolosmilagros_56mm-compressed.jpg\",\"datePublished\":\"2024-04-29T15:12:27+00:00\",\"dateModified\":\"2024-07-03T11:46:11+00:00\",\"breadcrumb\":{\"@id\":\"https:\\\/\\\/letrame.com\\\/catalogo\\\/producto\\\/bajo-los-milagros-de-dios\\\/#breadcrumb\"},\"inLanguage\":\"es\",\"potentialAction\":[{\"@type\":\"ReadAction\",\"target\":[\"https:\\\/\\\/letrame.com\\\/catalogo\\\/producto\\\/bajo-los-milagros-de-dios\\\/\"]}]},{\"@type\":\"ImageObject\",\"inLanguage\":\"es\",\"@id\":\"https:\\\/\\\/letrame.com\\\/catalogo\\\/producto\\\/bajo-los-milagros-de-dios\\\/#primaryimage\",\"url\":\"https:\\\/\\\/letrame.com\\\/catalogo\\\/wp-content\\\/uploads\\\/2024\\\/04\\\/webp_bajolosmilagros_56mm-compressed.jpg\",\"contentUrl\":\"https:\\\/\\\/letrame.com\\\/catalogo\\\/wp-content\\\/uploads\\\/2024\\\/04\\\/webp_bajolosmilagros_56mm-compressed.jpg\",\"width\":1654,\"height\":2362},{\"@type\":\"BreadcrumbList\",\"@id\":\"https:\\\/\\\/letrame.com\\\/catalogo\\\/producto\\\/bajo-los-milagros-de-dios\\\/#breadcrumb\",\"itemListElement\":[{\"@type\":\"ListItem\",\"position\":1,\"name\":\"Portada\",\"item\":\"https:\\\/\\\/letrame.com\\\/catalogo\\\/\"},{\"@type\":\"ListItem\",\"position\":2,\"name\":\"Cat\u00e1logo\",\"item\":\"https:\\\/\\\/letrame.com\\\/catalogo\\\/\"},{\"@type\":\"ListItem\",\"position\":3,\"name\":\"Bajo los milagros de Dios\"}]},{\"@type\":\"WebSite\",\"@id\":\"https:\\\/\\\/letrame.com\\\/catalogo\\\/#website\",\"url\":\"https:\\\/\\\/letrame.com\\\/catalogo\\\/\",\"name\":\"Catalogo | Letrame Grupo Editorial\",\"description\":\"\",\"publisher\":{\"@id\":\"https:\\\/\\\/letrame.com\\\/catalogo\\\/#organization\"},\"potentialAction\":[{\"@type\":\"SearchAction\",\"target\":{\"@type\":\"EntryPoint\",\"urlTemplate\":\"https:\\\/\\\/letrame.com\\\/catalogo\\\/?s={search_term_string}\"},\"query-input\":{\"@type\":\"PropertyValueSpecification\",\"valueRequired\":true,\"valueName\":\"search_term_string\"}}],\"inLanguage\":\"es\"},{\"@type\":\"Organization\",\"@id\":\"https:\\\/\\\/letrame.com\\\/catalogo\\\/#organization\",\"name\":\"Catalogo | Letrame Grupo Editorial\",\"url\":\"https:\\\/\\\/letrame.com\\\/catalogo\\\/\",\"logo\":{\"@type\":\"ImageObject\",\"inLanguage\":\"es\",\"@id\":\"https:\\\/\\\/letrame.com\\\/catalogo\\\/#\\\/schema\\\/logo\\\/image\\\/\",\"url\":\"https:\\\/\\\/letrame.com\\\/catalogo\\\/wp-content\\\/uploads\\\/2024\\\/03\\\/logo2.webp\",\"contentUrl\":\"https:\\\/\\\/letrame.com\\\/catalogo\\\/wp-content\\\/uploads\\\/2024\\\/03\\\/logo2.webp\",\"width\":394,\"height\":128,\"caption\":\"Catalogo | Letrame Grupo Editorial\"},\"image\":{\"@id\":\"https:\\\/\\\/letrame.com\\\/catalogo\\\/#\\\/schema\\\/logo\\\/image\\\/\"}}]}<\/script>\n<!-- \/ Yoast SEO plugin. -->","yoast_head_json":{"title":"Bajo los milagros de Dios - Catalogo | Letrame Grupo Editorial","robots":{"index":"index","follow":"follow","max-snippet":"max-snippet:-1","max-image-preview":"max-image-preview:large","max-video-preview":"max-video-preview:-1"},"canonical":"https:\/\/letrame.com\/catalogo\/producto\/bajo-los-milagros-de-dios\/","og_locale":"es_ES","og_type":"article","og_title":"Bajo los milagros de Dios - Catalogo | Letrame Grupo Editorial","og_description":"ISBN:\u00a09788411819503 SINOPSIS Bajo los milagros de Dios es una obra autobiogr\u00e1fica que relata la extraordinaria vida de Roc\u00edo Guti\u00e9rrez y su familia, una mujer cuyos pasos fueron guiados por la mano de Dios a lo largo de su existencia. Desde su infancia, marcada por la adversidad, hasta su madurez, llena de triunfos y desaf\u00edos, Roc\u00edo comparte sus experiencias personales, revelando c\u00f3mo la fe y los milagros de Dios moldearon cada cap\u00edtulo de su existencia. La narrativa se sumerge en momentos de desesperaci\u00f3n donde solo la intervenci\u00f3n divina pudo cambiar el rumbo de los acontecimientos, destacando episodios de sanaci\u00f3n, protecci\u00f3n y provisi\u00f3n que marcan la presencia constante de lo trascendental en su vida. A trav\u00e9s de situaciones l\u00edmite y encrucijadas inesperadas, Roc\u00edo descubre su fortaleza interior y la conexi\u00f3n profunda con lo divino que la sostuvo. La historia no solo aborda los momentos de crisis, sino tambi\u00e9n celebra los periodos de alegr\u00eda y crecimiento espiritual. Roc\u00edo comparte c\u00f3mo, incluso en los momentos cotidianos, la presencia de Dios se manifest\u00f3 de manera sutil pero impactante, transformando su perspectiva y gui\u00e1ndola hacia un prop\u00f3sito mayor.  Bajo los milagros de Dios no solo es un relato de la vida de Roc\u00edo, sino tambi\u00e9n un testimonio inspirador de c\u00f3mo la fe puede iluminar incluso los caminos m\u00e1s oscuros. A trav\u00e9s de sus vivencias, la autora invita a los lectores a reflexionar sobre su propia relaci\u00f3n con lo divino y a reconocer la presencia de milagros en cada rinc\u00f3n de sus vidas. Una obra conmovedora y edificante que deja una huella perdurable en el coraz\u00f3n de quienes buscan la conexi\u00f3n espiritual en medio de la complejidad de la existencia humana.","og_url":"https:\/\/letrame.com\/catalogo\/producto\/bajo-los-milagros-de-dios\/","og_site_name":"Catalogo | Letrame Grupo Editorial","article_modified_time":"2024-07-03T11:46:11+00:00","og_image":[{"width":1654,"height":2362,"url":"https:\/\/letrame.com\/catalogo\/wp-content\/uploads\/2024\/04\/webp_bajolosmilagros_56mm-compressed.jpg","type":"image\/jpeg"}],"twitter_card":"summary_large_image","twitter_misc":{"Tiempo de lectura":"2 minutos"},"schema":{"@context":"https:\/\/schema.org","@graph":[{"@type":"WebPage","@id":"https:\/\/letrame.com\/catalogo\/producto\/bajo-los-milagros-de-dios\/","url":"https:\/\/letrame.com\/catalogo\/producto\/bajo-los-milagros-de-dios\/","name":"Bajo los milagros de Dios - Catalogo | Letrame Grupo Editorial","isPartOf":{"@id":"https:\/\/letrame.com\/catalogo\/#website"},"primaryImageOfPage":{"@id":"https:\/\/letrame.com\/catalogo\/producto\/bajo-los-milagros-de-dios\/#primaryimage"},"image":{"@id":"https:\/\/letrame.com\/catalogo\/producto\/bajo-los-milagros-de-dios\/#primaryimage"},"thumbnailUrl":"https:\/\/letrame.com\/catalogo\/wp-content\/uploads\/2024\/04\/webp_bajolosmilagros_56mm-compressed.jpg","datePublished":"2024-04-29T15:12:27+00:00","dateModified":"2024-07-03T11:46:11+00:00","breadcrumb":{"@id":"https:\/\/letrame.com\/catalogo\/producto\/bajo-los-milagros-de-dios\/#breadcrumb"},"inLanguage":"es","potentialAction":[{"@type":"ReadAction","target":["https:\/\/letrame.com\/catalogo\/producto\/bajo-los-milagros-de-dios\/"]}]},{"@type":"ImageObject","inLanguage":"es","@id":"https:\/\/letrame.com\/catalogo\/producto\/bajo-los-milagros-de-dios\/#primaryimage","url":"https:\/\/letrame.com\/catalogo\/wp-content\/uploads\/2024\/04\/webp_bajolosmilagros_56mm-compressed.jpg","contentUrl":"https:\/\/letrame.com\/catalogo\/wp-content\/uploads\/2024\/04\/webp_bajolosmilagros_56mm-compressed.jpg","width":1654,"height":2362},{"@type":"BreadcrumbList","@id":"https:\/\/letrame.com\/catalogo\/producto\/bajo-los-milagros-de-dios\/#breadcrumb","itemListElement":[{"@type":"ListItem","position":1,"name":"Portada","item":"https:\/\/letrame.com\/catalogo\/"},{"@type":"ListItem","position":2,"name":"Cat\u00e1logo","item":"https:\/\/letrame.com\/catalogo\/"},{"@type":"ListItem","position":3,"name":"Bajo los milagros de Dios"}]},{"@type":"WebSite","@id":"https:\/\/letrame.com\/catalogo\/#website","url":"https:\/\/letrame.com\/catalogo\/","name":"Catalogo | Letrame Grupo Editorial","description":"","publisher":{"@id":"https:\/\/letrame.com\/catalogo\/#organization"},"potentialAction":[{"@type":"SearchAction","target":{"@type":"EntryPoint","urlTemplate":"https:\/\/letrame.com\/catalogo\/?s={search_term_string}"},"query-input":{"@type":"PropertyValueSpecification","valueRequired":true,"valueName":"search_term_string"}}],"inLanguage":"es"},{"@type":"Organization","@id":"https:\/\/letrame.com\/catalogo\/#organization","name":"Catalogo | Letrame Grupo Editorial","url":"https:\/\/letrame.com\/catalogo\/","logo":{"@type":"ImageObject","inLanguage":"es","@id":"https:\/\/letrame.com\/catalogo\/#\/schema\/logo\/image\/","url":"https:\/\/letrame.com\/catalogo\/wp-content\/uploads\/2024\/03\/logo2.webp","contentUrl":"https:\/\/letrame.com\/catalogo\/wp-content\/uploads\/2024\/03\/logo2.webp","width":394,"height":128,"caption":"Catalogo | Letrame Grupo Editorial"},"image":{"@id":"https:\/\/letrame.com\/catalogo\/#\/schema\/logo\/image\/"}}]}},"_links":{"self":[{"href":"https:\/\/letrame.com\/catalogo\/wp-json\/wp\/v2\/product\/99850","targetHints":{"allow":["GET"]}}],"collection":[{"href":"https:\/\/letrame.com\/catalogo\/wp-json\/wp\/v2\/product"}],"about":[{"href":"https:\/\/letrame.com\/catalogo\/wp-json\/wp\/v2\/types\/product"}],"replies":[{"embeddable":true,"href":"https:\/\/letrame.com\/catalogo\/wp-json\/wp\/v2\/comments?post=99850"}],"acf:post":[{"embeddable":true,"href":"https:\/\/letrame.com\/catalogo\/wp-json\/wp\/v2\/author_book\/78068"}],"wp:featuredmedia":[{"embeddable":true,"href":"https:\/\/letrame.com\/catalogo\/wp-json\/wp\/v2\/media\/99851"}],"wp:attachment":[{"href":"https:\/\/letrame.com\/catalogo\/wp-json\/wp\/v2\/media?parent=99850"}],"wp:term":[{"taxonomy":"libro","embeddable":true,"href":"https:\/\/letrame.com\/catalogo\/wp-json\/wp\/v2\/libro?post=99850"},{"taxonomy":"product_brand","embeddable":true,"href":"https:\/\/letrame.com\/catalogo\/wp-json\/wp\/v2\/product_brand?post=99850"},{"taxonomy":"product_cat","embeddable":true,"href":"https:\/\/letrame.com\/catalogo\/wp-json\/wp\/v2\/product_cat?post=99850"},{"taxonomy":"product_tag","embeddable":true,"href":"https:\/\/letrame.com\/catalogo\/wp-json\/wp\/v2\/product_tag?post=99850"}],"curies":[{"name":"wp","href":"https:\/\/api.w.org\/{rel}","templated":true}]}}