{"id":99846,"date":"2024-04-29T17:11:43","date_gmt":"2024-04-29T15:11:43","guid":{"rendered":"https:\/\/letrame.com\/catalogo\/producto\/el-camino-herramientas-sencillas-para-transitar-los-duelos-y-transformar-el-sufrimiento-en-felicidad\/"},"modified":"2024-07-29T14:40:53","modified_gmt":"2024-07-29T12:40:53","slug":"el-camino-herramientas-sencillas-para-transitar-los-duelos-y-transformar-el-sufrimiento-en-felicidad","status":"publish","type":"product","link":"https:\/\/letrame.com\/catalogo\/producto\/el-camino-herramientas-sencillas-para-transitar-los-duelos-y-transformar-el-sufrimiento-en-felicidad\/","title":{"rendered":"El camino. Herramientas sencillas para transitar los duelos y transformar el Sufrimiento en Felicidad"},"content":{"rendered":"<p>ISBN:\u00a09788411818018<br \/>\nT\u00edtulo:_El camino<br \/>\nFecha:_2024<br \/>\nP\u00e1ginas:\u00a0232<br \/>\nSINOPSIS<br \/>\nEste libro es una invitaci\u00f3n a encontrar tu felicidad luego de una p\u00e9rdida: divorcio, separaci\u00f3n,<br \/>\nmuerte de un ser querido, de una mascota, despido laboral, mudanza de casa, de pa\u00eds, p\u00e9rdida<br \/>\nde la juventud, p\u00e9rdida o ganancia de peso, s\u00edndrome del nido vac\u00edo, enfermedad y cualquier otra<br \/>\nsituaci\u00f3n que te haya dejado un vac\u00edo en el coraz\u00f3n.<\/p>\n<p>Este libro te invita a ver tu duelo como un camino de sanaci\u00f3n donde aprender\u00e1s a reconectar contigo mismo, a conocer c\u00f3mo funciona tu cuerpo, tus emociones y tu mente para que los sepas gestionar en momentos de estr\u00e9s. Adem\u00e1s, te compartir\u00e9 muchas herramientas \u00fatiles y f\u00e1ciles de implementar que te dar\u00e1n un mapa de ruta para convertir tus p\u00e9rdidas en regalos de aprendizaje y te aseguro que te ayudar\u00e1n a llegar a tu destino feliz. En estas p\u00e1ginas recordar\u00e1s d\u00f3nde dejaste tirada tu felicidad y ubicar\u00e1s la direcci\u00f3n exacta para encontrarla.<\/p>\n<p>Como regalo, para acompa\u00f1arte en este camino, he compuesto para ti varias canciones que encontrar\u00e1s dentro del libro y a las que puedes acceder a trav\u00e9s del c\u00f3digo QR. Esc\u00fachalas y quiz\u00e1s descubras que cuentan tu misma historia. Te invito a cantarlas, bailarlas, llorarlas, re\u00edrlas, sanarlas y compartirlas.<\/p>\n<p>Lo m\u00e1s importante es que este libro te llevar\u00e1 a tu propio camino: al camino de regreso a ti mismo. Te acompa\u00f1o a dar el primer paso\u2026<\/p>\n","protected":false},"excerpt":{"rendered":"<p>ISBN:\u00a09788411818018<br \/>\nSINOPSIS<br \/>\nEste libro es una invitaci\u00f3n a encontrar tu felicidad luego de una p\u00e9rdida: divorcio, separaci\u00f3n,<br \/>\nmuerte de un ser querido, de una mascota, despido laboral, mudanza de casa, de pa\u00eds, p\u00e9rdida<br \/>\nde la juventud, p\u00e9rdida o ganancia de peso, s\u00edndrome del nido vac\u00edo, enfermedad y cualquier otra<br \/>\nsituaci\u00f3n que te haya dejado un vac\u00edo en el coraz\u00f3n.<\/p>\n<p>Este libro te invita a ver tu duelo como un camino de sanaci\u00f3n donde aprender\u00e1s a reconectar contigo mismo, a conocer c\u00f3mo funciona tu cuerpo, tus emociones y tu mente para que los sepas gestionar en momentos de estr\u00e9s. Adem\u00e1s, te compartir\u00e9 muchas herramientas \u00fatiles y f\u00e1ciles de implementar que te dar\u00e1n un mapa de ruta para convertir tus p\u00e9rdidas en regalos de aprendizaje y te aseguro que te ayudar\u00e1n a llegar a tu destino feliz. En estas p\u00e1ginas recordar\u00e1s d\u00f3nde dejaste tirada tu felicidad y ubicar\u00e1s la direcci\u00f3n exacta para encontrarla.<\/p>\n<p>Como regalo, para acompa\u00f1arte en este camino, he compuesto para ti varias canciones que encontrar\u00e1s dentro del libro y a las que puedes acceder a trav\u00e9s del c\u00f3digo QR. Esc\u00fachalas y quiz\u00e1s descubras que cuentan tu misma historia. Te invito a cantarlas, bailarlas, llorarlas, re\u00edrlas, sanarlas y compartirlas.<\/p>\n<p>Lo m\u00e1s importante es que este libro te llevar\u00e1 a tu propio camino: al camino de regreso a ti mismo. Te acompa\u00f1o a dar el primer paso\u2026<\/p>\n","protected":false},"featured_media":99847,"comment_status":"closed","ping_status":"closed","template":"","meta":{"_acf_changed":false},"libro":[],"product_brand":[],"product_cat":[18],"product_tag":[],"class_list":{"0":"post-99846","1":"product","2":"type-product","3":"status-publish","4":"has-post-thumbnail","6":"product_cat-autoayuda","8":"first","9":"instock","10":"product-type-simple"},"acf":{"autor":[78064],"enlace_de_compra":"https:\/\/amzn.to\/3VRYZfu"},"yoast_head":"<!-- This site is optimized with the Yoast SEO plugin v26.6 - https:\/\/yoast.com\/wordpress\/plugins\/seo\/ -->\n<title>El camino. Herramientas sencillas para transitar los duelos y transformar el Sufrimiento en Felicidad - Catalogo | Letrame Grupo Editorial<\/title>\n<meta name=\"robots\" content=\"index, follow, max-snippet:-1, max-image-preview:large, max-video-preview:-1\" \/>\n<link rel=\"canonical\" href=\"https:\/\/letrame.com\/catalogo\/producto\/el-camino-herramientas-sencillas-para-transitar-los-duelos-y-transformar-el-sufrimiento-en-felicidad\/\" \/>\n<meta property=\"og:locale\" content=\"es_ES\" \/>\n<meta property=\"og:type\" content=\"article\" \/>\n<meta property=\"og:title\" content=\"El camino. Herramientas sencillas para transitar los duelos y transformar el Sufrimiento en Felicidad - Catalogo | Letrame Grupo Editorial\" \/>\n<meta property=\"og:description\" content=\"ISBN:\u00a09788411818018 SINOPSIS Este libro es una invitaci\u00f3n a encontrar tu felicidad luego de una p\u00e9rdida: divorcio, separaci\u00f3n, muerte de un ser querido, de una mascota, despido laboral, mudanza de casa, de pa\u00eds, p\u00e9rdida de la juventud, p\u00e9rdida o ganancia de peso, s\u00edndrome del nido vac\u00edo, enfermedad y cualquier otra situaci\u00f3n que te haya dejado un vac\u00edo en el coraz\u00f3n.  Este libro te invita a ver tu duelo como un camino de sanaci\u00f3n donde aprender\u00e1s a reconectar contigo mismo, a conocer c\u00f3mo funciona tu cuerpo, tus emociones y tu mente para que los sepas gestionar en momentos de estr\u00e9s. Adem\u00e1s, te compartir\u00e9 muchas herramientas \u00fatiles y f\u00e1ciles de implementar que te dar\u00e1n un mapa de ruta para convertir tus p\u00e9rdidas en regalos de aprendizaje y te aseguro que te ayudar\u00e1n a llegar a tu destino feliz. En estas p\u00e1ginas recordar\u00e1s d\u00f3nde dejaste tirada tu felicidad y ubicar\u00e1s la direcci\u00f3n exacta para encontrarla.  Como regalo, para acompa\u00f1arte en este camino, he compuesto para ti varias canciones que encontrar\u00e1s dentro del libro y a las que puedes acceder a trav\u00e9s del c\u00f3digo QR. Esc\u00fachalas y quiz\u00e1s descubras que cuentan tu misma historia. Te invito a cantarlas, bailarlas, llorarlas, re\u00edrlas, sanarlas y compartirlas.  Lo m\u00e1s importante es que este libro te llevar\u00e1 a tu propio camino: al camino de regreso a ti mismo. Te acompa\u00f1o a dar el primer paso\u2026\" \/>\n<meta property=\"og:url\" content=\"https:\/\/letrame.com\/catalogo\/producto\/el-camino-herramientas-sencillas-para-transitar-los-duelos-y-transformar-el-sufrimiento-en-felicidad\/\" \/>\n<meta property=\"og:site_name\" content=\"Catalogo | Letrame Grupo Editorial\" \/>\n<meta property=\"article:modified_time\" content=\"2024-07-29T12:40:53+00:00\" \/>\n<meta property=\"og:image\" content=\"https:\/\/letrame.com\/catalogo\/wp-content\/uploads\/2024\/04\/webp_elcamino_1312mm-compressed-scaled-1.jpg\" \/>\n\t<meta property=\"og:image:width\" content=\"1746\" \/>\n\t<meta property=\"og:image:height\" content=\"2560\" \/>\n\t<meta property=\"og:image:type\" content=\"image\/jpeg\" \/>\n<meta name=\"twitter:card\" content=\"summary_large_image\" \/>\n<meta name=\"twitter:label1\" content=\"Tiempo de lectura\" \/>\n\t<meta name=\"twitter:data1\" content=\"2 minutos\" \/>\n<script type=\"application\/ld+json\" class=\"yoast-schema-graph\">{\"@context\":\"https:\/\/schema.org\",\"@graph\":[{\"@type\":\"WebPage\",\"@id\":\"https:\/\/letrame.com\/catalogo\/producto\/el-camino-herramientas-sencillas-para-transitar-los-duelos-y-transformar-el-sufrimiento-en-felicidad\/\",\"url\":\"https:\/\/letrame.com\/catalogo\/producto\/el-camino-herramientas-sencillas-para-transitar-los-duelos-y-transformar-el-sufrimiento-en-felicidad\/\",\"name\":\"El camino. Herramientas sencillas para transitar los duelos y transformar el Sufrimiento en Felicidad - Catalogo | Letrame Grupo Editorial\",\"isPartOf\":{\"@id\":\"https:\/\/letrame.com\/catalogo\/#website\"},\"primaryImageOfPage\":{\"@id\":\"https:\/\/letrame.com\/catalogo\/producto\/el-camino-herramientas-sencillas-para-transitar-los-duelos-y-transformar-el-sufrimiento-en-felicidad\/#primaryimage\"},\"image\":{\"@id\":\"https:\/\/letrame.com\/catalogo\/producto\/el-camino-herramientas-sencillas-para-transitar-los-duelos-y-transformar-el-sufrimiento-en-felicidad\/#primaryimage\"},\"thumbnailUrl\":\"https:\/\/letrame.com\/catalogo\/wp-content\/uploads\/2024\/04\/webp_elcamino_1312mm-compressed-scaled-1.jpg\",\"datePublished\":\"2024-04-29T15:11:43+00:00\",\"dateModified\":\"2024-07-29T12:40:53+00:00\",\"breadcrumb\":{\"@id\":\"https:\/\/letrame.com\/catalogo\/producto\/el-camino-herramientas-sencillas-para-transitar-los-duelos-y-transformar-el-sufrimiento-en-felicidad\/#breadcrumb\"},\"inLanguage\":\"es\",\"potentialAction\":[{\"@type\":\"ReadAction\",\"target\":[\"https:\/\/letrame.com\/catalogo\/producto\/el-camino-herramientas-sencillas-para-transitar-los-duelos-y-transformar-el-sufrimiento-en-felicidad\/\"]}]},{\"@type\":\"ImageObject\",\"inLanguage\":\"es\",\"@id\":\"https:\/\/letrame.com\/catalogo\/producto\/el-camino-herramientas-sencillas-para-transitar-los-duelos-y-transformar-el-sufrimiento-en-felicidad\/#primaryimage\",\"url\":\"https:\/\/letrame.com\/catalogo\/wp-content\/uploads\/2024\/04\/webp_elcamino_1312mm-compressed-scaled-1.jpg\",\"contentUrl\":\"https:\/\/letrame.com\/catalogo\/wp-content\/uploads\/2024\/04\/webp_elcamino_1312mm-compressed-scaled-1.jpg\",\"width\":1746,\"height\":2560},{\"@type\":\"BreadcrumbList\",\"@id\":\"https:\/\/letrame.com\/catalogo\/producto\/el-camino-herramientas-sencillas-para-transitar-los-duelos-y-transformar-el-sufrimiento-en-felicidad\/#breadcrumb\",\"itemListElement\":[{\"@type\":\"ListItem\",\"position\":1,\"name\":\"Portada\",\"item\":\"https:\/\/letrame.com\/catalogo\/\"},{\"@type\":\"ListItem\",\"position\":2,\"name\":\"Cat\u00e1logo\",\"item\":\"https:\/\/letrame.com\/catalogo\/\"},{\"@type\":\"ListItem\",\"position\":3,\"name\":\"El camino. Herramientas sencillas para transitar los duelos y transformar el Sufrimiento en Felicidad\"}]},{\"@type\":\"WebSite\",\"@id\":\"https:\/\/letrame.com\/catalogo\/#website\",\"url\":\"https:\/\/letrame.com\/catalogo\/\",\"name\":\"Catalogo | Letrame Grupo Editorial\",\"description\":\"\",\"publisher\":{\"@id\":\"https:\/\/letrame.com\/catalogo\/#organization\"},\"potentialAction\":[{\"@type\":\"SearchAction\",\"target\":{\"@type\":\"EntryPoint\",\"urlTemplate\":\"https:\/\/letrame.com\/catalogo\/?s={search_term_string}\"},\"query-input\":{\"@type\":\"PropertyValueSpecification\",\"valueRequired\":true,\"valueName\":\"search_term_string\"}}],\"inLanguage\":\"es\"},{\"@type\":\"Organization\",\"@id\":\"https:\/\/letrame.com\/catalogo\/#organization\",\"name\":\"Catalogo | Letrame Grupo Editorial\",\"url\":\"https:\/\/letrame.com\/catalogo\/\",\"logo\":{\"@type\":\"ImageObject\",\"inLanguage\":\"es\",\"@id\":\"https:\/\/letrame.com\/catalogo\/#\/schema\/logo\/image\/\",\"url\":\"https:\/\/letrame.com\/catalogo\/wp-content\/uploads\/2024\/03\/logo2.webp\",\"contentUrl\":\"https:\/\/letrame.com\/catalogo\/wp-content\/uploads\/2024\/03\/logo2.webp\",\"width\":394,\"height\":128,\"caption\":\"Catalogo | Letrame Grupo Editorial\"},\"image\":{\"@id\":\"https:\/\/letrame.com\/catalogo\/#\/schema\/logo\/image\/\"}}]}<\/script>\n<!-- \/ Yoast SEO plugin. -->","yoast_head_json":{"title":"El camino. Herramientas sencillas para transitar los duelos y transformar el Sufrimiento en Felicidad - Catalogo | Letrame Grupo Editorial","robots":{"index":"index","follow":"follow","max-snippet":"max-snippet:-1","max-image-preview":"max-image-preview:large","max-video-preview":"max-video-preview:-1"},"canonical":"https:\/\/letrame.com\/catalogo\/producto\/el-camino-herramientas-sencillas-para-transitar-los-duelos-y-transformar-el-sufrimiento-en-felicidad\/","og_locale":"es_ES","og_type":"article","og_title":"El camino. Herramientas sencillas para transitar los duelos y transformar el Sufrimiento en Felicidad - Catalogo | Letrame Grupo Editorial","og_description":"ISBN:\u00a09788411818018 SINOPSIS Este libro es una invitaci\u00f3n a encontrar tu felicidad luego de una p\u00e9rdida: divorcio, separaci\u00f3n, muerte de un ser querido, de una mascota, despido laboral, mudanza de casa, de pa\u00eds, p\u00e9rdida de la juventud, p\u00e9rdida o ganancia de peso, s\u00edndrome del nido vac\u00edo, enfermedad y cualquier otra situaci\u00f3n que te haya dejado un vac\u00edo en el coraz\u00f3n.  Este libro te invita a ver tu duelo como un camino de sanaci\u00f3n donde aprender\u00e1s a reconectar contigo mismo, a conocer c\u00f3mo funciona tu cuerpo, tus emociones y tu mente para que los sepas gestionar en momentos de estr\u00e9s. Adem\u00e1s, te compartir\u00e9 muchas herramientas \u00fatiles y f\u00e1ciles de implementar que te dar\u00e1n un mapa de ruta para convertir tus p\u00e9rdidas en regalos de aprendizaje y te aseguro que te ayudar\u00e1n a llegar a tu destino feliz. En estas p\u00e1ginas recordar\u00e1s d\u00f3nde dejaste tirada tu felicidad y ubicar\u00e1s la direcci\u00f3n exacta para encontrarla.  Como regalo, para acompa\u00f1arte en este camino, he compuesto para ti varias canciones que encontrar\u00e1s dentro del libro y a las que puedes acceder a trav\u00e9s del c\u00f3digo QR. Esc\u00fachalas y quiz\u00e1s descubras que cuentan tu misma historia. Te invito a cantarlas, bailarlas, llorarlas, re\u00edrlas, sanarlas y compartirlas.  Lo m\u00e1s importante es que este libro te llevar\u00e1 a tu propio camino: al camino de regreso a ti mismo. Te acompa\u00f1o a dar el primer paso\u2026","og_url":"https:\/\/letrame.com\/catalogo\/producto\/el-camino-herramientas-sencillas-para-transitar-los-duelos-y-transformar-el-sufrimiento-en-felicidad\/","og_site_name":"Catalogo | Letrame Grupo Editorial","article_modified_time":"2024-07-29T12:40:53+00:00","og_image":[{"width":1746,"height":2560,"url":"https:\/\/letrame.com\/catalogo\/wp-content\/uploads\/2024\/04\/webp_elcamino_1312mm-compressed-scaled-1.jpg","type":"image\/jpeg"}],"twitter_card":"summary_large_image","twitter_misc":{"Tiempo de lectura":"2 minutos"},"schema":{"@context":"https:\/\/schema.org","@graph":[{"@type":"WebPage","@id":"https:\/\/letrame.com\/catalogo\/producto\/el-camino-herramientas-sencillas-para-transitar-los-duelos-y-transformar-el-sufrimiento-en-felicidad\/","url":"https:\/\/letrame.com\/catalogo\/producto\/el-camino-herramientas-sencillas-para-transitar-los-duelos-y-transformar-el-sufrimiento-en-felicidad\/","name":"El camino. Herramientas sencillas para transitar los duelos y transformar el Sufrimiento en Felicidad - Catalogo | Letrame Grupo Editorial","isPartOf":{"@id":"https:\/\/letrame.com\/catalogo\/#website"},"primaryImageOfPage":{"@id":"https:\/\/letrame.com\/catalogo\/producto\/el-camino-herramientas-sencillas-para-transitar-los-duelos-y-transformar-el-sufrimiento-en-felicidad\/#primaryimage"},"image":{"@id":"https:\/\/letrame.com\/catalogo\/producto\/el-camino-herramientas-sencillas-para-transitar-los-duelos-y-transformar-el-sufrimiento-en-felicidad\/#primaryimage"},"thumbnailUrl":"https:\/\/letrame.com\/catalogo\/wp-content\/uploads\/2024\/04\/webp_elcamino_1312mm-compressed-scaled-1.jpg","datePublished":"2024-04-29T15:11:43+00:00","dateModified":"2024-07-29T12:40:53+00:00","breadcrumb":{"@id":"https:\/\/letrame.com\/catalogo\/producto\/el-camino-herramientas-sencillas-para-transitar-los-duelos-y-transformar-el-sufrimiento-en-felicidad\/#breadcrumb"},"inLanguage":"es","potentialAction":[{"@type":"ReadAction","target":["https:\/\/letrame.com\/catalogo\/producto\/el-camino-herramientas-sencillas-para-transitar-los-duelos-y-transformar-el-sufrimiento-en-felicidad\/"]}]},{"@type":"ImageObject","inLanguage":"es","@id":"https:\/\/letrame.com\/catalogo\/producto\/el-camino-herramientas-sencillas-para-transitar-los-duelos-y-transformar-el-sufrimiento-en-felicidad\/#primaryimage","url":"https:\/\/letrame.com\/catalogo\/wp-content\/uploads\/2024\/04\/webp_elcamino_1312mm-compressed-scaled-1.jpg","contentUrl":"https:\/\/letrame.com\/catalogo\/wp-content\/uploads\/2024\/04\/webp_elcamino_1312mm-compressed-scaled-1.jpg","width":1746,"height":2560},{"@type":"BreadcrumbList","@id":"https:\/\/letrame.com\/catalogo\/producto\/el-camino-herramientas-sencillas-para-transitar-los-duelos-y-transformar-el-sufrimiento-en-felicidad\/#breadcrumb","itemListElement":[{"@type":"ListItem","position":1,"name":"Portada","item":"https:\/\/letrame.com\/catalogo\/"},{"@type":"ListItem","position":2,"name":"Cat\u00e1logo","item":"https:\/\/letrame.com\/catalogo\/"},{"@type":"ListItem","position":3,"name":"El camino. Herramientas sencillas para transitar los duelos y transformar el Sufrimiento en Felicidad"}]},{"@type":"WebSite","@id":"https:\/\/letrame.com\/catalogo\/#website","url":"https:\/\/letrame.com\/catalogo\/","name":"Catalogo | Letrame Grupo Editorial","description":"","publisher":{"@id":"https:\/\/letrame.com\/catalogo\/#organization"},"potentialAction":[{"@type":"SearchAction","target":{"@type":"EntryPoint","urlTemplate":"https:\/\/letrame.com\/catalogo\/?s={search_term_string}"},"query-input":{"@type":"PropertyValueSpecification","valueRequired":true,"valueName":"search_term_string"}}],"inLanguage":"es"},{"@type":"Organization","@id":"https:\/\/letrame.com\/catalogo\/#organization","name":"Catalogo | Letrame Grupo Editorial","url":"https:\/\/letrame.com\/catalogo\/","logo":{"@type":"ImageObject","inLanguage":"es","@id":"https:\/\/letrame.com\/catalogo\/#\/schema\/logo\/image\/","url":"https:\/\/letrame.com\/catalogo\/wp-content\/uploads\/2024\/03\/logo2.webp","contentUrl":"https:\/\/letrame.com\/catalogo\/wp-content\/uploads\/2024\/03\/logo2.webp","width":394,"height":128,"caption":"Catalogo | Letrame Grupo Editorial"},"image":{"@id":"https:\/\/letrame.com\/catalogo\/#\/schema\/logo\/image\/"}}]}},"_links":{"self":[{"href":"https:\/\/letrame.com\/catalogo\/wp-json\/wp\/v2\/product\/99846","targetHints":{"allow":["GET"]}}],"collection":[{"href":"https:\/\/letrame.com\/catalogo\/wp-json\/wp\/v2\/product"}],"about":[{"href":"https:\/\/letrame.com\/catalogo\/wp-json\/wp\/v2\/types\/product"}],"replies":[{"embeddable":true,"href":"https:\/\/letrame.com\/catalogo\/wp-json\/wp\/v2\/comments?post=99846"}],"acf:post":[{"embeddable":true,"href":"https:\/\/letrame.com\/catalogo\/wp-json\/wp\/v2\/author_book\/78064"}],"wp:featuredmedia":[{"embeddable":true,"href":"https:\/\/letrame.com\/catalogo\/wp-json\/wp\/v2\/media\/99847"}],"wp:attachment":[{"href":"https:\/\/letrame.com\/catalogo\/wp-json\/wp\/v2\/media?parent=99846"}],"wp:term":[{"taxonomy":"libro","embeddable":true,"href":"https:\/\/letrame.com\/catalogo\/wp-json\/wp\/v2\/libro?post=99846"},{"taxonomy":"product_brand","embeddable":true,"href":"https:\/\/letrame.com\/catalogo\/wp-json\/wp\/v2\/product_brand?post=99846"},{"taxonomy":"product_cat","embeddable":true,"href":"https:\/\/letrame.com\/catalogo\/wp-json\/wp\/v2\/product_cat?post=99846"},{"taxonomy":"product_tag","embeddable":true,"href":"https:\/\/letrame.com\/catalogo\/wp-json\/wp\/v2\/product_tag?post=99846"}],"curies":[{"name":"wp","href":"https:\/\/api.w.org\/{rel}","templated":true}]}}