{"id":99814,"date":"2024-04-29T17:08:23","date_gmt":"2024-04-29T15:08:23","guid":{"rendered":"https:\/\/letrame.com\/catalogo\/producto\/bellas-flores-de-mar\/"},"modified":"2024-04-29T17:08:23","modified_gmt":"2024-04-29T15:08:23","slug":"bellas-flores-de-mar","status":"publish","type":"product","link":"https:\/\/letrame.com\/catalogo\/producto\/bellas-flores-de-mar\/","title":{"rendered":"Bellas flores de mar"},"content":{"rendered":"<p>ISBN:\u00a0978-84-1181-931-2<br \/>\nT\u00edtulo:_Bellas flores de mar<br \/>\nFecha:_2024<br \/>\nP\u00e1ginas:\u00a0142<br \/>\nSINOPSIS<br \/>\nLa historia se centra en la vida de una mujer llamada Sol que habita en un mundo desconocido, el cual es descubierto por una mujer cuyo nombre no se menciona en su narraci\u00f3n, y es un misterio su llegada. De lo \u00fanico que tiene conocimiento es de que se encuentra sola; nadie de ese mundo la puede ver, sentir o escuchar; sin embargo, ella lo puede percibir: entiende su dialecto, explora el lugar y empieza a entender c\u00f3mo es la vida en este lugar tan extra\u00f1o y confuso. Es aqu\u00ed donde conoce a la protagonista de esta historia y comienza a seguirla, relatando los sucesos que van marcando el destino de esta mujer, haci\u00e9ndolos plasmar en un escrito, su \u00fanico medio de comunicaci\u00f3n hacia s\u00ed misma para no perder la raz\u00f3n y estar en el presente.<br \/>\nEn su narraci\u00f3n se refleja un claro ejemplo de violencia hacia la mujer, una violencia marcada por fieras de humo negro, una forma distinta en que se presenta, mostrando que ning\u00fan mundo est\u00e1 exento de esta maldici\u00f3n; de c\u00f3mo destruye el alma de una mujer, transformando su destino, convirtiendo una vida de libertad en una vida de sufrimiento y temor.<br \/>\nTambi\u00e9n refleja los sentimientos m\u00e1s marcados en la vida de cualquier ser humano: el amor, la familia, la amistad, la lucha infinita por cumplir los sue\u00f1os, los anhelos de vivir la libertad, buscar la verdadera felicidad y vencer las adversidades que el destino pone en el camino.<\/p>\n","protected":false},"excerpt":{"rendered":"<p>ISBN:\u00a0978-84-1181-931-2<\/p>\n<p>SINOPSIS<br \/>\nLa historia se centra en la vida de una mujer llamada Sol que habita en un mundo desconocido, el cual es descubierto por una mujer cuyo nombre no se menciona en su narraci\u00f3n, y es un misterio su llegada. De lo \u00fanico que tiene conocimiento es de que se encuentra sola; nadie de ese mundo la puede ver, sentir o escuchar; sin embargo, ella lo puede percibir: entiende su dialecto, explora el lugar y empieza a entender c\u00f3mo es la vida en este lugar tan extra\u00f1o y confuso. Es aqu\u00ed donde conoce a la protagonista de esta historia y comienza a seguirla, relatando los sucesos que van marcando el destino de esta mujer, haci\u00e9ndolos plasmar en un escrito, su \u00fanico medio de comunicaci\u00f3n hacia s\u00ed misma para no perder la raz\u00f3n y estar en el presente.<br \/>\nEn su narraci\u00f3n se refleja un claro ejemplo de violencia hacia la mujer, una violencia marcada por fieras de humo negro, una forma distinta en que se presenta, mostrando que ning\u00fan mundo est\u00e1 exento de esta maldici\u00f3n; de c\u00f3mo destruye el alma de una mujer, transformando su destino, convirtiendo una vida de libertad en una vida de sufrimiento y temor.<br \/>\nTambi\u00e9n refleja los sentimientos m\u00e1s marcados en la vida de cualquier ser humano: el amor, la familia, la amistad, la lucha infinita por cumplir los sue\u00f1os, los anhelos de vivir la libertad, buscar la verdadera felicidad y vencer las adversidades que el destino pone en el camino.<\/p>\n","protected":false},"featured_media":99815,"comment_status":"closed","ping_status":"open","template":"","meta":{"_acf_changed":false},"libro":[],"product_brand":[],"product_cat":[47],"product_tag":[],"class_list":{"0":"post-99814","1":"product","2":"type-product","3":"status-publish","4":"has-post-thumbnail","6":"product_cat-ciencia-ficcion-misterio","8":"first","9":"instock","10":"product-type-simple"},"acf":{"autor":[78045],"enlace_de_compra":"https:\/\/www.casadellibro.com\/libro-bellas-flores-de-mar\/9788411819312\/15942751"},"yoast_head":"<!-- This site is optimized with the Yoast SEO plugin v26.6 - https:\/\/yoast.com\/wordpress\/plugins\/seo\/ -->\n<title>Bellas flores de mar - Catalogo | Letrame Grupo Editorial<\/title>\n<meta name=\"robots\" content=\"index, follow, max-snippet:-1, max-image-preview:large, max-video-preview:-1\" \/>\n<link rel=\"canonical\" href=\"https:\/\/letrame.com\/catalogo\/producto\/bellas-flores-de-mar\/\" \/>\n<meta property=\"og:locale\" content=\"es_ES\" \/>\n<meta property=\"og:type\" content=\"article\" \/>\n<meta property=\"og:title\" content=\"Bellas flores de mar - Catalogo | Letrame Grupo Editorial\" \/>\n<meta property=\"og:description\" content=\"ISBN:\u00a0978-84-1181-931-2 SINOPSIS La historia se centra en la vida de una mujer llamada Sol que habita en un mundo desconocido, el cual es descubierto por una mujer cuyo nombre no se menciona en su narraci\u00f3n, y es un misterio su llegada. De lo \u00fanico que tiene conocimiento es de que se encuentra sola; nadie de ese mundo la puede ver, sentir o escuchar; sin embargo, ella lo puede percibir: entiende su dialecto, explora el lugar y empieza a entender c\u00f3mo es la vida en este lugar tan extra\u00f1o y confuso. Es aqu\u00ed donde conoce a la protagonista de esta historia y comienza a seguirla, relatando los sucesos que van marcando el destino de esta mujer, haci\u00e9ndolos plasmar en un escrito, su \u00fanico medio de comunicaci\u00f3n hacia s\u00ed misma para no perder la raz\u00f3n y estar en el presente. En su narraci\u00f3n se refleja un claro ejemplo de violencia hacia la mujer, una violencia marcada por fieras de humo negro, una forma distinta en que se presenta, mostrando que ning\u00fan mundo est\u00e1 exento de esta maldici\u00f3n; de c\u00f3mo destruye el alma de una mujer, transformando su destino, convirtiendo una vida de libertad en una vida de sufrimiento y temor. Tambi\u00e9n refleja los sentimientos m\u00e1s marcados en la vida de cualquier ser humano: el amor, la familia, la amistad, la lucha infinita por cumplir los sue\u00f1os, los anhelos de vivir la libertad, buscar la verdadera felicidad y vencer las adversidades que el destino pone en el camino.\" \/>\n<meta property=\"og:url\" content=\"https:\/\/letrame.com\/catalogo\/producto\/bellas-flores-de-mar\/\" \/>\n<meta property=\"og:site_name\" content=\"Catalogo | Letrame Grupo Editorial\" \/>\n<meta property=\"og:image\" content=\"https:\/\/letrame.com\/catalogo\/wp-content\/uploads\/2024\/04\/webp_bellasfloresdemar_762mm-compressed.jpg\" \/>\n\t<meta property=\"og:image:width\" content=\"1654\" \/>\n\t<meta property=\"og:image:height\" content=\"2362\" \/>\n\t<meta property=\"og:image:type\" content=\"image\/jpeg\" \/>\n<meta name=\"twitter:card\" content=\"summary_large_image\" \/>\n<meta name=\"twitter:label1\" content=\"Tiempo de lectura\" \/>\n\t<meta name=\"twitter:data1\" content=\"1 minuto\" \/>\n<script type=\"application\/ld+json\" class=\"yoast-schema-graph\">{\"@context\":\"https:\/\/schema.org\",\"@graph\":[{\"@type\":\"WebPage\",\"@id\":\"https:\/\/letrame.com\/catalogo\/producto\/bellas-flores-de-mar\/\",\"url\":\"https:\/\/letrame.com\/catalogo\/producto\/bellas-flores-de-mar\/\",\"name\":\"Bellas flores de mar - Catalogo | Letrame Grupo Editorial\",\"isPartOf\":{\"@id\":\"https:\/\/letrame.com\/catalogo\/#website\"},\"primaryImageOfPage\":{\"@id\":\"https:\/\/letrame.com\/catalogo\/producto\/bellas-flores-de-mar\/#primaryimage\"},\"image\":{\"@id\":\"https:\/\/letrame.com\/catalogo\/producto\/bellas-flores-de-mar\/#primaryimage\"},\"thumbnailUrl\":\"https:\/\/letrame.com\/catalogo\/wp-content\/uploads\/2024\/04\/webp_bellasfloresdemar_762mm-compressed.jpg\",\"datePublished\":\"2024-04-29T15:08:23+00:00\",\"breadcrumb\":{\"@id\":\"https:\/\/letrame.com\/catalogo\/producto\/bellas-flores-de-mar\/#breadcrumb\"},\"inLanguage\":\"es\",\"potentialAction\":[{\"@type\":\"ReadAction\",\"target\":[\"https:\/\/letrame.com\/catalogo\/producto\/bellas-flores-de-mar\/\"]}]},{\"@type\":\"ImageObject\",\"inLanguage\":\"es\",\"@id\":\"https:\/\/letrame.com\/catalogo\/producto\/bellas-flores-de-mar\/#primaryimage\",\"url\":\"https:\/\/letrame.com\/catalogo\/wp-content\/uploads\/2024\/04\/webp_bellasfloresdemar_762mm-compressed.jpg\",\"contentUrl\":\"https:\/\/letrame.com\/catalogo\/wp-content\/uploads\/2024\/04\/webp_bellasfloresdemar_762mm-compressed.jpg\",\"width\":1654,\"height\":2362},{\"@type\":\"BreadcrumbList\",\"@id\":\"https:\/\/letrame.com\/catalogo\/producto\/bellas-flores-de-mar\/#breadcrumb\",\"itemListElement\":[{\"@type\":\"ListItem\",\"position\":1,\"name\":\"Portada\",\"item\":\"https:\/\/letrame.com\/catalogo\/\"},{\"@type\":\"ListItem\",\"position\":2,\"name\":\"Cat\u00e1logo\",\"item\":\"https:\/\/letrame.com\/catalogo\/\"},{\"@type\":\"ListItem\",\"position\":3,\"name\":\"Bellas flores de mar\"}]},{\"@type\":\"WebSite\",\"@id\":\"https:\/\/letrame.com\/catalogo\/#website\",\"url\":\"https:\/\/letrame.com\/catalogo\/\",\"name\":\"Catalogo | Letrame Grupo Editorial\",\"description\":\"\",\"publisher\":{\"@id\":\"https:\/\/letrame.com\/catalogo\/#organization\"},\"potentialAction\":[{\"@type\":\"SearchAction\",\"target\":{\"@type\":\"EntryPoint\",\"urlTemplate\":\"https:\/\/letrame.com\/catalogo\/?s={search_term_string}\"},\"query-input\":{\"@type\":\"PropertyValueSpecification\",\"valueRequired\":true,\"valueName\":\"search_term_string\"}}],\"inLanguage\":\"es\"},{\"@type\":\"Organization\",\"@id\":\"https:\/\/letrame.com\/catalogo\/#organization\",\"name\":\"Catalogo | Letrame Grupo Editorial\",\"url\":\"https:\/\/letrame.com\/catalogo\/\",\"logo\":{\"@type\":\"ImageObject\",\"inLanguage\":\"es\",\"@id\":\"https:\/\/letrame.com\/catalogo\/#\/schema\/logo\/image\/\",\"url\":\"https:\/\/letrame.com\/catalogo\/wp-content\/uploads\/2024\/03\/logo2.webp\",\"contentUrl\":\"https:\/\/letrame.com\/catalogo\/wp-content\/uploads\/2024\/03\/logo2.webp\",\"width\":394,\"height\":128,\"caption\":\"Catalogo | Letrame Grupo Editorial\"},\"image\":{\"@id\":\"https:\/\/letrame.com\/catalogo\/#\/schema\/logo\/image\/\"}}]}<\/script>\n<!-- \/ Yoast SEO plugin. -->","yoast_head_json":{"title":"Bellas flores de mar - Catalogo | Letrame Grupo Editorial","robots":{"index":"index","follow":"follow","max-snippet":"max-snippet:-1","max-image-preview":"max-image-preview:large","max-video-preview":"max-video-preview:-1"},"canonical":"https:\/\/letrame.com\/catalogo\/producto\/bellas-flores-de-mar\/","og_locale":"es_ES","og_type":"article","og_title":"Bellas flores de mar - Catalogo | Letrame Grupo Editorial","og_description":"ISBN:\u00a0978-84-1181-931-2 SINOPSIS La historia se centra en la vida de una mujer llamada Sol que habita en un mundo desconocido, el cual es descubierto por una mujer cuyo nombre no se menciona en su narraci\u00f3n, y es un misterio su llegada. De lo \u00fanico que tiene conocimiento es de que se encuentra sola; nadie de ese mundo la puede ver, sentir o escuchar; sin embargo, ella lo puede percibir: entiende su dialecto, explora el lugar y empieza a entender c\u00f3mo es la vida en este lugar tan extra\u00f1o y confuso. Es aqu\u00ed donde conoce a la protagonista de esta historia y comienza a seguirla, relatando los sucesos que van marcando el destino de esta mujer, haci\u00e9ndolos plasmar en un escrito, su \u00fanico medio de comunicaci\u00f3n hacia s\u00ed misma para no perder la raz\u00f3n y estar en el presente. En su narraci\u00f3n se refleja un claro ejemplo de violencia hacia la mujer, una violencia marcada por fieras de humo negro, una forma distinta en que se presenta, mostrando que ning\u00fan mundo est\u00e1 exento de esta maldici\u00f3n; de c\u00f3mo destruye el alma de una mujer, transformando su destino, convirtiendo una vida de libertad en una vida de sufrimiento y temor. Tambi\u00e9n refleja los sentimientos m\u00e1s marcados en la vida de cualquier ser humano: el amor, la familia, la amistad, la lucha infinita por cumplir los sue\u00f1os, los anhelos de vivir la libertad, buscar la verdadera felicidad y vencer las adversidades que el destino pone en el camino.","og_url":"https:\/\/letrame.com\/catalogo\/producto\/bellas-flores-de-mar\/","og_site_name":"Catalogo | Letrame Grupo Editorial","og_image":[{"width":1654,"height":2362,"url":"https:\/\/letrame.com\/catalogo\/wp-content\/uploads\/2024\/04\/webp_bellasfloresdemar_762mm-compressed.jpg","type":"image\/jpeg"}],"twitter_card":"summary_large_image","twitter_misc":{"Tiempo de lectura":"1 minuto"},"schema":{"@context":"https:\/\/schema.org","@graph":[{"@type":"WebPage","@id":"https:\/\/letrame.com\/catalogo\/producto\/bellas-flores-de-mar\/","url":"https:\/\/letrame.com\/catalogo\/producto\/bellas-flores-de-mar\/","name":"Bellas flores de mar - Catalogo | Letrame Grupo Editorial","isPartOf":{"@id":"https:\/\/letrame.com\/catalogo\/#website"},"primaryImageOfPage":{"@id":"https:\/\/letrame.com\/catalogo\/producto\/bellas-flores-de-mar\/#primaryimage"},"image":{"@id":"https:\/\/letrame.com\/catalogo\/producto\/bellas-flores-de-mar\/#primaryimage"},"thumbnailUrl":"https:\/\/letrame.com\/catalogo\/wp-content\/uploads\/2024\/04\/webp_bellasfloresdemar_762mm-compressed.jpg","datePublished":"2024-04-29T15:08:23+00:00","breadcrumb":{"@id":"https:\/\/letrame.com\/catalogo\/producto\/bellas-flores-de-mar\/#breadcrumb"},"inLanguage":"es","potentialAction":[{"@type":"ReadAction","target":["https:\/\/letrame.com\/catalogo\/producto\/bellas-flores-de-mar\/"]}]},{"@type":"ImageObject","inLanguage":"es","@id":"https:\/\/letrame.com\/catalogo\/producto\/bellas-flores-de-mar\/#primaryimage","url":"https:\/\/letrame.com\/catalogo\/wp-content\/uploads\/2024\/04\/webp_bellasfloresdemar_762mm-compressed.jpg","contentUrl":"https:\/\/letrame.com\/catalogo\/wp-content\/uploads\/2024\/04\/webp_bellasfloresdemar_762mm-compressed.jpg","width":1654,"height":2362},{"@type":"BreadcrumbList","@id":"https:\/\/letrame.com\/catalogo\/producto\/bellas-flores-de-mar\/#breadcrumb","itemListElement":[{"@type":"ListItem","position":1,"name":"Portada","item":"https:\/\/letrame.com\/catalogo\/"},{"@type":"ListItem","position":2,"name":"Cat\u00e1logo","item":"https:\/\/letrame.com\/catalogo\/"},{"@type":"ListItem","position":3,"name":"Bellas flores de mar"}]},{"@type":"WebSite","@id":"https:\/\/letrame.com\/catalogo\/#website","url":"https:\/\/letrame.com\/catalogo\/","name":"Catalogo | Letrame Grupo Editorial","description":"","publisher":{"@id":"https:\/\/letrame.com\/catalogo\/#organization"},"potentialAction":[{"@type":"SearchAction","target":{"@type":"EntryPoint","urlTemplate":"https:\/\/letrame.com\/catalogo\/?s={search_term_string}"},"query-input":{"@type":"PropertyValueSpecification","valueRequired":true,"valueName":"search_term_string"}}],"inLanguage":"es"},{"@type":"Organization","@id":"https:\/\/letrame.com\/catalogo\/#organization","name":"Catalogo | Letrame Grupo Editorial","url":"https:\/\/letrame.com\/catalogo\/","logo":{"@type":"ImageObject","inLanguage":"es","@id":"https:\/\/letrame.com\/catalogo\/#\/schema\/logo\/image\/","url":"https:\/\/letrame.com\/catalogo\/wp-content\/uploads\/2024\/03\/logo2.webp","contentUrl":"https:\/\/letrame.com\/catalogo\/wp-content\/uploads\/2024\/03\/logo2.webp","width":394,"height":128,"caption":"Catalogo | Letrame Grupo Editorial"},"image":{"@id":"https:\/\/letrame.com\/catalogo\/#\/schema\/logo\/image\/"}}]}},"_links":{"self":[{"href":"https:\/\/letrame.com\/catalogo\/wp-json\/wp\/v2\/product\/99814","targetHints":{"allow":["GET"]}}],"collection":[{"href":"https:\/\/letrame.com\/catalogo\/wp-json\/wp\/v2\/product"}],"about":[{"href":"https:\/\/letrame.com\/catalogo\/wp-json\/wp\/v2\/types\/product"}],"replies":[{"embeddable":true,"href":"https:\/\/letrame.com\/catalogo\/wp-json\/wp\/v2\/comments?post=99814"}],"acf:post":[{"embeddable":true,"href":"https:\/\/letrame.com\/catalogo\/wp-json\/wp\/v2\/author_book\/78045"}],"wp:featuredmedia":[{"embeddable":true,"href":"https:\/\/letrame.com\/catalogo\/wp-json\/wp\/v2\/media\/99815"}],"wp:attachment":[{"href":"https:\/\/letrame.com\/catalogo\/wp-json\/wp\/v2\/media?parent=99814"}],"wp:term":[{"taxonomy":"libro","embeddable":true,"href":"https:\/\/letrame.com\/catalogo\/wp-json\/wp\/v2\/libro?post=99814"},{"taxonomy":"product_brand","embeddable":true,"href":"https:\/\/letrame.com\/catalogo\/wp-json\/wp\/v2\/product_brand?post=99814"},{"taxonomy":"product_cat","embeddable":true,"href":"https:\/\/letrame.com\/catalogo\/wp-json\/wp\/v2\/product_cat?post=99814"},{"taxonomy":"product_tag","embeddable":true,"href":"https:\/\/letrame.com\/catalogo\/wp-json\/wp\/v2\/product_tag?post=99814"}],"curies":[{"name":"wp","href":"https:\/\/api.w.org\/{rel}","templated":true}]}}