{"id":99806,"date":"2024-04-29T17:07:11","date_gmt":"2024-04-29T15:07:11","guid":{"rendered":"https:\/\/letrame.com\/catalogo\/producto\/despues-de-ti\/"},"modified":"2024-04-29T17:07:32","modified_gmt":"2024-04-29T15:07:32","slug":"despues-de-ti","status":"publish","type":"product","link":"https:\/\/letrame.com\/catalogo\/producto\/despues-de-ti\/","title":{"rendered":"Despu\u00e9s de ti"},"content":{"rendered":"<p>ISBN:\u00a09788411816328<br \/>\nT\u00edtulo:_Despu\u00e9s de ti<br \/>\nFecha:_2023<br \/>\nP\u00e1ginas:\u00a0200<br \/>\nSINOPSIS<br \/>\nEs la continuaci\u00f3n de \u201cEl Caballero Mexicano\u201d.<br \/>\nEl ayer, el hoy y el ma\u00f1ana se conjugan para entender lo pasado, explicar el presente y augurar un futuro.<br \/>\nEn esta narraci\u00f3n biogr\u00e1fica expongo mis sentimientos tras la partida de Carlos Jos\u00e9, el Caballero Mexicano, y la nueva vida que me comienza sin su presencia f\u00edsica. Tambi\u00e9n mi vuelta a M\u00e9xico en solitario y el deseado reencuentro con los que all\u00ed permanec\u00edan: amigos, familiares y urracas.<br \/>\nResaltando alg\u00fan que otro personaje digno de menci\u00f3n y hermosos destinos, como la Hacienda de San Jos\u00e9 de Estipac, en el municipio de Villa Corona, Jalisco, propiedad de la familia Corcuera. Repasando nuevamente la gastronom\u00eda y a\u00f1adiendo las semejanzas entre los pueblos canario y mexicano, donde hago \u00e9nfasis en los dichos, proverbios, refranes y aforismos que nos acercan, d\u00e1ndole un toque p\u00edcaro y alburero.<\/p>\n","protected":false},"excerpt":{"rendered":"<p>ISBN:\u00a09788411816328<\/p>\n<p>SINOPSIS<br \/>\nEs la continuaci\u00f3n de \u201cEl Caballero Mexicano\u201d.<br \/>\nEl ayer, el hoy y el ma\u00f1ana se conjugan para entender lo pasado, explicar el presente y augurar un futuro.<br \/>\nEn esta narraci\u00f3n biogr\u00e1fica expongo mis sentimientos tras la partida de Carlos Jos\u00e9, el Caballero Mexicano, y la nueva vida que me comienza sin su presencia f\u00edsica. Tambi\u00e9n mi vuelta a M\u00e9xico en solitario y el deseado reencuentro con los que all\u00ed permanec\u00edan: amigos, familiares y urracas.<br \/>\nResaltando alg\u00fan que otro personaje digno de menci\u00f3n y hermosos destinos, como la Hacienda de San Jos\u00e9 de Estipac, en el municipio de Villa Corona, Jalisco, propiedad de la familia Corcuera. Repasando nuevamente la gastronom\u00eda y a\u00f1adiendo las semejanzas entre los pueblos canario y mexicano, donde hago \u00e9nfasis en los dichos, proverbios, refranes y aforismos que nos acercan, d\u00e1ndole un toque p\u00edcaro y alburero.<\/p>\n","protected":false},"featured_media":99807,"comment_status":"closed","ping_status":"open","template":"","meta":{"_acf_changed":false},"libro":[],"product_brand":[],"product_cat":[102],"product_tag":[],"class_list":{"0":"post-99806","1":"product","2":"type-product","3":"status-publish","4":"has-post-thumbnail","6":"product_cat-biografia","8":"first","9":"instock","10":"product-type-simple"},"acf":{"autor":[74999],"enlace_de_compra":"https:\/\/www.agapea.com\/Carmen-Gomez-Aristu\/Despues-de-ti-9788411816328-i.htm"},"yoast_head":"<!-- This site is optimized with the Yoast SEO plugin v26.6 - https:\/\/yoast.com\/wordpress\/plugins\/seo\/ -->\n<title>Despu\u00e9s de ti - Catalogo | Letrame Grupo Editorial<\/title>\n<meta name=\"robots\" content=\"index, follow, max-snippet:-1, max-image-preview:large, max-video-preview:-1\" \/>\n<link rel=\"canonical\" href=\"https:\/\/letrame.com\/catalogo\/producto\/despues-de-ti\/\" \/>\n<meta property=\"og:locale\" content=\"es_ES\" \/>\n<meta property=\"og:type\" content=\"article\" \/>\n<meta property=\"og:title\" content=\"Despu\u00e9s de ti - Catalogo | Letrame Grupo Editorial\" \/>\n<meta property=\"og:description\" content=\"ISBN:\u00a09788411816328 SINOPSIS Es la continuaci\u00f3n de \u201cEl Caballero Mexicano\u201d. El ayer, el hoy y el ma\u00f1ana se conjugan para entender lo pasado, explicar el presente y augurar un futuro. En esta narraci\u00f3n biogr\u00e1fica expongo mis sentimientos tras la partida de Carlos Jos\u00e9, el Caballero Mexicano, y la nueva vida que me comienza sin su presencia f\u00edsica. Tambi\u00e9n mi vuelta a M\u00e9xico en solitario y el deseado reencuentro con los que all\u00ed permanec\u00edan: amigos, familiares y urracas. Resaltando alg\u00fan que otro personaje digno de menci\u00f3n y hermosos destinos, como la Hacienda de San Jos\u00e9 de Estipac, en el municipio de Villa Corona, Jalisco, propiedad de la familia Corcuera. Repasando nuevamente la gastronom\u00eda y a\u00f1adiendo las semejanzas entre los pueblos canario y mexicano, donde hago \u00e9nfasis en los dichos, proverbios, refranes y aforismos que nos acercan, d\u00e1ndole un toque p\u00edcaro y alburero.\" \/>\n<meta property=\"og:url\" content=\"https:\/\/letrame.com\/catalogo\/producto\/despues-de-ti\/\" \/>\n<meta property=\"og:site_name\" content=\"Catalogo | Letrame Grupo Editorial\" \/>\n<meta property=\"article:modified_time\" content=\"2024-04-29T15:07:32+00:00\" \/>\n<meta property=\"og:image\" content=\"https:\/\/letrame.com\/catalogo\/wp-content\/uploads\/2024\/04\/web_despuesdeti_1146mm-compressed-scaled-1.jpg\" \/>\n\t<meta property=\"og:image:width\" content=\"1746\" \/>\n\t<meta property=\"og:image:height\" content=\"2560\" \/>\n\t<meta property=\"og:image:type\" content=\"image\/jpeg\" \/>\n<meta name=\"twitter:card\" content=\"summary_large_image\" \/>\n<meta name=\"twitter:label1\" content=\"Tiempo de lectura\" \/>\n\t<meta name=\"twitter:data1\" content=\"1 minuto\" \/>\n<script type=\"application\/ld+json\" class=\"yoast-schema-graph\">{\"@context\":\"https:\/\/schema.org\",\"@graph\":[{\"@type\":\"WebPage\",\"@id\":\"https:\/\/letrame.com\/catalogo\/producto\/despues-de-ti\/\",\"url\":\"https:\/\/letrame.com\/catalogo\/producto\/despues-de-ti\/\",\"name\":\"Despu\u00e9s de ti - Catalogo | Letrame Grupo Editorial\",\"isPartOf\":{\"@id\":\"https:\/\/letrame.com\/catalogo\/#website\"},\"primaryImageOfPage\":{\"@id\":\"https:\/\/letrame.com\/catalogo\/producto\/despues-de-ti\/#primaryimage\"},\"image\":{\"@id\":\"https:\/\/letrame.com\/catalogo\/producto\/despues-de-ti\/#primaryimage\"},\"thumbnailUrl\":\"https:\/\/letrame.com\/catalogo\/wp-content\/uploads\/2024\/04\/web_despuesdeti_1146mm-compressed-scaled-1.jpg\",\"datePublished\":\"2024-04-29T15:07:11+00:00\",\"dateModified\":\"2024-04-29T15:07:32+00:00\",\"breadcrumb\":{\"@id\":\"https:\/\/letrame.com\/catalogo\/producto\/despues-de-ti\/#breadcrumb\"},\"inLanguage\":\"es\",\"potentialAction\":[{\"@type\":\"ReadAction\",\"target\":[\"https:\/\/letrame.com\/catalogo\/producto\/despues-de-ti\/\"]}]},{\"@type\":\"ImageObject\",\"inLanguage\":\"es\",\"@id\":\"https:\/\/letrame.com\/catalogo\/producto\/despues-de-ti\/#primaryimage\",\"url\":\"https:\/\/letrame.com\/catalogo\/wp-content\/uploads\/2024\/04\/web_despuesdeti_1146mm-compressed-scaled-1.jpg\",\"contentUrl\":\"https:\/\/letrame.com\/catalogo\/wp-content\/uploads\/2024\/04\/web_despuesdeti_1146mm-compressed-scaled-1.jpg\",\"width\":1746,\"height\":2560},{\"@type\":\"BreadcrumbList\",\"@id\":\"https:\/\/letrame.com\/catalogo\/producto\/despues-de-ti\/#breadcrumb\",\"itemListElement\":[{\"@type\":\"ListItem\",\"position\":1,\"name\":\"Portada\",\"item\":\"https:\/\/letrame.com\/catalogo\/\"},{\"@type\":\"ListItem\",\"position\":2,\"name\":\"Cat\u00e1logo\",\"item\":\"https:\/\/letrame.com\/catalogo\/\"},{\"@type\":\"ListItem\",\"position\":3,\"name\":\"Despu\u00e9s de ti\"}]},{\"@type\":\"WebSite\",\"@id\":\"https:\/\/letrame.com\/catalogo\/#website\",\"url\":\"https:\/\/letrame.com\/catalogo\/\",\"name\":\"Catalogo | Letrame Grupo Editorial\",\"description\":\"\",\"publisher\":{\"@id\":\"https:\/\/letrame.com\/catalogo\/#organization\"},\"potentialAction\":[{\"@type\":\"SearchAction\",\"target\":{\"@type\":\"EntryPoint\",\"urlTemplate\":\"https:\/\/letrame.com\/catalogo\/?s={search_term_string}\"},\"query-input\":{\"@type\":\"PropertyValueSpecification\",\"valueRequired\":true,\"valueName\":\"search_term_string\"}}],\"inLanguage\":\"es\"},{\"@type\":\"Organization\",\"@id\":\"https:\/\/letrame.com\/catalogo\/#organization\",\"name\":\"Catalogo | Letrame Grupo Editorial\",\"url\":\"https:\/\/letrame.com\/catalogo\/\",\"logo\":{\"@type\":\"ImageObject\",\"inLanguage\":\"es\",\"@id\":\"https:\/\/letrame.com\/catalogo\/#\/schema\/logo\/image\/\",\"url\":\"https:\/\/letrame.com\/catalogo\/wp-content\/uploads\/2024\/03\/logo2.webp\",\"contentUrl\":\"https:\/\/letrame.com\/catalogo\/wp-content\/uploads\/2024\/03\/logo2.webp\",\"width\":394,\"height\":128,\"caption\":\"Catalogo | Letrame Grupo Editorial\"},\"image\":{\"@id\":\"https:\/\/letrame.com\/catalogo\/#\/schema\/logo\/image\/\"}}]}<\/script>\n<!-- \/ Yoast SEO plugin. -->","yoast_head_json":{"title":"Despu\u00e9s de ti - Catalogo | Letrame Grupo Editorial","robots":{"index":"index","follow":"follow","max-snippet":"max-snippet:-1","max-image-preview":"max-image-preview:large","max-video-preview":"max-video-preview:-1"},"canonical":"https:\/\/letrame.com\/catalogo\/producto\/despues-de-ti\/","og_locale":"es_ES","og_type":"article","og_title":"Despu\u00e9s de ti - Catalogo | Letrame Grupo Editorial","og_description":"ISBN:\u00a09788411816328 SINOPSIS Es la continuaci\u00f3n de \u201cEl Caballero Mexicano\u201d. El ayer, el hoy y el ma\u00f1ana se conjugan para entender lo pasado, explicar el presente y augurar un futuro. En esta narraci\u00f3n biogr\u00e1fica expongo mis sentimientos tras la partida de Carlos Jos\u00e9, el Caballero Mexicano, y la nueva vida que me comienza sin su presencia f\u00edsica. Tambi\u00e9n mi vuelta a M\u00e9xico en solitario y el deseado reencuentro con los que all\u00ed permanec\u00edan: amigos, familiares y urracas. Resaltando alg\u00fan que otro personaje digno de menci\u00f3n y hermosos destinos, como la Hacienda de San Jos\u00e9 de Estipac, en el municipio de Villa Corona, Jalisco, propiedad de la familia Corcuera. Repasando nuevamente la gastronom\u00eda y a\u00f1adiendo las semejanzas entre los pueblos canario y mexicano, donde hago \u00e9nfasis en los dichos, proverbios, refranes y aforismos que nos acercan, d\u00e1ndole un toque p\u00edcaro y alburero.","og_url":"https:\/\/letrame.com\/catalogo\/producto\/despues-de-ti\/","og_site_name":"Catalogo | Letrame Grupo Editorial","article_modified_time":"2024-04-29T15:07:32+00:00","og_image":[{"width":1746,"height":2560,"url":"https:\/\/letrame.com\/catalogo\/wp-content\/uploads\/2024\/04\/web_despuesdeti_1146mm-compressed-scaled-1.jpg","type":"image\/jpeg"}],"twitter_card":"summary_large_image","twitter_misc":{"Tiempo de lectura":"1 minuto"},"schema":{"@context":"https:\/\/schema.org","@graph":[{"@type":"WebPage","@id":"https:\/\/letrame.com\/catalogo\/producto\/despues-de-ti\/","url":"https:\/\/letrame.com\/catalogo\/producto\/despues-de-ti\/","name":"Despu\u00e9s de ti - Catalogo | Letrame Grupo Editorial","isPartOf":{"@id":"https:\/\/letrame.com\/catalogo\/#website"},"primaryImageOfPage":{"@id":"https:\/\/letrame.com\/catalogo\/producto\/despues-de-ti\/#primaryimage"},"image":{"@id":"https:\/\/letrame.com\/catalogo\/producto\/despues-de-ti\/#primaryimage"},"thumbnailUrl":"https:\/\/letrame.com\/catalogo\/wp-content\/uploads\/2024\/04\/web_despuesdeti_1146mm-compressed-scaled-1.jpg","datePublished":"2024-04-29T15:07:11+00:00","dateModified":"2024-04-29T15:07:32+00:00","breadcrumb":{"@id":"https:\/\/letrame.com\/catalogo\/producto\/despues-de-ti\/#breadcrumb"},"inLanguage":"es","potentialAction":[{"@type":"ReadAction","target":["https:\/\/letrame.com\/catalogo\/producto\/despues-de-ti\/"]}]},{"@type":"ImageObject","inLanguage":"es","@id":"https:\/\/letrame.com\/catalogo\/producto\/despues-de-ti\/#primaryimage","url":"https:\/\/letrame.com\/catalogo\/wp-content\/uploads\/2024\/04\/web_despuesdeti_1146mm-compressed-scaled-1.jpg","contentUrl":"https:\/\/letrame.com\/catalogo\/wp-content\/uploads\/2024\/04\/web_despuesdeti_1146mm-compressed-scaled-1.jpg","width":1746,"height":2560},{"@type":"BreadcrumbList","@id":"https:\/\/letrame.com\/catalogo\/producto\/despues-de-ti\/#breadcrumb","itemListElement":[{"@type":"ListItem","position":1,"name":"Portada","item":"https:\/\/letrame.com\/catalogo\/"},{"@type":"ListItem","position":2,"name":"Cat\u00e1logo","item":"https:\/\/letrame.com\/catalogo\/"},{"@type":"ListItem","position":3,"name":"Despu\u00e9s de ti"}]},{"@type":"WebSite","@id":"https:\/\/letrame.com\/catalogo\/#website","url":"https:\/\/letrame.com\/catalogo\/","name":"Catalogo | Letrame Grupo Editorial","description":"","publisher":{"@id":"https:\/\/letrame.com\/catalogo\/#organization"},"potentialAction":[{"@type":"SearchAction","target":{"@type":"EntryPoint","urlTemplate":"https:\/\/letrame.com\/catalogo\/?s={search_term_string}"},"query-input":{"@type":"PropertyValueSpecification","valueRequired":true,"valueName":"search_term_string"}}],"inLanguage":"es"},{"@type":"Organization","@id":"https:\/\/letrame.com\/catalogo\/#organization","name":"Catalogo | Letrame Grupo Editorial","url":"https:\/\/letrame.com\/catalogo\/","logo":{"@type":"ImageObject","inLanguage":"es","@id":"https:\/\/letrame.com\/catalogo\/#\/schema\/logo\/image\/","url":"https:\/\/letrame.com\/catalogo\/wp-content\/uploads\/2024\/03\/logo2.webp","contentUrl":"https:\/\/letrame.com\/catalogo\/wp-content\/uploads\/2024\/03\/logo2.webp","width":394,"height":128,"caption":"Catalogo | Letrame Grupo Editorial"},"image":{"@id":"https:\/\/letrame.com\/catalogo\/#\/schema\/logo\/image\/"}}]}},"_links":{"self":[{"href":"https:\/\/letrame.com\/catalogo\/wp-json\/wp\/v2\/product\/99806","targetHints":{"allow":["GET"]}}],"collection":[{"href":"https:\/\/letrame.com\/catalogo\/wp-json\/wp\/v2\/product"}],"about":[{"href":"https:\/\/letrame.com\/catalogo\/wp-json\/wp\/v2\/types\/product"}],"replies":[{"embeddable":true,"href":"https:\/\/letrame.com\/catalogo\/wp-json\/wp\/v2\/comments?post=99806"}],"acf:post":[{"embeddable":true,"href":"https:\/\/letrame.com\/catalogo\/wp-json\/wp\/v2\/author_book\/74999"}],"wp:featuredmedia":[{"embeddable":true,"href":"https:\/\/letrame.com\/catalogo\/wp-json\/wp\/v2\/media\/99807"}],"wp:attachment":[{"href":"https:\/\/letrame.com\/catalogo\/wp-json\/wp\/v2\/media?parent=99806"}],"wp:term":[{"taxonomy":"libro","embeddable":true,"href":"https:\/\/letrame.com\/catalogo\/wp-json\/wp\/v2\/libro?post=99806"},{"taxonomy":"product_brand","embeddable":true,"href":"https:\/\/letrame.com\/catalogo\/wp-json\/wp\/v2\/product_brand?post=99806"},{"taxonomy":"product_cat","embeddable":true,"href":"https:\/\/letrame.com\/catalogo\/wp-json\/wp\/v2\/product_cat?post=99806"},{"taxonomy":"product_tag","embeddable":true,"href":"https:\/\/letrame.com\/catalogo\/wp-json\/wp\/v2\/product_tag?post=99806"}],"curies":[{"name":"wp","href":"https:\/\/api.w.org\/{rel}","templated":true}]}}