{"id":99802,"date":"2024-04-29T17:07:11","date_gmt":"2024-04-29T15:07:11","guid":{"rendered":"https:\/\/letrame.com\/catalogo\/producto\/y-entonces-yo\/"},"modified":"2024-04-29T17:07:11","modified_gmt":"2024-04-29T15:07:11","slug":"y-entonces-yo","status":"publish","type":"product","link":"https:\/\/letrame.com\/catalogo\/producto\/y-entonces-yo\/","title":{"rendered":"Y entonces yo"},"content":{"rendered":"<p>ISBN:\u00a09788411818162<br \/>\nT\u00edtulo:_Y entonces yo<br \/>\nFecha:_2023<br \/>\nP\u00e1ginas:\u00a0160<br \/>\nSINOPSIS<br \/>\nY entonces yo es un libro donde la autora narra de forma autobiogr\u00e1fica situaciones de su vida cotidiana con una sensibilidad y dulzura tales que conseguir\u00e1 adentrarse, casi sin darnos cuenta, hasta lo m\u00e1s profundo del coraz\u00f3n de sus lectores.<br \/>\nEn este libro podemos encontrar relatos basados en el amor en todas y cada una de sus facetas, en la amistad, en el esfuerzo, en la autenticidad, en los sue\u00f1os, en la valent\u00eda y en el significado de la vida para la autora.<br \/>\nLa importancia del tiempo presente, y el dar cabida a un viaje en el que embarcamos llevando a cuestas las maletas del pasado y en el que ir llen\u00e1ndolo de sue\u00f1os, experiencias e ilusiones que den sentido al por y al para qu\u00e9 de lo que vinimos a hacer en esta vida.<\/p>\n","protected":false},"excerpt":{"rendered":"<p>ISBN:\u00a09788411818162<br \/>\nSINOPSIS<br \/>\nY entonces yo es un libro donde la autora narra de forma autobiogr\u00e1fica situaciones de su vida cotidiana con una sensibilidad y dulzura tales que conseguir\u00e1 adentrarse, casi sin darnos cuenta, hasta lo m\u00e1s profundo del coraz\u00f3n de sus lectores.<br \/>\nEn este libro podemos encontrar relatos basados en el amor en todas y cada una de sus facetas, en la amistad, en el esfuerzo, en la autenticidad, en los sue\u00f1os, en la valent\u00eda y en el significado de la vida para la autora.<br \/>\nLa importancia del tiempo presente, y el dar cabida a un viaje en el que embarcamos llevando a cuestas las maletas del pasado y en el que ir llen\u00e1ndolo de sue\u00f1os, experiencias e ilusiones que den sentido al por y al para qu\u00e9 de lo que vinimos a hacer en esta vida.<\/p>\n","protected":false},"featured_media":99803,"comment_status":"closed","ping_status":"open","template":"","meta":{"_acf_changed":false},"libro":[],"product_brand":[],"product_cat":[31],"product_tag":[],"class_list":{"0":"post-99802","1":"product","2":"type-product","3":"status-publish","4":"has-post-thumbnail","6":"product_cat-autobiografia","8":"first","9":"instock","10":"product-type-simple"},"acf":{"autor":[78037],"enlace_de_compra":"https:\/\/articulo.mercadolibre.com.ar\/MLA-1684546340-y-entonces-yo-de-criscs--_JM"},"yoast_head":"<!-- This site is optimized with the Yoast SEO plugin v27.4 - https:\/\/yoast.com\/product\/yoast-seo-wordpress\/ -->\n<title>Y entonces yo - Catalogo | Letrame Grupo Editorial<\/title>\n<meta name=\"robots\" content=\"index, follow, max-snippet:-1, max-image-preview:large, max-video-preview:-1\" \/>\n<link rel=\"canonical\" href=\"https:\/\/letrame.com\/catalogo\/producto\/y-entonces-yo\/\" \/>\n<meta property=\"og:locale\" content=\"es_ES\" \/>\n<meta property=\"og:type\" content=\"article\" \/>\n<meta property=\"og:title\" content=\"Y entonces yo - Catalogo | Letrame Grupo Editorial\" \/>\n<meta property=\"og:description\" content=\"ISBN:\u00a09788411818162 SINOPSIS Y entonces yo es un libro donde la autora narra de forma autobiogr\u00e1fica situaciones de su vida cotidiana con una sensibilidad y dulzura tales que conseguir\u00e1 adentrarse, casi sin darnos cuenta, hasta lo m\u00e1s profundo del coraz\u00f3n de sus lectores. En este libro podemos encontrar relatos basados en el amor en todas y cada una de sus facetas, en la amistad, en el esfuerzo, en la autenticidad, en los sue\u00f1os, en la valent\u00eda y en el significado de la vida para la autora. La importancia del tiempo presente, y el dar cabida a un viaje en el que embarcamos llevando a cuestas las maletas del pasado y en el que ir llen\u00e1ndolo de sue\u00f1os, experiencias e ilusiones que den sentido al por y al para qu\u00e9 de lo que vinimos a hacer en esta vida.\" \/>\n<meta property=\"og:url\" content=\"https:\/\/letrame.com\/catalogo\/producto\/y-entonces-yo\/\" \/>\n<meta property=\"og:site_name\" content=\"Catalogo | Letrame Grupo Editorial\" \/>\n<meta property=\"og:image\" content=\"https:\/\/letrame.com\/catalogo\/wp-content\/uploads\/2024\/04\/webp_yentoncesyo_845mm-compressed.jpg\" \/>\n\t<meta property=\"og:image:width\" content=\"1772\" \/>\n\t<meta property=\"og:image:height\" content=\"2480\" \/>\n\t<meta property=\"og:image:type\" content=\"image\/jpeg\" \/>\n<meta name=\"twitter:card\" content=\"summary_large_image\" \/>\n<meta name=\"twitter:label1\" content=\"Tiempo de lectura\" \/>\n\t<meta name=\"twitter:data1\" content=\"1 minuto\" \/>\n<script type=\"application\/ld+json\" class=\"yoast-schema-graph\">{\"@context\":\"https:\\\/\\\/schema.org\",\"@graph\":[{\"@type\":\"WebPage\",\"@id\":\"https:\\\/\\\/letrame.com\\\/catalogo\\\/producto\\\/y-entonces-yo\\\/\",\"url\":\"https:\\\/\\\/letrame.com\\\/catalogo\\\/producto\\\/y-entonces-yo\\\/\",\"name\":\"Y entonces yo - Catalogo | Letrame Grupo Editorial\",\"isPartOf\":{\"@id\":\"https:\\\/\\\/letrame.com\\\/catalogo\\\/#website\"},\"primaryImageOfPage\":{\"@id\":\"https:\\\/\\\/letrame.com\\\/catalogo\\\/producto\\\/y-entonces-yo\\\/#primaryimage\"},\"image\":{\"@id\":\"https:\\\/\\\/letrame.com\\\/catalogo\\\/producto\\\/y-entonces-yo\\\/#primaryimage\"},\"thumbnailUrl\":\"https:\\\/\\\/letrame.com\\\/catalogo\\\/wp-content\\\/uploads\\\/2024\\\/04\\\/webp_yentoncesyo_845mm-compressed.jpg\",\"datePublished\":\"2024-04-29T15:07:11+00:00\",\"breadcrumb\":{\"@id\":\"https:\\\/\\\/letrame.com\\\/catalogo\\\/producto\\\/y-entonces-yo\\\/#breadcrumb\"},\"inLanguage\":\"es\",\"potentialAction\":[{\"@type\":\"ReadAction\",\"target\":[\"https:\\\/\\\/letrame.com\\\/catalogo\\\/producto\\\/y-entonces-yo\\\/\"]}]},{\"@type\":\"ImageObject\",\"inLanguage\":\"es\",\"@id\":\"https:\\\/\\\/letrame.com\\\/catalogo\\\/producto\\\/y-entonces-yo\\\/#primaryimage\",\"url\":\"https:\\\/\\\/letrame.com\\\/catalogo\\\/wp-content\\\/uploads\\\/2024\\\/04\\\/webp_yentoncesyo_845mm-compressed.jpg\",\"contentUrl\":\"https:\\\/\\\/letrame.com\\\/catalogo\\\/wp-content\\\/uploads\\\/2024\\\/04\\\/webp_yentoncesyo_845mm-compressed.jpg\",\"width\":1772,\"height\":2480},{\"@type\":\"BreadcrumbList\",\"@id\":\"https:\\\/\\\/letrame.com\\\/catalogo\\\/producto\\\/y-entonces-yo\\\/#breadcrumb\",\"itemListElement\":[{\"@type\":\"ListItem\",\"position\":1,\"name\":\"Portada\",\"item\":\"https:\\\/\\\/letrame.com\\\/catalogo\\\/\"},{\"@type\":\"ListItem\",\"position\":2,\"name\":\"Cat\u00e1logo\",\"item\":\"https:\\\/\\\/letrame.com\\\/catalogo\\\/\"},{\"@type\":\"ListItem\",\"position\":3,\"name\":\"Y entonces yo\"}]},{\"@type\":\"WebSite\",\"@id\":\"https:\\\/\\\/letrame.com\\\/catalogo\\\/#website\",\"url\":\"https:\\\/\\\/letrame.com\\\/catalogo\\\/\",\"name\":\"Catalogo | Letrame Grupo Editorial\",\"description\":\"\",\"publisher\":{\"@id\":\"https:\\\/\\\/letrame.com\\\/catalogo\\\/#organization\"},\"potentialAction\":[{\"@type\":\"SearchAction\",\"target\":{\"@type\":\"EntryPoint\",\"urlTemplate\":\"https:\\\/\\\/letrame.com\\\/catalogo\\\/?s={search_term_string}\"},\"query-input\":{\"@type\":\"PropertyValueSpecification\",\"valueRequired\":true,\"valueName\":\"search_term_string\"}}],\"inLanguage\":\"es\"},{\"@type\":\"Organization\",\"@id\":\"https:\\\/\\\/letrame.com\\\/catalogo\\\/#organization\",\"name\":\"Catalogo | Letrame Grupo Editorial\",\"url\":\"https:\\\/\\\/letrame.com\\\/catalogo\\\/\",\"logo\":{\"@type\":\"ImageObject\",\"inLanguage\":\"es\",\"@id\":\"https:\\\/\\\/letrame.com\\\/catalogo\\\/#\\\/schema\\\/logo\\\/image\\\/\",\"url\":\"https:\\\/\\\/letrame.com\\\/catalogo\\\/wp-content\\\/uploads\\\/2024\\\/03\\\/logo2.webp\",\"contentUrl\":\"https:\\\/\\\/letrame.com\\\/catalogo\\\/wp-content\\\/uploads\\\/2024\\\/03\\\/logo2.webp\",\"width\":394,\"height\":128,\"caption\":\"Catalogo | Letrame Grupo Editorial\"},\"image\":{\"@id\":\"https:\\\/\\\/letrame.com\\\/catalogo\\\/#\\\/schema\\\/logo\\\/image\\\/\"}}]}<\/script>\n<!-- \/ Yoast SEO plugin. -->","yoast_head_json":{"title":"Y entonces yo - Catalogo | Letrame Grupo Editorial","robots":{"index":"index","follow":"follow","max-snippet":"max-snippet:-1","max-image-preview":"max-image-preview:large","max-video-preview":"max-video-preview:-1"},"canonical":"https:\/\/letrame.com\/catalogo\/producto\/y-entonces-yo\/","og_locale":"es_ES","og_type":"article","og_title":"Y entonces yo - Catalogo | Letrame Grupo Editorial","og_description":"ISBN:\u00a09788411818162 SINOPSIS Y entonces yo es un libro donde la autora narra de forma autobiogr\u00e1fica situaciones de su vida cotidiana con una sensibilidad y dulzura tales que conseguir\u00e1 adentrarse, casi sin darnos cuenta, hasta lo m\u00e1s profundo del coraz\u00f3n de sus lectores. En este libro podemos encontrar relatos basados en el amor en todas y cada una de sus facetas, en la amistad, en el esfuerzo, en la autenticidad, en los sue\u00f1os, en la valent\u00eda y en el significado de la vida para la autora. La importancia del tiempo presente, y el dar cabida a un viaje en el que embarcamos llevando a cuestas las maletas del pasado y en el que ir llen\u00e1ndolo de sue\u00f1os, experiencias e ilusiones que den sentido al por y al para qu\u00e9 de lo que vinimos a hacer en esta vida.","og_url":"https:\/\/letrame.com\/catalogo\/producto\/y-entonces-yo\/","og_site_name":"Catalogo | Letrame Grupo Editorial","og_image":[{"width":1772,"height":2480,"url":"https:\/\/letrame.com\/catalogo\/wp-content\/uploads\/2024\/04\/webp_yentoncesyo_845mm-compressed.jpg","type":"image\/jpeg"}],"twitter_card":"summary_large_image","twitter_misc":{"Tiempo de lectura":"1 minuto"},"schema":{"@context":"https:\/\/schema.org","@graph":[{"@type":"WebPage","@id":"https:\/\/letrame.com\/catalogo\/producto\/y-entonces-yo\/","url":"https:\/\/letrame.com\/catalogo\/producto\/y-entonces-yo\/","name":"Y entonces yo - Catalogo | Letrame Grupo Editorial","isPartOf":{"@id":"https:\/\/letrame.com\/catalogo\/#website"},"primaryImageOfPage":{"@id":"https:\/\/letrame.com\/catalogo\/producto\/y-entonces-yo\/#primaryimage"},"image":{"@id":"https:\/\/letrame.com\/catalogo\/producto\/y-entonces-yo\/#primaryimage"},"thumbnailUrl":"https:\/\/letrame.com\/catalogo\/wp-content\/uploads\/2024\/04\/webp_yentoncesyo_845mm-compressed.jpg","datePublished":"2024-04-29T15:07:11+00:00","breadcrumb":{"@id":"https:\/\/letrame.com\/catalogo\/producto\/y-entonces-yo\/#breadcrumb"},"inLanguage":"es","potentialAction":[{"@type":"ReadAction","target":["https:\/\/letrame.com\/catalogo\/producto\/y-entonces-yo\/"]}]},{"@type":"ImageObject","inLanguage":"es","@id":"https:\/\/letrame.com\/catalogo\/producto\/y-entonces-yo\/#primaryimage","url":"https:\/\/letrame.com\/catalogo\/wp-content\/uploads\/2024\/04\/webp_yentoncesyo_845mm-compressed.jpg","contentUrl":"https:\/\/letrame.com\/catalogo\/wp-content\/uploads\/2024\/04\/webp_yentoncesyo_845mm-compressed.jpg","width":1772,"height":2480},{"@type":"BreadcrumbList","@id":"https:\/\/letrame.com\/catalogo\/producto\/y-entonces-yo\/#breadcrumb","itemListElement":[{"@type":"ListItem","position":1,"name":"Portada","item":"https:\/\/letrame.com\/catalogo\/"},{"@type":"ListItem","position":2,"name":"Cat\u00e1logo","item":"https:\/\/letrame.com\/catalogo\/"},{"@type":"ListItem","position":3,"name":"Y entonces yo"}]},{"@type":"WebSite","@id":"https:\/\/letrame.com\/catalogo\/#website","url":"https:\/\/letrame.com\/catalogo\/","name":"Catalogo | Letrame Grupo Editorial","description":"","publisher":{"@id":"https:\/\/letrame.com\/catalogo\/#organization"},"potentialAction":[{"@type":"SearchAction","target":{"@type":"EntryPoint","urlTemplate":"https:\/\/letrame.com\/catalogo\/?s={search_term_string}"},"query-input":{"@type":"PropertyValueSpecification","valueRequired":true,"valueName":"search_term_string"}}],"inLanguage":"es"},{"@type":"Organization","@id":"https:\/\/letrame.com\/catalogo\/#organization","name":"Catalogo | Letrame Grupo Editorial","url":"https:\/\/letrame.com\/catalogo\/","logo":{"@type":"ImageObject","inLanguage":"es","@id":"https:\/\/letrame.com\/catalogo\/#\/schema\/logo\/image\/","url":"https:\/\/letrame.com\/catalogo\/wp-content\/uploads\/2024\/03\/logo2.webp","contentUrl":"https:\/\/letrame.com\/catalogo\/wp-content\/uploads\/2024\/03\/logo2.webp","width":394,"height":128,"caption":"Catalogo | Letrame Grupo Editorial"},"image":{"@id":"https:\/\/letrame.com\/catalogo\/#\/schema\/logo\/image\/"}}]}},"_links":{"self":[{"href":"https:\/\/letrame.com\/catalogo\/wp-json\/wp\/v2\/product\/99802","targetHints":{"allow":["GET"]}}],"collection":[{"href":"https:\/\/letrame.com\/catalogo\/wp-json\/wp\/v2\/product"}],"about":[{"href":"https:\/\/letrame.com\/catalogo\/wp-json\/wp\/v2\/types\/product"}],"replies":[{"embeddable":true,"href":"https:\/\/letrame.com\/catalogo\/wp-json\/wp\/v2\/comments?post=99802"}],"acf:post":[{"embeddable":true,"href":"https:\/\/letrame.com\/catalogo\/wp-json\/wp\/v2\/author_book\/78037"}],"wp:featuredmedia":[{"embeddable":true,"href":"https:\/\/letrame.com\/catalogo\/wp-json\/wp\/v2\/media\/99803"}],"wp:attachment":[{"href":"https:\/\/letrame.com\/catalogo\/wp-json\/wp\/v2\/media?parent=99802"}],"wp:term":[{"taxonomy":"libro","embeddable":true,"href":"https:\/\/letrame.com\/catalogo\/wp-json\/wp\/v2\/libro?post=99802"},{"taxonomy":"product_brand","embeddable":true,"href":"https:\/\/letrame.com\/catalogo\/wp-json\/wp\/v2\/product_brand?post=99802"},{"taxonomy":"product_cat","embeddable":true,"href":"https:\/\/letrame.com\/catalogo\/wp-json\/wp\/v2\/product_cat?post=99802"},{"taxonomy":"product_tag","embeddable":true,"href":"https:\/\/letrame.com\/catalogo\/wp-json\/wp\/v2\/product_tag?post=99802"}],"curies":[{"name":"wp","href":"https:\/\/api.w.org\/{rel}","templated":true}]}}

<p>ISBN: 9788411818162<br />
Título:_Y entonces yo<br />
Fecha:_2023<br />
Páginas: 160<br />
SINOPSIS<br />
Y entonces yo es un libro donde la autora narra de forma autobiográfica situaciones de su vida cotidiana con una sensibilidad y dulzura tales que conseguirá adentrarse, casi sin darnos cuenta, hasta lo más profundo del corazón de sus lectores.<br />
En este libro podemos encontrar relatos basados en el amor en todas y cada una de sus facetas, en la amistad, en el esfuerzo, en la autenticidad, en los sueños, en la valentía y en el significado de la vida para la autora.<br />
La importancia del tiempo presente, y el dar cabida a un viaje en el que embarcamos llevando a cuestas las maletas del pasado y en el que ir llenándolo de sueños, experiencias e ilusiones que den sentido al por y al para qué de lo que vinimos a hacer en esta vida.</p>

<p>ISBN: 9788411818162<br />
SINOPSIS<br />
Y entonces yo es un libro donde la autora narra de forma autobiográfica situaciones de su vida cotidiana con una sensibilidad y dulzura tales que conseguirá adentrarse, casi sin darnos cuenta, hasta lo más profundo del corazón de sus lectores.<br />
En este libro podemos encontrar relatos basados en el amor en todas y cada una de sus facetas, en la amistad, en el esfuerzo, en la autenticidad, en los sueños, en la valentía y en el significado de la vida para la autora.<br />
La importancia del tiempo presente, y el dar cabida a un viaje en el que embarcamos llevando a cuestas las maletas del pasado y en el que ir llenándolo de sueños, experiencias e ilusiones que den sentido al por y al para qué de lo que vinimos a hacer en esta vida.</p>

<!-- This site is optimized with the Yoast SEO plugin v27.4 - https://yoast.com/product/yoast-seo-wordpress/ -->
<title>Y entonces yo - Catalogo | Letrame Grupo Editorial</title>
<meta name="robots" content="index, follow, max-snippet:-1, max-image-preview:large, max-video-preview:-1" />
<link rel="canonical" href="https://letrame.com/catalogo/producto/y-entonces-yo/" />
<meta property="og:locale" content="es_ES" />
<meta property="og:type" content="article" />
<meta property="og:title" content="Y entonces yo - Catalogo | Letrame Grupo Editorial" />
<meta property="og:description" content="ISBN: 9788411818162 SINOPSIS Y entonces yo es un libro donde la autora narra de forma autobiográfica situaciones de su vida cotidiana con una sensibilidad y dulzura tales que conseguirá adentrarse, casi sin darnos cuenta, hasta lo más profundo del corazón de sus lectores. En este libro podemos encontrar relatos basados en el amor en todas y cada una de sus facetas, en la amistad, en el esfuerzo, en la autenticidad, en los sueños, en la valentía y en el significado de la vida para la autora. La importancia del tiempo presente, y el dar cabida a un viaje en el que embarcamos llevando a cuestas las maletas del pasado y en el que ir llenándolo de sueños, experiencias e ilusiones que den sentido al por y al para qué de lo que vinimos a hacer en esta vida." />
<meta property="og:url" content="https://letrame.com/catalogo/producto/y-entonces-yo/" />
<meta property="og:site_name" content="Catalogo | Letrame Grupo Editorial" />
<meta property="og:image" content="https://letrame.com/catalogo/wp-content/uploads/2024/04/webp_yentoncesyo_845mm-compressed.jpg" />
	<meta property="og:image:width" content="1772" />
	<meta property="og:image:height" content="2480" />
	<meta property="og:image:type" content="image/jpeg" />
<meta name="twitter:card" content="summary_large_image" />
<meta name="twitter:label1" content="Tiempo de lectura" />
	<meta name="twitter:data1" content="1 minuto" />
<script type="application/ld+json" class="yoast-schema-graph">{"@context":"https:\/\/schema.org","@graph":[{"@type":"WebPage","@id":"https:\/\/letrame.com\/catalogo\/producto\/y-entonces-yo\/","url":"https:\/\/letrame.com\/catalogo\/producto\/y-entonces-yo\/","name":"Y entonces yo - Catalogo | Letrame Grupo Editorial","isPartOf":{"@id":"https:\/\/letrame.com\/catalogo\/#website"},"primaryImageOfPage":{"@id":"https:\/\/letrame.com\/catalogo\/producto\/y-entonces-yo\/#primaryimage"},"image":{"@id":"https:\/\/letrame.com\/catalogo\/producto\/y-entonces-yo\/#primaryimage"},"thumbnailUrl":"https:\/\/letrame.com\/catalogo\/wp-content\/uploads\/2024\/04\/webp_yentoncesyo_845mm-compressed.jpg","datePublished":"2024-04-29T15:07:11+00:00","breadcrumb":{"@id":"https:\/\/letrame.com\/catalogo\/producto\/y-entonces-yo\/#breadcrumb"},"inLanguage":"es","potentialAction":[{"@type":"ReadAction","target":["https:\/\/letrame.com\/catalogo\/producto\/y-entonces-yo\/"]}]},{"@type":"ImageObject","inLanguage":"es","@id":"https:\/\/letrame.com\/catalogo\/producto\/y-entonces-yo\/#primaryimage","url":"https:\/\/letrame.com\/catalogo\/wp-content\/uploads\/2024\/04\/webp_yentoncesyo_845mm-compressed.jpg","contentUrl":"https:\/\/letrame.com\/catalogo\/wp-content\/uploads\/2024\/04\/webp_yentoncesyo_845mm-compressed.jpg","width":1772,"height":2480},{"@type":"BreadcrumbList","@id":"https:\/\/letrame.com\/catalogo\/producto\/y-entonces-yo\/#breadcrumb","itemListElement":[{"@type":"ListItem","position":1,"name":"Portada","item":"https:\/\/letrame.com\/catalogo\/"},{"@type":"ListItem","position":2,"name":"Catálogo","item":"https:\/\/letrame.com\/catalogo\/"},{"@type":"ListItem","position":3,"name":"Y entonces yo"}]},{"@type":"WebSite","@id":"https:\/\/letrame.com\/catalogo\/#website","url":"https:\/\/letrame.com\/catalogo\/","name":"Catalogo | Letrame Grupo Editorial","description":"","publisher":{"@id":"https:\/\/letrame.com\/catalogo\/#organization"},"potentialAction":[{"@type":"SearchAction","target":{"@type":"EntryPoint","urlTemplate":"https:\/\/letrame.com\/catalogo\/?s={search_term_string}"},"query-input":{"@type":"PropertyValueSpecification","valueRequired":true,"valueName":"search_term_string"}}],"inLanguage":"es"},{"@type":"Organization","@id":"https:\/\/letrame.com\/catalogo\/#organization","name":"Catalogo | Letrame Grupo Editorial","url":"https:\/\/letrame.com\/catalogo\/","logo":{"@type":"ImageObject","inLanguage":"es","@id":"https:\/\/letrame.com\/catalogo\/#\/schema\/logo\/image\/","url":"https:\/\/letrame.com\/catalogo\/wp-content\/uploads\/2024\/03\/logo2.webp","contentUrl":"https:\/\/letrame.com\/catalogo\/wp-content\/uploads\/2024\/03\/logo2.webp","width":394,"height":128,"caption":"Catalogo | Letrame Grupo Editorial"},"image":{"@id":"https:\/\/letrame.com\/catalogo\/#\/schema\/logo\/image\/"}}]}</script>
<!-- / Yoast SEO plugin. -->

ISBN: 9788411818162 SINOPSIS Y entonces yo es un libro donde la autora narra de forma autobiográfica situaciones de su vida cotidiana con una sensibilidad y dulzura tales que conseguirá adentrarse, casi sin darnos cuenta, hasta lo más profundo del corazón de sus lectores. En este libro podemos encontrar relatos basados en el amor en todas y cada una de sus facetas, en la amistad, en el esfuerzo, en la autenticidad, en los sueños, en la valentía y en el significado de la vida para la autora. La importancia del tiempo presente, y el dar cabida a un viaje en el que embarcamos llevando a cuestas las maletas del pasado y en el que ir llenándolo de sueños, experiencias e ilusiones que den sentido al por y al para qué de lo que vinimos a hacer en esta vida.

Catálogo
