{"id":99759,"date":"2024-04-29T17:01:53","date_gmt":"2024-04-29T15:01:53","guid":{"rendered":"https:\/\/letrame.com\/catalogo\/producto\/estaciones-de-osiris\/"},"modified":"2024-07-25T09:49:37","modified_gmt":"2024-07-25T07:49:37","slug":"estaciones-de-osiris","status":"publish","type":"product","link":"https:\/\/letrame.com\/catalogo\/producto\/estaciones-de-osiris\/","title":{"rendered":"Estaciones de osiris"},"content":{"rendered":"<p>ISBN:\u00a09788411818636<br \/>\nT\u00edtulo:_ESTACIONES DE OSIRIS<br \/>\nFecha:_2024<br \/>\nP\u00e1ginas:\u00a0132<br \/>\nSINOPSIS<br \/>\nUna serie de cat\u00e1strofes dejaron al planeta Osiris como un terreno hostil, las ciudades se convirtieron en tumbas congeladas, el cielo se cubri\u00f3 de cenizas, la tecnolog\u00eda ha quedado inservible y el conocimiento perdido. Han pasado veinte a\u00f1os desde aquel desastre, los supervivientes se refugian en diferentes sitios. Dakota es uno de ellos quien, tras enterarse de que las estaciones siguen en funcionamiento, se une a una estas sin saber que en una misi\u00f3n de suma importancia se encontrar\u00e1 con un enemigo peligroso y desconocido.<\/p>\n","protected":false},"excerpt":{"rendered":"<p>ISBN:\u00a09788411818636<\/p>\n<p>SINOPSIS<br \/>\nUna serie de cat\u00e1strofes dejaron al planeta Osiris como un terreno hostil, las ciudades se convirtieron en tumbas congeladas, el cielo se cubri\u00f3 de cenizas, la tecnolog\u00eda ha quedado inservible y el conocimiento perdido. Han pasado veinte a\u00f1os desde aquel desastre, los supervivientes se refugian en diferentes sitios. Dakota es uno de ellos quien, tras enterarse de que las estaciones siguen en funcionamiento, se une a una estas sin saber que en una misi\u00f3n de suma importancia se encontrar\u00e1 con un enemigo peligroso y desconocido.<\/p>\n","protected":false},"featured_media":99760,"comment_status":"closed","ping_status":"closed","template":"","meta":{"_acf_changed":false},"libro":[],"product_brand":[],"product_cat":[26],"product_tag":[],"class_list":{"0":"post-99759","1":"product","2":"type-product","3":"status-publish","4":"has-post-thumbnail","6":"product_cat-sin-categoria","8":"first","9":"instock","10":"product-type-simple"},"acf":{"autor":[78008],"enlace_de_compra":"https:\/\/www.casadellibro.com\/libro-estaciones-de-osiris\/9788411818636\/15916934?gclid=CjwKCAiA6KWvBhAREiwAFPZM7oCmpuBmtxPfhUtwIio61eC3vm9wT2w6guu4BIbxWwI_-7FaYzJ2MhoCu18QAvD_BwE"},"yoast_head":"<!-- This site is optimized with the Yoast SEO plugin v27.4 - https:\/\/yoast.com\/product\/yoast-seo-wordpress\/ -->\n<title>Estaciones de osiris - Catalogo | Letrame Grupo Editorial<\/title>\n<meta name=\"robots\" content=\"index, follow, max-snippet:-1, max-image-preview:large, max-video-preview:-1\" \/>\n<link rel=\"canonical\" href=\"https:\/\/letrame.com\/catalogo\/producto\/estaciones-de-osiris\/\" \/>\n<meta property=\"og:locale\" content=\"es_ES\" \/>\n<meta property=\"og:type\" content=\"article\" \/>\n<meta property=\"og:title\" content=\"Estaciones de osiris - Catalogo | Letrame Grupo Editorial\" \/>\n<meta property=\"og:description\" content=\"ISBN:\u00a09788411818636  SINOPSIS Una serie de cat\u00e1strofes dejaron al planeta Osiris como un terreno hostil, las ciudades se convirtieron en tumbas congeladas, el cielo se cubri\u00f3 de cenizas, la tecnolog\u00eda ha quedado inservible y el conocimiento perdido. Han pasado veinte a\u00f1os desde aquel desastre, los supervivientes se refugian en diferentes sitios. Dakota es uno de ellos quien, tras enterarse de que las estaciones siguen en funcionamiento, se une a una estas sin saber que en una misi\u00f3n de suma importancia se encontrar\u00e1 con un enemigo peligroso y desconocido.\" \/>\n<meta property=\"og:url\" content=\"https:\/\/letrame.com\/catalogo\/producto\/estaciones-de-osiris\/\" \/>\n<meta property=\"og:site_name\" content=\"Catalogo | Letrame Grupo Editorial\" \/>\n<meta property=\"article:modified_time\" content=\"2024-07-25T07:49:37+00:00\" \/>\n<meta property=\"og:image\" content=\"https:\/\/letrame.com\/catalogo\/wp-content\/uploads\/2024\/04\/p_estacionesdeosiris_716mm-compressed-1.jpg\" \/>\n\t<meta property=\"og:image:width\" content=\"1595\" \/>\n\t<meta property=\"og:image:height\" content=\"2303\" \/>\n\t<meta property=\"og:image:type\" content=\"image\/jpeg\" \/>\n<meta name=\"twitter:card\" content=\"summary_large_image\" \/>\n<meta name=\"twitter:label1\" content=\"Tiempo de lectura\" \/>\n\t<meta name=\"twitter:data1\" content=\"1 minuto\" \/>\n<script type=\"application\/ld+json\" class=\"yoast-schema-graph\">{\"@context\":\"https:\\\/\\\/schema.org\",\"@graph\":[{\"@type\":\"WebPage\",\"@id\":\"https:\\\/\\\/letrame.com\\\/catalogo\\\/producto\\\/estaciones-de-osiris\\\/\",\"url\":\"https:\\\/\\\/letrame.com\\\/catalogo\\\/producto\\\/estaciones-de-osiris\\\/\",\"name\":\"Estaciones de osiris - Catalogo | Letrame Grupo Editorial\",\"isPartOf\":{\"@id\":\"https:\\\/\\\/letrame.com\\\/catalogo\\\/#website\"},\"primaryImageOfPage\":{\"@id\":\"https:\\\/\\\/letrame.com\\\/catalogo\\\/producto\\\/estaciones-de-osiris\\\/#primaryimage\"},\"image\":{\"@id\":\"https:\\\/\\\/letrame.com\\\/catalogo\\\/producto\\\/estaciones-de-osiris\\\/#primaryimage\"},\"thumbnailUrl\":\"https:\\\/\\\/letrame.com\\\/catalogo\\\/wp-content\\\/uploads\\\/2024\\\/04\\\/p_estacionesdeosiris_716mm-compressed-1.jpg\",\"datePublished\":\"2024-04-29T15:01:53+00:00\",\"dateModified\":\"2024-07-25T07:49:37+00:00\",\"breadcrumb\":{\"@id\":\"https:\\\/\\\/letrame.com\\\/catalogo\\\/producto\\\/estaciones-de-osiris\\\/#breadcrumb\"},\"inLanguage\":\"es\",\"potentialAction\":[{\"@type\":\"ReadAction\",\"target\":[\"https:\\\/\\\/letrame.com\\\/catalogo\\\/producto\\\/estaciones-de-osiris\\\/\"]}]},{\"@type\":\"ImageObject\",\"inLanguage\":\"es\",\"@id\":\"https:\\\/\\\/letrame.com\\\/catalogo\\\/producto\\\/estaciones-de-osiris\\\/#primaryimage\",\"url\":\"https:\\\/\\\/letrame.com\\\/catalogo\\\/wp-content\\\/uploads\\\/2024\\\/04\\\/p_estacionesdeosiris_716mm-compressed-1.jpg\",\"contentUrl\":\"https:\\\/\\\/letrame.com\\\/catalogo\\\/wp-content\\\/uploads\\\/2024\\\/04\\\/p_estacionesdeosiris_716mm-compressed-1.jpg\",\"width\":1595,\"height\":2303},{\"@type\":\"BreadcrumbList\",\"@id\":\"https:\\\/\\\/letrame.com\\\/catalogo\\\/producto\\\/estaciones-de-osiris\\\/#breadcrumb\",\"itemListElement\":[{\"@type\":\"ListItem\",\"position\":1,\"name\":\"Portada\",\"item\":\"https:\\\/\\\/letrame.com\\\/catalogo\\\/\"},{\"@type\":\"ListItem\",\"position\":2,\"name\":\"Cat\u00e1logo\",\"item\":\"https:\\\/\\\/letrame.com\\\/catalogo\\\/\"},{\"@type\":\"ListItem\",\"position\":3,\"name\":\"Estaciones de osiris\"}]},{\"@type\":\"WebSite\",\"@id\":\"https:\\\/\\\/letrame.com\\\/catalogo\\\/#website\",\"url\":\"https:\\\/\\\/letrame.com\\\/catalogo\\\/\",\"name\":\"Catalogo | Letrame Grupo Editorial\",\"description\":\"\",\"publisher\":{\"@id\":\"https:\\\/\\\/letrame.com\\\/catalogo\\\/#organization\"},\"potentialAction\":[{\"@type\":\"SearchAction\",\"target\":{\"@type\":\"EntryPoint\",\"urlTemplate\":\"https:\\\/\\\/letrame.com\\\/catalogo\\\/?s={search_term_string}\"},\"query-input\":{\"@type\":\"PropertyValueSpecification\",\"valueRequired\":true,\"valueName\":\"search_term_string\"}}],\"inLanguage\":\"es\"},{\"@type\":\"Organization\",\"@id\":\"https:\\\/\\\/letrame.com\\\/catalogo\\\/#organization\",\"name\":\"Catalogo | Letrame Grupo Editorial\",\"url\":\"https:\\\/\\\/letrame.com\\\/catalogo\\\/\",\"logo\":{\"@type\":\"ImageObject\",\"inLanguage\":\"es\",\"@id\":\"https:\\\/\\\/letrame.com\\\/catalogo\\\/#\\\/schema\\\/logo\\\/image\\\/\",\"url\":\"https:\\\/\\\/letrame.com\\\/catalogo\\\/wp-content\\\/uploads\\\/2024\\\/03\\\/logo2.webp\",\"contentUrl\":\"https:\\\/\\\/letrame.com\\\/catalogo\\\/wp-content\\\/uploads\\\/2024\\\/03\\\/logo2.webp\",\"width\":394,\"height\":128,\"caption\":\"Catalogo | Letrame Grupo Editorial\"},\"image\":{\"@id\":\"https:\\\/\\\/letrame.com\\\/catalogo\\\/#\\\/schema\\\/logo\\\/image\\\/\"}}]}<\/script>\n<!-- \/ Yoast SEO plugin. -->","yoast_head_json":{"title":"Estaciones de osiris - Catalogo | Letrame Grupo Editorial","robots":{"index":"index","follow":"follow","max-snippet":"max-snippet:-1","max-image-preview":"max-image-preview:large","max-video-preview":"max-video-preview:-1"},"canonical":"https:\/\/letrame.com\/catalogo\/producto\/estaciones-de-osiris\/","og_locale":"es_ES","og_type":"article","og_title":"Estaciones de osiris - Catalogo | Letrame Grupo Editorial","og_description":"ISBN:\u00a09788411818636  SINOPSIS Una serie de cat\u00e1strofes dejaron al planeta Osiris como un terreno hostil, las ciudades se convirtieron en tumbas congeladas, el cielo se cubri\u00f3 de cenizas, la tecnolog\u00eda ha quedado inservible y el conocimiento perdido. Han pasado veinte a\u00f1os desde aquel desastre, los supervivientes se refugian en diferentes sitios. Dakota es uno de ellos quien, tras enterarse de que las estaciones siguen en funcionamiento, se une a una estas sin saber que en una misi\u00f3n de suma importancia se encontrar\u00e1 con un enemigo peligroso y desconocido.","og_url":"https:\/\/letrame.com\/catalogo\/producto\/estaciones-de-osiris\/","og_site_name":"Catalogo | Letrame Grupo Editorial","article_modified_time":"2024-07-25T07:49:37+00:00","og_image":[{"width":1595,"height":2303,"url":"https:\/\/letrame.com\/catalogo\/wp-content\/uploads\/2024\/04\/p_estacionesdeosiris_716mm-compressed-1.jpg","type":"image\/jpeg"}],"twitter_card":"summary_large_image","twitter_misc":{"Tiempo de lectura":"1 minuto"},"schema":{"@context":"https:\/\/schema.org","@graph":[{"@type":"WebPage","@id":"https:\/\/letrame.com\/catalogo\/producto\/estaciones-de-osiris\/","url":"https:\/\/letrame.com\/catalogo\/producto\/estaciones-de-osiris\/","name":"Estaciones de osiris - Catalogo | Letrame Grupo Editorial","isPartOf":{"@id":"https:\/\/letrame.com\/catalogo\/#website"},"primaryImageOfPage":{"@id":"https:\/\/letrame.com\/catalogo\/producto\/estaciones-de-osiris\/#primaryimage"},"image":{"@id":"https:\/\/letrame.com\/catalogo\/producto\/estaciones-de-osiris\/#primaryimage"},"thumbnailUrl":"https:\/\/letrame.com\/catalogo\/wp-content\/uploads\/2024\/04\/p_estacionesdeosiris_716mm-compressed-1.jpg","datePublished":"2024-04-29T15:01:53+00:00","dateModified":"2024-07-25T07:49:37+00:00","breadcrumb":{"@id":"https:\/\/letrame.com\/catalogo\/producto\/estaciones-de-osiris\/#breadcrumb"},"inLanguage":"es","potentialAction":[{"@type":"ReadAction","target":["https:\/\/letrame.com\/catalogo\/producto\/estaciones-de-osiris\/"]}]},{"@type":"ImageObject","inLanguage":"es","@id":"https:\/\/letrame.com\/catalogo\/producto\/estaciones-de-osiris\/#primaryimage","url":"https:\/\/letrame.com\/catalogo\/wp-content\/uploads\/2024\/04\/p_estacionesdeosiris_716mm-compressed-1.jpg","contentUrl":"https:\/\/letrame.com\/catalogo\/wp-content\/uploads\/2024\/04\/p_estacionesdeosiris_716mm-compressed-1.jpg","width":1595,"height":2303},{"@type":"BreadcrumbList","@id":"https:\/\/letrame.com\/catalogo\/producto\/estaciones-de-osiris\/#breadcrumb","itemListElement":[{"@type":"ListItem","position":1,"name":"Portada","item":"https:\/\/letrame.com\/catalogo\/"},{"@type":"ListItem","position":2,"name":"Cat\u00e1logo","item":"https:\/\/letrame.com\/catalogo\/"},{"@type":"ListItem","position":3,"name":"Estaciones de osiris"}]},{"@type":"WebSite","@id":"https:\/\/letrame.com\/catalogo\/#website","url":"https:\/\/letrame.com\/catalogo\/","name":"Catalogo | Letrame Grupo Editorial","description":"","publisher":{"@id":"https:\/\/letrame.com\/catalogo\/#organization"},"potentialAction":[{"@type":"SearchAction","target":{"@type":"EntryPoint","urlTemplate":"https:\/\/letrame.com\/catalogo\/?s={search_term_string}"},"query-input":{"@type":"PropertyValueSpecification","valueRequired":true,"valueName":"search_term_string"}}],"inLanguage":"es"},{"@type":"Organization","@id":"https:\/\/letrame.com\/catalogo\/#organization","name":"Catalogo | Letrame Grupo Editorial","url":"https:\/\/letrame.com\/catalogo\/","logo":{"@type":"ImageObject","inLanguage":"es","@id":"https:\/\/letrame.com\/catalogo\/#\/schema\/logo\/image\/","url":"https:\/\/letrame.com\/catalogo\/wp-content\/uploads\/2024\/03\/logo2.webp","contentUrl":"https:\/\/letrame.com\/catalogo\/wp-content\/uploads\/2024\/03\/logo2.webp","width":394,"height":128,"caption":"Catalogo | Letrame Grupo Editorial"},"image":{"@id":"https:\/\/letrame.com\/catalogo\/#\/schema\/logo\/image\/"}}]}},"_links":{"self":[{"href":"https:\/\/letrame.com\/catalogo\/wp-json\/wp\/v2\/product\/99759","targetHints":{"allow":["GET"]}}],"collection":[{"href":"https:\/\/letrame.com\/catalogo\/wp-json\/wp\/v2\/product"}],"about":[{"href":"https:\/\/letrame.com\/catalogo\/wp-json\/wp\/v2\/types\/product"}],"replies":[{"embeddable":true,"href":"https:\/\/letrame.com\/catalogo\/wp-json\/wp\/v2\/comments?post=99759"}],"acf:post":[{"embeddable":true,"href":"https:\/\/letrame.com\/catalogo\/wp-json\/wp\/v2\/author_book\/78008"}],"wp:featuredmedia":[{"embeddable":true,"href":"https:\/\/letrame.com\/catalogo\/wp-json\/wp\/v2\/media\/99760"}],"wp:attachment":[{"href":"https:\/\/letrame.com\/catalogo\/wp-json\/wp\/v2\/media?parent=99759"}],"wp:term":[{"taxonomy":"libro","embeddable":true,"href":"https:\/\/letrame.com\/catalogo\/wp-json\/wp\/v2\/libro?post=99759"},{"taxonomy":"product_brand","embeddable":true,"href":"https:\/\/letrame.com\/catalogo\/wp-json\/wp\/v2\/product_brand?post=99759"},{"taxonomy":"product_cat","embeddable":true,"href":"https:\/\/letrame.com\/catalogo\/wp-json\/wp\/v2\/product_cat?post=99759"},{"taxonomy":"product_tag","embeddable":true,"href":"https:\/\/letrame.com\/catalogo\/wp-json\/wp\/v2\/product_tag?post=99759"}],"curies":[{"name":"wp","href":"https:\/\/api.w.org\/{rel}","templated":true}]}}