{"id":99757,"date":"2024-04-29T17:01:53","date_gmt":"2024-04-29T15:01:53","guid":{"rendered":"https:\/\/letrame.com\/catalogo\/producto\/como-cuando-estabas-tu\/"},"modified":"2024-07-03T15:00:56","modified_gmt":"2024-07-03T13:00:56","slug":"como-cuando-estabas-tu","status":"publish","type":"product","link":"https:\/\/letrame.com\/catalogo\/producto\/como-cuando-estabas-tu\/","title":{"rendered":"Como cuando estabas t\u00fa"},"content":{"rendered":"<p>ISBN:\u00a09788411818254<br \/>\nT\u00edtulo:_Como cuando estabas t\u00fa<br \/>\nFecha:_2023<br \/>\nP\u00e1ginas:\u00a0322<br \/>\nSINOPSIS<br \/>\n\u00abLa vida se mide en historias. No son segundos, minutos, d\u00edas o a\u00f1os: el devenir de un ser humano se aprecia en los momentos que marcaron su coraz\u00f3n y el del mundo que lo rodea.<br \/>\nA trav\u00e9s de las p\u00e1ginas que usted tiene en sus manos, Rafael A. Rodr\u00edguez nos gu\u00eda por la cruda ni\u00f1ez de Antonio, pasando por las luchas que solo un hombre incansable podr\u00eda soportar, hasta una edad madura en la que la alegr\u00eda y la melancol\u00eda juegan abrazadas en un vaiv\u00e9n de recuerdos.<br \/>\nLa vida de To\u00f1o, entra\u00f1able protagonista de esta sensible narraci\u00f3n, es aprendizaje y espejo caleidosc\u00f3pico repleto de colores que impregna en el lector enormes reflexiones sobre el pasado, el presente y el futuro\u00bb.<\/p>\n","protected":false},"excerpt":{"rendered":"<p>ISBN:\u00a09788411818254<\/p>\n<p>SINOPSIS<br \/>\n\u00abLa vida se mide en historias. No son segundos, minutos, d\u00edas o a\u00f1os: el devenir de un ser humano se aprecia en los momentos que marcaron su coraz\u00f3n y el del mundo que lo rodea.<br \/>\nA trav\u00e9s de las p\u00e1ginas que usted tiene en sus manos, Rafael A. Rodr\u00edguez nos gu\u00eda por la cruda ni\u00f1ez de Antonio, pasando por las luchas que solo un hombre incansable podr\u00eda soportar, hasta una edad madura en la que la alegr\u00eda y la melancol\u00eda juegan abrazadas en un vaiv\u00e9n de recuerdos.<br \/>\nLa vida de To\u00f1o, entra\u00f1able protagonista de esta sensible narraci\u00f3n, es aprendizaje y espejo caleidosc\u00f3pico repleto de colores que impregna en el lector enormes reflexiones sobre el pasado, el presente y el futuro\u00bb.<\/p>\n","protected":false},"featured_media":99758,"comment_status":"closed","ping_status":"closed","template":"","meta":{"_acf_changed":false},"libro":[],"product_brand":[],"product_cat":[59],"product_tag":[],"class_list":{"0":"post-99757","1":"product","2":"type-product","3":"status-publish","4":"has-post-thumbnail","6":"product_cat-memorias","8":"first","9":"instock","10":"product-type-simple"},"acf":{"autor":[78007],"enlace_de_compra":"https:\/\/amzn.to\/4cGtpZr"},"yoast_head":"<!-- This site is optimized with the Yoast SEO plugin v27.4 - https:\/\/yoast.com\/product\/yoast-seo-wordpress\/ -->\n<title>Como cuando estabas t\u00fa - Catalogo | Letrame Grupo Editorial<\/title>\n<meta name=\"robots\" content=\"index, follow, max-snippet:-1, max-image-preview:large, max-video-preview:-1\" \/>\n<link rel=\"canonical\" href=\"https:\/\/letrame.com\/catalogo\/producto\/como-cuando-estabas-tu\/\" \/>\n<meta property=\"og:locale\" content=\"es_ES\" \/>\n<meta property=\"og:type\" content=\"article\" \/>\n<meta property=\"og:title\" content=\"Como cuando estabas t\u00fa - Catalogo | Letrame Grupo Editorial\" \/>\n<meta property=\"og:description\" content=\"ISBN:\u00a09788411818254  SINOPSIS \u00abLa vida se mide en historias. No son segundos, minutos, d\u00edas o a\u00f1os: el devenir de un ser humano se aprecia en los momentos que marcaron su coraz\u00f3n y el del mundo que lo rodea. A trav\u00e9s de las p\u00e1ginas que usted tiene en sus manos, Rafael A. Rodr\u00edguez nos gu\u00eda por la cruda ni\u00f1ez de Antonio, pasando por las luchas que solo un hombre incansable podr\u00eda soportar, hasta una edad madura en la que la alegr\u00eda y la melancol\u00eda juegan abrazadas en un vaiv\u00e9n de recuerdos. La vida de To\u00f1o, entra\u00f1able protagonista de esta sensible narraci\u00f3n, es aprendizaje y espejo caleidosc\u00f3pico repleto de colores que impregna en el lector enormes reflexiones sobre el pasado, el presente y el futuro\u00bb.\" \/>\n<meta property=\"og:url\" content=\"https:\/\/letrame.com\/catalogo\/producto\/como-cuando-estabas-tu\/\" \/>\n<meta property=\"og:site_name\" content=\"Catalogo | Letrame Grupo Editorial\" \/>\n<meta property=\"article:modified_time\" content=\"2024-07-03T13:00:56+00:00\" \/>\n<meta property=\"og:image\" content=\"https:\/\/letrame.com\/catalogo\/wp-content\/uploads\/2024\/04\/webp_comocuandoestabas_1592mm-compressed-scaled-1.jpg\" \/>\n\t<meta property=\"og:image:width\" content=\"1746\" \/>\n\t<meta property=\"og:image:height\" content=\"2560\" \/>\n\t<meta property=\"og:image:type\" content=\"image\/jpeg\" \/>\n<meta name=\"twitter:card\" content=\"summary_large_image\" \/>\n<meta name=\"twitter:label1\" content=\"Tiempo de lectura\" \/>\n\t<meta name=\"twitter:data1\" content=\"1 minuto\" \/>\n<script type=\"application\/ld+json\" class=\"yoast-schema-graph\">{\"@context\":\"https:\\\/\\\/schema.org\",\"@graph\":[{\"@type\":\"WebPage\",\"@id\":\"https:\\\/\\\/letrame.com\\\/catalogo\\\/producto\\\/como-cuando-estabas-tu\\\/\",\"url\":\"https:\\\/\\\/letrame.com\\\/catalogo\\\/producto\\\/como-cuando-estabas-tu\\\/\",\"name\":\"Como cuando estabas t\u00fa - Catalogo | Letrame Grupo Editorial\",\"isPartOf\":{\"@id\":\"https:\\\/\\\/letrame.com\\\/catalogo\\\/#website\"},\"primaryImageOfPage\":{\"@id\":\"https:\\\/\\\/letrame.com\\\/catalogo\\\/producto\\\/como-cuando-estabas-tu\\\/#primaryimage\"},\"image\":{\"@id\":\"https:\\\/\\\/letrame.com\\\/catalogo\\\/producto\\\/como-cuando-estabas-tu\\\/#primaryimage\"},\"thumbnailUrl\":\"https:\\\/\\\/letrame.com\\\/catalogo\\\/wp-content\\\/uploads\\\/2024\\\/04\\\/webp_comocuandoestabas_1592mm-compressed-scaled-1.jpg\",\"datePublished\":\"2024-04-29T15:01:53+00:00\",\"dateModified\":\"2024-07-03T13:00:56+00:00\",\"breadcrumb\":{\"@id\":\"https:\\\/\\\/letrame.com\\\/catalogo\\\/producto\\\/como-cuando-estabas-tu\\\/#breadcrumb\"},\"inLanguage\":\"es\",\"potentialAction\":[{\"@type\":\"ReadAction\",\"target\":[\"https:\\\/\\\/letrame.com\\\/catalogo\\\/producto\\\/como-cuando-estabas-tu\\\/\"]}]},{\"@type\":\"ImageObject\",\"inLanguage\":\"es\",\"@id\":\"https:\\\/\\\/letrame.com\\\/catalogo\\\/producto\\\/como-cuando-estabas-tu\\\/#primaryimage\",\"url\":\"https:\\\/\\\/letrame.com\\\/catalogo\\\/wp-content\\\/uploads\\\/2024\\\/04\\\/webp_comocuandoestabas_1592mm-compressed-scaled-1.jpg\",\"contentUrl\":\"https:\\\/\\\/letrame.com\\\/catalogo\\\/wp-content\\\/uploads\\\/2024\\\/04\\\/webp_comocuandoestabas_1592mm-compressed-scaled-1.jpg\",\"width\":1746,\"height\":2560},{\"@type\":\"BreadcrumbList\",\"@id\":\"https:\\\/\\\/letrame.com\\\/catalogo\\\/producto\\\/como-cuando-estabas-tu\\\/#breadcrumb\",\"itemListElement\":[{\"@type\":\"ListItem\",\"position\":1,\"name\":\"Portada\",\"item\":\"https:\\\/\\\/letrame.com\\\/catalogo\\\/\"},{\"@type\":\"ListItem\",\"position\":2,\"name\":\"Cat\u00e1logo\",\"item\":\"https:\\\/\\\/letrame.com\\\/catalogo\\\/\"},{\"@type\":\"ListItem\",\"position\":3,\"name\":\"Como cuando estabas t\u00fa\"}]},{\"@type\":\"WebSite\",\"@id\":\"https:\\\/\\\/letrame.com\\\/catalogo\\\/#website\",\"url\":\"https:\\\/\\\/letrame.com\\\/catalogo\\\/\",\"name\":\"Catalogo | Letrame Grupo Editorial\",\"description\":\"\",\"publisher\":{\"@id\":\"https:\\\/\\\/letrame.com\\\/catalogo\\\/#organization\"},\"potentialAction\":[{\"@type\":\"SearchAction\",\"target\":{\"@type\":\"EntryPoint\",\"urlTemplate\":\"https:\\\/\\\/letrame.com\\\/catalogo\\\/?s={search_term_string}\"},\"query-input\":{\"@type\":\"PropertyValueSpecification\",\"valueRequired\":true,\"valueName\":\"search_term_string\"}}],\"inLanguage\":\"es\"},{\"@type\":\"Organization\",\"@id\":\"https:\\\/\\\/letrame.com\\\/catalogo\\\/#organization\",\"name\":\"Catalogo | Letrame Grupo Editorial\",\"url\":\"https:\\\/\\\/letrame.com\\\/catalogo\\\/\",\"logo\":{\"@type\":\"ImageObject\",\"inLanguage\":\"es\",\"@id\":\"https:\\\/\\\/letrame.com\\\/catalogo\\\/#\\\/schema\\\/logo\\\/image\\\/\",\"url\":\"https:\\\/\\\/letrame.com\\\/catalogo\\\/wp-content\\\/uploads\\\/2024\\\/03\\\/logo2.webp\",\"contentUrl\":\"https:\\\/\\\/letrame.com\\\/catalogo\\\/wp-content\\\/uploads\\\/2024\\\/03\\\/logo2.webp\",\"width\":394,\"height\":128,\"caption\":\"Catalogo | Letrame Grupo Editorial\"},\"image\":{\"@id\":\"https:\\\/\\\/letrame.com\\\/catalogo\\\/#\\\/schema\\\/logo\\\/image\\\/\"}}]}<\/script>\n<!-- \/ Yoast SEO plugin. -->","yoast_head_json":{"title":"Como cuando estabas t\u00fa - Catalogo | Letrame Grupo Editorial","robots":{"index":"index","follow":"follow","max-snippet":"max-snippet:-1","max-image-preview":"max-image-preview:large","max-video-preview":"max-video-preview:-1"},"canonical":"https:\/\/letrame.com\/catalogo\/producto\/como-cuando-estabas-tu\/","og_locale":"es_ES","og_type":"article","og_title":"Como cuando estabas t\u00fa - Catalogo | Letrame Grupo Editorial","og_description":"ISBN:\u00a09788411818254  SINOPSIS \u00abLa vida se mide en historias. No son segundos, minutos, d\u00edas o a\u00f1os: el devenir de un ser humano se aprecia en los momentos que marcaron su coraz\u00f3n y el del mundo que lo rodea. A trav\u00e9s de las p\u00e1ginas que usted tiene en sus manos, Rafael A. Rodr\u00edguez nos gu\u00eda por la cruda ni\u00f1ez de Antonio, pasando por las luchas que solo un hombre incansable podr\u00eda soportar, hasta una edad madura en la que la alegr\u00eda y la melancol\u00eda juegan abrazadas en un vaiv\u00e9n de recuerdos. La vida de To\u00f1o, entra\u00f1able protagonista de esta sensible narraci\u00f3n, es aprendizaje y espejo caleidosc\u00f3pico repleto de colores que impregna en el lector enormes reflexiones sobre el pasado, el presente y el futuro\u00bb.","og_url":"https:\/\/letrame.com\/catalogo\/producto\/como-cuando-estabas-tu\/","og_site_name":"Catalogo | Letrame Grupo Editorial","article_modified_time":"2024-07-03T13:00:56+00:00","og_image":[{"width":1746,"height":2560,"url":"https:\/\/letrame.com\/catalogo\/wp-content\/uploads\/2024\/04\/webp_comocuandoestabas_1592mm-compressed-scaled-1.jpg","type":"image\/jpeg"}],"twitter_card":"summary_large_image","twitter_misc":{"Tiempo de lectura":"1 minuto"},"schema":{"@context":"https:\/\/schema.org","@graph":[{"@type":"WebPage","@id":"https:\/\/letrame.com\/catalogo\/producto\/como-cuando-estabas-tu\/","url":"https:\/\/letrame.com\/catalogo\/producto\/como-cuando-estabas-tu\/","name":"Como cuando estabas t\u00fa - Catalogo | Letrame Grupo Editorial","isPartOf":{"@id":"https:\/\/letrame.com\/catalogo\/#website"},"primaryImageOfPage":{"@id":"https:\/\/letrame.com\/catalogo\/producto\/como-cuando-estabas-tu\/#primaryimage"},"image":{"@id":"https:\/\/letrame.com\/catalogo\/producto\/como-cuando-estabas-tu\/#primaryimage"},"thumbnailUrl":"https:\/\/letrame.com\/catalogo\/wp-content\/uploads\/2024\/04\/webp_comocuandoestabas_1592mm-compressed-scaled-1.jpg","datePublished":"2024-04-29T15:01:53+00:00","dateModified":"2024-07-03T13:00:56+00:00","breadcrumb":{"@id":"https:\/\/letrame.com\/catalogo\/producto\/como-cuando-estabas-tu\/#breadcrumb"},"inLanguage":"es","potentialAction":[{"@type":"ReadAction","target":["https:\/\/letrame.com\/catalogo\/producto\/como-cuando-estabas-tu\/"]}]},{"@type":"ImageObject","inLanguage":"es","@id":"https:\/\/letrame.com\/catalogo\/producto\/como-cuando-estabas-tu\/#primaryimage","url":"https:\/\/letrame.com\/catalogo\/wp-content\/uploads\/2024\/04\/webp_comocuandoestabas_1592mm-compressed-scaled-1.jpg","contentUrl":"https:\/\/letrame.com\/catalogo\/wp-content\/uploads\/2024\/04\/webp_comocuandoestabas_1592mm-compressed-scaled-1.jpg","width":1746,"height":2560},{"@type":"BreadcrumbList","@id":"https:\/\/letrame.com\/catalogo\/producto\/como-cuando-estabas-tu\/#breadcrumb","itemListElement":[{"@type":"ListItem","position":1,"name":"Portada","item":"https:\/\/letrame.com\/catalogo\/"},{"@type":"ListItem","position":2,"name":"Cat\u00e1logo","item":"https:\/\/letrame.com\/catalogo\/"},{"@type":"ListItem","position":3,"name":"Como cuando estabas t\u00fa"}]},{"@type":"WebSite","@id":"https:\/\/letrame.com\/catalogo\/#website","url":"https:\/\/letrame.com\/catalogo\/","name":"Catalogo | Letrame Grupo Editorial","description":"","publisher":{"@id":"https:\/\/letrame.com\/catalogo\/#organization"},"potentialAction":[{"@type":"SearchAction","target":{"@type":"EntryPoint","urlTemplate":"https:\/\/letrame.com\/catalogo\/?s={search_term_string}"},"query-input":{"@type":"PropertyValueSpecification","valueRequired":true,"valueName":"search_term_string"}}],"inLanguage":"es"},{"@type":"Organization","@id":"https:\/\/letrame.com\/catalogo\/#organization","name":"Catalogo | Letrame Grupo Editorial","url":"https:\/\/letrame.com\/catalogo\/","logo":{"@type":"ImageObject","inLanguage":"es","@id":"https:\/\/letrame.com\/catalogo\/#\/schema\/logo\/image\/","url":"https:\/\/letrame.com\/catalogo\/wp-content\/uploads\/2024\/03\/logo2.webp","contentUrl":"https:\/\/letrame.com\/catalogo\/wp-content\/uploads\/2024\/03\/logo2.webp","width":394,"height":128,"caption":"Catalogo | Letrame Grupo Editorial"},"image":{"@id":"https:\/\/letrame.com\/catalogo\/#\/schema\/logo\/image\/"}}]}},"_links":{"self":[{"href":"https:\/\/letrame.com\/catalogo\/wp-json\/wp\/v2\/product\/99757","targetHints":{"allow":["GET"]}}],"collection":[{"href":"https:\/\/letrame.com\/catalogo\/wp-json\/wp\/v2\/product"}],"about":[{"href":"https:\/\/letrame.com\/catalogo\/wp-json\/wp\/v2\/types\/product"}],"replies":[{"embeddable":true,"href":"https:\/\/letrame.com\/catalogo\/wp-json\/wp\/v2\/comments?post=99757"}],"acf:post":[{"embeddable":true,"href":"https:\/\/letrame.com\/catalogo\/wp-json\/wp\/v2\/author_book\/78007"}],"wp:featuredmedia":[{"embeddable":true,"href":"https:\/\/letrame.com\/catalogo\/wp-json\/wp\/v2\/media\/99758"}],"wp:attachment":[{"href":"https:\/\/letrame.com\/catalogo\/wp-json\/wp\/v2\/media?parent=99757"}],"wp:term":[{"taxonomy":"libro","embeddable":true,"href":"https:\/\/letrame.com\/catalogo\/wp-json\/wp\/v2\/libro?post=99757"},{"taxonomy":"product_brand","embeddable":true,"href":"https:\/\/letrame.com\/catalogo\/wp-json\/wp\/v2\/product_brand?post=99757"},{"taxonomy":"product_cat","embeddable":true,"href":"https:\/\/letrame.com\/catalogo\/wp-json\/wp\/v2\/product_cat?post=99757"},{"taxonomy":"product_tag","embeddable":true,"href":"https:\/\/letrame.com\/catalogo\/wp-json\/wp\/v2\/product_tag?post=99757"}],"curies":[{"name":"wp","href":"https:\/\/api.w.org\/{rel}","templated":true}]}}