{"id":99753,"date":"2024-04-29T17:01:12","date_gmt":"2024-04-29T15:01:12","guid":{"rendered":"https:\/\/letrame.com\/catalogo\/producto\/observereflect-35-anos-a-vista-de-vigilante-de-seguridad-2\/"},"modified":"2024-04-29T17:01:38","modified_gmt":"2024-04-29T15:01:38","slug":"observereflect-35-anos-a-vista-de-vigilante-de-seguridad-2","status":"publish","type":"product","link":"https:\/\/letrame.com\/catalogo\/producto\/observereflect-35-anos-a-vista-de-vigilante-de-seguridad-2\/","title":{"rendered":"Observe&#038;Reflect. 35 a\u00f1os a vista de Vigilante de Seguridad"},"content":{"rendered":"<p>ISBN:\u00a09788411818148<br \/>\nT\u00edtulo:_Observe&#038;Reflect. 35 a\u00f1os a vista de Vigilante de Seguridad<br \/>\nFecha:_2023<br \/>\nP\u00e1ginas:\u00a086<br \/>\nSINOPSIS<br \/>\n_Jos\u00e9 Cabezos Ribas naci\u00f3 en St\u00aa Perpetua de Mogoda (Barcelona) el 27 de agosto de 1962. Divorciado, padre de dos maravillosas hijas, actualmente comparte su vida entre su pueblo natal y la ciudad de Llerena (Badajoz) en Extremadura.Alrededor de 1988, por casualidades de la vida, llega al mundo de la Seguridad Privada, destino que parec\u00eda de paso y se convirti\u00f3 en definitivo.El objetivo de esta obra es tan sencillo como dif\u00edcil, mostrar al lector que de positivo puede tener la profesi\u00f3n de Vigilante de Seguridad. Como se dice en la obra: \u00abProfesi\u00f3n con malos sueldos, malos horarios y socialmente no demasiado reconocida\u00bb.Despu\u00e9s de 35 a\u00f1os como profesional en todo tipo de servicios, el autor nos expone las razones que cree que valorizan su profesi\u00f3n.As\u00ed deja claro el autor: \u00abDespu\u00e9s de 35 a\u00f1os trabajando, cosa diferente es durante los 35 a\u00f1os, sobre el terreno, en el d\u00eda a d\u00eda es muy dif\u00edcil ver el positivismo a ser VS\u00bb.Como dicen en el sector: \u00abLa Seguridad no es un lema, es una forma de vida\u00bb.<\/p>\n","protected":false},"excerpt":{"rendered":"<p>ISBN:\u00a09788411818148<\/p>\n<p>SINOPSIS<br \/>\n_Jos\u00e9 Cabezos Ribas naci\u00f3 en St\u00aa Perpetua de Mogoda (Barcelona) el 27 de agosto de 1962. Divorciado, padre de dos maravillosas hijas, actualmente comparte su vida entre su pueblo natal y la ciudad de Llerena (Badajoz) en Extremadura.Alrededor de 1988, por casualidades de la vida, llega al mundo de la Seguridad Privada, destino que parec\u00eda de paso y se convirti\u00f3 en definitivo.El objetivo de esta obra es tan sencillo como dif\u00edcil, mostrar al lector que de positivo puede tener la profesi\u00f3n de Vigilante de Seguridad. Como se dice en la obra: \u00abProfesi\u00f3n con malos sueldos, malos horarios y socialmente no demasiado reconocida\u00bb.Despu\u00e9s de 35 a\u00f1os como profesional en todo tipo de servicios, el autor nos expone las razones que cree que valorizan su profesi\u00f3n.As\u00ed deja claro el autor: \u00abDespu\u00e9s de 35 a\u00f1os trabajando, cosa diferente es durante los 35 a\u00f1os, sobre el terreno, en el d\u00eda a d\u00eda es muy dif\u00edcil ver el positivismo a ser VS\u00bb.Como dicen en el sector: \u00abLa Seguridad no es un lema, es una forma de vida\u00bb.<\/p>\n","protected":false},"featured_media":99754,"comment_status":"closed","ping_status":"open","template":"","meta":{"_acf_changed":false},"libro":[],"product_brand":[],"product_cat":[59],"product_tag":[],"class_list":{"0":"post-99753","1":"product","2":"type-product","3":"status-publish","4":"has-post-thumbnail","6":"product_cat-memorias","8":"first","9":"instock","10":"product-type-simple"},"acf":{"autor":[78005],"enlace_de_compra":"https:\/\/www.casadellibro.com\/libro-observereflect\/9788411818148\/15864669?gclid=CjwKCAiA6KWvBhAREiwAFPZM7oCmpuBmtxPfhUtwIio61eC3vm9wT2w6guu4BIbxWwI_-7FaYzJ2MhoCu18QAvD_BwE"},"yoast_head":"<!-- This site is optimized with the Yoast SEO plugin v27.4 - https:\/\/yoast.com\/product\/yoast-seo-wordpress\/ -->\n<title>Observe&amp;Reflect. 35 a\u00f1os a vista de Vigilante de Seguridad - Catalogo | Letrame Grupo Editorial<\/title>\n<meta name=\"robots\" content=\"index, follow, max-snippet:-1, max-image-preview:large, max-video-preview:-1\" \/>\n<link rel=\"canonical\" href=\"https:\/\/letrame.com\/catalogo\/producto\/observereflect-35-anos-a-vista-de-vigilante-de-seguridad-2\/\" \/>\n<meta property=\"og:locale\" content=\"es_ES\" \/>\n<meta property=\"og:type\" content=\"article\" \/>\n<meta property=\"og:title\" content=\"Observe&amp;Reflect. 35 a\u00f1os a vista de Vigilante de Seguridad - Catalogo | Letrame Grupo Editorial\" \/>\n<meta property=\"og:description\" content=\"ISBN:\u00a09788411818148 SINOPSIS _Jos\u00e9 Cabezos Ribas naci\u00f3 en St\u00aa Perpetua de Mogoda (Barcelona) el 27 de agosto de 1962. Divorciado, padre de dos maravillosas hijas, actualmente comparte su vida entre su pueblo natal y la ciudad de Llerena (Badajoz) en Extremadura.Alrededor de 1988, por casualidades de la vida, llega al mundo de la Seguridad Privada, destino que parec\u00eda de paso y se convirti\u00f3 en definitivo.El objetivo de esta obra es tan sencillo como dif\u00edcil, mostrar al lector que de positivo puede tener la profesi\u00f3n de Vigilante de Seguridad. Como se dice en la obra: \u00abProfesi\u00f3n con malos sueldos, malos horarios y socialmente no demasiado reconocida\u00bb.Despu\u00e9s de 35 a\u00f1os como profesional en todo tipo de servicios, el autor nos expone las razones que cree que valorizan su profesi\u00f3n.As\u00ed deja claro el autor: \u00abDespu\u00e9s de 35 a\u00f1os trabajando, cosa diferente es durante los 35 a\u00f1os, sobre el terreno, en el d\u00eda a d\u00eda es muy dif\u00edcil ver el positivismo a ser VS\u00bb.Como dicen en el sector: \u00abLa Seguridad no es un lema, es una forma de vida\u00bb.\" \/>\n<meta property=\"og:url\" content=\"https:\/\/letrame.com\/catalogo\/producto\/observereflect-35-anos-a-vista-de-vigilante-de-seguridad-2\/\" \/>\n<meta property=\"og:site_name\" content=\"Catalogo | Letrame Grupo Editorial\" \/>\n<meta property=\"article:modified_time\" content=\"2024-04-29T15:01:38+00:00\" \/>\n<meta property=\"og:image\" content=\"https:\/\/letrame.com\/catalogo\/wp-content\/uploads\/2024\/04\/webp_observer_5mm-compressed.jpg\" \/>\n\t<meta property=\"og:image:width\" content=\"1772\" \/>\n\t<meta property=\"og:image:height\" content=\"2480\" \/>\n\t<meta property=\"og:image:type\" content=\"image\/jpeg\" \/>\n<meta name=\"twitter:card\" content=\"summary_large_image\" \/>\n<meta name=\"twitter:label1\" content=\"Tiempo de lectura\" \/>\n\t<meta name=\"twitter:data1\" content=\"1 minuto\" \/>\n<script type=\"application\/ld+json\" class=\"yoast-schema-graph\">{\"@context\":\"https:\\\/\\\/schema.org\",\"@graph\":[{\"@type\":\"WebPage\",\"@id\":\"https:\\\/\\\/letrame.com\\\/catalogo\\\/producto\\\/observereflect-35-anos-a-vista-de-vigilante-de-seguridad-2\\\/\",\"url\":\"https:\\\/\\\/letrame.com\\\/catalogo\\\/producto\\\/observereflect-35-anos-a-vista-de-vigilante-de-seguridad-2\\\/\",\"name\":\"Observe&Reflect. 35 a\u00f1os a vista de Vigilante de Seguridad - Catalogo | Letrame Grupo Editorial\",\"isPartOf\":{\"@id\":\"https:\\\/\\\/letrame.com\\\/catalogo\\\/#website\"},\"primaryImageOfPage\":{\"@id\":\"https:\\\/\\\/letrame.com\\\/catalogo\\\/producto\\\/observereflect-35-anos-a-vista-de-vigilante-de-seguridad-2\\\/#primaryimage\"},\"image\":{\"@id\":\"https:\\\/\\\/letrame.com\\\/catalogo\\\/producto\\\/observereflect-35-anos-a-vista-de-vigilante-de-seguridad-2\\\/#primaryimage\"},\"thumbnailUrl\":\"https:\\\/\\\/letrame.com\\\/catalogo\\\/wp-content\\\/uploads\\\/2024\\\/04\\\/webp_observer_5mm-compressed.jpg\",\"datePublished\":\"2024-04-29T15:01:12+00:00\",\"dateModified\":\"2024-04-29T15:01:38+00:00\",\"breadcrumb\":{\"@id\":\"https:\\\/\\\/letrame.com\\\/catalogo\\\/producto\\\/observereflect-35-anos-a-vista-de-vigilante-de-seguridad-2\\\/#breadcrumb\"},\"inLanguage\":\"es\",\"potentialAction\":[{\"@type\":\"ReadAction\",\"target\":[\"https:\\\/\\\/letrame.com\\\/catalogo\\\/producto\\\/observereflect-35-anos-a-vista-de-vigilante-de-seguridad-2\\\/\"]}]},{\"@type\":\"ImageObject\",\"inLanguage\":\"es\",\"@id\":\"https:\\\/\\\/letrame.com\\\/catalogo\\\/producto\\\/observereflect-35-anos-a-vista-de-vigilante-de-seguridad-2\\\/#primaryimage\",\"url\":\"https:\\\/\\\/letrame.com\\\/catalogo\\\/wp-content\\\/uploads\\\/2024\\\/04\\\/webp_observer_5mm-compressed.jpg\",\"contentUrl\":\"https:\\\/\\\/letrame.com\\\/catalogo\\\/wp-content\\\/uploads\\\/2024\\\/04\\\/webp_observer_5mm-compressed.jpg\",\"width\":1772,\"height\":2480},{\"@type\":\"BreadcrumbList\",\"@id\":\"https:\\\/\\\/letrame.com\\\/catalogo\\\/producto\\\/observereflect-35-anos-a-vista-de-vigilante-de-seguridad-2\\\/#breadcrumb\",\"itemListElement\":[{\"@type\":\"ListItem\",\"position\":1,\"name\":\"Portada\",\"item\":\"https:\\\/\\\/letrame.com\\\/catalogo\\\/\"},{\"@type\":\"ListItem\",\"position\":2,\"name\":\"Cat\u00e1logo\",\"item\":\"https:\\\/\\\/letrame.com\\\/catalogo\\\/\"},{\"@type\":\"ListItem\",\"position\":3,\"name\":\"Observe&#038;Reflect. 35 a\u00f1os a vista de Vigilante de Seguridad\"}]},{\"@type\":\"WebSite\",\"@id\":\"https:\\\/\\\/letrame.com\\\/catalogo\\\/#website\",\"url\":\"https:\\\/\\\/letrame.com\\\/catalogo\\\/\",\"name\":\"Catalogo | Letrame Grupo Editorial\",\"description\":\"\",\"publisher\":{\"@id\":\"https:\\\/\\\/letrame.com\\\/catalogo\\\/#organization\"},\"potentialAction\":[{\"@type\":\"SearchAction\",\"target\":{\"@type\":\"EntryPoint\",\"urlTemplate\":\"https:\\\/\\\/letrame.com\\\/catalogo\\\/?s={search_term_string}\"},\"query-input\":{\"@type\":\"PropertyValueSpecification\",\"valueRequired\":true,\"valueName\":\"search_term_string\"}}],\"inLanguage\":\"es\"},{\"@type\":\"Organization\",\"@id\":\"https:\\\/\\\/letrame.com\\\/catalogo\\\/#organization\",\"name\":\"Catalogo | Letrame Grupo Editorial\",\"url\":\"https:\\\/\\\/letrame.com\\\/catalogo\\\/\",\"logo\":{\"@type\":\"ImageObject\",\"inLanguage\":\"es\",\"@id\":\"https:\\\/\\\/letrame.com\\\/catalogo\\\/#\\\/schema\\\/logo\\\/image\\\/\",\"url\":\"https:\\\/\\\/letrame.com\\\/catalogo\\\/wp-content\\\/uploads\\\/2024\\\/03\\\/logo2.webp\",\"contentUrl\":\"https:\\\/\\\/letrame.com\\\/catalogo\\\/wp-content\\\/uploads\\\/2024\\\/03\\\/logo2.webp\",\"width\":394,\"height\":128,\"caption\":\"Catalogo | Letrame Grupo Editorial\"},\"image\":{\"@id\":\"https:\\\/\\\/letrame.com\\\/catalogo\\\/#\\\/schema\\\/logo\\\/image\\\/\"}}]}<\/script>\n<!-- \/ Yoast SEO plugin. -->","yoast_head_json":{"title":"Observe&Reflect. 35 a\u00f1os a vista de Vigilante de Seguridad - Catalogo | Letrame Grupo Editorial","robots":{"index":"index","follow":"follow","max-snippet":"max-snippet:-1","max-image-preview":"max-image-preview:large","max-video-preview":"max-video-preview:-1"},"canonical":"https:\/\/letrame.com\/catalogo\/producto\/observereflect-35-anos-a-vista-de-vigilante-de-seguridad-2\/","og_locale":"es_ES","og_type":"article","og_title":"Observe&Reflect. 35 a\u00f1os a vista de Vigilante de Seguridad - Catalogo | Letrame Grupo Editorial","og_description":"ISBN:\u00a09788411818148 SINOPSIS _Jos\u00e9 Cabezos Ribas naci\u00f3 en St\u00aa Perpetua de Mogoda (Barcelona) el 27 de agosto de 1962. Divorciado, padre de dos maravillosas hijas, actualmente comparte su vida entre su pueblo natal y la ciudad de Llerena (Badajoz) en Extremadura.Alrededor de 1988, por casualidades de la vida, llega al mundo de la Seguridad Privada, destino que parec\u00eda de paso y se convirti\u00f3 en definitivo.El objetivo de esta obra es tan sencillo como dif\u00edcil, mostrar al lector que de positivo puede tener la profesi\u00f3n de Vigilante de Seguridad. Como se dice en la obra: \u00abProfesi\u00f3n con malos sueldos, malos horarios y socialmente no demasiado reconocida\u00bb.Despu\u00e9s de 35 a\u00f1os como profesional en todo tipo de servicios, el autor nos expone las razones que cree que valorizan su profesi\u00f3n.As\u00ed deja claro el autor: \u00abDespu\u00e9s de 35 a\u00f1os trabajando, cosa diferente es durante los 35 a\u00f1os, sobre el terreno, en el d\u00eda a d\u00eda es muy dif\u00edcil ver el positivismo a ser VS\u00bb.Como dicen en el sector: \u00abLa Seguridad no es un lema, es una forma de vida\u00bb.","og_url":"https:\/\/letrame.com\/catalogo\/producto\/observereflect-35-anos-a-vista-de-vigilante-de-seguridad-2\/","og_site_name":"Catalogo | Letrame Grupo Editorial","article_modified_time":"2024-04-29T15:01:38+00:00","og_image":[{"width":1772,"height":2480,"url":"https:\/\/letrame.com\/catalogo\/wp-content\/uploads\/2024\/04\/webp_observer_5mm-compressed.jpg","type":"image\/jpeg"}],"twitter_card":"summary_large_image","twitter_misc":{"Tiempo de lectura":"1 minuto"},"schema":{"@context":"https:\/\/schema.org","@graph":[{"@type":"WebPage","@id":"https:\/\/letrame.com\/catalogo\/producto\/observereflect-35-anos-a-vista-de-vigilante-de-seguridad-2\/","url":"https:\/\/letrame.com\/catalogo\/producto\/observereflect-35-anos-a-vista-de-vigilante-de-seguridad-2\/","name":"Observe&Reflect. 35 a\u00f1os a vista de Vigilante de Seguridad - Catalogo | Letrame Grupo Editorial","isPartOf":{"@id":"https:\/\/letrame.com\/catalogo\/#website"},"primaryImageOfPage":{"@id":"https:\/\/letrame.com\/catalogo\/producto\/observereflect-35-anos-a-vista-de-vigilante-de-seguridad-2\/#primaryimage"},"image":{"@id":"https:\/\/letrame.com\/catalogo\/producto\/observereflect-35-anos-a-vista-de-vigilante-de-seguridad-2\/#primaryimage"},"thumbnailUrl":"https:\/\/letrame.com\/catalogo\/wp-content\/uploads\/2024\/04\/webp_observer_5mm-compressed.jpg","datePublished":"2024-04-29T15:01:12+00:00","dateModified":"2024-04-29T15:01:38+00:00","breadcrumb":{"@id":"https:\/\/letrame.com\/catalogo\/producto\/observereflect-35-anos-a-vista-de-vigilante-de-seguridad-2\/#breadcrumb"},"inLanguage":"es","potentialAction":[{"@type":"ReadAction","target":["https:\/\/letrame.com\/catalogo\/producto\/observereflect-35-anos-a-vista-de-vigilante-de-seguridad-2\/"]}]},{"@type":"ImageObject","inLanguage":"es","@id":"https:\/\/letrame.com\/catalogo\/producto\/observereflect-35-anos-a-vista-de-vigilante-de-seguridad-2\/#primaryimage","url":"https:\/\/letrame.com\/catalogo\/wp-content\/uploads\/2024\/04\/webp_observer_5mm-compressed.jpg","contentUrl":"https:\/\/letrame.com\/catalogo\/wp-content\/uploads\/2024\/04\/webp_observer_5mm-compressed.jpg","width":1772,"height":2480},{"@type":"BreadcrumbList","@id":"https:\/\/letrame.com\/catalogo\/producto\/observereflect-35-anos-a-vista-de-vigilante-de-seguridad-2\/#breadcrumb","itemListElement":[{"@type":"ListItem","position":1,"name":"Portada","item":"https:\/\/letrame.com\/catalogo\/"},{"@type":"ListItem","position":2,"name":"Cat\u00e1logo","item":"https:\/\/letrame.com\/catalogo\/"},{"@type":"ListItem","position":3,"name":"Observe&#038;Reflect. 35 a\u00f1os a vista de Vigilante de Seguridad"}]},{"@type":"WebSite","@id":"https:\/\/letrame.com\/catalogo\/#website","url":"https:\/\/letrame.com\/catalogo\/","name":"Catalogo | Letrame Grupo Editorial","description":"","publisher":{"@id":"https:\/\/letrame.com\/catalogo\/#organization"},"potentialAction":[{"@type":"SearchAction","target":{"@type":"EntryPoint","urlTemplate":"https:\/\/letrame.com\/catalogo\/?s={search_term_string}"},"query-input":{"@type":"PropertyValueSpecification","valueRequired":true,"valueName":"search_term_string"}}],"inLanguage":"es"},{"@type":"Organization","@id":"https:\/\/letrame.com\/catalogo\/#organization","name":"Catalogo | Letrame Grupo Editorial","url":"https:\/\/letrame.com\/catalogo\/","logo":{"@type":"ImageObject","inLanguage":"es","@id":"https:\/\/letrame.com\/catalogo\/#\/schema\/logo\/image\/","url":"https:\/\/letrame.com\/catalogo\/wp-content\/uploads\/2024\/03\/logo2.webp","contentUrl":"https:\/\/letrame.com\/catalogo\/wp-content\/uploads\/2024\/03\/logo2.webp","width":394,"height":128,"caption":"Catalogo | Letrame Grupo Editorial"},"image":{"@id":"https:\/\/letrame.com\/catalogo\/#\/schema\/logo\/image\/"}}]}},"_links":{"self":[{"href":"https:\/\/letrame.com\/catalogo\/wp-json\/wp\/v2\/product\/99753","targetHints":{"allow":["GET"]}}],"collection":[{"href":"https:\/\/letrame.com\/catalogo\/wp-json\/wp\/v2\/product"}],"about":[{"href":"https:\/\/letrame.com\/catalogo\/wp-json\/wp\/v2\/types\/product"}],"replies":[{"embeddable":true,"href":"https:\/\/letrame.com\/catalogo\/wp-json\/wp\/v2\/comments?post=99753"}],"acf:post":[{"embeddable":true,"href":"https:\/\/letrame.com\/catalogo\/wp-json\/wp\/v2\/author_book\/78005"}],"wp:featuredmedia":[{"embeddable":true,"href":"https:\/\/letrame.com\/catalogo\/wp-json\/wp\/v2\/media\/99754"}],"wp:attachment":[{"href":"https:\/\/letrame.com\/catalogo\/wp-json\/wp\/v2\/media?parent=99753"}],"wp:term":[{"taxonomy":"libro","embeddable":true,"href":"https:\/\/letrame.com\/catalogo\/wp-json\/wp\/v2\/libro?post=99753"},{"taxonomy":"product_brand","embeddable":true,"href":"https:\/\/letrame.com\/catalogo\/wp-json\/wp\/v2\/product_brand?post=99753"},{"taxonomy":"product_cat","embeddable":true,"href":"https:\/\/letrame.com\/catalogo\/wp-json\/wp\/v2\/product_cat?post=99753"},{"taxonomy":"product_tag","embeddable":true,"href":"https:\/\/letrame.com\/catalogo\/wp-json\/wp\/v2\/product_tag?post=99753"}],"curies":[{"name":"wp","href":"https:\/\/api.w.org\/{rel}","templated":true}]}}