{"id":99749,"date":"2024-04-29T17:01:12","date_gmt":"2024-04-29T15:01:12","guid":{"rendered":"https:\/\/letrame.com\/catalogo\/producto\/el-hombre-planta\/"},"modified":"2024-04-29T17:01:13","modified_gmt":"2024-04-29T15:01:13","slug":"el-hombre-planta","status":"publish","type":"product","link":"https:\/\/letrame.com\/catalogo\/producto\/el-hombre-planta\/","title":{"rendered":"El Hombre Planta"},"content":{"rendered":"<p class=\"p1\">ISBN:\u00a0978-84-1181-583-3<\/p>\n<p class=\"p1\">T\u00edtulo: <b>El Hombre Planta<\/b><\/p>\n<p class=\"p1\">Fecha: 2023<\/p>\n<p class=\"p1\">P\u00e1ginas: 92<\/p>\n<p class=\"p1\">SINOPSIS<\/p>\n<p>Un rotundo viaje todo esto llamado vida; un constante vaiv\u00e9n de problemas, obst\u00e1culos, felicidad y sonrisas con crecimiento persistente.<\/p>\n<p>Gracias, Karina Palencia, por haberme prestado el primer libro que me encamin\u00f3 a lo que quiero lograr y conseguir en la vida.<\/p>\n<p>Tuviste un impacto tan importante que ese momento lo hab\u00eda olvidado por completo, pero mientras le daba los \u00faltimos detalles al libro lo record\u00e9 con tanta nostalgia que llor\u00e9 por lo hermoso que fue ese d\u00eda y lo importante que fue para m\u00ed ese regalo.<\/p>\n<p>Mi primer libro.<\/p>\n","protected":false},"excerpt":{"rendered":"<p>ISBN:\u00a0978-84-1181-583-3<\/p>\n<p>SINOPSIS<\/p>\n<p>Un rotundo viaje todo esto llamado vida; un constante vaiv\u00e9n de problemas, obst\u00e1culos, felicidad y sonrisas con crecimiento persistente.<\/p>\n<p>Gracias, Karina Palencia, por haberme prestado el primer libro que me encamin\u00f3 a lo que quiero lograr y conseguir en la vida.<\/p>\n<p>Tuviste un impacto tan importante que ese momento lo hab\u00eda olvidado por completo, pero mientras le daba los \u00faltimos detalles al libro lo record\u00e9 con tanta nostalgia que llor\u00e9 por lo hermoso que fue ese d\u00eda y lo importante que fue para m\u00ed ese regalo.<\/p>\n<p>Mi primer libro.<\/p>\n","protected":false},"featured_media":99750,"comment_status":"closed","ping_status":"open","template":"","meta":{"_acf_changed":false},"libro":[],"product_brand":[],"product_cat":[20],"product_tag":[],"class_list":{"0":"post-99749","1":"product","2":"type-product","3":"status-publish","4":"has-post-thumbnail","6":"product_cat-poesia","8":"first","9":"instock","10":"product-type-simple"},"acf":{"autor":[78002],"enlace_de_compra":"https:\/\/www.casadellibro.com\/libro-el-hombre-planta\/9788411815833\/15895574"},"yoast_head":"<!-- This site is optimized with the Yoast SEO plugin v26.6 - https:\/\/yoast.com\/wordpress\/plugins\/seo\/ -->\n<title>El Hombre Planta - Catalogo | Letrame Grupo Editorial<\/title>\n<meta name=\"robots\" content=\"index, follow, max-snippet:-1, max-image-preview:large, max-video-preview:-1\" \/>\n<link rel=\"canonical\" href=\"https:\/\/letrame.com\/catalogo\/producto\/el-hombre-planta\/\" \/>\n<meta property=\"og:locale\" content=\"es_ES\" \/>\n<meta property=\"og:type\" content=\"article\" \/>\n<meta property=\"og:title\" content=\"El Hombre Planta - Catalogo | Letrame Grupo Editorial\" \/>\n<meta property=\"og:description\" content=\"ISBN:\u00a0978-84-1181-583-3 SINOPSIS Un rotundo viaje todo esto llamado vida; un constante vaiv\u00e9n de problemas, obst\u00e1culos, felicidad y sonrisas con crecimiento persistente. Gracias, Karina Palencia, por haberme prestado el primer libro que me encamin\u00f3 a lo que quiero lograr y conseguir en la vida. Tuviste un impacto tan importante que ese momento lo hab\u00eda olvidado por completo, pero mientras le daba los \u00faltimos detalles al libro lo record\u00e9 con tanta nostalgia que llor\u00e9 por lo hermoso que fue ese d\u00eda y lo importante que fue para m\u00ed ese regalo. Mi primer libro.\" \/>\n<meta property=\"og:url\" content=\"https:\/\/letrame.com\/catalogo\/producto\/el-hombre-planta\/\" \/>\n<meta property=\"og:site_name\" content=\"Catalogo | Letrame Grupo Editorial\" \/>\n<meta property=\"article:modified_time\" content=\"2024-04-29T15:01:13+00:00\" \/>\n<meta property=\"og:image\" content=\"https:\/\/letrame.com\/catalogo\/wp-content\/uploads\/2024\/04\/webp_elhombreplanta_532mm-compressed.jpg\" \/>\n\t<meta property=\"og:image:width\" content=\"1772\" \/>\n\t<meta property=\"og:image:height\" content=\"2480\" \/>\n\t<meta property=\"og:image:type\" content=\"image\/jpeg\" \/>\n<meta name=\"twitter:card\" content=\"summary_large_image\" \/>\n<meta name=\"twitter:label1\" content=\"Tiempo de lectura\" \/>\n\t<meta name=\"twitter:data1\" content=\"1 minuto\" \/>\n<script type=\"application\/ld+json\" class=\"yoast-schema-graph\">{\"@context\":\"https:\/\/schema.org\",\"@graph\":[{\"@type\":\"WebPage\",\"@id\":\"https:\/\/letrame.com\/catalogo\/producto\/el-hombre-planta\/\",\"url\":\"https:\/\/letrame.com\/catalogo\/producto\/el-hombre-planta\/\",\"name\":\"El Hombre Planta - Catalogo | Letrame Grupo Editorial\",\"isPartOf\":{\"@id\":\"https:\/\/letrame.com\/catalogo\/#website\"},\"primaryImageOfPage\":{\"@id\":\"https:\/\/letrame.com\/catalogo\/producto\/el-hombre-planta\/#primaryimage\"},\"image\":{\"@id\":\"https:\/\/letrame.com\/catalogo\/producto\/el-hombre-planta\/#primaryimage\"},\"thumbnailUrl\":\"https:\/\/letrame.com\/catalogo\/wp-content\/uploads\/2024\/04\/webp_elhombreplanta_532mm-compressed.jpg\",\"datePublished\":\"2024-04-29T15:01:12+00:00\",\"dateModified\":\"2024-04-29T15:01:13+00:00\",\"breadcrumb\":{\"@id\":\"https:\/\/letrame.com\/catalogo\/producto\/el-hombre-planta\/#breadcrumb\"},\"inLanguage\":\"es\",\"potentialAction\":[{\"@type\":\"ReadAction\",\"target\":[\"https:\/\/letrame.com\/catalogo\/producto\/el-hombre-planta\/\"]}]},{\"@type\":\"ImageObject\",\"inLanguage\":\"es\",\"@id\":\"https:\/\/letrame.com\/catalogo\/producto\/el-hombre-planta\/#primaryimage\",\"url\":\"https:\/\/letrame.com\/catalogo\/wp-content\/uploads\/2024\/04\/webp_elhombreplanta_532mm-compressed.jpg\",\"contentUrl\":\"https:\/\/letrame.com\/catalogo\/wp-content\/uploads\/2024\/04\/webp_elhombreplanta_532mm-compressed.jpg\",\"width\":1772,\"height\":2480},{\"@type\":\"BreadcrumbList\",\"@id\":\"https:\/\/letrame.com\/catalogo\/producto\/el-hombre-planta\/#breadcrumb\",\"itemListElement\":[{\"@type\":\"ListItem\",\"position\":1,\"name\":\"Portada\",\"item\":\"https:\/\/letrame.com\/catalogo\/\"},{\"@type\":\"ListItem\",\"position\":2,\"name\":\"Cat\u00e1logo\",\"item\":\"https:\/\/letrame.com\/catalogo\/\"},{\"@type\":\"ListItem\",\"position\":3,\"name\":\"El Hombre Planta\"}]},{\"@type\":\"WebSite\",\"@id\":\"https:\/\/letrame.com\/catalogo\/#website\",\"url\":\"https:\/\/letrame.com\/catalogo\/\",\"name\":\"Catalogo | Letrame Grupo Editorial\",\"description\":\"\",\"publisher\":{\"@id\":\"https:\/\/letrame.com\/catalogo\/#organization\"},\"potentialAction\":[{\"@type\":\"SearchAction\",\"target\":{\"@type\":\"EntryPoint\",\"urlTemplate\":\"https:\/\/letrame.com\/catalogo\/?s={search_term_string}\"},\"query-input\":{\"@type\":\"PropertyValueSpecification\",\"valueRequired\":true,\"valueName\":\"search_term_string\"}}],\"inLanguage\":\"es\"},{\"@type\":\"Organization\",\"@id\":\"https:\/\/letrame.com\/catalogo\/#organization\",\"name\":\"Catalogo | Letrame Grupo Editorial\",\"url\":\"https:\/\/letrame.com\/catalogo\/\",\"logo\":{\"@type\":\"ImageObject\",\"inLanguage\":\"es\",\"@id\":\"https:\/\/letrame.com\/catalogo\/#\/schema\/logo\/image\/\",\"url\":\"https:\/\/letrame.com\/catalogo\/wp-content\/uploads\/2024\/03\/logo2.webp\",\"contentUrl\":\"https:\/\/letrame.com\/catalogo\/wp-content\/uploads\/2024\/03\/logo2.webp\",\"width\":394,\"height\":128,\"caption\":\"Catalogo | Letrame Grupo Editorial\"},\"image\":{\"@id\":\"https:\/\/letrame.com\/catalogo\/#\/schema\/logo\/image\/\"}}]}<\/script>\n<!-- \/ Yoast SEO plugin. -->","yoast_head_json":{"title":"El Hombre Planta - Catalogo | Letrame Grupo Editorial","robots":{"index":"index","follow":"follow","max-snippet":"max-snippet:-1","max-image-preview":"max-image-preview:large","max-video-preview":"max-video-preview:-1"},"canonical":"https:\/\/letrame.com\/catalogo\/producto\/el-hombre-planta\/","og_locale":"es_ES","og_type":"article","og_title":"El Hombre Planta - Catalogo | Letrame Grupo Editorial","og_description":"ISBN:\u00a0978-84-1181-583-3 SINOPSIS Un rotundo viaje todo esto llamado vida; un constante vaiv\u00e9n de problemas, obst\u00e1culos, felicidad y sonrisas con crecimiento persistente. Gracias, Karina Palencia, por haberme prestado el primer libro que me encamin\u00f3 a lo que quiero lograr y conseguir en la vida. Tuviste un impacto tan importante que ese momento lo hab\u00eda olvidado por completo, pero mientras le daba los \u00faltimos detalles al libro lo record\u00e9 con tanta nostalgia que llor\u00e9 por lo hermoso que fue ese d\u00eda y lo importante que fue para m\u00ed ese regalo. Mi primer libro.","og_url":"https:\/\/letrame.com\/catalogo\/producto\/el-hombre-planta\/","og_site_name":"Catalogo | Letrame Grupo Editorial","article_modified_time":"2024-04-29T15:01:13+00:00","og_image":[{"width":1772,"height":2480,"url":"https:\/\/letrame.com\/catalogo\/wp-content\/uploads\/2024\/04\/webp_elhombreplanta_532mm-compressed.jpg","type":"image\/jpeg"}],"twitter_card":"summary_large_image","twitter_misc":{"Tiempo de lectura":"1 minuto"},"schema":{"@context":"https:\/\/schema.org","@graph":[{"@type":"WebPage","@id":"https:\/\/letrame.com\/catalogo\/producto\/el-hombre-planta\/","url":"https:\/\/letrame.com\/catalogo\/producto\/el-hombre-planta\/","name":"El Hombre Planta - Catalogo | Letrame Grupo Editorial","isPartOf":{"@id":"https:\/\/letrame.com\/catalogo\/#website"},"primaryImageOfPage":{"@id":"https:\/\/letrame.com\/catalogo\/producto\/el-hombre-planta\/#primaryimage"},"image":{"@id":"https:\/\/letrame.com\/catalogo\/producto\/el-hombre-planta\/#primaryimage"},"thumbnailUrl":"https:\/\/letrame.com\/catalogo\/wp-content\/uploads\/2024\/04\/webp_elhombreplanta_532mm-compressed.jpg","datePublished":"2024-04-29T15:01:12+00:00","dateModified":"2024-04-29T15:01:13+00:00","breadcrumb":{"@id":"https:\/\/letrame.com\/catalogo\/producto\/el-hombre-planta\/#breadcrumb"},"inLanguage":"es","potentialAction":[{"@type":"ReadAction","target":["https:\/\/letrame.com\/catalogo\/producto\/el-hombre-planta\/"]}]},{"@type":"ImageObject","inLanguage":"es","@id":"https:\/\/letrame.com\/catalogo\/producto\/el-hombre-planta\/#primaryimage","url":"https:\/\/letrame.com\/catalogo\/wp-content\/uploads\/2024\/04\/webp_elhombreplanta_532mm-compressed.jpg","contentUrl":"https:\/\/letrame.com\/catalogo\/wp-content\/uploads\/2024\/04\/webp_elhombreplanta_532mm-compressed.jpg","width":1772,"height":2480},{"@type":"BreadcrumbList","@id":"https:\/\/letrame.com\/catalogo\/producto\/el-hombre-planta\/#breadcrumb","itemListElement":[{"@type":"ListItem","position":1,"name":"Portada","item":"https:\/\/letrame.com\/catalogo\/"},{"@type":"ListItem","position":2,"name":"Cat\u00e1logo","item":"https:\/\/letrame.com\/catalogo\/"},{"@type":"ListItem","position":3,"name":"El Hombre Planta"}]},{"@type":"WebSite","@id":"https:\/\/letrame.com\/catalogo\/#website","url":"https:\/\/letrame.com\/catalogo\/","name":"Catalogo | Letrame Grupo Editorial","description":"","publisher":{"@id":"https:\/\/letrame.com\/catalogo\/#organization"},"potentialAction":[{"@type":"SearchAction","target":{"@type":"EntryPoint","urlTemplate":"https:\/\/letrame.com\/catalogo\/?s={search_term_string}"},"query-input":{"@type":"PropertyValueSpecification","valueRequired":true,"valueName":"search_term_string"}}],"inLanguage":"es"},{"@type":"Organization","@id":"https:\/\/letrame.com\/catalogo\/#organization","name":"Catalogo | Letrame Grupo Editorial","url":"https:\/\/letrame.com\/catalogo\/","logo":{"@type":"ImageObject","inLanguage":"es","@id":"https:\/\/letrame.com\/catalogo\/#\/schema\/logo\/image\/","url":"https:\/\/letrame.com\/catalogo\/wp-content\/uploads\/2024\/03\/logo2.webp","contentUrl":"https:\/\/letrame.com\/catalogo\/wp-content\/uploads\/2024\/03\/logo2.webp","width":394,"height":128,"caption":"Catalogo | Letrame Grupo Editorial"},"image":{"@id":"https:\/\/letrame.com\/catalogo\/#\/schema\/logo\/image\/"}}]}},"_links":{"self":[{"href":"https:\/\/letrame.com\/catalogo\/wp-json\/wp\/v2\/product\/99749","targetHints":{"allow":["GET"]}}],"collection":[{"href":"https:\/\/letrame.com\/catalogo\/wp-json\/wp\/v2\/product"}],"about":[{"href":"https:\/\/letrame.com\/catalogo\/wp-json\/wp\/v2\/types\/product"}],"replies":[{"embeddable":true,"href":"https:\/\/letrame.com\/catalogo\/wp-json\/wp\/v2\/comments?post=99749"}],"acf:post":[{"embeddable":true,"href":"https:\/\/letrame.com\/catalogo\/wp-json\/wp\/v2\/author_book\/78002"}],"wp:featuredmedia":[{"embeddable":true,"href":"https:\/\/letrame.com\/catalogo\/wp-json\/wp\/v2\/media\/99750"}],"wp:attachment":[{"href":"https:\/\/letrame.com\/catalogo\/wp-json\/wp\/v2\/media?parent=99749"}],"wp:term":[{"taxonomy":"libro","embeddable":true,"href":"https:\/\/letrame.com\/catalogo\/wp-json\/wp\/v2\/libro?post=99749"},{"taxonomy":"product_brand","embeddable":true,"href":"https:\/\/letrame.com\/catalogo\/wp-json\/wp\/v2\/product_brand?post=99749"},{"taxonomy":"product_cat","embeddable":true,"href":"https:\/\/letrame.com\/catalogo\/wp-json\/wp\/v2\/product_cat?post=99749"},{"taxonomy":"product_tag","embeddable":true,"href":"https:\/\/letrame.com\/catalogo\/wp-json\/wp\/v2\/product_tag?post=99749"}],"curies":[{"name":"wp","href":"https:\/\/api.w.org\/{rel}","templated":true}]}}