{"id":99709,"date":"2024-04-29T16:56:25","date_gmt":"2024-04-29T14:56:25","guid":{"rendered":"https:\/\/letrame.com\/catalogo\/producto\/dris-valiente\/"},"modified":"2024-06-04T16:00:50","modified_gmt":"2024-06-04T14:00:50","slug":"dris-valiente","status":"publish","type":"product","link":"https:\/\/letrame.com\/catalogo\/producto\/dris-valiente\/","title":{"rendered":"Dris valiente"},"content":{"rendered":"<p>ISBN:\u00a09788411816021<br \/>\nT\u00edtulo:_DRIS VALIENTE<br \/>\nFecha:_2023<br \/>\nP\u00e1ginas:\u00a0134<br \/>\nSINOPSIS<br \/>\nDris valiente es una obra intensa y visceral que nos arrastra a un viaje \u00e9pico a trav\u00e9s de<br \/>\nla vida y las experiencias de Dris, un marroqu\u00ed emigrado a Espa\u00f1a, y sus amigos, mientras se embarcan en una aventura por varios pa\u00edses europeos.<\/p>\n<p>La prosa, intensa y sin concesiones, nos sumerge en la realidad de estos personajes, descubriendo los temas m\u00e1s espinosos y controversialmente humanos, desde el oscuro mundo del consumo de drogas y la prostituci\u00f3n, hasta las complejidades de la inmigraci\u00f3n y la criminalidad.<\/p>\n<p>Los personajes revelan su intimidad y luchas a trav\u00e9s de confesiones y di\u00e1logos que se desarrollan con una autenticidad palpable, forjando un v\u00ednculo \u00edntimo entre el lector y las vidas de estos protagonistas. En el coraz\u00f3n de la trama, Dris, un individuo ajeno al amor y motivado por la sed de venganza, se encuentra con una chispa inesperada cuando cruza caminos con Denia, una joven cuya presencia despierta sentimientos hasta entonces desconocidos.<\/p>\n<p>Dris valiente es una invitaci\u00f3n a explorar realidades y culturas fascinantes y desconocidas; cambiando de tono de manera h\u00e1bil, desde momentos oscuros hasta pinceladas de humor negro. Te transportar\u00e1 a trav\u00e9s de Europa y te har\u00e1 sentir como si t\u00fa mismo estuvieras viviendo esta aventura inolvidable.<\/p>\n","protected":false},"excerpt":{"rendered":"<p>ISBN:\u00a09788411816021<\/p>\n<p>SINOPSIS<br \/>\nDris valiente es una obra intensa y visceral que nos arrastra a un viaje \u00e9pico a trav\u00e9s de<br \/>\nla vida y las experiencias de Dris, un marroqu\u00ed emigrado a Espa\u00f1a, y sus amigos, mientras se embarcan en una aventura por varios pa\u00edses europeos.<\/p>\n<p>La prosa, intensa y sin concesiones, nos sumerge en la realidad de estos personajes, descubriendo los temas m\u00e1s espinosos y controversialmente humanos, desde el oscuro mundo del consumo de drogas y la prostituci\u00f3n, hasta las complejidades de la inmigraci\u00f3n y la criminalidad.<\/p>\n<p>Los personajes revelan su intimidad y luchas a trav\u00e9s de confesiones y di\u00e1logos que se desarrollan con una autenticidad palpable, forjando un v\u00ednculo \u00edntimo entre el lector y las vidas de estos protagonistas. En el coraz\u00f3n de la trama, Dris, un individuo ajeno al amor y motivado por la sed de venganza, se encuentra con una chispa inesperada cuando cruza caminos con Denia, una joven cuya presencia despierta sentimientos hasta entonces desconocidos.<\/p>\n<p>Dris valiente es una invitaci\u00f3n a explorar realidades y culturas fascinantes y desconocidas; cambiando de tono de manera h\u00e1bil, desde momentos oscuros hasta pinceladas de humor negro. Te transportar\u00e1 a trav\u00e9s de Europa y te har\u00e1 sentir como si t\u00fa mismo estuvieras viviendo esta aventura inolvidable.<\/p>\n","protected":false},"featured_media":99710,"comment_status":"closed","ping_status":"closed","template":"","meta":{"_acf_changed":false},"libro":[],"product_brand":[],"product_cat":[59],"product_tag":[],"class_list":{"0":"post-99709","1":"product","2":"type-product","3":"status-publish","4":"has-post-thumbnail","6":"product_cat-memorias","8":"first","9":"instock","10":"product-type-simple"},"acf":{"autor":[77978],"enlace_de_compra":"https:\/\/www.amazon.es\/Dris-valiente-Khalil-Bargach-Gzouli\/dp\/8411816028"},"yoast_head":"<!-- This site is optimized with the Yoast SEO plugin v27.4 - https:\/\/yoast.com\/product\/yoast-seo-wordpress\/ -->\n<title>Dris valiente - Catalogo | Letrame Grupo Editorial<\/title>\n<meta name=\"robots\" content=\"index, follow, max-snippet:-1, max-image-preview:large, max-video-preview:-1\" \/>\n<link rel=\"canonical\" href=\"https:\/\/letrame.com\/catalogo\/producto\/dris-valiente\/\" \/>\n<meta property=\"og:locale\" content=\"es_ES\" \/>\n<meta property=\"og:type\" content=\"article\" \/>\n<meta property=\"og:title\" content=\"Dris valiente - Catalogo | Letrame Grupo Editorial\" \/>\n<meta property=\"og:description\" content=\"ISBN:\u00a09788411816021  SINOPSIS Dris valiente es una obra intensa y visceral que nos arrastra a un viaje \u00e9pico a trav\u00e9s de la vida y las experiencias de Dris, un marroqu\u00ed emigrado a Espa\u00f1a, y sus amigos, mientras se embarcan en una aventura por varios pa\u00edses europeos.  La prosa, intensa y sin concesiones, nos sumerge en la realidad de estos personajes, descubriendo los temas m\u00e1s espinosos y controversialmente humanos, desde el oscuro mundo del consumo de drogas y la prostituci\u00f3n, hasta las complejidades de la inmigraci\u00f3n y la criminalidad.  Los personajes revelan su intimidad y luchas a trav\u00e9s de confesiones y di\u00e1logos que se desarrollan con una autenticidad palpable, forjando un v\u00ednculo \u00edntimo entre el lector y las vidas de estos protagonistas. En el coraz\u00f3n de la trama, Dris, un individuo ajeno al amor y motivado por la sed de venganza, se encuentra con una chispa inesperada cuando cruza caminos con Denia, una joven cuya presencia despierta sentimientos hasta entonces desconocidos.  Dris valiente es una invitaci\u00f3n a explorar realidades y culturas fascinantes y desconocidas; cambiando de tono de manera h\u00e1bil, desde momentos oscuros hasta pinceladas de humor negro. Te transportar\u00e1 a trav\u00e9s de Europa y te har\u00e1 sentir como si t\u00fa mismo estuvieras viviendo esta aventura inolvidable.\" \/>\n<meta property=\"og:url\" content=\"https:\/\/letrame.com\/catalogo\/producto\/dris-valiente\/\" \/>\n<meta property=\"og:site_name\" content=\"Catalogo | Letrame Grupo Editorial\" \/>\n<meta property=\"article:modified_time\" content=\"2024-06-04T14:00:50+00:00\" \/>\n<meta property=\"og:image\" content=\"https:\/\/letrame.com\/catalogo\/wp-content\/uploads\/2024\/04\/webportada_drisvaliente_8mm-compressed.jpg\" \/>\n\t<meta property=\"og:image:width\" content=\"1594\" \/>\n\t<meta property=\"og:image:height\" content=\"2303\" \/>\n\t<meta property=\"og:image:type\" content=\"image\/jpeg\" \/>\n<meta name=\"twitter:card\" content=\"summary_large_image\" \/>\n<meta name=\"twitter:label1\" content=\"Tiempo de lectura\" \/>\n\t<meta name=\"twitter:data1\" content=\"2 minutos\" \/>\n<script type=\"application\/ld+json\" class=\"yoast-schema-graph\">{\"@context\":\"https:\\\/\\\/schema.org\",\"@graph\":[{\"@type\":\"WebPage\",\"@id\":\"https:\\\/\\\/letrame.com\\\/catalogo\\\/producto\\\/dris-valiente\\\/\",\"url\":\"https:\\\/\\\/letrame.com\\\/catalogo\\\/producto\\\/dris-valiente\\\/\",\"name\":\"Dris valiente - Catalogo | Letrame Grupo Editorial\",\"isPartOf\":{\"@id\":\"https:\\\/\\\/letrame.com\\\/catalogo\\\/#website\"},\"primaryImageOfPage\":{\"@id\":\"https:\\\/\\\/letrame.com\\\/catalogo\\\/producto\\\/dris-valiente\\\/#primaryimage\"},\"image\":{\"@id\":\"https:\\\/\\\/letrame.com\\\/catalogo\\\/producto\\\/dris-valiente\\\/#primaryimage\"},\"thumbnailUrl\":\"https:\\\/\\\/letrame.com\\\/catalogo\\\/wp-content\\\/uploads\\\/2024\\\/04\\\/webportada_drisvaliente_8mm-compressed.jpg\",\"datePublished\":\"2024-04-29T14:56:25+00:00\",\"dateModified\":\"2024-06-04T14:00:50+00:00\",\"breadcrumb\":{\"@id\":\"https:\\\/\\\/letrame.com\\\/catalogo\\\/producto\\\/dris-valiente\\\/#breadcrumb\"},\"inLanguage\":\"es\",\"potentialAction\":[{\"@type\":\"ReadAction\",\"target\":[\"https:\\\/\\\/letrame.com\\\/catalogo\\\/producto\\\/dris-valiente\\\/\"]}]},{\"@type\":\"ImageObject\",\"inLanguage\":\"es\",\"@id\":\"https:\\\/\\\/letrame.com\\\/catalogo\\\/producto\\\/dris-valiente\\\/#primaryimage\",\"url\":\"https:\\\/\\\/letrame.com\\\/catalogo\\\/wp-content\\\/uploads\\\/2024\\\/04\\\/webportada_drisvaliente_8mm-compressed.jpg\",\"contentUrl\":\"https:\\\/\\\/letrame.com\\\/catalogo\\\/wp-content\\\/uploads\\\/2024\\\/04\\\/webportada_drisvaliente_8mm-compressed.jpg\",\"width\":1594,\"height\":2303},{\"@type\":\"BreadcrumbList\",\"@id\":\"https:\\\/\\\/letrame.com\\\/catalogo\\\/producto\\\/dris-valiente\\\/#breadcrumb\",\"itemListElement\":[{\"@type\":\"ListItem\",\"position\":1,\"name\":\"Portada\",\"item\":\"https:\\\/\\\/letrame.com\\\/catalogo\\\/\"},{\"@type\":\"ListItem\",\"position\":2,\"name\":\"Cat\u00e1logo\",\"item\":\"https:\\\/\\\/letrame.com\\\/catalogo\\\/\"},{\"@type\":\"ListItem\",\"position\":3,\"name\":\"Dris valiente\"}]},{\"@type\":\"WebSite\",\"@id\":\"https:\\\/\\\/letrame.com\\\/catalogo\\\/#website\",\"url\":\"https:\\\/\\\/letrame.com\\\/catalogo\\\/\",\"name\":\"Catalogo | Letrame Grupo Editorial\",\"description\":\"\",\"publisher\":{\"@id\":\"https:\\\/\\\/letrame.com\\\/catalogo\\\/#organization\"},\"potentialAction\":[{\"@type\":\"SearchAction\",\"target\":{\"@type\":\"EntryPoint\",\"urlTemplate\":\"https:\\\/\\\/letrame.com\\\/catalogo\\\/?s={search_term_string}\"},\"query-input\":{\"@type\":\"PropertyValueSpecification\",\"valueRequired\":true,\"valueName\":\"search_term_string\"}}],\"inLanguage\":\"es\"},{\"@type\":\"Organization\",\"@id\":\"https:\\\/\\\/letrame.com\\\/catalogo\\\/#organization\",\"name\":\"Catalogo | Letrame Grupo Editorial\",\"url\":\"https:\\\/\\\/letrame.com\\\/catalogo\\\/\",\"logo\":{\"@type\":\"ImageObject\",\"inLanguage\":\"es\",\"@id\":\"https:\\\/\\\/letrame.com\\\/catalogo\\\/#\\\/schema\\\/logo\\\/image\\\/\",\"url\":\"https:\\\/\\\/letrame.com\\\/catalogo\\\/wp-content\\\/uploads\\\/2024\\\/03\\\/logo2.webp\",\"contentUrl\":\"https:\\\/\\\/letrame.com\\\/catalogo\\\/wp-content\\\/uploads\\\/2024\\\/03\\\/logo2.webp\",\"width\":394,\"height\":128,\"caption\":\"Catalogo | Letrame Grupo Editorial\"},\"image\":{\"@id\":\"https:\\\/\\\/letrame.com\\\/catalogo\\\/#\\\/schema\\\/logo\\\/image\\\/\"}}]}<\/script>\n<!-- \/ Yoast SEO plugin. -->","yoast_head_json":{"title":"Dris valiente - Catalogo | Letrame Grupo Editorial","robots":{"index":"index","follow":"follow","max-snippet":"max-snippet:-1","max-image-preview":"max-image-preview:large","max-video-preview":"max-video-preview:-1"},"canonical":"https:\/\/letrame.com\/catalogo\/producto\/dris-valiente\/","og_locale":"es_ES","og_type":"article","og_title":"Dris valiente - Catalogo | Letrame Grupo Editorial","og_description":"ISBN:\u00a09788411816021  SINOPSIS Dris valiente es una obra intensa y visceral que nos arrastra a un viaje \u00e9pico a trav\u00e9s de la vida y las experiencias de Dris, un marroqu\u00ed emigrado a Espa\u00f1a, y sus amigos, mientras se embarcan en una aventura por varios pa\u00edses europeos.  La prosa, intensa y sin concesiones, nos sumerge en la realidad de estos personajes, descubriendo los temas m\u00e1s espinosos y controversialmente humanos, desde el oscuro mundo del consumo de drogas y la prostituci\u00f3n, hasta las complejidades de la inmigraci\u00f3n y la criminalidad.  Los personajes revelan su intimidad y luchas a trav\u00e9s de confesiones y di\u00e1logos que se desarrollan con una autenticidad palpable, forjando un v\u00ednculo \u00edntimo entre el lector y las vidas de estos protagonistas. En el coraz\u00f3n de la trama, Dris, un individuo ajeno al amor y motivado por la sed de venganza, se encuentra con una chispa inesperada cuando cruza caminos con Denia, una joven cuya presencia despierta sentimientos hasta entonces desconocidos.  Dris valiente es una invitaci\u00f3n a explorar realidades y culturas fascinantes y desconocidas; cambiando de tono de manera h\u00e1bil, desde momentos oscuros hasta pinceladas de humor negro. Te transportar\u00e1 a trav\u00e9s de Europa y te har\u00e1 sentir como si t\u00fa mismo estuvieras viviendo esta aventura inolvidable.","og_url":"https:\/\/letrame.com\/catalogo\/producto\/dris-valiente\/","og_site_name":"Catalogo | Letrame Grupo Editorial","article_modified_time":"2024-06-04T14:00:50+00:00","og_image":[{"width":1594,"height":2303,"url":"https:\/\/letrame.com\/catalogo\/wp-content\/uploads\/2024\/04\/webportada_drisvaliente_8mm-compressed.jpg","type":"image\/jpeg"}],"twitter_card":"summary_large_image","twitter_misc":{"Tiempo de lectura":"2 minutos"},"schema":{"@context":"https:\/\/schema.org","@graph":[{"@type":"WebPage","@id":"https:\/\/letrame.com\/catalogo\/producto\/dris-valiente\/","url":"https:\/\/letrame.com\/catalogo\/producto\/dris-valiente\/","name":"Dris valiente - Catalogo | Letrame Grupo Editorial","isPartOf":{"@id":"https:\/\/letrame.com\/catalogo\/#website"},"primaryImageOfPage":{"@id":"https:\/\/letrame.com\/catalogo\/producto\/dris-valiente\/#primaryimage"},"image":{"@id":"https:\/\/letrame.com\/catalogo\/producto\/dris-valiente\/#primaryimage"},"thumbnailUrl":"https:\/\/letrame.com\/catalogo\/wp-content\/uploads\/2024\/04\/webportada_drisvaliente_8mm-compressed.jpg","datePublished":"2024-04-29T14:56:25+00:00","dateModified":"2024-06-04T14:00:50+00:00","breadcrumb":{"@id":"https:\/\/letrame.com\/catalogo\/producto\/dris-valiente\/#breadcrumb"},"inLanguage":"es","potentialAction":[{"@type":"ReadAction","target":["https:\/\/letrame.com\/catalogo\/producto\/dris-valiente\/"]}]},{"@type":"ImageObject","inLanguage":"es","@id":"https:\/\/letrame.com\/catalogo\/producto\/dris-valiente\/#primaryimage","url":"https:\/\/letrame.com\/catalogo\/wp-content\/uploads\/2024\/04\/webportada_drisvaliente_8mm-compressed.jpg","contentUrl":"https:\/\/letrame.com\/catalogo\/wp-content\/uploads\/2024\/04\/webportada_drisvaliente_8mm-compressed.jpg","width":1594,"height":2303},{"@type":"BreadcrumbList","@id":"https:\/\/letrame.com\/catalogo\/producto\/dris-valiente\/#breadcrumb","itemListElement":[{"@type":"ListItem","position":1,"name":"Portada","item":"https:\/\/letrame.com\/catalogo\/"},{"@type":"ListItem","position":2,"name":"Cat\u00e1logo","item":"https:\/\/letrame.com\/catalogo\/"},{"@type":"ListItem","position":3,"name":"Dris valiente"}]},{"@type":"WebSite","@id":"https:\/\/letrame.com\/catalogo\/#website","url":"https:\/\/letrame.com\/catalogo\/","name":"Catalogo | Letrame Grupo Editorial","description":"","publisher":{"@id":"https:\/\/letrame.com\/catalogo\/#organization"},"potentialAction":[{"@type":"SearchAction","target":{"@type":"EntryPoint","urlTemplate":"https:\/\/letrame.com\/catalogo\/?s={search_term_string}"},"query-input":{"@type":"PropertyValueSpecification","valueRequired":true,"valueName":"search_term_string"}}],"inLanguage":"es"},{"@type":"Organization","@id":"https:\/\/letrame.com\/catalogo\/#organization","name":"Catalogo | Letrame Grupo Editorial","url":"https:\/\/letrame.com\/catalogo\/","logo":{"@type":"ImageObject","inLanguage":"es","@id":"https:\/\/letrame.com\/catalogo\/#\/schema\/logo\/image\/","url":"https:\/\/letrame.com\/catalogo\/wp-content\/uploads\/2024\/03\/logo2.webp","contentUrl":"https:\/\/letrame.com\/catalogo\/wp-content\/uploads\/2024\/03\/logo2.webp","width":394,"height":128,"caption":"Catalogo | Letrame Grupo Editorial"},"image":{"@id":"https:\/\/letrame.com\/catalogo\/#\/schema\/logo\/image\/"}}]}},"_links":{"self":[{"href":"https:\/\/letrame.com\/catalogo\/wp-json\/wp\/v2\/product\/99709","targetHints":{"allow":["GET"]}}],"collection":[{"href":"https:\/\/letrame.com\/catalogo\/wp-json\/wp\/v2\/product"}],"about":[{"href":"https:\/\/letrame.com\/catalogo\/wp-json\/wp\/v2\/types\/product"}],"replies":[{"embeddable":true,"href":"https:\/\/letrame.com\/catalogo\/wp-json\/wp\/v2\/comments?post=99709"}],"acf:post":[{"embeddable":true,"href":"https:\/\/letrame.com\/catalogo\/wp-json\/wp\/v2\/author_book\/77978"}],"wp:featuredmedia":[{"embeddable":true,"href":"https:\/\/letrame.com\/catalogo\/wp-json\/wp\/v2\/media\/99710"}],"wp:attachment":[{"href":"https:\/\/letrame.com\/catalogo\/wp-json\/wp\/v2\/media?parent=99709"}],"wp:term":[{"taxonomy":"libro","embeddable":true,"href":"https:\/\/letrame.com\/catalogo\/wp-json\/wp\/v2\/libro?post=99709"},{"taxonomy":"product_brand","embeddable":true,"href":"https:\/\/letrame.com\/catalogo\/wp-json\/wp\/v2\/product_brand?post=99709"},{"taxonomy":"product_cat","embeddable":true,"href":"https:\/\/letrame.com\/catalogo\/wp-json\/wp\/v2\/product_cat?post=99709"},{"taxonomy":"product_tag","embeddable":true,"href":"https:\/\/letrame.com\/catalogo\/wp-json\/wp\/v2\/product_tag?post=99709"}],"curies":[{"name":"wp","href":"https:\/\/api.w.org\/{rel}","templated":true}]}}