{"id":99694,"date":"2024-04-29T16:55:16","date_gmt":"2024-04-29T14:55:16","guid":{"rendered":"https:\/\/letrame.com\/catalogo\/producto\/5-claves-para-dominar-a-un-hombre\/"},"modified":"2024-06-04T16:01:01","modified_gmt":"2024-06-04T14:01:01","slug":"5-claves-para-dominar-a-un-hombre","status":"publish","type":"product","link":"https:\/\/letrame.com\/catalogo\/producto\/5-claves-para-dominar-a-un-hombre\/","title":{"rendered":"5 claves para dominar a un hombre"},"content":{"rendered":"<p>ISBN:\u00a09788411818612<br \/>\nT\u00edtulo:_5 CLAVES PARA DOMINAR A UN HOMBRE<br \/>\nFecha:_2024<br \/>\nP\u00e1ginas:\u00a076<br \/>\nSINOPSIS<\/p>\n<p>Mila, la protagonista de esta historia, conoce a Pablo en un momento en el que no quiere saber nada de los hombres por sus experiencias negativas previas. Este encuentro le hace probar un experimento de dominaci\u00f3n. Para su sorpresa, Pablo acepta las reglas del juego, lo que en un principio sorprende a Mila, pero con el tiempo le lleva a profundizar en el mundo de la dominaci\u00f3n.<\/p>\n<p>5 claves para dominar a un hombre es un libro divertido y pr\u00e1ctico, dedicado con mucho amor a las mujeres buenas, para que no se olviden de que el poder de la mujer es incre\u00edble, fuerte, abundante y que hace que est\u00e9 mundo sea m\u00e1s cari\u00f1oso y bondadoso.<\/p>\n","protected":false},"excerpt":{"rendered":"<p>ISBN:\u00a09788411818612<\/p>\n<p>SINOPSIS<\/p>\n<p>Mila, la protagonista de esta historia, conoce a Pablo en un momento en el que no quiere saber nada de los hombres por sus experiencias negativas previas. Este encuentro le hace probar un experimento de dominaci\u00f3n. Para su sorpresa, Pablo acepta las reglas del juego, lo que en un principio sorprende a Mila, pero con el tiempo le lleva a profundizar en el mundo de la dominaci\u00f3n.<\/p>\n<p>5 claves para dominar a un hombre es un libro divertido y pr\u00e1ctico, dedicado con mucho amor a las mujeres buenas, para que no se olviden de que el poder de la mujer es incre\u00edble, fuerte, abundante y que hace que est\u00e9 mundo sea m\u00e1s cari\u00f1oso y bondadoso.<\/p>\n","protected":false},"featured_media":99695,"comment_status":"closed","ping_status":"closed","template":"","meta":{"_acf_changed":false},"libro":[],"product_brand":[],"product_cat":[16],"product_tag":[],"class_list":{"0":"post-99694","1":"product","2":"type-product","3":"status-publish","4":"has-post-thumbnail","6":"product_cat-novela","8":"first","9":"instock","10":"product-type-simple"},"acf":{"autor":[77968],"enlace_de_compra":"https:\/\/www.amazon.es\/claves-para-dominar-hombre-Novela\/dp\/8411818616"},"yoast_head":"<!-- This site is optimized with the Yoast SEO plugin v27.4 - https:\/\/yoast.com\/product\/yoast-seo-wordpress\/ -->\n<title>5 claves para dominar a un hombre - Catalogo | Letrame Grupo Editorial<\/title>\n<meta name=\"robots\" content=\"index, follow, max-snippet:-1, max-image-preview:large, max-video-preview:-1\" \/>\n<link rel=\"canonical\" href=\"https:\/\/letrame.com\/catalogo\/producto\/5-claves-para-dominar-a-un-hombre\/\" \/>\n<meta property=\"og:locale\" content=\"es_ES\" \/>\n<meta property=\"og:type\" content=\"article\" \/>\n<meta property=\"og:title\" content=\"5 claves para dominar a un hombre - Catalogo | Letrame Grupo Editorial\" \/>\n<meta property=\"og:description\" content=\"ISBN:\u00a09788411818612  SINOPSIS  Mila, la protagonista de esta historia, conoce a Pablo en un momento en el que no quiere saber nada de los hombres por sus experiencias negativas previas. Este encuentro le hace probar un experimento de dominaci\u00f3n. Para su sorpresa, Pablo acepta las reglas del juego, lo que en un principio sorprende a Mila, pero con el tiempo le lleva a profundizar en el mundo de la dominaci\u00f3n.  5 claves para dominar a un hombre es un libro divertido y pr\u00e1ctico, dedicado con mucho amor a las mujeres buenas, para que no se olviden de que el poder de la mujer es incre\u00edble, fuerte, abundante y que hace que est\u00e9 mundo sea m\u00e1s cari\u00f1oso y bondadoso.\" \/>\n<meta property=\"og:url\" content=\"https:\/\/letrame.com\/catalogo\/producto\/5-claves-para-dominar-a-un-hombre\/\" \/>\n<meta property=\"og:site_name\" content=\"Catalogo | Letrame Grupo Editorial\" \/>\n<meta property=\"article:modified_time\" content=\"2024-06-04T14:01:01+00:00\" \/>\n<meta property=\"og:image\" content=\"https:\/\/letrame.com\/catalogo\/wp-content\/uploads\/2024\/04\/webp_5claves_5mm-compressed.jpg\" \/>\n\t<meta property=\"og:image:width\" content=\"1594\" \/>\n\t<meta property=\"og:image:height\" content=\"2303\" \/>\n\t<meta property=\"og:image:type\" content=\"image\/jpeg\" \/>\n<meta name=\"twitter:card\" content=\"summary_large_image\" \/>\n<meta name=\"twitter:label1\" content=\"Tiempo de lectura\" \/>\n\t<meta name=\"twitter:data1\" content=\"1 minuto\" \/>\n<script type=\"application\/ld+json\" class=\"yoast-schema-graph\">{\"@context\":\"https:\\\/\\\/schema.org\",\"@graph\":[{\"@type\":\"WebPage\",\"@id\":\"https:\\\/\\\/letrame.com\\\/catalogo\\\/producto\\\/5-claves-para-dominar-a-un-hombre\\\/\",\"url\":\"https:\\\/\\\/letrame.com\\\/catalogo\\\/producto\\\/5-claves-para-dominar-a-un-hombre\\\/\",\"name\":\"5 claves para dominar a un hombre - Catalogo | Letrame Grupo Editorial\",\"isPartOf\":{\"@id\":\"https:\\\/\\\/letrame.com\\\/catalogo\\\/#website\"},\"primaryImageOfPage\":{\"@id\":\"https:\\\/\\\/letrame.com\\\/catalogo\\\/producto\\\/5-claves-para-dominar-a-un-hombre\\\/#primaryimage\"},\"image\":{\"@id\":\"https:\\\/\\\/letrame.com\\\/catalogo\\\/producto\\\/5-claves-para-dominar-a-un-hombre\\\/#primaryimage\"},\"thumbnailUrl\":\"https:\\\/\\\/letrame.com\\\/catalogo\\\/wp-content\\\/uploads\\\/2024\\\/04\\\/webp_5claves_5mm-compressed.jpg\",\"datePublished\":\"2024-04-29T14:55:16+00:00\",\"dateModified\":\"2024-06-04T14:01:01+00:00\",\"breadcrumb\":{\"@id\":\"https:\\\/\\\/letrame.com\\\/catalogo\\\/producto\\\/5-claves-para-dominar-a-un-hombre\\\/#breadcrumb\"},\"inLanguage\":\"es\",\"potentialAction\":[{\"@type\":\"ReadAction\",\"target\":[\"https:\\\/\\\/letrame.com\\\/catalogo\\\/producto\\\/5-claves-para-dominar-a-un-hombre\\\/\"]}]},{\"@type\":\"ImageObject\",\"inLanguage\":\"es\",\"@id\":\"https:\\\/\\\/letrame.com\\\/catalogo\\\/producto\\\/5-claves-para-dominar-a-un-hombre\\\/#primaryimage\",\"url\":\"https:\\\/\\\/letrame.com\\\/catalogo\\\/wp-content\\\/uploads\\\/2024\\\/04\\\/webp_5claves_5mm-compressed.jpg\",\"contentUrl\":\"https:\\\/\\\/letrame.com\\\/catalogo\\\/wp-content\\\/uploads\\\/2024\\\/04\\\/webp_5claves_5mm-compressed.jpg\",\"width\":1594,\"height\":2303},{\"@type\":\"BreadcrumbList\",\"@id\":\"https:\\\/\\\/letrame.com\\\/catalogo\\\/producto\\\/5-claves-para-dominar-a-un-hombre\\\/#breadcrumb\",\"itemListElement\":[{\"@type\":\"ListItem\",\"position\":1,\"name\":\"Portada\",\"item\":\"https:\\\/\\\/letrame.com\\\/catalogo\\\/\"},{\"@type\":\"ListItem\",\"position\":2,\"name\":\"Cat\u00e1logo\",\"item\":\"https:\\\/\\\/letrame.com\\\/catalogo\\\/\"},{\"@type\":\"ListItem\",\"position\":3,\"name\":\"5 claves para dominar a un hombre\"}]},{\"@type\":\"WebSite\",\"@id\":\"https:\\\/\\\/letrame.com\\\/catalogo\\\/#website\",\"url\":\"https:\\\/\\\/letrame.com\\\/catalogo\\\/\",\"name\":\"Catalogo | Letrame Grupo Editorial\",\"description\":\"\",\"publisher\":{\"@id\":\"https:\\\/\\\/letrame.com\\\/catalogo\\\/#organization\"},\"potentialAction\":[{\"@type\":\"SearchAction\",\"target\":{\"@type\":\"EntryPoint\",\"urlTemplate\":\"https:\\\/\\\/letrame.com\\\/catalogo\\\/?s={search_term_string}\"},\"query-input\":{\"@type\":\"PropertyValueSpecification\",\"valueRequired\":true,\"valueName\":\"search_term_string\"}}],\"inLanguage\":\"es\"},{\"@type\":\"Organization\",\"@id\":\"https:\\\/\\\/letrame.com\\\/catalogo\\\/#organization\",\"name\":\"Catalogo | Letrame Grupo Editorial\",\"url\":\"https:\\\/\\\/letrame.com\\\/catalogo\\\/\",\"logo\":{\"@type\":\"ImageObject\",\"inLanguage\":\"es\",\"@id\":\"https:\\\/\\\/letrame.com\\\/catalogo\\\/#\\\/schema\\\/logo\\\/image\\\/\",\"url\":\"https:\\\/\\\/letrame.com\\\/catalogo\\\/wp-content\\\/uploads\\\/2024\\\/03\\\/logo2.webp\",\"contentUrl\":\"https:\\\/\\\/letrame.com\\\/catalogo\\\/wp-content\\\/uploads\\\/2024\\\/03\\\/logo2.webp\",\"width\":394,\"height\":128,\"caption\":\"Catalogo | Letrame Grupo Editorial\"},\"image\":{\"@id\":\"https:\\\/\\\/letrame.com\\\/catalogo\\\/#\\\/schema\\\/logo\\\/image\\\/\"}}]}<\/script>\n<!-- \/ Yoast SEO plugin. -->","yoast_head_json":{"title":"5 claves para dominar a un hombre - Catalogo | Letrame Grupo Editorial","robots":{"index":"index","follow":"follow","max-snippet":"max-snippet:-1","max-image-preview":"max-image-preview:large","max-video-preview":"max-video-preview:-1"},"canonical":"https:\/\/letrame.com\/catalogo\/producto\/5-claves-para-dominar-a-un-hombre\/","og_locale":"es_ES","og_type":"article","og_title":"5 claves para dominar a un hombre - Catalogo | Letrame Grupo Editorial","og_description":"ISBN:\u00a09788411818612  SINOPSIS  Mila, la protagonista de esta historia, conoce a Pablo en un momento en el que no quiere saber nada de los hombres por sus experiencias negativas previas. Este encuentro le hace probar un experimento de dominaci\u00f3n. Para su sorpresa, Pablo acepta las reglas del juego, lo que en un principio sorprende a Mila, pero con el tiempo le lleva a profundizar en el mundo de la dominaci\u00f3n.  5 claves para dominar a un hombre es un libro divertido y pr\u00e1ctico, dedicado con mucho amor a las mujeres buenas, para que no se olviden de que el poder de la mujer es incre\u00edble, fuerte, abundante y que hace que est\u00e9 mundo sea m\u00e1s cari\u00f1oso y bondadoso.","og_url":"https:\/\/letrame.com\/catalogo\/producto\/5-claves-para-dominar-a-un-hombre\/","og_site_name":"Catalogo | Letrame Grupo Editorial","article_modified_time":"2024-06-04T14:01:01+00:00","og_image":[{"width":1594,"height":2303,"url":"https:\/\/letrame.com\/catalogo\/wp-content\/uploads\/2024\/04\/webp_5claves_5mm-compressed.jpg","type":"image\/jpeg"}],"twitter_card":"summary_large_image","twitter_misc":{"Tiempo de lectura":"1 minuto"},"schema":{"@context":"https:\/\/schema.org","@graph":[{"@type":"WebPage","@id":"https:\/\/letrame.com\/catalogo\/producto\/5-claves-para-dominar-a-un-hombre\/","url":"https:\/\/letrame.com\/catalogo\/producto\/5-claves-para-dominar-a-un-hombre\/","name":"5 claves para dominar a un hombre - Catalogo | Letrame Grupo Editorial","isPartOf":{"@id":"https:\/\/letrame.com\/catalogo\/#website"},"primaryImageOfPage":{"@id":"https:\/\/letrame.com\/catalogo\/producto\/5-claves-para-dominar-a-un-hombre\/#primaryimage"},"image":{"@id":"https:\/\/letrame.com\/catalogo\/producto\/5-claves-para-dominar-a-un-hombre\/#primaryimage"},"thumbnailUrl":"https:\/\/letrame.com\/catalogo\/wp-content\/uploads\/2024\/04\/webp_5claves_5mm-compressed.jpg","datePublished":"2024-04-29T14:55:16+00:00","dateModified":"2024-06-04T14:01:01+00:00","breadcrumb":{"@id":"https:\/\/letrame.com\/catalogo\/producto\/5-claves-para-dominar-a-un-hombre\/#breadcrumb"},"inLanguage":"es","potentialAction":[{"@type":"ReadAction","target":["https:\/\/letrame.com\/catalogo\/producto\/5-claves-para-dominar-a-un-hombre\/"]}]},{"@type":"ImageObject","inLanguage":"es","@id":"https:\/\/letrame.com\/catalogo\/producto\/5-claves-para-dominar-a-un-hombre\/#primaryimage","url":"https:\/\/letrame.com\/catalogo\/wp-content\/uploads\/2024\/04\/webp_5claves_5mm-compressed.jpg","contentUrl":"https:\/\/letrame.com\/catalogo\/wp-content\/uploads\/2024\/04\/webp_5claves_5mm-compressed.jpg","width":1594,"height":2303},{"@type":"BreadcrumbList","@id":"https:\/\/letrame.com\/catalogo\/producto\/5-claves-para-dominar-a-un-hombre\/#breadcrumb","itemListElement":[{"@type":"ListItem","position":1,"name":"Portada","item":"https:\/\/letrame.com\/catalogo\/"},{"@type":"ListItem","position":2,"name":"Cat\u00e1logo","item":"https:\/\/letrame.com\/catalogo\/"},{"@type":"ListItem","position":3,"name":"5 claves para dominar a un hombre"}]},{"@type":"WebSite","@id":"https:\/\/letrame.com\/catalogo\/#website","url":"https:\/\/letrame.com\/catalogo\/","name":"Catalogo | Letrame Grupo Editorial","description":"","publisher":{"@id":"https:\/\/letrame.com\/catalogo\/#organization"},"potentialAction":[{"@type":"SearchAction","target":{"@type":"EntryPoint","urlTemplate":"https:\/\/letrame.com\/catalogo\/?s={search_term_string}"},"query-input":{"@type":"PropertyValueSpecification","valueRequired":true,"valueName":"search_term_string"}}],"inLanguage":"es"},{"@type":"Organization","@id":"https:\/\/letrame.com\/catalogo\/#organization","name":"Catalogo | Letrame Grupo Editorial","url":"https:\/\/letrame.com\/catalogo\/","logo":{"@type":"ImageObject","inLanguage":"es","@id":"https:\/\/letrame.com\/catalogo\/#\/schema\/logo\/image\/","url":"https:\/\/letrame.com\/catalogo\/wp-content\/uploads\/2024\/03\/logo2.webp","contentUrl":"https:\/\/letrame.com\/catalogo\/wp-content\/uploads\/2024\/03\/logo2.webp","width":394,"height":128,"caption":"Catalogo | Letrame Grupo Editorial"},"image":{"@id":"https:\/\/letrame.com\/catalogo\/#\/schema\/logo\/image\/"}}]}},"_links":{"self":[{"href":"https:\/\/letrame.com\/catalogo\/wp-json\/wp\/v2\/product\/99694","targetHints":{"allow":["GET"]}}],"collection":[{"href":"https:\/\/letrame.com\/catalogo\/wp-json\/wp\/v2\/product"}],"about":[{"href":"https:\/\/letrame.com\/catalogo\/wp-json\/wp\/v2\/types\/product"}],"replies":[{"embeddable":true,"href":"https:\/\/letrame.com\/catalogo\/wp-json\/wp\/v2\/comments?post=99694"}],"acf:post":[{"embeddable":true,"href":"https:\/\/letrame.com\/catalogo\/wp-json\/wp\/v2\/author_book\/77968"}],"wp:featuredmedia":[{"embeddable":true,"href":"https:\/\/letrame.com\/catalogo\/wp-json\/wp\/v2\/media\/99695"}],"wp:attachment":[{"href":"https:\/\/letrame.com\/catalogo\/wp-json\/wp\/v2\/media?parent=99694"}],"wp:term":[{"taxonomy":"libro","embeddable":true,"href":"https:\/\/letrame.com\/catalogo\/wp-json\/wp\/v2\/libro?post=99694"},{"taxonomy":"product_brand","embeddable":true,"href":"https:\/\/letrame.com\/catalogo\/wp-json\/wp\/v2\/product_brand?post=99694"},{"taxonomy":"product_cat","embeddable":true,"href":"https:\/\/letrame.com\/catalogo\/wp-json\/wp\/v2\/product_cat?post=99694"},{"taxonomy":"product_tag","embeddable":true,"href":"https:\/\/letrame.com\/catalogo\/wp-json\/wp\/v2\/product_tag?post=99694"}],"curies":[{"name":"wp","href":"https:\/\/api.w.org\/{rel}","templated":true}]}}