{"id":99680,"date":"2024-04-29T16:53:12","date_gmt":"2024-04-29T14:53:12","guid":{"rendered":"https:\/\/letrame.com\/catalogo\/producto\/teotihuacayotl\/"},"modified":"2024-07-30T08:25:29","modified_gmt":"2024-07-30T06:25:29","slug":"teotihuacayotl","status":"publish","type":"product","link":"https:\/\/letrame.com\/catalogo\/producto\/teotihuacayotl\/","title":{"rendered":"Teotihuac\u00e1yotl"},"content":{"rendered":"<p>ISBN:\u00a09788411815314<br \/>\nT\u00edtulo:_TEOTIHUAC\u00c1YOTL<br \/>\nFecha:_2023<br \/>\nP\u00e1ginas:\u00a0160<br \/>\nSINOPSIS<br \/>\nTeotihuac\u00e1yotl es una reflexi\u00f3n sobre la aplicaci\u00f3n de las ense\u00f1anzas m\u00edsticas de los teotihuacanos a la vida pol\u00edtica y social actual.<\/p>\n<p>En esta obra introspectiva, el autor, a trav\u00e9s de un viaje personal y espiritual, revisa la historia y recupera el legado de los pueblos que habitaban en Am\u00e9rica antes de la conquista europea, rescatando y poniendo en valor la identidad de un pueblo perdido en el transcurso de la historia y que supo ver m\u00e1s all\u00e1 de la realidad inmediata.<\/p>\n","protected":false},"excerpt":{"rendered":"<p>ISBN:\u00a09788411815314<\/p>\n<p>SINOPSIS<br \/>\nTeotihuac\u00e1yotl es una reflexi\u00f3n sobre la aplicaci\u00f3n de las ense\u00f1anzas m\u00edsticas de los teotihuacanos a la vida pol\u00edtica y social actual.<\/p>\n<p>En esta obra introspectiva, el autor, a trav\u00e9s de un viaje personal y espiritual, revisa la historia y recupera el legado de los pueblos que habitaban en Am\u00e9rica antes de la conquista europea, rescatando y poniendo en valor la identidad de un pueblo perdido en el transcurso de la historia y que supo ver m\u00e1s all\u00e1 de la realidad inmediata.<\/p>\n","protected":false},"featured_media":99681,"comment_status":"closed","ping_status":"closed","template":"","meta":{"_acf_changed":false},"libro":[],"product_brand":[],"product_cat":[16],"product_tag":[],"class_list":{"0":"post-99680","1":"product","2":"type-product","3":"status-publish","4":"has-post-thumbnail","6":"product_cat-novela","8":"first","9":"instock","10":"product-type-simple"},"acf":{"autor":[77138],"enlace_de_compra":"https:\/\/amzn.to\/4dnMMGw"},"yoast_head":"<!-- This site is optimized with the Yoast SEO plugin v26.6 - https:\/\/yoast.com\/wordpress\/plugins\/seo\/ -->\n<title>Teotihuac\u00e1yotl - Catalogo | Letrame Grupo Editorial<\/title>\n<meta name=\"robots\" content=\"index, follow, max-snippet:-1, max-image-preview:large, max-video-preview:-1\" \/>\n<link rel=\"canonical\" href=\"https:\/\/letrame.com\/catalogo\/producto\/teotihuacayotl\/\" \/>\n<meta property=\"og:locale\" content=\"es_ES\" \/>\n<meta property=\"og:type\" content=\"article\" \/>\n<meta property=\"og:title\" content=\"Teotihuac\u00e1yotl - Catalogo | Letrame Grupo Editorial\" \/>\n<meta property=\"og:description\" content=\"ISBN:\u00a09788411815314  SINOPSIS Teotihuac\u00e1yotl es una reflexi\u00f3n sobre la aplicaci\u00f3n de las ense\u00f1anzas m\u00edsticas de los teotihuacanos a la vida pol\u00edtica y social actual.  En esta obra introspectiva, el autor, a trav\u00e9s de un viaje personal y espiritual, revisa la historia y recupera el legado de los pueblos que habitaban en Am\u00e9rica antes de la conquista europea, rescatando y poniendo en valor la identidad de un pueblo perdido en el transcurso de la historia y que supo ver m\u00e1s all\u00e1 de la realidad inmediata.\" \/>\n<meta property=\"og:url\" content=\"https:\/\/letrame.com\/catalogo\/producto\/teotihuacayotl\/\" \/>\n<meta property=\"og:site_name\" content=\"Catalogo | Letrame Grupo Editorial\" \/>\n<meta property=\"article:modified_time\" content=\"2024-07-30T06:25:29+00:00\" \/>\n<meta property=\"og:image\" content=\"https:\/\/letrame.com\/catalogo\/wp-content\/uploads\/2024\/04\/webportada_teotihuacayotl_845mm-compressed-scaled-1.jpg\" \/>\n\t<meta property=\"og:image:width\" content=\"1746\" \/>\n\t<meta property=\"og:image:height\" content=\"2560\" \/>\n\t<meta property=\"og:image:type\" content=\"image\/jpeg\" \/>\n<meta name=\"twitter:card\" content=\"summary_large_image\" \/>\n<meta name=\"twitter:label1\" content=\"Tiempo de lectura\" \/>\n\t<meta name=\"twitter:data1\" content=\"1 minuto\" \/>\n<script type=\"application\/ld+json\" class=\"yoast-schema-graph\">{\"@context\":\"https:\/\/schema.org\",\"@graph\":[{\"@type\":\"WebPage\",\"@id\":\"https:\/\/letrame.com\/catalogo\/producto\/teotihuacayotl\/\",\"url\":\"https:\/\/letrame.com\/catalogo\/producto\/teotihuacayotl\/\",\"name\":\"Teotihuac\u00e1yotl - Catalogo | Letrame Grupo Editorial\",\"isPartOf\":{\"@id\":\"https:\/\/letrame.com\/catalogo\/#website\"},\"primaryImageOfPage\":{\"@id\":\"https:\/\/letrame.com\/catalogo\/producto\/teotihuacayotl\/#primaryimage\"},\"image\":{\"@id\":\"https:\/\/letrame.com\/catalogo\/producto\/teotihuacayotl\/#primaryimage\"},\"thumbnailUrl\":\"https:\/\/letrame.com\/catalogo\/wp-content\/uploads\/2024\/04\/webportada_teotihuacayotl_845mm-compressed-scaled-1.jpg\",\"datePublished\":\"2024-04-29T14:53:12+00:00\",\"dateModified\":\"2024-07-30T06:25:29+00:00\",\"breadcrumb\":{\"@id\":\"https:\/\/letrame.com\/catalogo\/producto\/teotihuacayotl\/#breadcrumb\"},\"inLanguage\":\"es\",\"potentialAction\":[{\"@type\":\"ReadAction\",\"target\":[\"https:\/\/letrame.com\/catalogo\/producto\/teotihuacayotl\/\"]}]},{\"@type\":\"ImageObject\",\"inLanguage\":\"es\",\"@id\":\"https:\/\/letrame.com\/catalogo\/producto\/teotihuacayotl\/#primaryimage\",\"url\":\"https:\/\/letrame.com\/catalogo\/wp-content\/uploads\/2024\/04\/webportada_teotihuacayotl_845mm-compressed-scaled-1.jpg\",\"contentUrl\":\"https:\/\/letrame.com\/catalogo\/wp-content\/uploads\/2024\/04\/webportada_teotihuacayotl_845mm-compressed-scaled-1.jpg\",\"width\":1746,\"height\":2560},{\"@type\":\"BreadcrumbList\",\"@id\":\"https:\/\/letrame.com\/catalogo\/producto\/teotihuacayotl\/#breadcrumb\",\"itemListElement\":[{\"@type\":\"ListItem\",\"position\":1,\"name\":\"Portada\",\"item\":\"https:\/\/letrame.com\/catalogo\/\"},{\"@type\":\"ListItem\",\"position\":2,\"name\":\"Cat\u00e1logo\",\"item\":\"https:\/\/letrame.com\/catalogo\/\"},{\"@type\":\"ListItem\",\"position\":3,\"name\":\"Teotihuac\u00e1yotl\"}]},{\"@type\":\"WebSite\",\"@id\":\"https:\/\/letrame.com\/catalogo\/#website\",\"url\":\"https:\/\/letrame.com\/catalogo\/\",\"name\":\"Catalogo | Letrame Grupo Editorial\",\"description\":\"\",\"publisher\":{\"@id\":\"https:\/\/letrame.com\/catalogo\/#organization\"},\"potentialAction\":[{\"@type\":\"SearchAction\",\"target\":{\"@type\":\"EntryPoint\",\"urlTemplate\":\"https:\/\/letrame.com\/catalogo\/?s={search_term_string}\"},\"query-input\":{\"@type\":\"PropertyValueSpecification\",\"valueRequired\":true,\"valueName\":\"search_term_string\"}}],\"inLanguage\":\"es\"},{\"@type\":\"Organization\",\"@id\":\"https:\/\/letrame.com\/catalogo\/#organization\",\"name\":\"Catalogo | Letrame Grupo Editorial\",\"url\":\"https:\/\/letrame.com\/catalogo\/\",\"logo\":{\"@type\":\"ImageObject\",\"inLanguage\":\"es\",\"@id\":\"https:\/\/letrame.com\/catalogo\/#\/schema\/logo\/image\/\",\"url\":\"https:\/\/letrame.com\/catalogo\/wp-content\/uploads\/2024\/03\/logo2.webp\",\"contentUrl\":\"https:\/\/letrame.com\/catalogo\/wp-content\/uploads\/2024\/03\/logo2.webp\",\"width\":394,\"height\":128,\"caption\":\"Catalogo | Letrame Grupo Editorial\"},\"image\":{\"@id\":\"https:\/\/letrame.com\/catalogo\/#\/schema\/logo\/image\/\"}}]}<\/script>\n<!-- \/ Yoast SEO plugin. -->","yoast_head_json":{"title":"Teotihuac\u00e1yotl - Catalogo | Letrame Grupo Editorial","robots":{"index":"index","follow":"follow","max-snippet":"max-snippet:-1","max-image-preview":"max-image-preview:large","max-video-preview":"max-video-preview:-1"},"canonical":"https:\/\/letrame.com\/catalogo\/producto\/teotihuacayotl\/","og_locale":"es_ES","og_type":"article","og_title":"Teotihuac\u00e1yotl - Catalogo | Letrame Grupo Editorial","og_description":"ISBN:\u00a09788411815314  SINOPSIS Teotihuac\u00e1yotl es una reflexi\u00f3n sobre la aplicaci\u00f3n de las ense\u00f1anzas m\u00edsticas de los teotihuacanos a la vida pol\u00edtica y social actual.  En esta obra introspectiva, el autor, a trav\u00e9s de un viaje personal y espiritual, revisa la historia y recupera el legado de los pueblos que habitaban en Am\u00e9rica antes de la conquista europea, rescatando y poniendo en valor la identidad de un pueblo perdido en el transcurso de la historia y que supo ver m\u00e1s all\u00e1 de la realidad inmediata.","og_url":"https:\/\/letrame.com\/catalogo\/producto\/teotihuacayotl\/","og_site_name":"Catalogo | Letrame Grupo Editorial","article_modified_time":"2024-07-30T06:25:29+00:00","og_image":[{"width":1746,"height":2560,"url":"https:\/\/letrame.com\/catalogo\/wp-content\/uploads\/2024\/04\/webportada_teotihuacayotl_845mm-compressed-scaled-1.jpg","type":"image\/jpeg"}],"twitter_card":"summary_large_image","twitter_misc":{"Tiempo de lectura":"1 minuto"},"schema":{"@context":"https:\/\/schema.org","@graph":[{"@type":"WebPage","@id":"https:\/\/letrame.com\/catalogo\/producto\/teotihuacayotl\/","url":"https:\/\/letrame.com\/catalogo\/producto\/teotihuacayotl\/","name":"Teotihuac\u00e1yotl - Catalogo | Letrame Grupo Editorial","isPartOf":{"@id":"https:\/\/letrame.com\/catalogo\/#website"},"primaryImageOfPage":{"@id":"https:\/\/letrame.com\/catalogo\/producto\/teotihuacayotl\/#primaryimage"},"image":{"@id":"https:\/\/letrame.com\/catalogo\/producto\/teotihuacayotl\/#primaryimage"},"thumbnailUrl":"https:\/\/letrame.com\/catalogo\/wp-content\/uploads\/2024\/04\/webportada_teotihuacayotl_845mm-compressed-scaled-1.jpg","datePublished":"2024-04-29T14:53:12+00:00","dateModified":"2024-07-30T06:25:29+00:00","breadcrumb":{"@id":"https:\/\/letrame.com\/catalogo\/producto\/teotihuacayotl\/#breadcrumb"},"inLanguage":"es","potentialAction":[{"@type":"ReadAction","target":["https:\/\/letrame.com\/catalogo\/producto\/teotihuacayotl\/"]}]},{"@type":"ImageObject","inLanguage":"es","@id":"https:\/\/letrame.com\/catalogo\/producto\/teotihuacayotl\/#primaryimage","url":"https:\/\/letrame.com\/catalogo\/wp-content\/uploads\/2024\/04\/webportada_teotihuacayotl_845mm-compressed-scaled-1.jpg","contentUrl":"https:\/\/letrame.com\/catalogo\/wp-content\/uploads\/2024\/04\/webportada_teotihuacayotl_845mm-compressed-scaled-1.jpg","width":1746,"height":2560},{"@type":"BreadcrumbList","@id":"https:\/\/letrame.com\/catalogo\/producto\/teotihuacayotl\/#breadcrumb","itemListElement":[{"@type":"ListItem","position":1,"name":"Portada","item":"https:\/\/letrame.com\/catalogo\/"},{"@type":"ListItem","position":2,"name":"Cat\u00e1logo","item":"https:\/\/letrame.com\/catalogo\/"},{"@type":"ListItem","position":3,"name":"Teotihuac\u00e1yotl"}]},{"@type":"WebSite","@id":"https:\/\/letrame.com\/catalogo\/#website","url":"https:\/\/letrame.com\/catalogo\/","name":"Catalogo | Letrame Grupo Editorial","description":"","publisher":{"@id":"https:\/\/letrame.com\/catalogo\/#organization"},"potentialAction":[{"@type":"SearchAction","target":{"@type":"EntryPoint","urlTemplate":"https:\/\/letrame.com\/catalogo\/?s={search_term_string}"},"query-input":{"@type":"PropertyValueSpecification","valueRequired":true,"valueName":"search_term_string"}}],"inLanguage":"es"},{"@type":"Organization","@id":"https:\/\/letrame.com\/catalogo\/#organization","name":"Catalogo | Letrame Grupo Editorial","url":"https:\/\/letrame.com\/catalogo\/","logo":{"@type":"ImageObject","inLanguage":"es","@id":"https:\/\/letrame.com\/catalogo\/#\/schema\/logo\/image\/","url":"https:\/\/letrame.com\/catalogo\/wp-content\/uploads\/2024\/03\/logo2.webp","contentUrl":"https:\/\/letrame.com\/catalogo\/wp-content\/uploads\/2024\/03\/logo2.webp","width":394,"height":128,"caption":"Catalogo | Letrame Grupo Editorial"},"image":{"@id":"https:\/\/letrame.com\/catalogo\/#\/schema\/logo\/image\/"}}]}},"_links":{"self":[{"href":"https:\/\/letrame.com\/catalogo\/wp-json\/wp\/v2\/product\/99680","targetHints":{"allow":["GET"]}}],"collection":[{"href":"https:\/\/letrame.com\/catalogo\/wp-json\/wp\/v2\/product"}],"about":[{"href":"https:\/\/letrame.com\/catalogo\/wp-json\/wp\/v2\/types\/product"}],"replies":[{"embeddable":true,"href":"https:\/\/letrame.com\/catalogo\/wp-json\/wp\/v2\/comments?post=99680"}],"acf:post":[{"embeddable":true,"href":"https:\/\/letrame.com\/catalogo\/wp-json\/wp\/v2\/author_book\/77138"}],"wp:featuredmedia":[{"embeddable":true,"href":"https:\/\/letrame.com\/catalogo\/wp-json\/wp\/v2\/media\/99681"}],"wp:attachment":[{"href":"https:\/\/letrame.com\/catalogo\/wp-json\/wp\/v2\/media?parent=99680"}],"wp:term":[{"taxonomy":"libro","embeddable":true,"href":"https:\/\/letrame.com\/catalogo\/wp-json\/wp\/v2\/libro?post=99680"},{"taxonomy":"product_brand","embeddable":true,"href":"https:\/\/letrame.com\/catalogo\/wp-json\/wp\/v2\/product_brand?post=99680"},{"taxonomy":"product_cat","embeddable":true,"href":"https:\/\/letrame.com\/catalogo\/wp-json\/wp\/v2\/product_cat?post=99680"},{"taxonomy":"product_tag","embeddable":true,"href":"https:\/\/letrame.com\/catalogo\/wp-json\/wp\/v2\/product_tag?post=99680"}],"curies":[{"name":"wp","href":"https:\/\/api.w.org\/{rel}","templated":true}]}}