{"id":99626,"date":"2024-04-29T16:46:28","date_gmt":"2024-04-29T14:46:28","guid":{"rendered":"https:\/\/letrame.com\/catalogo\/producto\/peter-bro-el-duende-de-mis-pinceles\/"},"modified":"2024-04-29T16:46:28","modified_gmt":"2024-04-29T14:46:28","slug":"peter-bro-el-duende-de-mis-pinceles","status":"publish","type":"product","link":"https:\/\/letrame.com\/catalogo\/producto\/peter-bro-el-duende-de-mis-pinceles\/","title":{"rendered":"Peter Bro: El Duende de mis Pinceles"},"content":{"rendered":"<p>ISBN:\u00a0978-84-1181-887-2<br \/>\nT\u00edtulo:_Peter Bro: El Duende de mis Pinceles<br \/>\nFecha:2024_<br \/>\nP\u00e1ginas:\u00a0288<\/p>\n<p>SINOPSIS<br \/>\nEste libro es una reflexi\u00f3n conmovedora basada en hechos reales. La protagonista de esta historia, tras recibir la noticia del accidente de su hermano, experimenta un gran estr\u00e9s en un proceso complicado de duelo. Su vida cambia de manera dr\u00e1stica.<br \/>\nDesarrolla ac\u00fafenos en ambos o\u00eddos, convirtiendo su situaci\u00f3n en un desaf\u00edo y arrastr\u00e1ndola a una espiral de autodestrucci\u00f3n. La soledad, los ac\u00fafenos y el duelo la sumergen en un sufrimiento lleno de oscuridad.<br \/>\nAislada del mundo exterior, comienza a sentir sus ac\u00fafenos m\u00e1s intensos y estridentes, incapacitada para realizar toda actividad. En su af\u00e1n por encontrar alivio para sus emociones, comienza a tomar ansiol\u00edticos (recetados telef\u00f3nicamente en tiempos de pandemia).<br \/>\nDesarrolla una fuerte adicci\u00f3n, lo que incrementa a\u00fan m\u00e1s su ansiedad. Un intento de suicidio y un ingreso hospitalario cambiaron su existencia. Como consecuencia de su adicci\u00f3n, experimenta efectos secundarios negativos como la disminuci\u00f3n de la capacidad cognitiva, de memoria o cambios de comportamiento.<br \/>\nEncuentra unos escritos y el saludo de lo inesperado. Descubre una salida en la imaginaci\u00f3n dando importancia a su potencial creativo y nace PETER BRO, el duende de mis pinceles.<br \/>\nEntre tus manos tienes un viaje a la vida. Una traves\u00eda que explora nuestros mundos internos de manera \u00fanica. Acompa\u00f1a a la protagonista a un punto de encuentro con ella misma, viaja a trav\u00e9s de su imaginaci\u00f3n hacia la superaci\u00f3n y d\u00e9jate llevar por este emocionante testimonio de arte y humanidad.<\/p>\n","protected":false},"excerpt":{"rendered":"<p>ISBN:\u00a0978-84-1181-887-2<\/p>\n<p>SINOPSIS<br \/>\nEste libro es una reflexi\u00f3n conmovedora basada en hechos reales. La protagonista de esta historia, tras recibir la noticia del accidente de su hermano, experimenta un gran estr\u00e9s en un proceso complicado de duelo. Su vida cambia de manera dr\u00e1stica.<br \/>\nDesarrolla ac\u00fafenos en ambos o\u00eddos, convirtiendo su situaci\u00f3n en un desaf\u00edo y arrastr\u00e1ndola a una espiral de autodestrucci\u00f3n. La soledad, los ac\u00fafenos y el duelo la sumergen en un sufrimiento lleno de oscuridad.<br \/>\nAislada del mundo exterior, comienza a sentir sus ac\u00fafenos m\u00e1s intensos y estridentes, incapacitada para realizar toda actividad. En su af\u00e1n por encontrar alivio para sus emociones, comienza a tomar ansiol\u00edticos (recetados telef\u00f3nicamente en tiempos de pandemia).<br \/>\nDesarrolla una fuerte adicci\u00f3n, lo que incrementa a\u00fan m\u00e1s su ansiedad. Un intento de suicidio y un ingreso hospitalario cambiaron su existencia. Como consecuencia de su adicci\u00f3n, experimenta efectos secundarios negativos como la disminuci\u00f3n de la capacidad cognitiva, de memoria o cambios de comportamiento.<br \/>\nEncuentra unos escritos y el saludo de lo inesperado. Descubre una salida en la imaginaci\u00f3n dando importancia a su potencial creativo y nace PETER BRO, el duende de mis pinceles.<br \/>\nEntre tus manos tienes un viaje a la vida. Una traves\u00eda que explora nuestros mundos internos de manera \u00fanica. Acompa\u00f1a a la protagonista a un punto de encuentro con ella misma, viaja a trav\u00e9s de su imaginaci\u00f3n hacia la superaci\u00f3n y d\u00e9jate llevar por este emocionante testimonio de arte y humanidad.<\/p>\n","protected":false},"featured_media":99627,"comment_status":"closed","ping_status":"open","template":"","meta":{"_acf_changed":false},"libro":[],"product_brand":[],"product_cat":[18],"product_tag":[],"class_list":{"0":"post-99626","1":"product","2":"type-product","3":"status-publish","4":"has-post-thumbnail","6":"product_cat-autoayuda","8":"first","9":"instock","10":"product-type-simple"},"acf":{"autor":[77919],"enlace_de_compra":"https:\/\/amzn.eu\/d\/9ohV9Ni"},"yoast_head":"<!-- This site is optimized with the Yoast SEO plugin v27.4 - https:\/\/yoast.com\/product\/yoast-seo-wordpress\/ -->\n<title>Peter Bro: El Duende de mis Pinceles - Catalogo | Letrame Grupo Editorial<\/title>\n<meta name=\"robots\" content=\"index, follow, max-snippet:-1, max-image-preview:large, max-video-preview:-1\" \/>\n<link rel=\"canonical\" href=\"https:\/\/letrame.com\/catalogo\/producto\/peter-bro-el-duende-de-mis-pinceles\/\" \/>\n<meta property=\"og:locale\" content=\"es_ES\" \/>\n<meta property=\"og:type\" content=\"article\" \/>\n<meta property=\"og:title\" content=\"Peter Bro: El Duende de mis Pinceles - Catalogo | Letrame Grupo Editorial\" \/>\n<meta property=\"og:description\" content=\"ISBN:\u00a0978-84-1181-887-2 SINOPSIS Este libro es una reflexi\u00f3n conmovedora basada en hechos reales. La protagonista de esta historia, tras recibir la noticia del accidente de su hermano, experimenta un gran estr\u00e9s en un proceso complicado de duelo. Su vida cambia de manera dr\u00e1stica. Desarrolla ac\u00fafenos en ambos o\u00eddos, convirtiendo su situaci\u00f3n en un desaf\u00edo y arrastr\u00e1ndola a una espiral de autodestrucci\u00f3n. La soledad, los ac\u00fafenos y el duelo la sumergen en un sufrimiento lleno de oscuridad. Aislada del mundo exterior, comienza a sentir sus ac\u00fafenos m\u00e1s intensos y estridentes, incapacitada para realizar toda actividad. En su af\u00e1n por encontrar alivio para sus emociones, comienza a tomar ansiol\u00edticos (recetados telef\u00f3nicamente en tiempos de pandemia). Desarrolla una fuerte adicci\u00f3n, lo que incrementa a\u00fan m\u00e1s su ansiedad. Un intento de suicidio y un ingreso hospitalario cambiaron su existencia. Como consecuencia de su adicci\u00f3n, experimenta efectos secundarios negativos como la disminuci\u00f3n de la capacidad cognitiva, de memoria o cambios de comportamiento. Encuentra unos escritos y el saludo de lo inesperado. Descubre una salida en la imaginaci\u00f3n dando importancia a su potencial creativo y nace PETER BRO, el duende de mis pinceles. Entre tus manos tienes un viaje a la vida. Una traves\u00eda que explora nuestros mundos internos de manera \u00fanica. Acompa\u00f1a a la protagonista a un punto de encuentro con ella misma, viaja a trav\u00e9s de su imaginaci\u00f3n hacia la superaci\u00f3n y d\u00e9jate llevar por este emocionante testimonio de arte y humanidad.\" \/>\n<meta property=\"og:url\" content=\"https:\/\/letrame.com\/catalogo\/producto\/peter-bro-el-duende-de-mis-pinceles\/\" \/>\n<meta property=\"og:site_name\" content=\"Catalogo | Letrame Grupo Editorial\" \/>\n<meta property=\"og:image\" content=\"https:\/\/letrame.com\/catalogo\/wp-content\/uploads\/2024\/04\/webp_peterbro_161mm-compressed.jpg\" \/>\n\t<meta property=\"og:image:width\" content=\"1772\" \/>\n\t<meta property=\"og:image:height\" content=\"2480\" \/>\n\t<meta property=\"og:image:type\" content=\"image\/jpeg\" \/>\n<meta name=\"twitter:card\" content=\"summary_large_image\" \/>\n<meta name=\"twitter:label1\" content=\"Tiempo de lectura\" \/>\n\t<meta name=\"twitter:data1\" content=\"1 minuto\" \/>\n<script type=\"application\/ld+json\" class=\"yoast-schema-graph\">{\"@context\":\"https:\\\/\\\/schema.org\",\"@graph\":[{\"@type\":\"WebPage\",\"@id\":\"https:\\\/\\\/letrame.com\\\/catalogo\\\/producto\\\/peter-bro-el-duende-de-mis-pinceles\\\/\",\"url\":\"https:\\\/\\\/letrame.com\\\/catalogo\\\/producto\\\/peter-bro-el-duende-de-mis-pinceles\\\/\",\"name\":\"Peter Bro: El Duende de mis Pinceles - Catalogo | Letrame Grupo Editorial\",\"isPartOf\":{\"@id\":\"https:\\\/\\\/letrame.com\\\/catalogo\\\/#website\"},\"primaryImageOfPage\":{\"@id\":\"https:\\\/\\\/letrame.com\\\/catalogo\\\/producto\\\/peter-bro-el-duende-de-mis-pinceles\\\/#primaryimage\"},\"image\":{\"@id\":\"https:\\\/\\\/letrame.com\\\/catalogo\\\/producto\\\/peter-bro-el-duende-de-mis-pinceles\\\/#primaryimage\"},\"thumbnailUrl\":\"https:\\\/\\\/letrame.com\\\/catalogo\\\/wp-content\\\/uploads\\\/2024\\\/04\\\/webp_peterbro_161mm-compressed.jpg\",\"datePublished\":\"2024-04-29T14:46:28+00:00\",\"breadcrumb\":{\"@id\":\"https:\\\/\\\/letrame.com\\\/catalogo\\\/producto\\\/peter-bro-el-duende-de-mis-pinceles\\\/#breadcrumb\"},\"inLanguage\":\"es\",\"potentialAction\":[{\"@type\":\"ReadAction\",\"target\":[\"https:\\\/\\\/letrame.com\\\/catalogo\\\/producto\\\/peter-bro-el-duende-de-mis-pinceles\\\/\"]}]},{\"@type\":\"ImageObject\",\"inLanguage\":\"es\",\"@id\":\"https:\\\/\\\/letrame.com\\\/catalogo\\\/producto\\\/peter-bro-el-duende-de-mis-pinceles\\\/#primaryimage\",\"url\":\"https:\\\/\\\/letrame.com\\\/catalogo\\\/wp-content\\\/uploads\\\/2024\\\/04\\\/webp_peterbro_161mm-compressed.jpg\",\"contentUrl\":\"https:\\\/\\\/letrame.com\\\/catalogo\\\/wp-content\\\/uploads\\\/2024\\\/04\\\/webp_peterbro_161mm-compressed.jpg\",\"width\":1772,\"height\":2480},{\"@type\":\"BreadcrumbList\",\"@id\":\"https:\\\/\\\/letrame.com\\\/catalogo\\\/producto\\\/peter-bro-el-duende-de-mis-pinceles\\\/#breadcrumb\",\"itemListElement\":[{\"@type\":\"ListItem\",\"position\":1,\"name\":\"Portada\",\"item\":\"https:\\\/\\\/letrame.com\\\/catalogo\\\/\"},{\"@type\":\"ListItem\",\"position\":2,\"name\":\"Cat\u00e1logo\",\"item\":\"https:\\\/\\\/letrame.com\\\/catalogo\\\/\"},{\"@type\":\"ListItem\",\"position\":3,\"name\":\"Peter Bro: El Duende de mis Pinceles\"}]},{\"@type\":\"WebSite\",\"@id\":\"https:\\\/\\\/letrame.com\\\/catalogo\\\/#website\",\"url\":\"https:\\\/\\\/letrame.com\\\/catalogo\\\/\",\"name\":\"Catalogo | Letrame Grupo Editorial\",\"description\":\"\",\"publisher\":{\"@id\":\"https:\\\/\\\/letrame.com\\\/catalogo\\\/#organization\"},\"potentialAction\":[{\"@type\":\"SearchAction\",\"target\":{\"@type\":\"EntryPoint\",\"urlTemplate\":\"https:\\\/\\\/letrame.com\\\/catalogo\\\/?s={search_term_string}\"},\"query-input\":{\"@type\":\"PropertyValueSpecification\",\"valueRequired\":true,\"valueName\":\"search_term_string\"}}],\"inLanguage\":\"es\"},{\"@type\":\"Organization\",\"@id\":\"https:\\\/\\\/letrame.com\\\/catalogo\\\/#organization\",\"name\":\"Catalogo | Letrame Grupo Editorial\",\"url\":\"https:\\\/\\\/letrame.com\\\/catalogo\\\/\",\"logo\":{\"@type\":\"ImageObject\",\"inLanguage\":\"es\",\"@id\":\"https:\\\/\\\/letrame.com\\\/catalogo\\\/#\\\/schema\\\/logo\\\/image\\\/\",\"url\":\"https:\\\/\\\/letrame.com\\\/catalogo\\\/wp-content\\\/uploads\\\/2024\\\/03\\\/logo2.webp\",\"contentUrl\":\"https:\\\/\\\/letrame.com\\\/catalogo\\\/wp-content\\\/uploads\\\/2024\\\/03\\\/logo2.webp\",\"width\":394,\"height\":128,\"caption\":\"Catalogo | Letrame Grupo Editorial\"},\"image\":{\"@id\":\"https:\\\/\\\/letrame.com\\\/catalogo\\\/#\\\/schema\\\/logo\\\/image\\\/\"}}]}<\/script>\n<!-- \/ Yoast SEO plugin. -->","yoast_head_json":{"title":"Peter Bro: El Duende de mis Pinceles - Catalogo | Letrame Grupo Editorial","robots":{"index":"index","follow":"follow","max-snippet":"max-snippet:-1","max-image-preview":"max-image-preview:large","max-video-preview":"max-video-preview:-1"},"canonical":"https:\/\/letrame.com\/catalogo\/producto\/peter-bro-el-duende-de-mis-pinceles\/","og_locale":"es_ES","og_type":"article","og_title":"Peter Bro: El Duende de mis Pinceles - Catalogo | Letrame Grupo Editorial","og_description":"ISBN:\u00a0978-84-1181-887-2 SINOPSIS Este libro es una reflexi\u00f3n conmovedora basada en hechos reales. La protagonista de esta historia, tras recibir la noticia del accidente de su hermano, experimenta un gran estr\u00e9s en un proceso complicado de duelo. Su vida cambia de manera dr\u00e1stica. Desarrolla ac\u00fafenos en ambos o\u00eddos, convirtiendo su situaci\u00f3n en un desaf\u00edo y arrastr\u00e1ndola a una espiral de autodestrucci\u00f3n. La soledad, los ac\u00fafenos y el duelo la sumergen en un sufrimiento lleno de oscuridad. Aislada del mundo exterior, comienza a sentir sus ac\u00fafenos m\u00e1s intensos y estridentes, incapacitada para realizar toda actividad. En su af\u00e1n por encontrar alivio para sus emociones, comienza a tomar ansiol\u00edticos (recetados telef\u00f3nicamente en tiempos de pandemia). Desarrolla una fuerte adicci\u00f3n, lo que incrementa a\u00fan m\u00e1s su ansiedad. Un intento de suicidio y un ingreso hospitalario cambiaron su existencia. Como consecuencia de su adicci\u00f3n, experimenta efectos secundarios negativos como la disminuci\u00f3n de la capacidad cognitiva, de memoria o cambios de comportamiento. Encuentra unos escritos y el saludo de lo inesperado. Descubre una salida en la imaginaci\u00f3n dando importancia a su potencial creativo y nace PETER BRO, el duende de mis pinceles. Entre tus manos tienes un viaje a la vida. Una traves\u00eda que explora nuestros mundos internos de manera \u00fanica. Acompa\u00f1a a la protagonista a un punto de encuentro con ella misma, viaja a trav\u00e9s de su imaginaci\u00f3n hacia la superaci\u00f3n y d\u00e9jate llevar por este emocionante testimonio de arte y humanidad.","og_url":"https:\/\/letrame.com\/catalogo\/producto\/peter-bro-el-duende-de-mis-pinceles\/","og_site_name":"Catalogo | Letrame Grupo Editorial","og_image":[{"width":1772,"height":2480,"url":"https:\/\/letrame.com\/catalogo\/wp-content\/uploads\/2024\/04\/webp_peterbro_161mm-compressed.jpg","type":"image\/jpeg"}],"twitter_card":"summary_large_image","twitter_misc":{"Tiempo de lectura":"1 minuto"},"schema":{"@context":"https:\/\/schema.org","@graph":[{"@type":"WebPage","@id":"https:\/\/letrame.com\/catalogo\/producto\/peter-bro-el-duende-de-mis-pinceles\/","url":"https:\/\/letrame.com\/catalogo\/producto\/peter-bro-el-duende-de-mis-pinceles\/","name":"Peter Bro: El Duende de mis Pinceles - Catalogo | Letrame Grupo Editorial","isPartOf":{"@id":"https:\/\/letrame.com\/catalogo\/#website"},"primaryImageOfPage":{"@id":"https:\/\/letrame.com\/catalogo\/producto\/peter-bro-el-duende-de-mis-pinceles\/#primaryimage"},"image":{"@id":"https:\/\/letrame.com\/catalogo\/producto\/peter-bro-el-duende-de-mis-pinceles\/#primaryimage"},"thumbnailUrl":"https:\/\/letrame.com\/catalogo\/wp-content\/uploads\/2024\/04\/webp_peterbro_161mm-compressed.jpg","datePublished":"2024-04-29T14:46:28+00:00","breadcrumb":{"@id":"https:\/\/letrame.com\/catalogo\/producto\/peter-bro-el-duende-de-mis-pinceles\/#breadcrumb"},"inLanguage":"es","potentialAction":[{"@type":"ReadAction","target":["https:\/\/letrame.com\/catalogo\/producto\/peter-bro-el-duende-de-mis-pinceles\/"]}]},{"@type":"ImageObject","inLanguage":"es","@id":"https:\/\/letrame.com\/catalogo\/producto\/peter-bro-el-duende-de-mis-pinceles\/#primaryimage","url":"https:\/\/letrame.com\/catalogo\/wp-content\/uploads\/2024\/04\/webp_peterbro_161mm-compressed.jpg","contentUrl":"https:\/\/letrame.com\/catalogo\/wp-content\/uploads\/2024\/04\/webp_peterbro_161mm-compressed.jpg","width":1772,"height":2480},{"@type":"BreadcrumbList","@id":"https:\/\/letrame.com\/catalogo\/producto\/peter-bro-el-duende-de-mis-pinceles\/#breadcrumb","itemListElement":[{"@type":"ListItem","position":1,"name":"Portada","item":"https:\/\/letrame.com\/catalogo\/"},{"@type":"ListItem","position":2,"name":"Cat\u00e1logo","item":"https:\/\/letrame.com\/catalogo\/"},{"@type":"ListItem","position":3,"name":"Peter Bro: El Duende de mis Pinceles"}]},{"@type":"WebSite","@id":"https:\/\/letrame.com\/catalogo\/#website","url":"https:\/\/letrame.com\/catalogo\/","name":"Catalogo | Letrame Grupo Editorial","description":"","publisher":{"@id":"https:\/\/letrame.com\/catalogo\/#organization"},"potentialAction":[{"@type":"SearchAction","target":{"@type":"EntryPoint","urlTemplate":"https:\/\/letrame.com\/catalogo\/?s={search_term_string}"},"query-input":{"@type":"PropertyValueSpecification","valueRequired":true,"valueName":"search_term_string"}}],"inLanguage":"es"},{"@type":"Organization","@id":"https:\/\/letrame.com\/catalogo\/#organization","name":"Catalogo | Letrame Grupo Editorial","url":"https:\/\/letrame.com\/catalogo\/","logo":{"@type":"ImageObject","inLanguage":"es","@id":"https:\/\/letrame.com\/catalogo\/#\/schema\/logo\/image\/","url":"https:\/\/letrame.com\/catalogo\/wp-content\/uploads\/2024\/03\/logo2.webp","contentUrl":"https:\/\/letrame.com\/catalogo\/wp-content\/uploads\/2024\/03\/logo2.webp","width":394,"height":128,"caption":"Catalogo | Letrame Grupo Editorial"},"image":{"@id":"https:\/\/letrame.com\/catalogo\/#\/schema\/logo\/image\/"}}]}},"_links":{"self":[{"href":"https:\/\/letrame.com\/catalogo\/wp-json\/wp\/v2\/product\/99626","targetHints":{"allow":["GET"]}}],"collection":[{"href":"https:\/\/letrame.com\/catalogo\/wp-json\/wp\/v2\/product"}],"about":[{"href":"https:\/\/letrame.com\/catalogo\/wp-json\/wp\/v2\/types\/product"}],"replies":[{"embeddable":true,"href":"https:\/\/letrame.com\/catalogo\/wp-json\/wp\/v2\/comments?post=99626"}],"acf:post":[{"embeddable":true,"href":"https:\/\/letrame.com\/catalogo\/wp-json\/wp\/v2\/author_book\/77919"}],"wp:featuredmedia":[{"embeddable":true,"href":"https:\/\/letrame.com\/catalogo\/wp-json\/wp\/v2\/media\/99627"}],"wp:attachment":[{"href":"https:\/\/letrame.com\/catalogo\/wp-json\/wp\/v2\/media?parent=99626"}],"wp:term":[{"taxonomy":"libro","embeddable":true,"href":"https:\/\/letrame.com\/catalogo\/wp-json\/wp\/v2\/libro?post=99626"},{"taxonomy":"product_brand","embeddable":true,"href":"https:\/\/letrame.com\/catalogo\/wp-json\/wp\/v2\/product_brand?post=99626"},{"taxonomy":"product_cat","embeddable":true,"href":"https:\/\/letrame.com\/catalogo\/wp-json\/wp\/v2\/product_cat?post=99626"},{"taxonomy":"product_tag","embeddable":true,"href":"https:\/\/letrame.com\/catalogo\/wp-json\/wp\/v2\/product_tag?post=99626"}],"curies":[{"name":"wp","href":"https:\/\/api.w.org\/{rel}","templated":true}]}}