{"id":99615,"date":"2024-04-29T16:44:39","date_gmt":"2024-04-29T14:44:39","guid":{"rendered":"https:\/\/letrame.com\/catalogo\/producto\/codigos-da-vinci\/"},"modified":"2024-04-29T16:44:39","modified_gmt":"2024-04-29T14:44:39","slug":"codigos-da-vinci","status":"publish","type":"product","link":"https:\/\/letrame.com\/catalogo\/producto\/codigos-da-vinci\/","title":{"rendered":"C\u00f3digos Da Vinci"},"content":{"rendered":"<p>ISBN:\u00a0978-84-1181-365-5<br \/>\nT\u00edtulo:_C\u00f3digos Da Vinci<br \/>\nFecha:_2023<br \/>\nP\u00e1ginas:\u00a0112<\/p>\n<p>SINOPSIS<\/p>\n<p>Esta obra literaria explica como, en base al conocimiento adquirido del personaje y el tiempo que le toc\u00f3 vivir, se descubren c\u00f3digos ocultos en la obra pict\u00f3rica La \u00daltima Cena de Leonardo da Vinci.<br \/>\nSe trata de una investigaci\u00f3n cuyo resultado final queda plasmado en una obra h\u00edbrida, pict\u00f3rico-literaria, que demuestra varios mensajes codificados que el Maestro introdujo en la pintura La \u00daltima Cena, cambiando de esta manera el sentido religioso de cat\u00f3lico a c\u00e1taro.<br \/>\nEn este ensayo novelado, el  personaje llamado Leo, que es un pol\u00edmata de nuestro tiempo, ha realizado una r\u00e9plica pict\u00f3rica sin c\u00f3digos, libre de inquisici\u00f3n y realizada como Leonardo da Vinci la hubiera querido plasmar en el siglo XX.<br \/>\nLa r\u00e9plica pintada por el personaje Leo representa La \u00daltima Cena, como de despedida y con el sentir religioso c\u00e1taro.<br \/>\nAdem\u00e1s del mensaje conocido sobre Mar\u00eda Magdalena, como compa\u00f1era de Jes\u00fas, este libro les demostrar\u00e1 la existencia de otros detalles tambi\u00e9n decodificados, que sin duda sorprender\u00e1n al lector, cambiando completamente el sentido religioso de la obra La \u00daltima Cena de Leonardo da Vinci.<\/p>\n","protected":false},"excerpt":{"rendered":"<p>ISBN:\u00a0978-84-1181-365-5<\/p>\n<p>SINOPSIS<\/p>\n<p>Esta obra literaria explica como, en base al conocimiento adquirido del personaje y el tiempo que le toc\u00f3 vivir, se descubren c\u00f3digos ocultos en la obra pict\u00f3rica La \u00daltima Cena de Leonardo da Vinci.<br \/>\nSe trata de una investigaci\u00f3n cuyo resultado final queda plasmado en una obra h\u00edbrida, pict\u00f3rico-literaria, que demuestra varios mensajes codificados que el Maestro introdujo en la pintura La \u00daltima Cena, cambiando de esta manera el sentido religioso de cat\u00f3lico a c\u00e1taro.<br \/>\nEn este ensayo novelado, el personaje llamado Leo, que es un pol\u00edmata de nuestro tiempo, ha realizado una r\u00e9plica pict\u00f3rica sin c\u00f3digos, libre de inquisici\u00f3n y realizada como Leonardo da Vinci la hubiera querido plasmar en el siglo XX.<br \/>\nLa r\u00e9plica pintada por el personaje Leo representa La \u00daltima Cena, como de despedida y con el sentir religioso c\u00e1taro.<br \/>\nAdem\u00e1s del mensaje conocido sobre Mar\u00eda Magdalena, como compa\u00f1era de Jes\u00fas, este libro les demostrar\u00e1 la existencia de otros detalles tambi\u00e9n decodificados, que sin duda sorprender\u00e1n al lector, cambiando completamente el sentido religioso de la obra La \u00daltima Cena de Leonardo da Vinci.<\/p>\n","protected":false},"featured_media":99616,"comment_status":"closed","ping_status":"open","template":"","meta":{"_acf_changed":false},"libro":[],"product_brand":[],"product_cat":[26],"product_tag":[],"class_list":{"0":"post-99615","1":"product","2":"type-product","3":"status-publish","4":"has-post-thumbnail","6":"product_cat-sin-categoria","8":"first","9":"instock","10":"product-type-simple"},"acf":{"autor":[77908],"enlace_de_compra":"https:\/\/www.amazon.es\/dp\/8411813657"},"yoast_head":"<!-- This site is optimized with the Yoast SEO plugin v26.6 - https:\/\/yoast.com\/wordpress\/plugins\/seo\/ -->\n<title>C\u00f3digos Da Vinci - Catalogo | Letrame Grupo Editorial<\/title>\n<meta name=\"robots\" content=\"index, follow, max-snippet:-1, max-image-preview:large, max-video-preview:-1\" \/>\n<link rel=\"canonical\" href=\"https:\/\/letrame.com\/catalogo\/producto\/codigos-da-vinci\/\" \/>\n<meta property=\"og:locale\" content=\"es_ES\" \/>\n<meta property=\"og:type\" content=\"article\" \/>\n<meta property=\"og:title\" content=\"C\u00f3digos Da Vinci - Catalogo | Letrame Grupo Editorial\" \/>\n<meta property=\"og:description\" content=\"ISBN:\u00a0978-84-1181-365-5 SINOPSIS Esta obra literaria explica como, en base al conocimiento adquirido del personaje y el tiempo que le toc\u00f3 vivir, se descubren c\u00f3digos ocultos en la obra pict\u00f3rica La \u00daltima Cena de Leonardo da Vinci. Se trata de una investigaci\u00f3n cuyo resultado final queda plasmado en una obra h\u00edbrida, pict\u00f3rico-literaria, que demuestra varios mensajes codificados que el Maestro introdujo en la pintura La \u00daltima Cena, cambiando de esta manera el sentido religioso de cat\u00f3lico a c\u00e1taro. En este ensayo novelado, el personaje llamado Leo, que es un pol\u00edmata de nuestro tiempo, ha realizado una r\u00e9plica pict\u00f3rica sin c\u00f3digos, libre de inquisici\u00f3n y realizada como Leonardo da Vinci la hubiera querido plasmar en el siglo XX. La r\u00e9plica pintada por el personaje Leo representa La \u00daltima Cena, como de despedida y con el sentir religioso c\u00e1taro. Adem\u00e1s del mensaje conocido sobre Mar\u00eda Magdalena, como compa\u00f1era de Jes\u00fas, este libro les demostrar\u00e1 la existencia de otros detalles tambi\u00e9n decodificados, que sin duda sorprender\u00e1n al lector, cambiando completamente el sentido religioso de la obra La \u00daltima Cena de Leonardo da Vinci.\" \/>\n<meta property=\"og:url\" content=\"https:\/\/letrame.com\/catalogo\/producto\/codigos-da-vinci\/\" \/>\n<meta property=\"og:site_name\" content=\"Catalogo | Letrame Grupo Editorial\" \/>\n<meta property=\"og:image\" content=\"https:\/\/letrame.com\/catalogo\/wp-content\/uploads\/2024\/04\/Ptrp-compressed-2-scaled-1.jpg\" \/>\n\t<meta property=\"og:image:width\" content=\"1746\" \/>\n\t<meta property=\"og:image:height\" content=\"2560\" \/>\n\t<meta property=\"og:image:type\" content=\"image\/jpeg\" \/>\n<meta name=\"twitter:card\" content=\"summary_large_image\" \/>\n<meta name=\"twitter:label1\" content=\"Tiempo de lectura\" \/>\n\t<meta name=\"twitter:data1\" content=\"1 minuto\" \/>\n<script type=\"application\/ld+json\" class=\"yoast-schema-graph\">{\"@context\":\"https:\/\/schema.org\",\"@graph\":[{\"@type\":\"WebPage\",\"@id\":\"https:\/\/letrame.com\/catalogo\/producto\/codigos-da-vinci\/\",\"url\":\"https:\/\/letrame.com\/catalogo\/producto\/codigos-da-vinci\/\",\"name\":\"C\u00f3digos Da Vinci - Catalogo | Letrame Grupo Editorial\",\"isPartOf\":{\"@id\":\"https:\/\/letrame.com\/catalogo\/#website\"},\"primaryImageOfPage\":{\"@id\":\"https:\/\/letrame.com\/catalogo\/producto\/codigos-da-vinci\/#primaryimage\"},\"image\":{\"@id\":\"https:\/\/letrame.com\/catalogo\/producto\/codigos-da-vinci\/#primaryimage\"},\"thumbnailUrl\":\"https:\/\/letrame.com\/catalogo\/wp-content\/uploads\/2024\/04\/Ptrp-compressed-2-scaled-1.jpg\",\"datePublished\":\"2024-04-29T14:44:39+00:00\",\"breadcrumb\":{\"@id\":\"https:\/\/letrame.com\/catalogo\/producto\/codigos-da-vinci\/#breadcrumb\"},\"inLanguage\":\"es\",\"potentialAction\":[{\"@type\":\"ReadAction\",\"target\":[\"https:\/\/letrame.com\/catalogo\/producto\/codigos-da-vinci\/\"]}]},{\"@type\":\"ImageObject\",\"inLanguage\":\"es\",\"@id\":\"https:\/\/letrame.com\/catalogo\/producto\/codigos-da-vinci\/#primaryimage\",\"url\":\"https:\/\/letrame.com\/catalogo\/wp-content\/uploads\/2024\/04\/Ptrp-compressed-2-scaled-1.jpg\",\"contentUrl\":\"https:\/\/letrame.com\/catalogo\/wp-content\/uploads\/2024\/04\/Ptrp-compressed-2-scaled-1.jpg\",\"width\":1746,\"height\":2560},{\"@type\":\"BreadcrumbList\",\"@id\":\"https:\/\/letrame.com\/catalogo\/producto\/codigos-da-vinci\/#breadcrumb\",\"itemListElement\":[{\"@type\":\"ListItem\",\"position\":1,\"name\":\"Portada\",\"item\":\"https:\/\/letrame.com\/catalogo\/\"},{\"@type\":\"ListItem\",\"position\":2,\"name\":\"Cat\u00e1logo\",\"item\":\"https:\/\/letrame.com\/catalogo\/\"},{\"@type\":\"ListItem\",\"position\":3,\"name\":\"C\u00f3digos Da Vinci\"}]},{\"@type\":\"WebSite\",\"@id\":\"https:\/\/letrame.com\/catalogo\/#website\",\"url\":\"https:\/\/letrame.com\/catalogo\/\",\"name\":\"Catalogo | Letrame Grupo Editorial\",\"description\":\"\",\"publisher\":{\"@id\":\"https:\/\/letrame.com\/catalogo\/#organization\"},\"potentialAction\":[{\"@type\":\"SearchAction\",\"target\":{\"@type\":\"EntryPoint\",\"urlTemplate\":\"https:\/\/letrame.com\/catalogo\/?s={search_term_string}\"},\"query-input\":{\"@type\":\"PropertyValueSpecification\",\"valueRequired\":true,\"valueName\":\"search_term_string\"}}],\"inLanguage\":\"es\"},{\"@type\":\"Organization\",\"@id\":\"https:\/\/letrame.com\/catalogo\/#organization\",\"name\":\"Catalogo | Letrame Grupo Editorial\",\"url\":\"https:\/\/letrame.com\/catalogo\/\",\"logo\":{\"@type\":\"ImageObject\",\"inLanguage\":\"es\",\"@id\":\"https:\/\/letrame.com\/catalogo\/#\/schema\/logo\/image\/\",\"url\":\"https:\/\/letrame.com\/catalogo\/wp-content\/uploads\/2024\/03\/logo2.webp\",\"contentUrl\":\"https:\/\/letrame.com\/catalogo\/wp-content\/uploads\/2024\/03\/logo2.webp\",\"width\":394,\"height\":128,\"caption\":\"Catalogo | Letrame Grupo Editorial\"},\"image\":{\"@id\":\"https:\/\/letrame.com\/catalogo\/#\/schema\/logo\/image\/\"}}]}<\/script>\n<!-- \/ Yoast SEO plugin. -->","yoast_head_json":{"title":"C\u00f3digos Da Vinci - Catalogo | Letrame Grupo Editorial","robots":{"index":"index","follow":"follow","max-snippet":"max-snippet:-1","max-image-preview":"max-image-preview:large","max-video-preview":"max-video-preview:-1"},"canonical":"https:\/\/letrame.com\/catalogo\/producto\/codigos-da-vinci\/","og_locale":"es_ES","og_type":"article","og_title":"C\u00f3digos Da Vinci - Catalogo | Letrame Grupo Editorial","og_description":"ISBN:\u00a0978-84-1181-365-5 SINOPSIS Esta obra literaria explica como, en base al conocimiento adquirido del personaje y el tiempo que le toc\u00f3 vivir, se descubren c\u00f3digos ocultos en la obra pict\u00f3rica La \u00daltima Cena de Leonardo da Vinci. Se trata de una investigaci\u00f3n cuyo resultado final queda plasmado en una obra h\u00edbrida, pict\u00f3rico-literaria, que demuestra varios mensajes codificados que el Maestro introdujo en la pintura La \u00daltima Cena, cambiando de esta manera el sentido religioso de cat\u00f3lico a c\u00e1taro. En este ensayo novelado, el personaje llamado Leo, que es un pol\u00edmata de nuestro tiempo, ha realizado una r\u00e9plica pict\u00f3rica sin c\u00f3digos, libre de inquisici\u00f3n y realizada como Leonardo da Vinci la hubiera querido plasmar en el siglo XX. La r\u00e9plica pintada por el personaje Leo representa La \u00daltima Cena, como de despedida y con el sentir religioso c\u00e1taro. Adem\u00e1s del mensaje conocido sobre Mar\u00eda Magdalena, como compa\u00f1era de Jes\u00fas, este libro les demostrar\u00e1 la existencia de otros detalles tambi\u00e9n decodificados, que sin duda sorprender\u00e1n al lector, cambiando completamente el sentido religioso de la obra La \u00daltima Cena de Leonardo da Vinci.","og_url":"https:\/\/letrame.com\/catalogo\/producto\/codigos-da-vinci\/","og_site_name":"Catalogo | Letrame Grupo Editorial","og_image":[{"width":1746,"height":2560,"url":"https:\/\/letrame.com\/catalogo\/wp-content\/uploads\/2024\/04\/Ptrp-compressed-2-scaled-1.jpg","type":"image\/jpeg"}],"twitter_card":"summary_large_image","twitter_misc":{"Tiempo de lectura":"1 minuto"},"schema":{"@context":"https:\/\/schema.org","@graph":[{"@type":"WebPage","@id":"https:\/\/letrame.com\/catalogo\/producto\/codigos-da-vinci\/","url":"https:\/\/letrame.com\/catalogo\/producto\/codigos-da-vinci\/","name":"C\u00f3digos Da Vinci - Catalogo | Letrame Grupo Editorial","isPartOf":{"@id":"https:\/\/letrame.com\/catalogo\/#website"},"primaryImageOfPage":{"@id":"https:\/\/letrame.com\/catalogo\/producto\/codigos-da-vinci\/#primaryimage"},"image":{"@id":"https:\/\/letrame.com\/catalogo\/producto\/codigos-da-vinci\/#primaryimage"},"thumbnailUrl":"https:\/\/letrame.com\/catalogo\/wp-content\/uploads\/2024\/04\/Ptrp-compressed-2-scaled-1.jpg","datePublished":"2024-04-29T14:44:39+00:00","breadcrumb":{"@id":"https:\/\/letrame.com\/catalogo\/producto\/codigos-da-vinci\/#breadcrumb"},"inLanguage":"es","potentialAction":[{"@type":"ReadAction","target":["https:\/\/letrame.com\/catalogo\/producto\/codigos-da-vinci\/"]}]},{"@type":"ImageObject","inLanguage":"es","@id":"https:\/\/letrame.com\/catalogo\/producto\/codigos-da-vinci\/#primaryimage","url":"https:\/\/letrame.com\/catalogo\/wp-content\/uploads\/2024\/04\/Ptrp-compressed-2-scaled-1.jpg","contentUrl":"https:\/\/letrame.com\/catalogo\/wp-content\/uploads\/2024\/04\/Ptrp-compressed-2-scaled-1.jpg","width":1746,"height":2560},{"@type":"BreadcrumbList","@id":"https:\/\/letrame.com\/catalogo\/producto\/codigos-da-vinci\/#breadcrumb","itemListElement":[{"@type":"ListItem","position":1,"name":"Portada","item":"https:\/\/letrame.com\/catalogo\/"},{"@type":"ListItem","position":2,"name":"Cat\u00e1logo","item":"https:\/\/letrame.com\/catalogo\/"},{"@type":"ListItem","position":3,"name":"C\u00f3digos Da Vinci"}]},{"@type":"WebSite","@id":"https:\/\/letrame.com\/catalogo\/#website","url":"https:\/\/letrame.com\/catalogo\/","name":"Catalogo | Letrame Grupo Editorial","description":"","publisher":{"@id":"https:\/\/letrame.com\/catalogo\/#organization"},"potentialAction":[{"@type":"SearchAction","target":{"@type":"EntryPoint","urlTemplate":"https:\/\/letrame.com\/catalogo\/?s={search_term_string}"},"query-input":{"@type":"PropertyValueSpecification","valueRequired":true,"valueName":"search_term_string"}}],"inLanguage":"es"},{"@type":"Organization","@id":"https:\/\/letrame.com\/catalogo\/#organization","name":"Catalogo | Letrame Grupo Editorial","url":"https:\/\/letrame.com\/catalogo\/","logo":{"@type":"ImageObject","inLanguage":"es","@id":"https:\/\/letrame.com\/catalogo\/#\/schema\/logo\/image\/","url":"https:\/\/letrame.com\/catalogo\/wp-content\/uploads\/2024\/03\/logo2.webp","contentUrl":"https:\/\/letrame.com\/catalogo\/wp-content\/uploads\/2024\/03\/logo2.webp","width":394,"height":128,"caption":"Catalogo | Letrame Grupo Editorial"},"image":{"@id":"https:\/\/letrame.com\/catalogo\/#\/schema\/logo\/image\/"}}]}},"_links":{"self":[{"href":"https:\/\/letrame.com\/catalogo\/wp-json\/wp\/v2\/product\/99615","targetHints":{"allow":["GET"]}}],"collection":[{"href":"https:\/\/letrame.com\/catalogo\/wp-json\/wp\/v2\/product"}],"about":[{"href":"https:\/\/letrame.com\/catalogo\/wp-json\/wp\/v2\/types\/product"}],"replies":[{"embeddable":true,"href":"https:\/\/letrame.com\/catalogo\/wp-json\/wp\/v2\/comments?post=99615"}],"acf:post":[{"embeddable":true,"href":"https:\/\/letrame.com\/catalogo\/wp-json\/wp\/v2\/author_book\/77908"}],"wp:featuredmedia":[{"embeddable":true,"href":"https:\/\/letrame.com\/catalogo\/wp-json\/wp\/v2\/media\/99616"}],"wp:attachment":[{"href":"https:\/\/letrame.com\/catalogo\/wp-json\/wp\/v2\/media?parent=99615"}],"wp:term":[{"taxonomy":"libro","embeddable":true,"href":"https:\/\/letrame.com\/catalogo\/wp-json\/wp\/v2\/libro?post=99615"},{"taxonomy":"product_brand","embeddable":true,"href":"https:\/\/letrame.com\/catalogo\/wp-json\/wp\/v2\/product_brand?post=99615"},{"taxonomy":"product_cat","embeddable":true,"href":"https:\/\/letrame.com\/catalogo\/wp-json\/wp\/v2\/product_cat?post=99615"},{"taxonomy":"product_tag","embeddable":true,"href":"https:\/\/letrame.com\/catalogo\/wp-json\/wp\/v2\/product_tag?post=99615"}],"curies":[{"name":"wp","href":"https:\/\/api.w.org\/{rel}","templated":true}]}}