{"id":99604,"date":"2024-04-29T16:43:10","date_gmt":"2024-04-29T14:43:10","guid":{"rendered":"https:\/\/letrame.com\/catalogo\/producto\/humanizando-la-ensenanza-online-a-ninos\/"},"modified":"2024-07-30T09:19:26","modified_gmt":"2024-07-30T07:19:26","slug":"humanizando-la-ensenanza-online-a-ninos","status":"publish","type":"product","link":"https:\/\/letrame.com\/catalogo\/producto\/humanizando-la-ensenanza-online-a-ninos\/","title":{"rendered":"Humanizando la ense\u00f1anza online a ni\u00f1os"},"content":{"rendered":"<p>ISBN:\u00a0978-84-1144-661-7<br \/>\nT\u00edtulo:_Humanizando la ense\u00f1anza online a ni\u00f1os: un manual para convertirte en profesor online a trav\u00e9s de mi propia historia.<br \/>\nFecha:_2023<br \/>\nP\u00e1ginas:\u00a0288<\/p>\n<p>SINOPSIS<br \/>\nLa ense\u00f1anza online lleg\u00f3 como un tsunami en plena pandemia. Docentes y familias descubrieron los beneficios y los retos que supon\u00eda esta nueva modalidad de ense\u00f1anza. Un nuevo mundo de oportunidades se abri\u00f3: la figura del profesor online cobraba fuerza y reclamaba profesionalidad. En este manual, cuento a trav\u00e9s de mi propia aventura emprendedora lo que me ha ayudado y lo que no, poniendo el foco en la importancia de humanizar un tipo de ense\u00f1anza que ha venido para quedarse. Una historia personal que pretende inspirarte y ayudarte a dejar huella en tus clases online.<\/p>\n","protected":false},"excerpt":{"rendered":"<p>ISBN:\u00a0978-84-1144-661-7<\/p>\n<p>SINOPSIS<br \/>\nLa ense\u00f1anza online lleg\u00f3 como un tsunami en plena pandemia. Docentes y familias descubrieron los beneficios y los retos que supon\u00eda esta nueva modalidad de ense\u00f1anza. Un nuevo mundo de oportunidades se abri\u00f3: la figura del profesor online cobraba fuerza y reclamaba profesionalidad. En este manual, cuento a trav\u00e9s de mi propia aventura emprendedora lo que me ha ayudado y lo que no, poniendo el foco en la importancia de humanizar un tipo de ense\u00f1anza que ha venido para quedarse. Una historia personal que pretende inspirarte y ayudarte a dejar huella en tus clases online.<\/p>\n","protected":false},"featured_media":100466,"comment_status":"closed","ping_status":"closed","template":"","meta":{"_acf_changed":false},"libro":[],"product_brand":[],"product_cat":[45],"product_tag":[],"class_list":{"0":"post-99604","1":"product","2":"type-product","3":"status-publish","4":"has-post-thumbnail","6":"product_cat-academico","8":"first","9":"instock","10":"product-type-simple"},"acf":{"autor":[77897],"enlace_de_compra":"https:\/\/amzn.to\/4c3ASR6"},"yoast_head":"<!-- This site is optimized with the Yoast SEO plugin v27.4 - https:\/\/yoast.com\/product\/yoast-seo-wordpress\/ -->\n<title>Humanizando la ense\u00f1anza online a ni\u00f1os - Catalogo | Letrame Grupo Editorial<\/title>\n<meta name=\"robots\" content=\"index, follow, max-snippet:-1, max-image-preview:large, max-video-preview:-1\" \/>\n<link rel=\"canonical\" href=\"https:\/\/letrame.com\/catalogo\/producto\/humanizando-la-ensenanza-online-a-ninos\/\" \/>\n<meta property=\"og:locale\" content=\"es_ES\" \/>\n<meta property=\"og:type\" content=\"article\" \/>\n<meta property=\"og:title\" content=\"Humanizando la ense\u00f1anza online a ni\u00f1os - Catalogo | Letrame Grupo Editorial\" \/>\n<meta property=\"og:description\" content=\"ISBN:\u00a0978-84-1144-661-7  SINOPSIS La ense\u00f1anza online lleg\u00f3 como un tsunami en plena pandemia. Docentes y familias descubrieron los beneficios y los retos que supon\u00eda esta nueva modalidad de ense\u00f1anza. Un nuevo mundo de oportunidades se abri\u00f3: la figura del profesor online cobraba fuerza y reclamaba profesionalidad. En este manual, cuento a trav\u00e9s de mi propia aventura emprendedora lo que me ha ayudado y lo que no, poniendo el foco en la importancia de humanizar un tipo de ense\u00f1anza que ha venido para quedarse. Una historia personal que pretende inspirarte y ayudarte a dejar huella en tus clases online.\" \/>\n<meta property=\"og:url\" content=\"https:\/\/letrame.com\/catalogo\/producto\/humanizando-la-ensenanza-online-a-ninos\/\" \/>\n<meta property=\"og:site_name\" content=\"Catalogo | Letrame Grupo Editorial\" \/>\n<meta property=\"article:modified_time\" content=\"2024-07-30T07:19:26+00:00\" \/>\n<meta property=\"og:image\" content=\"https:\/\/letrame.com\/catalogo\/wp-content\/uploads\/2024\/04\/web_portadamanualensenanza_1572mm.webp\" \/>\n\t<meta property=\"og:image:width\" content=\"601\" \/>\n\t<meta property=\"og:image:height\" content=\"849\" \/>\n\t<meta property=\"og:image:type\" content=\"image\/webp\" \/>\n<meta name=\"twitter:card\" content=\"summary_large_image\" \/>\n<meta name=\"twitter:label1\" content=\"Tiempo de lectura\" \/>\n\t<meta name=\"twitter:data1\" content=\"1 minuto\" \/>\n<script type=\"application\/ld+json\" class=\"yoast-schema-graph\">{\"@context\":\"https:\\\/\\\/schema.org\",\"@graph\":[{\"@type\":\"WebPage\",\"@id\":\"https:\\\/\\\/letrame.com\\\/catalogo\\\/producto\\\/humanizando-la-ensenanza-online-a-ninos\\\/\",\"url\":\"https:\\\/\\\/letrame.com\\\/catalogo\\\/producto\\\/humanizando-la-ensenanza-online-a-ninos\\\/\",\"name\":\"Humanizando la ense\u00f1anza online a ni\u00f1os - Catalogo | Letrame Grupo Editorial\",\"isPartOf\":{\"@id\":\"https:\\\/\\\/letrame.com\\\/catalogo\\\/#website\"},\"primaryImageOfPage\":{\"@id\":\"https:\\\/\\\/letrame.com\\\/catalogo\\\/producto\\\/humanizando-la-ensenanza-online-a-ninos\\\/#primaryimage\"},\"image\":{\"@id\":\"https:\\\/\\\/letrame.com\\\/catalogo\\\/producto\\\/humanizando-la-ensenanza-online-a-ninos\\\/#primaryimage\"},\"thumbnailUrl\":\"https:\\\/\\\/letrame.com\\\/catalogo\\\/wp-content\\\/uploads\\\/2024\\\/04\\\/web_portadamanualensenanza_1572mm.webp\",\"datePublished\":\"2024-04-29T14:43:10+00:00\",\"dateModified\":\"2024-07-30T07:19:26+00:00\",\"breadcrumb\":{\"@id\":\"https:\\\/\\\/letrame.com\\\/catalogo\\\/producto\\\/humanizando-la-ensenanza-online-a-ninos\\\/#breadcrumb\"},\"inLanguage\":\"es\",\"potentialAction\":[{\"@type\":\"ReadAction\",\"target\":[\"https:\\\/\\\/letrame.com\\\/catalogo\\\/producto\\\/humanizando-la-ensenanza-online-a-ninos\\\/\"]}]},{\"@type\":\"ImageObject\",\"inLanguage\":\"es\",\"@id\":\"https:\\\/\\\/letrame.com\\\/catalogo\\\/producto\\\/humanizando-la-ensenanza-online-a-ninos\\\/#primaryimage\",\"url\":\"https:\\\/\\\/letrame.com\\\/catalogo\\\/wp-content\\\/uploads\\\/2024\\\/04\\\/web_portadamanualensenanza_1572mm.webp\",\"contentUrl\":\"https:\\\/\\\/letrame.com\\\/catalogo\\\/wp-content\\\/uploads\\\/2024\\\/04\\\/web_portadamanualensenanza_1572mm.webp\",\"width\":601,\"height\":849},{\"@type\":\"BreadcrumbList\",\"@id\":\"https:\\\/\\\/letrame.com\\\/catalogo\\\/producto\\\/humanizando-la-ensenanza-online-a-ninos\\\/#breadcrumb\",\"itemListElement\":[{\"@type\":\"ListItem\",\"position\":1,\"name\":\"Portada\",\"item\":\"https:\\\/\\\/letrame.com\\\/catalogo\\\/\"},{\"@type\":\"ListItem\",\"position\":2,\"name\":\"Cat\u00e1logo\",\"item\":\"https:\\\/\\\/letrame.com\\\/catalogo\\\/\"},{\"@type\":\"ListItem\",\"position\":3,\"name\":\"Humanizando la ense\u00f1anza online a ni\u00f1os\"}]},{\"@type\":\"WebSite\",\"@id\":\"https:\\\/\\\/letrame.com\\\/catalogo\\\/#website\",\"url\":\"https:\\\/\\\/letrame.com\\\/catalogo\\\/\",\"name\":\"Catalogo | Letrame Grupo Editorial\",\"description\":\"\",\"publisher\":{\"@id\":\"https:\\\/\\\/letrame.com\\\/catalogo\\\/#organization\"},\"potentialAction\":[{\"@type\":\"SearchAction\",\"target\":{\"@type\":\"EntryPoint\",\"urlTemplate\":\"https:\\\/\\\/letrame.com\\\/catalogo\\\/?s={search_term_string}\"},\"query-input\":{\"@type\":\"PropertyValueSpecification\",\"valueRequired\":true,\"valueName\":\"search_term_string\"}}],\"inLanguage\":\"es\"},{\"@type\":\"Organization\",\"@id\":\"https:\\\/\\\/letrame.com\\\/catalogo\\\/#organization\",\"name\":\"Catalogo | Letrame Grupo Editorial\",\"url\":\"https:\\\/\\\/letrame.com\\\/catalogo\\\/\",\"logo\":{\"@type\":\"ImageObject\",\"inLanguage\":\"es\",\"@id\":\"https:\\\/\\\/letrame.com\\\/catalogo\\\/#\\\/schema\\\/logo\\\/image\\\/\",\"url\":\"https:\\\/\\\/letrame.com\\\/catalogo\\\/wp-content\\\/uploads\\\/2024\\\/03\\\/logo2.webp\",\"contentUrl\":\"https:\\\/\\\/letrame.com\\\/catalogo\\\/wp-content\\\/uploads\\\/2024\\\/03\\\/logo2.webp\",\"width\":394,\"height\":128,\"caption\":\"Catalogo | Letrame Grupo Editorial\"},\"image\":{\"@id\":\"https:\\\/\\\/letrame.com\\\/catalogo\\\/#\\\/schema\\\/logo\\\/image\\\/\"}}]}<\/script>\n<!-- \/ Yoast SEO plugin. -->","yoast_head_json":{"title":"Humanizando la ense\u00f1anza online a ni\u00f1os - Catalogo | Letrame Grupo Editorial","robots":{"index":"index","follow":"follow","max-snippet":"max-snippet:-1","max-image-preview":"max-image-preview:large","max-video-preview":"max-video-preview:-1"},"canonical":"https:\/\/letrame.com\/catalogo\/producto\/humanizando-la-ensenanza-online-a-ninos\/","og_locale":"es_ES","og_type":"article","og_title":"Humanizando la ense\u00f1anza online a ni\u00f1os - Catalogo | Letrame Grupo Editorial","og_description":"ISBN:\u00a0978-84-1144-661-7  SINOPSIS La ense\u00f1anza online lleg\u00f3 como un tsunami en plena pandemia. Docentes y familias descubrieron los beneficios y los retos que supon\u00eda esta nueva modalidad de ense\u00f1anza. Un nuevo mundo de oportunidades se abri\u00f3: la figura del profesor online cobraba fuerza y reclamaba profesionalidad. En este manual, cuento a trav\u00e9s de mi propia aventura emprendedora lo que me ha ayudado y lo que no, poniendo el foco en la importancia de humanizar un tipo de ense\u00f1anza que ha venido para quedarse. Una historia personal que pretende inspirarte y ayudarte a dejar huella en tus clases online.","og_url":"https:\/\/letrame.com\/catalogo\/producto\/humanizando-la-ensenanza-online-a-ninos\/","og_site_name":"Catalogo | Letrame Grupo Editorial","article_modified_time":"2024-07-30T07:19:26+00:00","og_image":[{"width":601,"height":849,"url":"https:\/\/letrame.com\/catalogo\/wp-content\/uploads\/2024\/04\/web_portadamanualensenanza_1572mm.webp","type":"image\/webp"}],"twitter_card":"summary_large_image","twitter_misc":{"Tiempo de lectura":"1 minuto"},"schema":{"@context":"https:\/\/schema.org","@graph":[{"@type":"WebPage","@id":"https:\/\/letrame.com\/catalogo\/producto\/humanizando-la-ensenanza-online-a-ninos\/","url":"https:\/\/letrame.com\/catalogo\/producto\/humanizando-la-ensenanza-online-a-ninos\/","name":"Humanizando la ense\u00f1anza online a ni\u00f1os - Catalogo | Letrame Grupo Editorial","isPartOf":{"@id":"https:\/\/letrame.com\/catalogo\/#website"},"primaryImageOfPage":{"@id":"https:\/\/letrame.com\/catalogo\/producto\/humanizando-la-ensenanza-online-a-ninos\/#primaryimage"},"image":{"@id":"https:\/\/letrame.com\/catalogo\/producto\/humanizando-la-ensenanza-online-a-ninos\/#primaryimage"},"thumbnailUrl":"https:\/\/letrame.com\/catalogo\/wp-content\/uploads\/2024\/04\/web_portadamanualensenanza_1572mm.webp","datePublished":"2024-04-29T14:43:10+00:00","dateModified":"2024-07-30T07:19:26+00:00","breadcrumb":{"@id":"https:\/\/letrame.com\/catalogo\/producto\/humanizando-la-ensenanza-online-a-ninos\/#breadcrumb"},"inLanguage":"es","potentialAction":[{"@type":"ReadAction","target":["https:\/\/letrame.com\/catalogo\/producto\/humanizando-la-ensenanza-online-a-ninos\/"]}]},{"@type":"ImageObject","inLanguage":"es","@id":"https:\/\/letrame.com\/catalogo\/producto\/humanizando-la-ensenanza-online-a-ninos\/#primaryimage","url":"https:\/\/letrame.com\/catalogo\/wp-content\/uploads\/2024\/04\/web_portadamanualensenanza_1572mm.webp","contentUrl":"https:\/\/letrame.com\/catalogo\/wp-content\/uploads\/2024\/04\/web_portadamanualensenanza_1572mm.webp","width":601,"height":849},{"@type":"BreadcrumbList","@id":"https:\/\/letrame.com\/catalogo\/producto\/humanizando-la-ensenanza-online-a-ninos\/#breadcrumb","itemListElement":[{"@type":"ListItem","position":1,"name":"Portada","item":"https:\/\/letrame.com\/catalogo\/"},{"@type":"ListItem","position":2,"name":"Cat\u00e1logo","item":"https:\/\/letrame.com\/catalogo\/"},{"@type":"ListItem","position":3,"name":"Humanizando la ense\u00f1anza online a ni\u00f1os"}]},{"@type":"WebSite","@id":"https:\/\/letrame.com\/catalogo\/#website","url":"https:\/\/letrame.com\/catalogo\/","name":"Catalogo | Letrame Grupo Editorial","description":"","publisher":{"@id":"https:\/\/letrame.com\/catalogo\/#organization"},"potentialAction":[{"@type":"SearchAction","target":{"@type":"EntryPoint","urlTemplate":"https:\/\/letrame.com\/catalogo\/?s={search_term_string}"},"query-input":{"@type":"PropertyValueSpecification","valueRequired":true,"valueName":"search_term_string"}}],"inLanguage":"es"},{"@type":"Organization","@id":"https:\/\/letrame.com\/catalogo\/#organization","name":"Catalogo | Letrame Grupo Editorial","url":"https:\/\/letrame.com\/catalogo\/","logo":{"@type":"ImageObject","inLanguage":"es","@id":"https:\/\/letrame.com\/catalogo\/#\/schema\/logo\/image\/","url":"https:\/\/letrame.com\/catalogo\/wp-content\/uploads\/2024\/03\/logo2.webp","contentUrl":"https:\/\/letrame.com\/catalogo\/wp-content\/uploads\/2024\/03\/logo2.webp","width":394,"height":128,"caption":"Catalogo | Letrame Grupo Editorial"},"image":{"@id":"https:\/\/letrame.com\/catalogo\/#\/schema\/logo\/image\/"}}]}},"_links":{"self":[{"href":"https:\/\/letrame.com\/catalogo\/wp-json\/wp\/v2\/product\/99604","targetHints":{"allow":["GET"]}}],"collection":[{"href":"https:\/\/letrame.com\/catalogo\/wp-json\/wp\/v2\/product"}],"about":[{"href":"https:\/\/letrame.com\/catalogo\/wp-json\/wp\/v2\/types\/product"}],"replies":[{"embeddable":true,"href":"https:\/\/letrame.com\/catalogo\/wp-json\/wp\/v2\/comments?post=99604"}],"acf:post":[{"embeddable":true,"href":"https:\/\/letrame.com\/catalogo\/wp-json\/wp\/v2\/author_book\/77897"}],"wp:featuredmedia":[{"embeddable":true,"href":"https:\/\/letrame.com\/catalogo\/wp-json\/wp\/v2\/media\/100466"}],"wp:attachment":[{"href":"https:\/\/letrame.com\/catalogo\/wp-json\/wp\/v2\/media?parent=99604"}],"wp:term":[{"taxonomy":"libro","embeddable":true,"href":"https:\/\/letrame.com\/catalogo\/wp-json\/wp\/v2\/libro?post=99604"},{"taxonomy":"product_brand","embeddable":true,"href":"https:\/\/letrame.com\/catalogo\/wp-json\/wp\/v2\/product_brand?post=99604"},{"taxonomy":"product_cat","embeddable":true,"href":"https:\/\/letrame.com\/catalogo\/wp-json\/wp\/v2\/product_cat?post=99604"},{"taxonomy":"product_tag","embeddable":true,"href":"https:\/\/letrame.com\/catalogo\/wp-json\/wp\/v2\/product_tag?post=99604"}],"curies":[{"name":"wp","href":"https:\/\/api.w.org\/{rel}","templated":true}]}}