{"id":99592,"date":"2024-04-29T16:41:48","date_gmt":"2024-04-29T14:41:48","guid":{"rendered":"https:\/\/letrame.com\/catalogo\/producto\/juegos-de-poder\/"},"modified":"2024-04-29T16:41:49","modified_gmt":"2024-04-29T14:41:49","slug":"juegos-de-poder","status":"publish","type":"product","link":"https:\/\/letrame.com\/catalogo\/producto\/juegos-de-poder\/","title":{"rendered":"Juegos de poder"},"content":{"rendered":"<p>ISBN:\u00a0978-84-1181-533-8<br \/>\nT\u00edtulo:_Juegos de poder<br \/>\nFecha:_2023<br \/>\nP\u00e1ginas:\u00a0220<br \/>\nSINOPSIS:<\/p>\n<p>En un mundo gobernado por las \u00e9lites sin escr\u00fapulos, Emily, una joven con un profundo sentido de la justicia, y Will, un periodista comprometido con la veracidad de la informaci\u00f3n, se convierten en los h\u00e9roes inesperados de una lucha sin cuartel contra la corrupci\u00f3n y la opresi\u00f3n. Su misi\u00f3n: desentra\u00f1ar la red siniestra de Alexander Thorn, el enigm\u00e1tico l\u00edder de un grupo de conspiraci\u00f3n y poder desenfrenado.<br \/>\nA medida que descifran los hilos de las fuerzas invisibles que controlan a la humanidad desde las sombras, se enfrentar\u00e1n a dilemas \u00e9ticos dif\u00edciles, mientras luchan por mantenerse fieles a su b\u00fasqueda incansable de la verdad. En este mundo donde el bien y el mal no est\u00e1n claramente definidos, deber\u00e1n enfrentar consecuencias devastadoras mientras desaf\u00edan al sistema aparentemente impenetrable.<br \/>\nJuegos de poder es una invitaci\u00f3n a reflexionar sobre los dilemas \u00e9ticos y morales que enfrenta la sociedad moderna. Destaca la importancia de la participaci\u00f3n ciudadana y la b\u00fasqueda incansable por descubrir la realidad en un mundo lleno de sombras y secretos. Prep\u00e1rate para sumergirte en una historia intrigante, llena de suspenso, donde el deseo ardiente por encontrar justicia choca contra los titanes del poder.<br \/>\nEsta novela explora temas de corrupci\u00f3n, \u00e9tica period\u00edstica y la b\u00fasqueda incansable de justicia en un mundo lleno de sombras. \u00bfPodr\u00e1n Will y Emily exponer la verdad detr\u00e1s de las operaciones siniestras de Thorn?<br \/>\n\u00bfO sucumbir\u00e1n ante el poder abrumador que amenaza con oscurecerlo todo?<\/p>\n","protected":false},"excerpt":{"rendered":"<p>ISBN:\u00a0978-84-1181-533-8<\/p>\n<p>SINOPSIS:<\/p>\n<p>En un mundo gobernado por las \u00e9lites sin escr\u00fapulos, Emily, una joven con un profundo sentido de la justicia, y Will, un periodista comprometido con la veracidad de la informaci\u00f3n, se convierten en los h\u00e9roes inesperados de una lucha sin cuartel contra la corrupci\u00f3n y la opresi\u00f3n. Su misi\u00f3n: desentra\u00f1ar la red siniestra de Alexander Thorn, el enigm\u00e1tico l\u00edder de un grupo de conspiraci\u00f3n y poder desenfrenado.<br \/>\nA medida que descifran los hilos de las fuerzas invisibles que controlan a la humanidad desde las sombras, se enfrentar\u00e1n a dilemas \u00e9ticos dif\u00edciles, mientras luchan por mantenerse fieles a su b\u00fasqueda incansable de la verdad. En este mundo donde el bien y el mal no est\u00e1n claramente definidos, deber\u00e1n enfrentar consecuencias devastadoras mientras desaf\u00edan al sistema aparentemente impenetrable.<br \/>\nJuegos de poder es una invitaci\u00f3n a reflexionar sobre los dilemas \u00e9ticos y morales que enfrenta la sociedad moderna. Destaca la importancia de la participaci\u00f3n ciudadana y la b\u00fasqueda incansable por descubrir la realidad en un mundo lleno de sombras y secretos. Prep\u00e1rate para sumergirte en una historia intrigante, llena de suspenso, donde el deseo ardiente por encontrar justicia choca contra los titanes del poder.<br \/>\nEsta novela explora temas de corrupci\u00f3n, \u00e9tica period\u00edstica y la b\u00fasqueda incansable de justicia en un mundo lleno de sombras. \u00bfPodr\u00e1n Will y Emily exponer la verdad detr\u00e1s de las operaciones siniestras de Thorn?<br \/>\n\u00bfO sucumbir\u00e1n ante el poder abrumador que amenaza con oscurecerlo todo?<\/p>\n<p>&nbsp;<\/p>\n<p>&nbsp;<\/p>\n<p>&nbsp;[aux_button label=\u00bbCOMPRAR\u00bb size=\u00bbmedium\u00bb icon_align=\u00bbleft\u00bb color_name=\u00bbball-blue\u00bb link=\u00bbhttps:\/\/www.amazon.es\/Juegos-poder-Laura-Isabel-Montoya\/dp\/8411815331\/ref=sr_1_1?__mk_es_ES=%C3%85M%C3%85%C5%BD%C3%95%C3%91&#038;crid=1ROVCPTATUKS5&#038;dib=eyJ2IjoiMSJ9.5M3mdpBScbUKr5ar6gBgRg.sWsFJNbyVLu-sjDVNUg0jNHVs-fW1eNo-WqwDRpQkPQ&#038;dib_tag=se&#038;keywords=juegos+de+poder+letrame&#038;qid=1705326272&#038;sprefix=juegos+de+poder+letrame%2Caps%2C114&#038;sr=8-1&#8243;]<\/p>\n","protected":false},"featured_media":99593,"comment_status":"closed","ping_status":"open","template":"","meta":{"_acf_changed":false},"libro":[],"product_brand":[],"product_cat":[16],"product_tag":[],"class_list":{"0":"post-99592","1":"product","2":"type-product","3":"status-publish","4":"has-post-thumbnail","6":"product_cat-novela","8":"first","9":"instock","10":"product-type-simple"},"acf":{"autor":[77379],"enlace_de_compra":"https:\/\/www.amazon.es\/Juegos-poder-Laura-Isabel-Montoya\/dp\/8411815331\/ref=sr_1_1?__mk_es_ES=%C3%85M%C3%85%C5%BD%C3%95%C3%91&crid=1ROVCPTATUKS5&dib=eyJ2IjoiMSJ9.5M3mdpBScbUKr5ar6gBgRg.sWsFJNbyVLu-sjDVNUg0jNHVs-fW1eNo-WqwDRpQkPQ&dib_tag=se&keywords=juegos+de+poder+letrame&qid=1705326272&sprefix=juegos+de+poder+letrame%2Caps%2C114&sr=8-1\""},"yoast_head":"<!-- This site is optimized with the Yoast SEO plugin v27.4 - https:\/\/yoast.com\/product\/yoast-seo-wordpress\/ -->\n<title>Juegos de poder - Catalogo | Letrame Grupo Editorial<\/title>\n<meta name=\"robots\" content=\"index, follow, max-snippet:-1, max-image-preview:large, max-video-preview:-1\" \/>\n<link rel=\"canonical\" href=\"https:\/\/letrame.com\/catalogo\/producto\/juegos-de-poder\/\" \/>\n<meta property=\"og:locale\" content=\"es_ES\" \/>\n<meta property=\"og:type\" content=\"article\" \/>\n<meta property=\"og:title\" content=\"Juegos de poder - Catalogo | Letrame Grupo Editorial\" \/>\n<meta property=\"og:description\" content=\"ISBN:\u00a0978-84-1181-533-8 SINOPSIS: En un mundo gobernado por las \u00e9lites sin escr\u00fapulos, Emily, una joven con un profundo sentido de la justicia, y Will, un periodista comprometido con la veracidad de la informaci\u00f3n, se convierten en los h\u00e9roes inesperados de una lucha sin cuartel contra la corrupci\u00f3n y la opresi\u00f3n. Su misi\u00f3n: desentra\u00f1ar la red siniestra de Alexander Thorn, el enigm\u00e1tico l\u00edder de un grupo de conspiraci\u00f3n y poder desenfrenado. A medida que descifran los hilos de las fuerzas invisibles que controlan a la humanidad desde las sombras, se enfrentar\u00e1n a dilemas \u00e9ticos dif\u00edciles, mientras luchan por mantenerse fieles a su b\u00fasqueda incansable de la verdad. En este mundo donde el bien y el mal no est\u00e1n claramente definidos, deber\u00e1n enfrentar consecuencias devastadoras mientras desaf\u00edan al sistema aparentemente impenetrable. Juegos de poder es una invitaci\u00f3n a reflexionar sobre los dilemas \u00e9ticos y morales que enfrenta la sociedad moderna. Destaca la importancia de la participaci\u00f3n ciudadana y la b\u00fasqueda incansable por descubrir la realidad en un mundo lleno de sombras y secretos. Prep\u00e1rate para sumergirte en una historia intrigante, llena de suspenso, donde el deseo ardiente por encontrar justicia choca contra los titanes del poder. Esta novela explora temas de corrupci\u00f3n, \u00e9tica period\u00edstica y la b\u00fasqueda incansable de justicia en un mundo lleno de sombras. \u00bfPodr\u00e1n Will y Emily exponer la verdad detr\u00e1s de las operaciones siniestras de Thorn? \u00bfO sucumbir\u00e1n ante el poder abrumador que amenaza con oscurecerlo todo? &nbsp; &nbsp; &nbsp;[aux_button label=&quot;COMPRAR&quot; size=&quot;medium&quot; icon_align=&quot;left&quot; color_name=&quot;ball-blue&quot; link=&quot;https:\/\/www.amazon.es\/Juegos-poder-Laura-Isabel-Montoya\/dp\/8411815331\/ref=sr_1_1?__mk_es_ES=%C3%85M%C3%85%C5%BD%C3%95%C3%91&amp;crid=1ROVCPTATUKS5&amp;dib=eyJ2IjoiMSJ9.5M3mdpBScbUKr5ar6gBgRg.sWsFJNbyVLu-sjDVNUg0jNHVs-fW1eNo-WqwDRpQkPQ&amp;dib_tag=se&amp;keywords=juegos+de+poder+letrame&amp;qid=1705326272&amp;sprefix=juegos+de+poder+letrame%2Caps%2C114&amp;sr=8-1&quot;]\" \/>\n<meta property=\"og:url\" content=\"https:\/\/letrame.com\/catalogo\/producto\/juegos-de-poder\/\" \/>\n<meta property=\"og:site_name\" content=\"Catalogo | Letrame Grupo Editorial\" \/>\n<meta property=\"article:modified_time\" content=\"2024-04-29T14:41:49+00:00\" \/>\n<meta property=\"og:image\" content=\"https:\/\/letrame.com\/catalogo\/wp-content\/uploads\/2024\/04\/webportada_juegosdepoder_1122mm-compressed-scaled-1.jpg\" \/>\n\t<meta property=\"og:image:width\" content=\"1746\" \/>\n\t<meta property=\"og:image:height\" content=\"2560\" \/>\n\t<meta property=\"og:image:type\" content=\"image\/jpeg\" \/>\n<meta name=\"twitter:card\" content=\"summary_large_image\" \/>\n<meta name=\"twitter:label1\" content=\"Tiempo de lectura\" \/>\n\t<meta name=\"twitter:data1\" content=\"1 minuto\" \/>\n<script type=\"application\/ld+json\" class=\"yoast-schema-graph\">{\"@context\":\"https:\\\/\\\/schema.org\",\"@graph\":[{\"@type\":\"WebPage\",\"@id\":\"https:\\\/\\\/letrame.com\\\/catalogo\\\/producto\\\/juegos-de-poder\\\/\",\"url\":\"https:\\\/\\\/letrame.com\\\/catalogo\\\/producto\\\/juegos-de-poder\\\/\",\"name\":\"Juegos de poder - Catalogo | Letrame Grupo Editorial\",\"isPartOf\":{\"@id\":\"https:\\\/\\\/letrame.com\\\/catalogo\\\/#website\"},\"primaryImageOfPage\":{\"@id\":\"https:\\\/\\\/letrame.com\\\/catalogo\\\/producto\\\/juegos-de-poder\\\/#primaryimage\"},\"image\":{\"@id\":\"https:\\\/\\\/letrame.com\\\/catalogo\\\/producto\\\/juegos-de-poder\\\/#primaryimage\"},\"thumbnailUrl\":\"https:\\\/\\\/letrame.com\\\/catalogo\\\/wp-content\\\/uploads\\\/2024\\\/04\\\/webportada_juegosdepoder_1122mm-compressed-scaled-1.jpg\",\"datePublished\":\"2024-04-29T14:41:48+00:00\",\"dateModified\":\"2024-04-29T14:41:49+00:00\",\"breadcrumb\":{\"@id\":\"https:\\\/\\\/letrame.com\\\/catalogo\\\/producto\\\/juegos-de-poder\\\/#breadcrumb\"},\"inLanguage\":\"es\",\"potentialAction\":[{\"@type\":\"ReadAction\",\"target\":[\"https:\\\/\\\/letrame.com\\\/catalogo\\\/producto\\\/juegos-de-poder\\\/\"]}]},{\"@type\":\"ImageObject\",\"inLanguage\":\"es\",\"@id\":\"https:\\\/\\\/letrame.com\\\/catalogo\\\/producto\\\/juegos-de-poder\\\/#primaryimage\",\"url\":\"https:\\\/\\\/letrame.com\\\/catalogo\\\/wp-content\\\/uploads\\\/2024\\\/04\\\/webportada_juegosdepoder_1122mm-compressed-scaled-1.jpg\",\"contentUrl\":\"https:\\\/\\\/letrame.com\\\/catalogo\\\/wp-content\\\/uploads\\\/2024\\\/04\\\/webportada_juegosdepoder_1122mm-compressed-scaled-1.jpg\",\"width\":1746,\"height\":2560},{\"@type\":\"BreadcrumbList\",\"@id\":\"https:\\\/\\\/letrame.com\\\/catalogo\\\/producto\\\/juegos-de-poder\\\/#breadcrumb\",\"itemListElement\":[{\"@type\":\"ListItem\",\"position\":1,\"name\":\"Portada\",\"item\":\"https:\\\/\\\/letrame.com\\\/catalogo\\\/\"},{\"@type\":\"ListItem\",\"position\":2,\"name\":\"Cat\u00e1logo\",\"item\":\"https:\\\/\\\/letrame.com\\\/catalogo\\\/\"},{\"@type\":\"ListItem\",\"position\":3,\"name\":\"Juegos de poder\"}]},{\"@type\":\"WebSite\",\"@id\":\"https:\\\/\\\/letrame.com\\\/catalogo\\\/#website\",\"url\":\"https:\\\/\\\/letrame.com\\\/catalogo\\\/\",\"name\":\"Catalogo | Letrame Grupo Editorial\",\"description\":\"\",\"publisher\":{\"@id\":\"https:\\\/\\\/letrame.com\\\/catalogo\\\/#organization\"},\"potentialAction\":[{\"@type\":\"SearchAction\",\"target\":{\"@type\":\"EntryPoint\",\"urlTemplate\":\"https:\\\/\\\/letrame.com\\\/catalogo\\\/?s={search_term_string}\"},\"query-input\":{\"@type\":\"PropertyValueSpecification\",\"valueRequired\":true,\"valueName\":\"search_term_string\"}}],\"inLanguage\":\"es\"},{\"@type\":\"Organization\",\"@id\":\"https:\\\/\\\/letrame.com\\\/catalogo\\\/#organization\",\"name\":\"Catalogo | Letrame Grupo Editorial\",\"url\":\"https:\\\/\\\/letrame.com\\\/catalogo\\\/\",\"logo\":{\"@type\":\"ImageObject\",\"inLanguage\":\"es\",\"@id\":\"https:\\\/\\\/letrame.com\\\/catalogo\\\/#\\\/schema\\\/logo\\\/image\\\/\",\"url\":\"https:\\\/\\\/letrame.com\\\/catalogo\\\/wp-content\\\/uploads\\\/2024\\\/03\\\/logo2.webp\",\"contentUrl\":\"https:\\\/\\\/letrame.com\\\/catalogo\\\/wp-content\\\/uploads\\\/2024\\\/03\\\/logo2.webp\",\"width\":394,\"height\":128,\"caption\":\"Catalogo | Letrame Grupo Editorial\"},\"image\":{\"@id\":\"https:\\\/\\\/letrame.com\\\/catalogo\\\/#\\\/schema\\\/logo\\\/image\\\/\"}}]}<\/script>\n<!-- \/ Yoast SEO plugin. -->","yoast_head_json":{"title":"Juegos de poder - Catalogo | Letrame Grupo Editorial","robots":{"index":"index","follow":"follow","max-snippet":"max-snippet:-1","max-image-preview":"max-image-preview:large","max-video-preview":"max-video-preview:-1"},"canonical":"https:\/\/letrame.com\/catalogo\/producto\/juegos-de-poder\/","og_locale":"es_ES","og_type":"article","og_title":"Juegos de poder - Catalogo | Letrame Grupo Editorial","og_description":"ISBN:\u00a0978-84-1181-533-8 SINOPSIS: En un mundo gobernado por las \u00e9lites sin escr\u00fapulos, Emily, una joven con un profundo sentido de la justicia, y Will, un periodista comprometido con la veracidad de la informaci\u00f3n, se convierten en los h\u00e9roes inesperados de una lucha sin cuartel contra la corrupci\u00f3n y la opresi\u00f3n. Su misi\u00f3n: desentra\u00f1ar la red siniestra de Alexander Thorn, el enigm\u00e1tico l\u00edder de un grupo de conspiraci\u00f3n y poder desenfrenado. A medida que descifran los hilos de las fuerzas invisibles que controlan a la humanidad desde las sombras, se enfrentar\u00e1n a dilemas \u00e9ticos dif\u00edciles, mientras luchan por mantenerse fieles a su b\u00fasqueda incansable de la verdad. En este mundo donde el bien y el mal no est\u00e1n claramente definidos, deber\u00e1n enfrentar consecuencias devastadoras mientras desaf\u00edan al sistema aparentemente impenetrable. Juegos de poder es una invitaci\u00f3n a reflexionar sobre los dilemas \u00e9ticos y morales que enfrenta la sociedad moderna. Destaca la importancia de la participaci\u00f3n ciudadana y la b\u00fasqueda incansable por descubrir la realidad en un mundo lleno de sombras y secretos. Prep\u00e1rate para sumergirte en una historia intrigante, llena de suspenso, donde el deseo ardiente por encontrar justicia choca contra los titanes del poder. Esta novela explora temas de corrupci\u00f3n, \u00e9tica period\u00edstica y la b\u00fasqueda incansable de justicia en un mundo lleno de sombras. \u00bfPodr\u00e1n Will y Emily exponer la verdad detr\u00e1s de las operaciones siniestras de Thorn? \u00bfO sucumbir\u00e1n ante el poder abrumador que amenaza con oscurecerlo todo? &nbsp; &nbsp; &nbsp;[aux_button label=\"COMPRAR\" size=\"medium\" icon_align=\"left\" color_name=\"ball-blue\" link=\"https:\/\/www.amazon.es\/Juegos-poder-Laura-Isabel-Montoya\/dp\/8411815331\/ref=sr_1_1?__mk_es_ES=%C3%85M%C3%85%C5%BD%C3%95%C3%91&crid=1ROVCPTATUKS5&dib=eyJ2IjoiMSJ9.5M3mdpBScbUKr5ar6gBgRg.sWsFJNbyVLu-sjDVNUg0jNHVs-fW1eNo-WqwDRpQkPQ&dib_tag=se&keywords=juegos+de+poder+letrame&qid=1705326272&sprefix=juegos+de+poder+letrame%2Caps%2C114&sr=8-1\"]","og_url":"https:\/\/letrame.com\/catalogo\/producto\/juegos-de-poder\/","og_site_name":"Catalogo | Letrame Grupo Editorial","article_modified_time":"2024-04-29T14:41:49+00:00","og_image":[{"width":1746,"height":2560,"url":"https:\/\/letrame.com\/catalogo\/wp-content\/uploads\/2024\/04\/webportada_juegosdepoder_1122mm-compressed-scaled-1.jpg","type":"image\/jpeg"}],"twitter_card":"summary_large_image","twitter_misc":{"Tiempo de lectura":"1 minuto"},"schema":{"@context":"https:\/\/schema.org","@graph":[{"@type":"WebPage","@id":"https:\/\/letrame.com\/catalogo\/producto\/juegos-de-poder\/","url":"https:\/\/letrame.com\/catalogo\/producto\/juegos-de-poder\/","name":"Juegos de poder - Catalogo | Letrame Grupo Editorial","isPartOf":{"@id":"https:\/\/letrame.com\/catalogo\/#website"},"primaryImageOfPage":{"@id":"https:\/\/letrame.com\/catalogo\/producto\/juegos-de-poder\/#primaryimage"},"image":{"@id":"https:\/\/letrame.com\/catalogo\/producto\/juegos-de-poder\/#primaryimage"},"thumbnailUrl":"https:\/\/letrame.com\/catalogo\/wp-content\/uploads\/2024\/04\/webportada_juegosdepoder_1122mm-compressed-scaled-1.jpg","datePublished":"2024-04-29T14:41:48+00:00","dateModified":"2024-04-29T14:41:49+00:00","breadcrumb":{"@id":"https:\/\/letrame.com\/catalogo\/producto\/juegos-de-poder\/#breadcrumb"},"inLanguage":"es","potentialAction":[{"@type":"ReadAction","target":["https:\/\/letrame.com\/catalogo\/producto\/juegos-de-poder\/"]}]},{"@type":"ImageObject","inLanguage":"es","@id":"https:\/\/letrame.com\/catalogo\/producto\/juegos-de-poder\/#primaryimage","url":"https:\/\/letrame.com\/catalogo\/wp-content\/uploads\/2024\/04\/webportada_juegosdepoder_1122mm-compressed-scaled-1.jpg","contentUrl":"https:\/\/letrame.com\/catalogo\/wp-content\/uploads\/2024\/04\/webportada_juegosdepoder_1122mm-compressed-scaled-1.jpg","width":1746,"height":2560},{"@type":"BreadcrumbList","@id":"https:\/\/letrame.com\/catalogo\/producto\/juegos-de-poder\/#breadcrumb","itemListElement":[{"@type":"ListItem","position":1,"name":"Portada","item":"https:\/\/letrame.com\/catalogo\/"},{"@type":"ListItem","position":2,"name":"Cat\u00e1logo","item":"https:\/\/letrame.com\/catalogo\/"},{"@type":"ListItem","position":3,"name":"Juegos de poder"}]},{"@type":"WebSite","@id":"https:\/\/letrame.com\/catalogo\/#website","url":"https:\/\/letrame.com\/catalogo\/","name":"Catalogo | Letrame Grupo Editorial","description":"","publisher":{"@id":"https:\/\/letrame.com\/catalogo\/#organization"},"potentialAction":[{"@type":"SearchAction","target":{"@type":"EntryPoint","urlTemplate":"https:\/\/letrame.com\/catalogo\/?s={search_term_string}"},"query-input":{"@type":"PropertyValueSpecification","valueRequired":true,"valueName":"search_term_string"}}],"inLanguage":"es"},{"@type":"Organization","@id":"https:\/\/letrame.com\/catalogo\/#organization","name":"Catalogo | Letrame Grupo Editorial","url":"https:\/\/letrame.com\/catalogo\/","logo":{"@type":"ImageObject","inLanguage":"es","@id":"https:\/\/letrame.com\/catalogo\/#\/schema\/logo\/image\/","url":"https:\/\/letrame.com\/catalogo\/wp-content\/uploads\/2024\/03\/logo2.webp","contentUrl":"https:\/\/letrame.com\/catalogo\/wp-content\/uploads\/2024\/03\/logo2.webp","width":394,"height":128,"caption":"Catalogo | Letrame Grupo Editorial"},"image":{"@id":"https:\/\/letrame.com\/catalogo\/#\/schema\/logo\/image\/"}}]}},"_links":{"self":[{"href":"https:\/\/letrame.com\/catalogo\/wp-json\/wp\/v2\/product\/99592","targetHints":{"allow":["GET"]}}],"collection":[{"href":"https:\/\/letrame.com\/catalogo\/wp-json\/wp\/v2\/product"}],"about":[{"href":"https:\/\/letrame.com\/catalogo\/wp-json\/wp\/v2\/types\/product"}],"replies":[{"embeddable":true,"href":"https:\/\/letrame.com\/catalogo\/wp-json\/wp\/v2\/comments?post=99592"}],"acf:post":[{"embeddable":true,"href":"https:\/\/letrame.com\/catalogo\/wp-json\/wp\/v2\/author_book\/77379"}],"wp:featuredmedia":[{"embeddable":true,"href":"https:\/\/letrame.com\/catalogo\/wp-json\/wp\/v2\/media\/99593"}],"wp:attachment":[{"href":"https:\/\/letrame.com\/catalogo\/wp-json\/wp\/v2\/media?parent=99592"}],"wp:term":[{"taxonomy":"libro","embeddable":true,"href":"https:\/\/letrame.com\/catalogo\/wp-json\/wp\/v2\/libro?post=99592"},{"taxonomy":"product_brand","embeddable":true,"href":"https:\/\/letrame.com\/catalogo\/wp-json\/wp\/v2\/product_brand?post=99592"},{"taxonomy":"product_cat","embeddable":true,"href":"https:\/\/letrame.com\/catalogo\/wp-json\/wp\/v2\/product_cat?post=99592"},{"taxonomy":"product_tag","embeddable":true,"href":"https:\/\/letrame.com\/catalogo\/wp-json\/wp\/v2\/product_tag?post=99592"}],"curies":[{"name":"wp","href":"https:\/\/api.w.org\/{rel}","templated":true}]}}