{"id":99590,"date":"2024-04-29T16:41:00","date_gmt":"2024-04-29T14:41:00","guid":{"rendered":"https:\/\/letrame.com\/catalogo\/producto\/una-vida-buena-abilio-perez\/"},"modified":"2024-04-29T16:41:31","modified_gmt":"2024-04-29T14:41:31","slug":"una-vida-buena-abilio-perez","status":"publish","type":"product","link":"https:\/\/letrame.com\/catalogo\/producto\/una-vida-buena-abilio-perez\/","title":{"rendered":"Una vida buena, Abilio P\u00e9rez"},"content":{"rendered":"<p>ISBN:\u00a09788411816151<br \/>\nT\u00edtulo:_Una vida buena, Abilio P\u00e9rez<br \/>\nFecha:_2023<br \/>\nP\u00e1ginas:\u00a0826<\/p>\n<p>SINOPSIS:<\/p>\n<p>Se cuenta aqu\u00ed la historia de una vida vulgar, una m\u00e1s, adornada con los muchos pormenores de los que son portadoras todas las vidas humildes.<br \/>\nPor una vez, no se ha de hallar violencia en estos renglones, ni contratiempos o incidentes horribles, como los que soporta nuestra especie en muchas ocasiones.<br \/>\nLo que fue intento de novela se ha quedado en una sucesi\u00f3n de sentimientos y recuerdos del autor, con los que va desgranando, cap\u00edtulo a cap\u00edtulo, el comportamiento de hombres y mujeres admirables que \u00e9l ha conocido.<br \/>\nSe ver\u00e1 el paso por este valle de personajes reales, por cuyos actos y anhelos se podr\u00e1n descubrir momentos gloriosos de nuestra historia a\u00fan reciente, y deducir quiz\u00e1s consejos formidables, para ser todos m\u00e1s dichosos y para honrar debidamente al universo.<br \/>\nA.P.S.<\/p>\n","protected":false},"excerpt":{"rendered":"<p>ISBN:\u00a09788411816151<\/p>\n<p>SINOPSIS:<\/p>\n<p>Se cuenta aqu\u00ed la historia de una vida vulgar, una m\u00e1s, adornada con los muchos pormenores de los que son portadoras todas las vidas humildes.<br \/>\nPor una vez, no se ha de hallar violencia en estos renglones, ni contratiempos o incidentes horribles, como los que soporta nuestra especie en muchas ocasiones.<br \/>\nLo que fue intento de novela se ha quedado en una sucesi\u00f3n de sentimientos y recuerdos del autor, con los que va desgranando, cap\u00edtulo a cap\u00edtulo, el comportamiento de hombres y mujeres admirables que \u00e9l ha conocido.<br \/>\nSe ver\u00e1 el paso por este valle de personajes reales, por cuyos actos y anhelos se podr\u00e1n descubrir momentos gloriosos de nuestra historia a\u00fan reciente, y deducir quiz\u00e1s consejos formidables, para ser todos m\u00e1s dichosos y para honrar debidamente al universo.<br \/>\nA.P.S.<\/p>\n","protected":false},"featured_media":99591,"comment_status":"closed","ping_status":"open","template":"","meta":{"_acf_changed":false},"libro":[],"product_brand":[],"product_cat":[16,26],"product_tag":[],"class_list":{"0":"post-99590","1":"product","2":"type-product","3":"status-publish","4":"has-post-thumbnail","6":"product_cat-novela","7":"product_cat-sin-categoria","9":"first","10":"instock","11":"product-type-simple"},"acf":{"autor":[77888],"enlace_de_compra":"https:\/\/www.amazon.es\/Una-vida-buena-Abilio-P%C3%A9rez\/dp\/841181615X"},"yoast_head":"<!-- This site is optimized with the Yoast SEO plugin v26.6 - https:\/\/yoast.com\/wordpress\/plugins\/seo\/ -->\n<title>Una vida buena, Abilio P\u00e9rez - Catalogo | Letrame Grupo Editorial<\/title>\n<meta name=\"robots\" content=\"index, follow, max-snippet:-1, max-image-preview:large, max-video-preview:-1\" \/>\n<link rel=\"canonical\" href=\"https:\/\/letrame.com\/catalogo\/producto\/una-vida-buena-abilio-perez\/\" \/>\n<meta property=\"og:locale\" content=\"es_ES\" \/>\n<meta property=\"og:type\" content=\"article\" \/>\n<meta property=\"og:title\" content=\"Una vida buena, Abilio P\u00e9rez - Catalogo | Letrame Grupo Editorial\" \/>\n<meta property=\"og:description\" content=\"ISBN:\u00a09788411816151 SINOPSIS: Se cuenta aqu\u00ed la historia de una vida vulgar, una m\u00e1s, adornada con los muchos pormenores de los que son portadoras todas las vidas humildes. Por una vez, no se ha de hallar violencia en estos renglones, ni contratiempos o incidentes horribles, como los que soporta nuestra especie en muchas ocasiones. Lo que fue intento de novela se ha quedado en una sucesi\u00f3n de sentimientos y recuerdos del autor, con los que va desgranando, cap\u00edtulo a cap\u00edtulo, el comportamiento de hombres y mujeres admirables que \u00e9l ha conocido. Se ver\u00e1 el paso por este valle de personajes reales, por cuyos actos y anhelos se podr\u00e1n descubrir momentos gloriosos de nuestra historia a\u00fan reciente, y deducir quiz\u00e1s consejos formidables, para ser todos m\u00e1s dichosos y para honrar debidamente al universo. A.P.S.\" \/>\n<meta property=\"og:url\" content=\"https:\/\/letrame.com\/catalogo\/producto\/una-vida-buena-abilio-perez\/\" \/>\n<meta property=\"og:site_name\" content=\"Catalogo | Letrame Grupo Editorial\" \/>\n<meta property=\"article:modified_time\" content=\"2024-04-29T14:41:31+00:00\" \/>\n<meta property=\"og:image\" content=\"https:\/\/letrame.com\/catalogo\/wp-content\/uploads\/2024\/04\/webp_unavidabuena_3916mm-compressed-scaled-1.jpg\" \/>\n\t<meta property=\"og:image:width\" content=\"1813\" \/>\n\t<meta property=\"og:image:height\" content=\"2560\" \/>\n\t<meta property=\"og:image:type\" content=\"image\/jpeg\" \/>\n<meta name=\"twitter:card\" content=\"summary_large_image\" \/>\n<meta name=\"twitter:label1\" content=\"Tiempo de lectura\" \/>\n\t<meta name=\"twitter:data1\" content=\"1 minuto\" \/>\n<script type=\"application\/ld+json\" class=\"yoast-schema-graph\">{\"@context\":\"https:\/\/schema.org\",\"@graph\":[{\"@type\":\"WebPage\",\"@id\":\"https:\/\/letrame.com\/catalogo\/producto\/una-vida-buena-abilio-perez\/\",\"url\":\"https:\/\/letrame.com\/catalogo\/producto\/una-vida-buena-abilio-perez\/\",\"name\":\"Una vida buena, Abilio P\u00e9rez - Catalogo | Letrame Grupo Editorial\",\"isPartOf\":{\"@id\":\"https:\/\/letrame.com\/catalogo\/#website\"},\"primaryImageOfPage\":{\"@id\":\"https:\/\/letrame.com\/catalogo\/producto\/una-vida-buena-abilio-perez\/#primaryimage\"},\"image\":{\"@id\":\"https:\/\/letrame.com\/catalogo\/producto\/una-vida-buena-abilio-perez\/#primaryimage\"},\"thumbnailUrl\":\"https:\/\/letrame.com\/catalogo\/wp-content\/uploads\/2024\/04\/webp_unavidabuena_3916mm-compressed-scaled-1.jpg\",\"datePublished\":\"2024-04-29T14:41:00+00:00\",\"dateModified\":\"2024-04-29T14:41:31+00:00\",\"breadcrumb\":{\"@id\":\"https:\/\/letrame.com\/catalogo\/producto\/una-vida-buena-abilio-perez\/#breadcrumb\"},\"inLanguage\":\"es\",\"potentialAction\":[{\"@type\":\"ReadAction\",\"target\":[\"https:\/\/letrame.com\/catalogo\/producto\/una-vida-buena-abilio-perez\/\"]}]},{\"@type\":\"ImageObject\",\"inLanguage\":\"es\",\"@id\":\"https:\/\/letrame.com\/catalogo\/producto\/una-vida-buena-abilio-perez\/#primaryimage\",\"url\":\"https:\/\/letrame.com\/catalogo\/wp-content\/uploads\/2024\/04\/webp_unavidabuena_3916mm-compressed-scaled-1.jpg\",\"contentUrl\":\"https:\/\/letrame.com\/catalogo\/wp-content\/uploads\/2024\/04\/webp_unavidabuena_3916mm-compressed-scaled-1.jpg\",\"width\":1813,\"height\":2560},{\"@type\":\"BreadcrumbList\",\"@id\":\"https:\/\/letrame.com\/catalogo\/producto\/una-vida-buena-abilio-perez\/#breadcrumb\",\"itemListElement\":[{\"@type\":\"ListItem\",\"position\":1,\"name\":\"Portada\",\"item\":\"https:\/\/letrame.com\/catalogo\/\"},{\"@type\":\"ListItem\",\"position\":2,\"name\":\"Cat\u00e1logo\",\"item\":\"https:\/\/letrame.com\/catalogo\/\"},{\"@type\":\"ListItem\",\"position\":3,\"name\":\"Una vida buena, Abilio P\u00e9rez\"}]},{\"@type\":\"WebSite\",\"@id\":\"https:\/\/letrame.com\/catalogo\/#website\",\"url\":\"https:\/\/letrame.com\/catalogo\/\",\"name\":\"Catalogo | Letrame Grupo Editorial\",\"description\":\"\",\"publisher\":{\"@id\":\"https:\/\/letrame.com\/catalogo\/#organization\"},\"potentialAction\":[{\"@type\":\"SearchAction\",\"target\":{\"@type\":\"EntryPoint\",\"urlTemplate\":\"https:\/\/letrame.com\/catalogo\/?s={search_term_string}\"},\"query-input\":{\"@type\":\"PropertyValueSpecification\",\"valueRequired\":true,\"valueName\":\"search_term_string\"}}],\"inLanguage\":\"es\"},{\"@type\":\"Organization\",\"@id\":\"https:\/\/letrame.com\/catalogo\/#organization\",\"name\":\"Catalogo | Letrame Grupo Editorial\",\"url\":\"https:\/\/letrame.com\/catalogo\/\",\"logo\":{\"@type\":\"ImageObject\",\"inLanguage\":\"es\",\"@id\":\"https:\/\/letrame.com\/catalogo\/#\/schema\/logo\/image\/\",\"url\":\"https:\/\/letrame.com\/catalogo\/wp-content\/uploads\/2024\/03\/logo2.webp\",\"contentUrl\":\"https:\/\/letrame.com\/catalogo\/wp-content\/uploads\/2024\/03\/logo2.webp\",\"width\":394,\"height\":128,\"caption\":\"Catalogo | Letrame Grupo Editorial\"},\"image\":{\"@id\":\"https:\/\/letrame.com\/catalogo\/#\/schema\/logo\/image\/\"}}]}<\/script>\n<!-- \/ Yoast SEO plugin. -->","yoast_head_json":{"title":"Una vida buena, Abilio P\u00e9rez - Catalogo | Letrame Grupo Editorial","robots":{"index":"index","follow":"follow","max-snippet":"max-snippet:-1","max-image-preview":"max-image-preview:large","max-video-preview":"max-video-preview:-1"},"canonical":"https:\/\/letrame.com\/catalogo\/producto\/una-vida-buena-abilio-perez\/","og_locale":"es_ES","og_type":"article","og_title":"Una vida buena, Abilio P\u00e9rez - Catalogo | Letrame Grupo Editorial","og_description":"ISBN:\u00a09788411816151 SINOPSIS: Se cuenta aqu\u00ed la historia de una vida vulgar, una m\u00e1s, adornada con los muchos pormenores de los que son portadoras todas las vidas humildes. Por una vez, no se ha de hallar violencia en estos renglones, ni contratiempos o incidentes horribles, como los que soporta nuestra especie en muchas ocasiones. Lo que fue intento de novela se ha quedado en una sucesi\u00f3n de sentimientos y recuerdos del autor, con los que va desgranando, cap\u00edtulo a cap\u00edtulo, el comportamiento de hombres y mujeres admirables que \u00e9l ha conocido. Se ver\u00e1 el paso por este valle de personajes reales, por cuyos actos y anhelos se podr\u00e1n descubrir momentos gloriosos de nuestra historia a\u00fan reciente, y deducir quiz\u00e1s consejos formidables, para ser todos m\u00e1s dichosos y para honrar debidamente al universo. A.P.S.","og_url":"https:\/\/letrame.com\/catalogo\/producto\/una-vida-buena-abilio-perez\/","og_site_name":"Catalogo | Letrame Grupo Editorial","article_modified_time":"2024-04-29T14:41:31+00:00","og_image":[{"width":1813,"height":2560,"url":"https:\/\/letrame.com\/catalogo\/wp-content\/uploads\/2024\/04\/webp_unavidabuena_3916mm-compressed-scaled-1.jpg","type":"image\/jpeg"}],"twitter_card":"summary_large_image","twitter_misc":{"Tiempo de lectura":"1 minuto"},"schema":{"@context":"https:\/\/schema.org","@graph":[{"@type":"WebPage","@id":"https:\/\/letrame.com\/catalogo\/producto\/una-vida-buena-abilio-perez\/","url":"https:\/\/letrame.com\/catalogo\/producto\/una-vida-buena-abilio-perez\/","name":"Una vida buena, Abilio P\u00e9rez - Catalogo | Letrame Grupo Editorial","isPartOf":{"@id":"https:\/\/letrame.com\/catalogo\/#website"},"primaryImageOfPage":{"@id":"https:\/\/letrame.com\/catalogo\/producto\/una-vida-buena-abilio-perez\/#primaryimage"},"image":{"@id":"https:\/\/letrame.com\/catalogo\/producto\/una-vida-buena-abilio-perez\/#primaryimage"},"thumbnailUrl":"https:\/\/letrame.com\/catalogo\/wp-content\/uploads\/2024\/04\/webp_unavidabuena_3916mm-compressed-scaled-1.jpg","datePublished":"2024-04-29T14:41:00+00:00","dateModified":"2024-04-29T14:41:31+00:00","breadcrumb":{"@id":"https:\/\/letrame.com\/catalogo\/producto\/una-vida-buena-abilio-perez\/#breadcrumb"},"inLanguage":"es","potentialAction":[{"@type":"ReadAction","target":["https:\/\/letrame.com\/catalogo\/producto\/una-vida-buena-abilio-perez\/"]}]},{"@type":"ImageObject","inLanguage":"es","@id":"https:\/\/letrame.com\/catalogo\/producto\/una-vida-buena-abilio-perez\/#primaryimage","url":"https:\/\/letrame.com\/catalogo\/wp-content\/uploads\/2024\/04\/webp_unavidabuena_3916mm-compressed-scaled-1.jpg","contentUrl":"https:\/\/letrame.com\/catalogo\/wp-content\/uploads\/2024\/04\/webp_unavidabuena_3916mm-compressed-scaled-1.jpg","width":1813,"height":2560},{"@type":"BreadcrumbList","@id":"https:\/\/letrame.com\/catalogo\/producto\/una-vida-buena-abilio-perez\/#breadcrumb","itemListElement":[{"@type":"ListItem","position":1,"name":"Portada","item":"https:\/\/letrame.com\/catalogo\/"},{"@type":"ListItem","position":2,"name":"Cat\u00e1logo","item":"https:\/\/letrame.com\/catalogo\/"},{"@type":"ListItem","position":3,"name":"Una vida buena, Abilio P\u00e9rez"}]},{"@type":"WebSite","@id":"https:\/\/letrame.com\/catalogo\/#website","url":"https:\/\/letrame.com\/catalogo\/","name":"Catalogo | Letrame Grupo Editorial","description":"","publisher":{"@id":"https:\/\/letrame.com\/catalogo\/#organization"},"potentialAction":[{"@type":"SearchAction","target":{"@type":"EntryPoint","urlTemplate":"https:\/\/letrame.com\/catalogo\/?s={search_term_string}"},"query-input":{"@type":"PropertyValueSpecification","valueRequired":true,"valueName":"search_term_string"}}],"inLanguage":"es"},{"@type":"Organization","@id":"https:\/\/letrame.com\/catalogo\/#organization","name":"Catalogo | Letrame Grupo Editorial","url":"https:\/\/letrame.com\/catalogo\/","logo":{"@type":"ImageObject","inLanguage":"es","@id":"https:\/\/letrame.com\/catalogo\/#\/schema\/logo\/image\/","url":"https:\/\/letrame.com\/catalogo\/wp-content\/uploads\/2024\/03\/logo2.webp","contentUrl":"https:\/\/letrame.com\/catalogo\/wp-content\/uploads\/2024\/03\/logo2.webp","width":394,"height":128,"caption":"Catalogo | Letrame Grupo Editorial"},"image":{"@id":"https:\/\/letrame.com\/catalogo\/#\/schema\/logo\/image\/"}}]}},"_links":{"self":[{"href":"https:\/\/letrame.com\/catalogo\/wp-json\/wp\/v2\/product\/99590","targetHints":{"allow":["GET"]}}],"collection":[{"href":"https:\/\/letrame.com\/catalogo\/wp-json\/wp\/v2\/product"}],"about":[{"href":"https:\/\/letrame.com\/catalogo\/wp-json\/wp\/v2\/types\/product"}],"replies":[{"embeddable":true,"href":"https:\/\/letrame.com\/catalogo\/wp-json\/wp\/v2\/comments?post=99590"}],"acf:post":[{"embeddable":true,"href":"https:\/\/letrame.com\/catalogo\/wp-json\/wp\/v2\/author_book\/77888"}],"wp:featuredmedia":[{"embeddable":true,"href":"https:\/\/letrame.com\/catalogo\/wp-json\/wp\/v2\/media\/99591"}],"wp:attachment":[{"href":"https:\/\/letrame.com\/catalogo\/wp-json\/wp\/v2\/media?parent=99590"}],"wp:term":[{"taxonomy":"libro","embeddable":true,"href":"https:\/\/letrame.com\/catalogo\/wp-json\/wp\/v2\/libro?post=99590"},{"taxonomy":"product_brand","embeddable":true,"href":"https:\/\/letrame.com\/catalogo\/wp-json\/wp\/v2\/product_brand?post=99590"},{"taxonomy":"product_cat","embeddable":true,"href":"https:\/\/letrame.com\/catalogo\/wp-json\/wp\/v2\/product_cat?post=99590"},{"taxonomy":"product_tag","embeddable":true,"href":"https:\/\/letrame.com\/catalogo\/wp-json\/wp\/v2\/product_tag?post=99590"}],"curies":[{"name":"wp","href":"https:\/\/api.w.org\/{rel}","templated":true}]}}