{"id":99589,"date":"2024-04-29T16:41:00","date_gmt":"2024-04-29T14:41:00","guid":{"rendered":"https:\/\/letrame.com\/catalogo\/producto\/la-ultima-gran-dinastia-americana\/"},"modified":"2024-07-30T09:25:49","modified_gmt":"2024-07-30T07:25:49","slug":"la-ultima-gran-dinastia-americana","status":"publish","type":"product","link":"https:\/\/letrame.com\/catalogo\/producto\/la-ultima-gran-dinastia-americana\/","title":{"rendered":"La \u00faltima gran dinast\u00eda americana"},"content":{"rendered":"<p>ISBN:\u00a0978-84-1181-368-6<br \/>\nT\u00edtulo:_La \u00faltima gran dinast\u00eda americana<br \/>\nFecha:_2023<br \/>\nP\u00e1ginas:\u00a0246<\/p>\n<p>SINOPSIS<br \/>\nLenny es un joven gay afroamericano nacido y criado en la ciudad de Los \u00c1ngeles, en el seno de una familia desestructurada, que de repente se ve obligado a usar su coche como vivienda. Con su trabajo de enfermero como \u00fanica tabla de salvaci\u00f3n y despu\u00e9s de un breve tiempo de b\u00fasqueda, Lenny descubre un parking lot seguro donde pernoctar. Desde ese momento, el L.A. Parking Lot se convierte en su refugio. All\u00ed conocer\u00e1 a una interesante pl\u00e9yade de personajes que, como \u00e9l y por diferentes razones, tambi\u00e9n se han visto forzados a vivir en sus veh\u00edculos.<br \/>\nEn el marco de una sociedad asediada por la exposici\u00f3n a la pobreza sistem\u00e1tica, Lenny va relatando aspectos de su presente y descubriendo detalles de su pasado, mientras a su alrededor la vida va tejiendo los mimbres de su destino.<\/p>\n","protected":false},"excerpt":{"rendered":"<p>ISBN:\u00a0978-84-1181-368-6<\/p>\n<p>SINOPSIS<br \/>\nLenny es un joven gay afroamericano nacido y criado en la ciudad de Los \u00c1ngeles, en el seno de una familia desestructurada, que de repente se ve obligado a usar su coche como vivienda. Con su trabajo de enfermero como \u00fanica tabla de salvaci\u00f3n y despu\u00e9s de un breve tiempo de b\u00fasqueda, Lenny descubre un parking lot seguro donde pernoctar. Desde ese momento, el L.A. Parking Lot se convierte en su refugio. All\u00ed conocer\u00e1 a una interesante pl\u00e9yade de personajes que, como \u00e9l y por diferentes razones, tambi\u00e9n se han visto forzados a vivir en sus veh\u00edculos.<br \/>\nEn el marco de una sociedad asediada por la exposici\u00f3n a la pobreza sistem\u00e1tica, Lenny va relatando aspectos de su presente y descubriendo detalles de su pasado, mientras a su alrededor la vida va tejiendo los mimbres de su destino.<\/p>\n","protected":false},"featured_media":100467,"comment_status":"closed","ping_status":"closed","template":"","meta":{"_acf_changed":false},"libro":[],"product_brand":[],"product_cat":[29],"product_tag":[],"class_list":{"0":"post-99589","1":"product","2":"type-product","3":"status-publish","4":"has-post-thumbnail","6":"product_cat-novela-historica","8":"first","9":"instock","10":"product-type-simple"},"acf":{"autor":[77886],"enlace_de_compra":"https:\/\/www.casadellibro.com\/libro-la-ultima-gran-dinastia-americana\/9788411813686\/1574002"},"yoast_head":"<!-- This site is optimized with the Yoast SEO plugin v27.4 - https:\/\/yoast.com\/product\/yoast-seo-wordpress\/ -->\n<title>La \u00faltima gran dinast\u00eda americana - Catalogo | Letrame Grupo Editorial<\/title>\n<meta name=\"robots\" content=\"index, follow, max-snippet:-1, max-image-preview:large, max-video-preview:-1\" \/>\n<link rel=\"canonical\" href=\"https:\/\/letrame.com\/catalogo\/producto\/la-ultima-gran-dinastia-americana\/\" \/>\n<meta property=\"og:locale\" content=\"es_ES\" \/>\n<meta property=\"og:type\" content=\"article\" \/>\n<meta property=\"og:title\" content=\"La \u00faltima gran dinast\u00eda americana - Catalogo | Letrame Grupo Editorial\" \/>\n<meta property=\"og:description\" content=\"ISBN:\u00a0978-84-1181-368-6  SINOPSIS Lenny es un joven gay afroamericano nacido y criado en la ciudad de Los \u00c1ngeles, en el seno de una familia desestructurada, que de repente se ve obligado a usar su coche como vivienda. Con su trabajo de enfermero como \u00fanica tabla de salvaci\u00f3n y despu\u00e9s de un breve tiempo de b\u00fasqueda, Lenny descubre un parking lot seguro donde pernoctar. Desde ese momento, el L.A. Parking Lot se convierte en su refugio. All\u00ed conocer\u00e1 a una interesante pl\u00e9yade de personajes que, como \u00e9l y por diferentes razones, tambi\u00e9n se han visto forzados a vivir en sus veh\u00edculos. En el marco de una sociedad asediada por la exposici\u00f3n a la pobreza sistem\u00e1tica, Lenny va relatando aspectos de su presente y descubriendo detalles de su pasado, mientras a su alrededor la vida va tejiendo los mimbres de su destino.\" \/>\n<meta property=\"og:url\" content=\"https:\/\/letrame.com\/catalogo\/producto\/la-ultima-gran-dinastia-americana\/\" \/>\n<meta property=\"og:site_name\" content=\"Catalogo | Letrame Grupo Editorial\" \/>\n<meta property=\"article:modified_time\" content=\"2024-07-30T07:25:49+00:00\" \/>\n<meta property=\"og:image\" content=\"https:\/\/letrame.com\/catalogo\/wp-content\/uploads\/2024\/04\/webportada_laultimagran_1816mm-600x880-1.webp\" \/>\n\t<meta property=\"og:image:width\" content=\"600\" \/>\n\t<meta property=\"og:image:height\" content=\"880\" \/>\n\t<meta property=\"og:image:type\" content=\"image\/webp\" \/>\n<meta name=\"twitter:card\" content=\"summary_large_image\" \/>\n<meta name=\"twitter:label1\" content=\"Tiempo de lectura\" \/>\n\t<meta name=\"twitter:data1\" content=\"1 minuto\" \/>\n<script type=\"application\/ld+json\" class=\"yoast-schema-graph\">{\"@context\":\"https:\\\/\\\/schema.org\",\"@graph\":[{\"@type\":\"WebPage\",\"@id\":\"https:\\\/\\\/letrame.com\\\/catalogo\\\/producto\\\/la-ultima-gran-dinastia-americana\\\/\",\"url\":\"https:\\\/\\\/letrame.com\\\/catalogo\\\/producto\\\/la-ultima-gran-dinastia-americana\\\/\",\"name\":\"La \u00faltima gran dinast\u00eda americana - Catalogo | Letrame Grupo Editorial\",\"isPartOf\":{\"@id\":\"https:\\\/\\\/letrame.com\\\/catalogo\\\/#website\"},\"primaryImageOfPage\":{\"@id\":\"https:\\\/\\\/letrame.com\\\/catalogo\\\/producto\\\/la-ultima-gran-dinastia-americana\\\/#primaryimage\"},\"image\":{\"@id\":\"https:\\\/\\\/letrame.com\\\/catalogo\\\/producto\\\/la-ultima-gran-dinastia-americana\\\/#primaryimage\"},\"thumbnailUrl\":\"https:\\\/\\\/letrame.com\\\/catalogo\\\/wp-content\\\/uploads\\\/2024\\\/04\\\/webportada_laultimagran_1816mm-600x880-1.webp\",\"datePublished\":\"2024-04-29T14:41:00+00:00\",\"dateModified\":\"2024-07-30T07:25:49+00:00\",\"breadcrumb\":{\"@id\":\"https:\\\/\\\/letrame.com\\\/catalogo\\\/producto\\\/la-ultima-gran-dinastia-americana\\\/#breadcrumb\"},\"inLanguage\":\"es\",\"potentialAction\":[{\"@type\":\"ReadAction\",\"target\":[\"https:\\\/\\\/letrame.com\\\/catalogo\\\/producto\\\/la-ultima-gran-dinastia-americana\\\/\"]}]},{\"@type\":\"ImageObject\",\"inLanguage\":\"es\",\"@id\":\"https:\\\/\\\/letrame.com\\\/catalogo\\\/producto\\\/la-ultima-gran-dinastia-americana\\\/#primaryimage\",\"url\":\"https:\\\/\\\/letrame.com\\\/catalogo\\\/wp-content\\\/uploads\\\/2024\\\/04\\\/webportada_laultimagran_1816mm-600x880-1.webp\",\"contentUrl\":\"https:\\\/\\\/letrame.com\\\/catalogo\\\/wp-content\\\/uploads\\\/2024\\\/04\\\/webportada_laultimagran_1816mm-600x880-1.webp\",\"width\":600,\"height\":880},{\"@type\":\"BreadcrumbList\",\"@id\":\"https:\\\/\\\/letrame.com\\\/catalogo\\\/producto\\\/la-ultima-gran-dinastia-americana\\\/#breadcrumb\",\"itemListElement\":[{\"@type\":\"ListItem\",\"position\":1,\"name\":\"Portada\",\"item\":\"https:\\\/\\\/letrame.com\\\/catalogo\\\/\"},{\"@type\":\"ListItem\",\"position\":2,\"name\":\"Cat\u00e1logo\",\"item\":\"https:\\\/\\\/letrame.com\\\/catalogo\\\/\"},{\"@type\":\"ListItem\",\"position\":3,\"name\":\"La \u00faltima gran dinast\u00eda americana\"}]},{\"@type\":\"WebSite\",\"@id\":\"https:\\\/\\\/letrame.com\\\/catalogo\\\/#website\",\"url\":\"https:\\\/\\\/letrame.com\\\/catalogo\\\/\",\"name\":\"Catalogo | Letrame Grupo Editorial\",\"description\":\"\",\"publisher\":{\"@id\":\"https:\\\/\\\/letrame.com\\\/catalogo\\\/#organization\"},\"potentialAction\":[{\"@type\":\"SearchAction\",\"target\":{\"@type\":\"EntryPoint\",\"urlTemplate\":\"https:\\\/\\\/letrame.com\\\/catalogo\\\/?s={search_term_string}\"},\"query-input\":{\"@type\":\"PropertyValueSpecification\",\"valueRequired\":true,\"valueName\":\"search_term_string\"}}],\"inLanguage\":\"es\"},{\"@type\":\"Organization\",\"@id\":\"https:\\\/\\\/letrame.com\\\/catalogo\\\/#organization\",\"name\":\"Catalogo | Letrame Grupo Editorial\",\"url\":\"https:\\\/\\\/letrame.com\\\/catalogo\\\/\",\"logo\":{\"@type\":\"ImageObject\",\"inLanguage\":\"es\",\"@id\":\"https:\\\/\\\/letrame.com\\\/catalogo\\\/#\\\/schema\\\/logo\\\/image\\\/\",\"url\":\"https:\\\/\\\/letrame.com\\\/catalogo\\\/wp-content\\\/uploads\\\/2024\\\/03\\\/logo2.webp\",\"contentUrl\":\"https:\\\/\\\/letrame.com\\\/catalogo\\\/wp-content\\\/uploads\\\/2024\\\/03\\\/logo2.webp\",\"width\":394,\"height\":128,\"caption\":\"Catalogo | Letrame Grupo Editorial\"},\"image\":{\"@id\":\"https:\\\/\\\/letrame.com\\\/catalogo\\\/#\\\/schema\\\/logo\\\/image\\\/\"}}]}<\/script>\n<!-- \/ Yoast SEO plugin. -->","yoast_head_json":{"title":"La \u00faltima gran dinast\u00eda americana - Catalogo | Letrame Grupo Editorial","robots":{"index":"index","follow":"follow","max-snippet":"max-snippet:-1","max-image-preview":"max-image-preview:large","max-video-preview":"max-video-preview:-1"},"canonical":"https:\/\/letrame.com\/catalogo\/producto\/la-ultima-gran-dinastia-americana\/","og_locale":"es_ES","og_type":"article","og_title":"La \u00faltima gran dinast\u00eda americana - Catalogo | Letrame Grupo Editorial","og_description":"ISBN:\u00a0978-84-1181-368-6  SINOPSIS Lenny es un joven gay afroamericano nacido y criado en la ciudad de Los \u00c1ngeles, en el seno de una familia desestructurada, que de repente se ve obligado a usar su coche como vivienda. Con su trabajo de enfermero como \u00fanica tabla de salvaci\u00f3n y despu\u00e9s de un breve tiempo de b\u00fasqueda, Lenny descubre un parking lot seguro donde pernoctar. Desde ese momento, el L.A. Parking Lot se convierte en su refugio. All\u00ed conocer\u00e1 a una interesante pl\u00e9yade de personajes que, como \u00e9l y por diferentes razones, tambi\u00e9n se han visto forzados a vivir en sus veh\u00edculos. En el marco de una sociedad asediada por la exposici\u00f3n a la pobreza sistem\u00e1tica, Lenny va relatando aspectos de su presente y descubriendo detalles de su pasado, mientras a su alrededor la vida va tejiendo los mimbres de su destino.","og_url":"https:\/\/letrame.com\/catalogo\/producto\/la-ultima-gran-dinastia-americana\/","og_site_name":"Catalogo | Letrame Grupo Editorial","article_modified_time":"2024-07-30T07:25:49+00:00","og_image":[{"width":600,"height":880,"url":"https:\/\/letrame.com\/catalogo\/wp-content\/uploads\/2024\/04\/webportada_laultimagran_1816mm-600x880-1.webp","type":"image\/webp"}],"twitter_card":"summary_large_image","twitter_misc":{"Tiempo de lectura":"1 minuto"},"schema":{"@context":"https:\/\/schema.org","@graph":[{"@type":"WebPage","@id":"https:\/\/letrame.com\/catalogo\/producto\/la-ultima-gran-dinastia-americana\/","url":"https:\/\/letrame.com\/catalogo\/producto\/la-ultima-gran-dinastia-americana\/","name":"La \u00faltima gran dinast\u00eda americana - Catalogo | Letrame Grupo Editorial","isPartOf":{"@id":"https:\/\/letrame.com\/catalogo\/#website"},"primaryImageOfPage":{"@id":"https:\/\/letrame.com\/catalogo\/producto\/la-ultima-gran-dinastia-americana\/#primaryimage"},"image":{"@id":"https:\/\/letrame.com\/catalogo\/producto\/la-ultima-gran-dinastia-americana\/#primaryimage"},"thumbnailUrl":"https:\/\/letrame.com\/catalogo\/wp-content\/uploads\/2024\/04\/webportada_laultimagran_1816mm-600x880-1.webp","datePublished":"2024-04-29T14:41:00+00:00","dateModified":"2024-07-30T07:25:49+00:00","breadcrumb":{"@id":"https:\/\/letrame.com\/catalogo\/producto\/la-ultima-gran-dinastia-americana\/#breadcrumb"},"inLanguage":"es","potentialAction":[{"@type":"ReadAction","target":["https:\/\/letrame.com\/catalogo\/producto\/la-ultima-gran-dinastia-americana\/"]}]},{"@type":"ImageObject","inLanguage":"es","@id":"https:\/\/letrame.com\/catalogo\/producto\/la-ultima-gran-dinastia-americana\/#primaryimage","url":"https:\/\/letrame.com\/catalogo\/wp-content\/uploads\/2024\/04\/webportada_laultimagran_1816mm-600x880-1.webp","contentUrl":"https:\/\/letrame.com\/catalogo\/wp-content\/uploads\/2024\/04\/webportada_laultimagran_1816mm-600x880-1.webp","width":600,"height":880},{"@type":"BreadcrumbList","@id":"https:\/\/letrame.com\/catalogo\/producto\/la-ultima-gran-dinastia-americana\/#breadcrumb","itemListElement":[{"@type":"ListItem","position":1,"name":"Portada","item":"https:\/\/letrame.com\/catalogo\/"},{"@type":"ListItem","position":2,"name":"Cat\u00e1logo","item":"https:\/\/letrame.com\/catalogo\/"},{"@type":"ListItem","position":3,"name":"La \u00faltima gran dinast\u00eda americana"}]},{"@type":"WebSite","@id":"https:\/\/letrame.com\/catalogo\/#website","url":"https:\/\/letrame.com\/catalogo\/","name":"Catalogo | Letrame Grupo Editorial","description":"","publisher":{"@id":"https:\/\/letrame.com\/catalogo\/#organization"},"potentialAction":[{"@type":"SearchAction","target":{"@type":"EntryPoint","urlTemplate":"https:\/\/letrame.com\/catalogo\/?s={search_term_string}"},"query-input":{"@type":"PropertyValueSpecification","valueRequired":true,"valueName":"search_term_string"}}],"inLanguage":"es"},{"@type":"Organization","@id":"https:\/\/letrame.com\/catalogo\/#organization","name":"Catalogo | Letrame Grupo Editorial","url":"https:\/\/letrame.com\/catalogo\/","logo":{"@type":"ImageObject","inLanguage":"es","@id":"https:\/\/letrame.com\/catalogo\/#\/schema\/logo\/image\/","url":"https:\/\/letrame.com\/catalogo\/wp-content\/uploads\/2024\/03\/logo2.webp","contentUrl":"https:\/\/letrame.com\/catalogo\/wp-content\/uploads\/2024\/03\/logo2.webp","width":394,"height":128,"caption":"Catalogo | Letrame Grupo Editorial"},"image":{"@id":"https:\/\/letrame.com\/catalogo\/#\/schema\/logo\/image\/"}}]}},"_links":{"self":[{"href":"https:\/\/letrame.com\/catalogo\/wp-json\/wp\/v2\/product\/99589","targetHints":{"allow":["GET"]}}],"collection":[{"href":"https:\/\/letrame.com\/catalogo\/wp-json\/wp\/v2\/product"}],"about":[{"href":"https:\/\/letrame.com\/catalogo\/wp-json\/wp\/v2\/types\/product"}],"replies":[{"embeddable":true,"href":"https:\/\/letrame.com\/catalogo\/wp-json\/wp\/v2\/comments?post=99589"}],"acf:post":[{"embeddable":true,"href":"https:\/\/letrame.com\/catalogo\/wp-json\/wp\/v2\/author_book\/77886"}],"wp:featuredmedia":[{"embeddable":true,"href":"https:\/\/letrame.com\/catalogo\/wp-json\/wp\/v2\/media\/100467"}],"wp:attachment":[{"href":"https:\/\/letrame.com\/catalogo\/wp-json\/wp\/v2\/media?parent=99589"}],"wp:term":[{"taxonomy":"libro","embeddable":true,"href":"https:\/\/letrame.com\/catalogo\/wp-json\/wp\/v2\/libro?post=99589"},{"taxonomy":"product_brand","embeddable":true,"href":"https:\/\/letrame.com\/catalogo\/wp-json\/wp\/v2\/product_brand?post=99589"},{"taxonomy":"product_cat","embeddable":true,"href":"https:\/\/letrame.com\/catalogo\/wp-json\/wp\/v2\/product_cat?post=99589"},{"taxonomy":"product_tag","embeddable":true,"href":"https:\/\/letrame.com\/catalogo\/wp-json\/wp\/v2\/product_tag?post=99589"}],"curies":[{"name":"wp","href":"https:\/\/api.w.org\/{rel}","templated":true}]}}