{"id":99587,"date":"2024-04-29T16:41:00","date_gmt":"2024-04-29T14:41:00","guid":{"rendered":"https:\/\/letrame.com\/catalogo\/producto\/heiron\/"},"modified":"2024-04-29T16:41:00","modified_gmt":"2024-04-29T14:41:00","slug":"heiron","status":"publish","type":"product","link":"https:\/\/letrame.com\/catalogo\/producto\/heiron\/","title":{"rendered":"Heiron"},"content":{"rendered":"<p>ISBN:\u00a0978-84-1181-558-1<br \/>\nT\u00edtulo:_Heiron<br \/>\nFecha:_2023<br \/>\nP\u00e1ginas:\u00a0612<\/p>\n<p>SINOPSIS<\/p>\n<p>La runa del Cielo es lo \u00fanico que podr\u00eda cambiar las cosas.<br \/>\nAlain casi no puede cre\u00e9rselo cuando, en su primera misi\u00f3n en solitario, por fin halla una pista s\u00f3lida de su paradero. Encontrarla es vital si quiere proteger a los suyos y evitar el fin del mundo.<br \/>\nA\u00f1os atr\u00e1s, Lea casi muere en un atentado.<br \/>\nNo se cobr\u00f3 su vida, pero si la transform\u00f3. Ahora vive en la otra punta del mundo, de manera muy hura\u00f1a. Por eso, su hermano la coacciona para que intente divertirse y vaya a una fiesta en la playa, acompa\u00f1ada por su vecina.<br \/>\nCuando un ins\u00f3lito encuentro lo cambia todo.<br \/>\nLo que Alain no esperaba era que sus enemigos lo encontraran ese mismo d\u00eda. Y lo que Lea ni se imaginaba era acabar secuestrada y encadenada con grilletes al desconocido al que intent\u00f3 defender de una paliza en su camino a casa despu\u00e9s de la fiesta.<br \/>\nEl hierro que los une es f\u00e9rreo e imposible de romper.<br \/>\nMientras Alain hace todo lo posible por escapar, Lea solo quiere volver a casa. Ambos se ver\u00e1n obligados a recorrer medio mundo mientras huyen de sus perseguidores. Un camino lleno de peligros y verdades que cambiar\u00e1n sus vidas para siempre.<\/p>\n","protected":false},"excerpt":{"rendered":"<p>ISBN:\u00a0978-84-1181-558-1<\/p>\n<p>SINOPSIS<\/p>\n<p>La runa del Cielo es lo \u00fanico que podr\u00eda cambiar las cosas.<br \/>\nAlain casi no puede cre\u00e9rselo cuando, en su primera misi\u00f3n en solitario, por fin halla una pista s\u00f3lida de su paradero. Encontrarla es vital si quiere proteger a los suyos y evitar el fin del mundo.<br \/>\nA\u00f1os atr\u00e1s, Lea casi muere en un atentado.<br \/>\nNo se cobr\u00f3 su vida, pero si la transform\u00f3. Ahora vive en la otra punta del mundo, de manera muy hura\u00f1a. Por eso, su hermano la coacciona para que intente divertirse y vaya a una fiesta en la playa, acompa\u00f1ada por su vecina.<br \/>\nCuando un ins\u00f3lito encuentro lo cambia todo.<br \/>\nLo que Alain no esperaba era que sus enemigos lo encontraran ese mismo d\u00eda. Y lo que Lea ni se imaginaba era acabar secuestrada y encadenada con grilletes al desconocido al que intent\u00f3 defender de una paliza en su camino a casa despu\u00e9s de la fiesta.<br \/>\nEl hierro que los une es f\u00e9rreo e imposible de romper.<br \/>\nMientras Alain hace todo lo posible por escapar, Lea solo quiere volver a casa. Ambos se ver\u00e1n obligados a recorrer medio mundo mientras huyen de sus perseguidores. Un camino lleno de peligros y verdades que cambiar\u00e1n sus vidas para siempre.<\/p>\n","protected":false},"featured_media":99588,"comment_status":"closed","ping_status":"open","template":"","meta":{"_acf_changed":false},"libro":[],"product_brand":[],"product_cat":[16],"product_tag":[],"class_list":{"0":"post-99587","1":"product","2":"type-product","3":"status-publish","4":"has-post-thumbnail","6":"product_cat-novela","8":"first","9":"instock","10":"product-type-simple"},"acf":{"autor":[77885],"enlace_de_compra":"https:\/\/www.paypal.com\/cgi-bin\/webscr?cmd=_s-xclick&hosted_button_id=P4B46FU4F77W8"},"yoast_head":"<!-- This site is optimized with the Yoast SEO plugin v27.4 - https:\/\/yoast.com\/product\/yoast-seo-wordpress\/ -->\n<title>Heiron - Catalogo | Letrame Grupo Editorial<\/title>\n<meta name=\"robots\" content=\"index, follow, max-snippet:-1, max-image-preview:large, max-video-preview:-1\" \/>\n<link rel=\"canonical\" href=\"https:\/\/letrame.com\/catalogo\/producto\/heiron\/\" \/>\n<meta property=\"og:locale\" content=\"es_ES\" \/>\n<meta property=\"og:type\" content=\"article\" \/>\n<meta property=\"og:title\" content=\"Heiron - Catalogo | Letrame Grupo Editorial\" \/>\n<meta property=\"og:description\" content=\"ISBN:\u00a0978-84-1181-558-1 SINOPSIS La runa del Cielo es lo \u00fanico que podr\u00eda cambiar las cosas. Alain casi no puede cre\u00e9rselo cuando, en su primera misi\u00f3n en solitario, por fin halla una pista s\u00f3lida de su paradero. Encontrarla es vital si quiere proteger a los suyos y evitar el fin del mundo. A\u00f1os atr\u00e1s, Lea casi muere en un atentado. No se cobr\u00f3 su vida, pero si la transform\u00f3. Ahora vive en la otra punta del mundo, de manera muy hura\u00f1a. Por eso, su hermano la coacciona para que intente divertirse y vaya a una fiesta en la playa, acompa\u00f1ada por su vecina. Cuando un ins\u00f3lito encuentro lo cambia todo. Lo que Alain no esperaba era que sus enemigos lo encontraran ese mismo d\u00eda. Y lo que Lea ni se imaginaba era acabar secuestrada y encadenada con grilletes al desconocido al que intent\u00f3 defender de una paliza en su camino a casa despu\u00e9s de la fiesta. El hierro que los une es f\u00e9rreo e imposible de romper. Mientras Alain hace todo lo posible por escapar, Lea solo quiere volver a casa. Ambos se ver\u00e1n obligados a recorrer medio mundo mientras huyen de sus perseguidores. Un camino lleno de peligros y verdades que cambiar\u00e1n sus vidas para siempre.\" \/>\n<meta property=\"og:url\" content=\"https:\/\/letrame.com\/catalogo\/producto\/heiron\/\" \/>\n<meta property=\"og:site_name\" content=\"Catalogo | Letrame Grupo Editorial\" \/>\n<meta property=\"og:image\" content=\"https:\/\/letrame.com\/catalogo\/wp-content\/uploads\/2024\/04\/web_Herion_2929mm-compressed-scaled-1.jpg\" \/>\n\t<meta property=\"og:image:width\" content=\"1746\" \/>\n\t<meta property=\"og:image:height\" content=\"2560\" \/>\n\t<meta property=\"og:image:type\" content=\"image\/jpeg\" \/>\n<meta name=\"twitter:card\" content=\"summary_large_image\" \/>\n<meta name=\"twitter:label1\" content=\"Tiempo de lectura\" \/>\n\t<meta name=\"twitter:data1\" content=\"1 minuto\" \/>\n<script type=\"application\/ld+json\" class=\"yoast-schema-graph\">{\"@context\":\"https:\\\/\\\/schema.org\",\"@graph\":[{\"@type\":\"WebPage\",\"@id\":\"https:\\\/\\\/letrame.com\\\/catalogo\\\/producto\\\/heiron\\\/\",\"url\":\"https:\\\/\\\/letrame.com\\\/catalogo\\\/producto\\\/heiron\\\/\",\"name\":\"Heiron - Catalogo | Letrame Grupo Editorial\",\"isPartOf\":{\"@id\":\"https:\\\/\\\/letrame.com\\\/catalogo\\\/#website\"},\"primaryImageOfPage\":{\"@id\":\"https:\\\/\\\/letrame.com\\\/catalogo\\\/producto\\\/heiron\\\/#primaryimage\"},\"image\":{\"@id\":\"https:\\\/\\\/letrame.com\\\/catalogo\\\/producto\\\/heiron\\\/#primaryimage\"},\"thumbnailUrl\":\"https:\\\/\\\/letrame.com\\\/catalogo\\\/wp-content\\\/uploads\\\/2024\\\/04\\\/web_Herion_2929mm-compressed-scaled-1.jpg\",\"datePublished\":\"2024-04-29T14:41:00+00:00\",\"breadcrumb\":{\"@id\":\"https:\\\/\\\/letrame.com\\\/catalogo\\\/producto\\\/heiron\\\/#breadcrumb\"},\"inLanguage\":\"es\",\"potentialAction\":[{\"@type\":\"ReadAction\",\"target\":[\"https:\\\/\\\/letrame.com\\\/catalogo\\\/producto\\\/heiron\\\/\"]}]},{\"@type\":\"ImageObject\",\"inLanguage\":\"es\",\"@id\":\"https:\\\/\\\/letrame.com\\\/catalogo\\\/producto\\\/heiron\\\/#primaryimage\",\"url\":\"https:\\\/\\\/letrame.com\\\/catalogo\\\/wp-content\\\/uploads\\\/2024\\\/04\\\/web_Herion_2929mm-compressed-scaled-1.jpg\",\"contentUrl\":\"https:\\\/\\\/letrame.com\\\/catalogo\\\/wp-content\\\/uploads\\\/2024\\\/04\\\/web_Herion_2929mm-compressed-scaled-1.jpg\",\"width\":1746,\"height\":2560},{\"@type\":\"BreadcrumbList\",\"@id\":\"https:\\\/\\\/letrame.com\\\/catalogo\\\/producto\\\/heiron\\\/#breadcrumb\",\"itemListElement\":[{\"@type\":\"ListItem\",\"position\":1,\"name\":\"Portada\",\"item\":\"https:\\\/\\\/letrame.com\\\/catalogo\\\/\"},{\"@type\":\"ListItem\",\"position\":2,\"name\":\"Cat\u00e1logo\",\"item\":\"https:\\\/\\\/letrame.com\\\/catalogo\\\/\"},{\"@type\":\"ListItem\",\"position\":3,\"name\":\"Heiron\"}]},{\"@type\":\"WebSite\",\"@id\":\"https:\\\/\\\/letrame.com\\\/catalogo\\\/#website\",\"url\":\"https:\\\/\\\/letrame.com\\\/catalogo\\\/\",\"name\":\"Catalogo | Letrame Grupo Editorial\",\"description\":\"\",\"publisher\":{\"@id\":\"https:\\\/\\\/letrame.com\\\/catalogo\\\/#organization\"},\"potentialAction\":[{\"@type\":\"SearchAction\",\"target\":{\"@type\":\"EntryPoint\",\"urlTemplate\":\"https:\\\/\\\/letrame.com\\\/catalogo\\\/?s={search_term_string}\"},\"query-input\":{\"@type\":\"PropertyValueSpecification\",\"valueRequired\":true,\"valueName\":\"search_term_string\"}}],\"inLanguage\":\"es\"},{\"@type\":\"Organization\",\"@id\":\"https:\\\/\\\/letrame.com\\\/catalogo\\\/#organization\",\"name\":\"Catalogo | Letrame Grupo Editorial\",\"url\":\"https:\\\/\\\/letrame.com\\\/catalogo\\\/\",\"logo\":{\"@type\":\"ImageObject\",\"inLanguage\":\"es\",\"@id\":\"https:\\\/\\\/letrame.com\\\/catalogo\\\/#\\\/schema\\\/logo\\\/image\\\/\",\"url\":\"https:\\\/\\\/letrame.com\\\/catalogo\\\/wp-content\\\/uploads\\\/2024\\\/03\\\/logo2.webp\",\"contentUrl\":\"https:\\\/\\\/letrame.com\\\/catalogo\\\/wp-content\\\/uploads\\\/2024\\\/03\\\/logo2.webp\",\"width\":394,\"height\":128,\"caption\":\"Catalogo | Letrame Grupo Editorial\"},\"image\":{\"@id\":\"https:\\\/\\\/letrame.com\\\/catalogo\\\/#\\\/schema\\\/logo\\\/image\\\/\"}}]}<\/script>\n<!-- \/ Yoast SEO plugin. -->","yoast_head_json":{"title":"Heiron - Catalogo | Letrame Grupo Editorial","robots":{"index":"index","follow":"follow","max-snippet":"max-snippet:-1","max-image-preview":"max-image-preview:large","max-video-preview":"max-video-preview:-1"},"canonical":"https:\/\/letrame.com\/catalogo\/producto\/heiron\/","og_locale":"es_ES","og_type":"article","og_title":"Heiron - Catalogo | Letrame Grupo Editorial","og_description":"ISBN:\u00a0978-84-1181-558-1 SINOPSIS La runa del Cielo es lo \u00fanico que podr\u00eda cambiar las cosas. Alain casi no puede cre\u00e9rselo cuando, en su primera misi\u00f3n en solitario, por fin halla una pista s\u00f3lida de su paradero. Encontrarla es vital si quiere proteger a los suyos y evitar el fin del mundo. A\u00f1os atr\u00e1s, Lea casi muere en un atentado. No se cobr\u00f3 su vida, pero si la transform\u00f3. Ahora vive en la otra punta del mundo, de manera muy hura\u00f1a. Por eso, su hermano la coacciona para que intente divertirse y vaya a una fiesta en la playa, acompa\u00f1ada por su vecina. Cuando un ins\u00f3lito encuentro lo cambia todo. Lo que Alain no esperaba era que sus enemigos lo encontraran ese mismo d\u00eda. Y lo que Lea ni se imaginaba era acabar secuestrada y encadenada con grilletes al desconocido al que intent\u00f3 defender de una paliza en su camino a casa despu\u00e9s de la fiesta. El hierro que los une es f\u00e9rreo e imposible de romper. Mientras Alain hace todo lo posible por escapar, Lea solo quiere volver a casa. Ambos se ver\u00e1n obligados a recorrer medio mundo mientras huyen de sus perseguidores. Un camino lleno de peligros y verdades que cambiar\u00e1n sus vidas para siempre.","og_url":"https:\/\/letrame.com\/catalogo\/producto\/heiron\/","og_site_name":"Catalogo | Letrame Grupo Editorial","og_image":[{"width":1746,"height":2560,"url":"https:\/\/letrame.com\/catalogo\/wp-content\/uploads\/2024\/04\/web_Herion_2929mm-compressed-scaled-1.jpg","type":"image\/jpeg"}],"twitter_card":"summary_large_image","twitter_misc":{"Tiempo de lectura":"1 minuto"},"schema":{"@context":"https:\/\/schema.org","@graph":[{"@type":"WebPage","@id":"https:\/\/letrame.com\/catalogo\/producto\/heiron\/","url":"https:\/\/letrame.com\/catalogo\/producto\/heiron\/","name":"Heiron - Catalogo | Letrame Grupo Editorial","isPartOf":{"@id":"https:\/\/letrame.com\/catalogo\/#website"},"primaryImageOfPage":{"@id":"https:\/\/letrame.com\/catalogo\/producto\/heiron\/#primaryimage"},"image":{"@id":"https:\/\/letrame.com\/catalogo\/producto\/heiron\/#primaryimage"},"thumbnailUrl":"https:\/\/letrame.com\/catalogo\/wp-content\/uploads\/2024\/04\/web_Herion_2929mm-compressed-scaled-1.jpg","datePublished":"2024-04-29T14:41:00+00:00","breadcrumb":{"@id":"https:\/\/letrame.com\/catalogo\/producto\/heiron\/#breadcrumb"},"inLanguage":"es","potentialAction":[{"@type":"ReadAction","target":["https:\/\/letrame.com\/catalogo\/producto\/heiron\/"]}]},{"@type":"ImageObject","inLanguage":"es","@id":"https:\/\/letrame.com\/catalogo\/producto\/heiron\/#primaryimage","url":"https:\/\/letrame.com\/catalogo\/wp-content\/uploads\/2024\/04\/web_Herion_2929mm-compressed-scaled-1.jpg","contentUrl":"https:\/\/letrame.com\/catalogo\/wp-content\/uploads\/2024\/04\/web_Herion_2929mm-compressed-scaled-1.jpg","width":1746,"height":2560},{"@type":"BreadcrumbList","@id":"https:\/\/letrame.com\/catalogo\/producto\/heiron\/#breadcrumb","itemListElement":[{"@type":"ListItem","position":1,"name":"Portada","item":"https:\/\/letrame.com\/catalogo\/"},{"@type":"ListItem","position":2,"name":"Cat\u00e1logo","item":"https:\/\/letrame.com\/catalogo\/"},{"@type":"ListItem","position":3,"name":"Heiron"}]},{"@type":"WebSite","@id":"https:\/\/letrame.com\/catalogo\/#website","url":"https:\/\/letrame.com\/catalogo\/","name":"Catalogo | Letrame Grupo Editorial","description":"","publisher":{"@id":"https:\/\/letrame.com\/catalogo\/#organization"},"potentialAction":[{"@type":"SearchAction","target":{"@type":"EntryPoint","urlTemplate":"https:\/\/letrame.com\/catalogo\/?s={search_term_string}"},"query-input":{"@type":"PropertyValueSpecification","valueRequired":true,"valueName":"search_term_string"}}],"inLanguage":"es"},{"@type":"Organization","@id":"https:\/\/letrame.com\/catalogo\/#organization","name":"Catalogo | Letrame Grupo Editorial","url":"https:\/\/letrame.com\/catalogo\/","logo":{"@type":"ImageObject","inLanguage":"es","@id":"https:\/\/letrame.com\/catalogo\/#\/schema\/logo\/image\/","url":"https:\/\/letrame.com\/catalogo\/wp-content\/uploads\/2024\/03\/logo2.webp","contentUrl":"https:\/\/letrame.com\/catalogo\/wp-content\/uploads\/2024\/03\/logo2.webp","width":394,"height":128,"caption":"Catalogo | Letrame Grupo Editorial"},"image":{"@id":"https:\/\/letrame.com\/catalogo\/#\/schema\/logo\/image\/"}}]}},"_links":{"self":[{"href":"https:\/\/letrame.com\/catalogo\/wp-json\/wp\/v2\/product\/99587","targetHints":{"allow":["GET"]}}],"collection":[{"href":"https:\/\/letrame.com\/catalogo\/wp-json\/wp\/v2\/product"}],"about":[{"href":"https:\/\/letrame.com\/catalogo\/wp-json\/wp\/v2\/types\/product"}],"replies":[{"embeddable":true,"href":"https:\/\/letrame.com\/catalogo\/wp-json\/wp\/v2\/comments?post=99587"}],"acf:post":[{"embeddable":true,"href":"https:\/\/letrame.com\/catalogo\/wp-json\/wp\/v2\/author_book\/77885"}],"wp:featuredmedia":[{"embeddable":true,"href":"https:\/\/letrame.com\/catalogo\/wp-json\/wp\/v2\/media\/99588"}],"wp:attachment":[{"href":"https:\/\/letrame.com\/catalogo\/wp-json\/wp\/v2\/media?parent=99587"}],"wp:term":[{"taxonomy":"libro","embeddable":true,"href":"https:\/\/letrame.com\/catalogo\/wp-json\/wp\/v2\/libro?post=99587"},{"taxonomy":"product_brand","embeddable":true,"href":"https:\/\/letrame.com\/catalogo\/wp-json\/wp\/v2\/product_brand?post=99587"},{"taxonomy":"product_cat","embeddable":true,"href":"https:\/\/letrame.com\/catalogo\/wp-json\/wp\/v2\/product_cat?post=99587"},{"taxonomy":"product_tag","embeddable":true,"href":"https:\/\/letrame.com\/catalogo\/wp-json\/wp\/v2\/product_tag?post=99587"}],"curies":[{"name":"wp","href":"https:\/\/api.w.org\/{rel}","templated":true}]}}