{"id":99578,"date":"2024-04-29T16:39:52","date_gmt":"2024-04-29T14:39:52","guid":{"rendered":"https:\/\/letrame.com\/catalogo\/producto\/el-chico-del-sur-2\/"},"modified":"2024-07-30T09:34:22","modified_gmt":"2024-07-30T07:34:22","slug":"el-chico-del-sur-2","status":"publish","type":"product","link":"https:\/\/letrame.com\/catalogo\/producto\/el-chico-del-sur-2\/","title":{"rendered":"El chico del sur"},"content":{"rendered":"<p><strong>ISBN<\/strong>: 978-84-1114-678-4<\/p>\n<p><strong>T\u00edtulo<\/strong>: El chico del sur<br \/>\n<strong>Fecha<\/strong>: 2022<br \/>\n<strong>P\u00e1ginas<\/strong>: 80<\/p>\n<p><strong>SINOPSIS<\/strong><\/p>\n<p class=\"Standard\">El chico del sur es un repaso a nuestra vida. El ni\u00f1o que todos fuimos y somos. El entusiasmo perdido y recuperado. La conexi\u00f3n del ser con la m\u00e1s sabia de todas las madres: la naturaleza. El amor y el desamor en la adolescencia y la juventud. Aquellos sue\u00f1os frustrados y las utop\u00edas que se hacen realidad ante las miradas ingenuas de nuestro alrededor. La p\u00e9rdida repentina y el valor de la regeneraci\u00f3n espiritual. Los traumas m\u00e1s profundos y sus neurosis. Es sexo en su estado m\u00e1s primitivo y pasional. Es irresponsabilidad, hedonismo, enga\u00f1o, fracaso&#8230;pero tambi\u00e9n, es compromiso, valent\u00eda, coraje y \u00e9xito.<\/p>\n<p class=\"Standard\">\n<p class=\"Standard\">Este chico que se considera sur, tambi\u00e9n encuentra su norte, su este y oeste. Es una b\u00fasqueda de los cuatro puntos cardinales, es un proceso en el que todos y todas nos vamos a sentir identificados de alguna forma. Son experiencias con mucho de verdad en sus discursos, disfrazados de misterio, reflexi\u00f3n e incertidumbre.<\/p>\n<p class=\"Standard\">\n<p class=\"Standard\">No os dej\u00e9is enga\u00f1ar queridos lectores, porque aqu\u00ed, tambi\u00e9n habitan los \u00e1ngeles y demonios que en ocasiones invaden nuestras entra\u00f1as y sentidos. Es un continuo resurgir. Aqu\u00ed se muere pero tambi\u00e9n se resucita. En este libro plagado de relatos, microrrelatos y poes\u00edas, t\u00fa eres el ave f\u00e9nix que resurge de sus cenizas en busca de su estabilidad y regeneraci\u00f3n m\u00e1s profunda.<\/p>\n<p class=\"Standard\">\n<p class=\"Standard\">Te invito libre, sin complejos, a adentrarte en las profundidades de este libro que es vida en su m\u00e1s amplio t\u00e9rmino de la palabra.<\/p>\n<p class=\"Standard\">\n<p class=\"Standard\">Adelante.<\/p>\n","protected":false},"excerpt":{"rendered":"<p><strong>ISBN<\/strong>: 978-84-1114-678-4<\/p>\n<p><strong>SINOPSIS<\/strong><\/p>\n<p class=\"Standard\">El chico del sur es un repaso a nuestra vida. El ni\u00f1o que todos fuimos y somos. El entusiasmo perdido y recuperado. La conexi\u00f3n del ser con la m\u00e1s sabia de todas las madres: la naturaleza. El amor y el desamor en la adolescencia y la juventud. Aquellos sue\u00f1os frustrados y las utop\u00edas que se hacen realidad ante las miradas ingenuas de nuestro alrededor. La p\u00e9rdida repentina y el valor de la regeneraci\u00f3n espiritual. Los traumas m\u00e1s profundos y sus neurosis. Es sexo en su estado m\u00e1s primitivo y pasional. Es irresponsabilidad, hedonismo, enga\u00f1o, fracaso&#8230;pero tambi\u00e9n, es compromiso, valent\u00eda, coraje y \u00e9xito.<\/p>\n<p class=\"Standard\">\n<p class=\"Standard\">Este chico que se considera sur, tambi\u00e9n encuentra su norte, su este y oeste. Es una b\u00fasqueda de los cuatro puntos cardinales, es un proceso en el que todos y todas nos vamos a sentir identificados de alguna forma. Son experiencias con mucho de verdad en sus discursos, disfrazados de misterio, reflexi\u00f3n e incertidumbre.<\/p>\n<p class=\"Standard\">\n<p class=\"Standard\">No os dej\u00e9is enga\u00f1ar queridos lectores, porque aqu\u00ed, tambi\u00e9n habitan los \u00e1ngeles y demonios que en ocasiones invaden nuestras entra\u00f1as y sentidos. Es un continuo resurgir. Aqu\u00ed se muere pero tambi\u00e9n se resucita. En este libro plagado de relatos, microrrelatos y poes\u00edas, t\u00fa eres el ave f\u00e9nix que resurge de sus cenizas en busca de su estabilidad y regeneraci\u00f3n m\u00e1s profunda.<\/p>\n<p class=\"Standard\">\n<p class=\"Standard\">Te invito libre, sin complejos, a adentrarte en las profundidades de este libro que es vida en su m\u00e1s amplio t\u00e9rmino de la palabra.<\/p>\n<p class=\"Standard\">\n<p class=\"Standard\">Adelante.<\/p>\n","protected":false},"featured_media":99579,"comment_status":"closed","ping_status":"closed","template":"","meta":{"_acf_changed":false},"libro":[],"product_brand":[],"product_cat":[21,26],"product_tag":[],"class_list":{"0":"post-99578","1":"product","2":"type-product","3":"status-publish","4":"has-post-thumbnail","6":"product_cat-relato","7":"product_cat-sin-categoria","9":"first","10":"instock","11":"product-type-simple"},"acf":{"autor":[76777],"enlace_de_compra":""},"yoast_head":"<!-- This site is optimized with the Yoast SEO plugin v26.6 - https:\/\/yoast.com\/wordpress\/plugins\/seo\/ -->\n<title>El chico del sur - Catalogo | Letrame Grupo Editorial<\/title>\n<meta name=\"robots\" content=\"index, follow, max-snippet:-1, max-image-preview:large, max-video-preview:-1\" \/>\n<link rel=\"canonical\" href=\"https:\/\/letrame.com\/catalogo\/producto\/el-chico-del-sur-2\/\" \/>\n<meta property=\"og:locale\" content=\"es_ES\" \/>\n<meta property=\"og:type\" content=\"article\" \/>\n<meta property=\"og:title\" content=\"El chico del sur - Catalogo | Letrame Grupo Editorial\" \/>\n<meta property=\"og:description\" content=\"ISBN: 978-84-1114-678-4 SINOPSIS El chico del sur es un repaso a nuestra vida. El ni\u00f1o que todos fuimos y somos. El entusiasmo perdido y recuperado. La conexi\u00f3n del ser con la m\u00e1s sabia de todas las madres: la naturaleza. El amor y el desamor en la adolescencia y la juventud. Aquellos sue\u00f1os frustrados y las utop\u00edas que se hacen realidad ante las miradas ingenuas de nuestro alrededor. La p\u00e9rdida repentina y el valor de la regeneraci\u00f3n espiritual. Los traumas m\u00e1s profundos y sus neurosis. Es sexo en su estado m\u00e1s primitivo y pasional. Es irresponsabilidad, hedonismo, enga\u00f1o, fracaso...pero tambi\u00e9n, es compromiso, valent\u00eda, coraje y \u00e9xito. Este chico que se considera sur, tambi\u00e9n encuentra su norte, su este y oeste. Es una b\u00fasqueda de los cuatro puntos cardinales, es un proceso en el que todos y todas nos vamos a sentir identificados de alguna forma. Son experiencias con mucho de verdad en sus discursos, disfrazados de misterio, reflexi\u00f3n e incertidumbre. No os dej\u00e9is enga\u00f1ar queridos lectores, porque aqu\u00ed, tambi\u00e9n habitan los \u00e1ngeles y demonios que en ocasiones invaden nuestras entra\u00f1as y sentidos. Es un continuo resurgir. Aqu\u00ed se muere pero tambi\u00e9n se resucita. En este libro plagado de relatos, microrrelatos y poes\u00edas, t\u00fa eres el ave f\u00e9nix que resurge de sus cenizas en busca de su estabilidad y regeneraci\u00f3n m\u00e1s profunda. Te invito libre, sin complejos, a adentrarte en las profundidades de este libro que es vida en su m\u00e1s amplio t\u00e9rmino de la palabra. Adelante.\" \/>\n<meta property=\"og:url\" content=\"https:\/\/letrame.com\/catalogo\/producto\/el-chico-del-sur-2\/\" \/>\n<meta property=\"og:site_name\" content=\"Catalogo | Letrame Grupo Editorial\" \/>\n<meta property=\"article:modified_time\" content=\"2024-07-30T07:34:22+00:00\" \/>\n<meta property=\"og:image\" content=\"https:\/\/letrame.com\/catalogo\/wp-content\/uploads\/2024\/04\/redportada_elchicodelsur_48mm-compressed.jpg\" \/>\n\t<meta property=\"og:image:width\" content=\"601\" \/>\n\t<meta property=\"og:image:height\" content=\"881\" \/>\n\t<meta property=\"og:image:type\" content=\"image\/jpeg\" \/>\n<meta name=\"twitter:card\" content=\"summary_large_image\" \/>\n<meta name=\"twitter:label1\" content=\"Tiempo de lectura\" \/>\n\t<meta name=\"twitter:data1\" content=\"1 minuto\" \/>\n<script type=\"application\/ld+json\" class=\"yoast-schema-graph\">{\"@context\":\"https:\/\/schema.org\",\"@graph\":[{\"@type\":\"WebPage\",\"@id\":\"https:\/\/letrame.com\/catalogo\/producto\/el-chico-del-sur-2\/\",\"url\":\"https:\/\/letrame.com\/catalogo\/producto\/el-chico-del-sur-2\/\",\"name\":\"El chico del sur - Catalogo | Letrame Grupo Editorial\",\"isPartOf\":{\"@id\":\"https:\/\/letrame.com\/catalogo\/#website\"},\"primaryImageOfPage\":{\"@id\":\"https:\/\/letrame.com\/catalogo\/producto\/el-chico-del-sur-2\/#primaryimage\"},\"image\":{\"@id\":\"https:\/\/letrame.com\/catalogo\/producto\/el-chico-del-sur-2\/#primaryimage\"},\"thumbnailUrl\":\"https:\/\/letrame.com\/catalogo\/wp-content\/uploads\/2024\/04\/redportada_elchicodelsur_48mm-compressed.jpg\",\"datePublished\":\"2024-04-29T14:39:52+00:00\",\"dateModified\":\"2024-07-30T07:34:22+00:00\",\"breadcrumb\":{\"@id\":\"https:\/\/letrame.com\/catalogo\/producto\/el-chico-del-sur-2\/#breadcrumb\"},\"inLanguage\":\"es\",\"potentialAction\":[{\"@type\":\"ReadAction\",\"target\":[\"https:\/\/letrame.com\/catalogo\/producto\/el-chico-del-sur-2\/\"]}]},{\"@type\":\"ImageObject\",\"inLanguage\":\"es\",\"@id\":\"https:\/\/letrame.com\/catalogo\/producto\/el-chico-del-sur-2\/#primaryimage\",\"url\":\"https:\/\/letrame.com\/catalogo\/wp-content\/uploads\/2024\/04\/redportada_elchicodelsur_48mm-compressed.jpg\",\"contentUrl\":\"https:\/\/letrame.com\/catalogo\/wp-content\/uploads\/2024\/04\/redportada_elchicodelsur_48mm-compressed.jpg\",\"width\":601,\"height\":881},{\"@type\":\"BreadcrumbList\",\"@id\":\"https:\/\/letrame.com\/catalogo\/producto\/el-chico-del-sur-2\/#breadcrumb\",\"itemListElement\":[{\"@type\":\"ListItem\",\"position\":1,\"name\":\"Portada\",\"item\":\"https:\/\/letrame.com\/catalogo\/\"},{\"@type\":\"ListItem\",\"position\":2,\"name\":\"Cat\u00e1logo\",\"item\":\"https:\/\/letrame.com\/catalogo\/\"},{\"@type\":\"ListItem\",\"position\":3,\"name\":\"El chico del sur\"}]},{\"@type\":\"WebSite\",\"@id\":\"https:\/\/letrame.com\/catalogo\/#website\",\"url\":\"https:\/\/letrame.com\/catalogo\/\",\"name\":\"Catalogo | Letrame Grupo Editorial\",\"description\":\"\",\"publisher\":{\"@id\":\"https:\/\/letrame.com\/catalogo\/#organization\"},\"potentialAction\":[{\"@type\":\"SearchAction\",\"target\":{\"@type\":\"EntryPoint\",\"urlTemplate\":\"https:\/\/letrame.com\/catalogo\/?s={search_term_string}\"},\"query-input\":{\"@type\":\"PropertyValueSpecification\",\"valueRequired\":true,\"valueName\":\"search_term_string\"}}],\"inLanguage\":\"es\"},{\"@type\":\"Organization\",\"@id\":\"https:\/\/letrame.com\/catalogo\/#organization\",\"name\":\"Catalogo | Letrame Grupo Editorial\",\"url\":\"https:\/\/letrame.com\/catalogo\/\",\"logo\":{\"@type\":\"ImageObject\",\"inLanguage\":\"es\",\"@id\":\"https:\/\/letrame.com\/catalogo\/#\/schema\/logo\/image\/\",\"url\":\"https:\/\/letrame.com\/catalogo\/wp-content\/uploads\/2024\/03\/logo2.webp\",\"contentUrl\":\"https:\/\/letrame.com\/catalogo\/wp-content\/uploads\/2024\/03\/logo2.webp\",\"width\":394,\"height\":128,\"caption\":\"Catalogo | Letrame Grupo Editorial\"},\"image\":{\"@id\":\"https:\/\/letrame.com\/catalogo\/#\/schema\/logo\/image\/\"}}]}<\/script>\n<!-- \/ Yoast SEO plugin. -->","yoast_head_json":{"title":"El chico del sur - Catalogo | Letrame Grupo Editorial","robots":{"index":"index","follow":"follow","max-snippet":"max-snippet:-1","max-image-preview":"max-image-preview:large","max-video-preview":"max-video-preview:-1"},"canonical":"https:\/\/letrame.com\/catalogo\/producto\/el-chico-del-sur-2\/","og_locale":"es_ES","og_type":"article","og_title":"El chico del sur - Catalogo | Letrame Grupo Editorial","og_description":"ISBN: 978-84-1114-678-4 SINOPSIS El chico del sur es un repaso a nuestra vida. El ni\u00f1o que todos fuimos y somos. El entusiasmo perdido y recuperado. La conexi\u00f3n del ser con la m\u00e1s sabia de todas las madres: la naturaleza. El amor y el desamor en la adolescencia y la juventud. Aquellos sue\u00f1os frustrados y las utop\u00edas que se hacen realidad ante las miradas ingenuas de nuestro alrededor. La p\u00e9rdida repentina y el valor de la regeneraci\u00f3n espiritual. Los traumas m\u00e1s profundos y sus neurosis. Es sexo en su estado m\u00e1s primitivo y pasional. Es irresponsabilidad, hedonismo, enga\u00f1o, fracaso...pero tambi\u00e9n, es compromiso, valent\u00eda, coraje y \u00e9xito. Este chico que se considera sur, tambi\u00e9n encuentra su norte, su este y oeste. Es una b\u00fasqueda de los cuatro puntos cardinales, es un proceso en el que todos y todas nos vamos a sentir identificados de alguna forma. Son experiencias con mucho de verdad en sus discursos, disfrazados de misterio, reflexi\u00f3n e incertidumbre. No os dej\u00e9is enga\u00f1ar queridos lectores, porque aqu\u00ed, tambi\u00e9n habitan los \u00e1ngeles y demonios que en ocasiones invaden nuestras entra\u00f1as y sentidos. Es un continuo resurgir. Aqu\u00ed se muere pero tambi\u00e9n se resucita. En este libro plagado de relatos, microrrelatos y poes\u00edas, t\u00fa eres el ave f\u00e9nix que resurge de sus cenizas en busca de su estabilidad y regeneraci\u00f3n m\u00e1s profunda. Te invito libre, sin complejos, a adentrarte en las profundidades de este libro que es vida en su m\u00e1s amplio t\u00e9rmino de la palabra. Adelante.","og_url":"https:\/\/letrame.com\/catalogo\/producto\/el-chico-del-sur-2\/","og_site_name":"Catalogo | Letrame Grupo Editorial","article_modified_time":"2024-07-30T07:34:22+00:00","og_image":[{"width":601,"height":881,"url":"https:\/\/letrame.com\/catalogo\/wp-content\/uploads\/2024\/04\/redportada_elchicodelsur_48mm-compressed.jpg","type":"image\/jpeg"}],"twitter_card":"summary_large_image","twitter_misc":{"Tiempo de lectura":"1 minuto"},"schema":{"@context":"https:\/\/schema.org","@graph":[{"@type":"WebPage","@id":"https:\/\/letrame.com\/catalogo\/producto\/el-chico-del-sur-2\/","url":"https:\/\/letrame.com\/catalogo\/producto\/el-chico-del-sur-2\/","name":"El chico del sur - Catalogo | Letrame Grupo Editorial","isPartOf":{"@id":"https:\/\/letrame.com\/catalogo\/#website"},"primaryImageOfPage":{"@id":"https:\/\/letrame.com\/catalogo\/producto\/el-chico-del-sur-2\/#primaryimage"},"image":{"@id":"https:\/\/letrame.com\/catalogo\/producto\/el-chico-del-sur-2\/#primaryimage"},"thumbnailUrl":"https:\/\/letrame.com\/catalogo\/wp-content\/uploads\/2024\/04\/redportada_elchicodelsur_48mm-compressed.jpg","datePublished":"2024-04-29T14:39:52+00:00","dateModified":"2024-07-30T07:34:22+00:00","breadcrumb":{"@id":"https:\/\/letrame.com\/catalogo\/producto\/el-chico-del-sur-2\/#breadcrumb"},"inLanguage":"es","potentialAction":[{"@type":"ReadAction","target":["https:\/\/letrame.com\/catalogo\/producto\/el-chico-del-sur-2\/"]}]},{"@type":"ImageObject","inLanguage":"es","@id":"https:\/\/letrame.com\/catalogo\/producto\/el-chico-del-sur-2\/#primaryimage","url":"https:\/\/letrame.com\/catalogo\/wp-content\/uploads\/2024\/04\/redportada_elchicodelsur_48mm-compressed.jpg","contentUrl":"https:\/\/letrame.com\/catalogo\/wp-content\/uploads\/2024\/04\/redportada_elchicodelsur_48mm-compressed.jpg","width":601,"height":881},{"@type":"BreadcrumbList","@id":"https:\/\/letrame.com\/catalogo\/producto\/el-chico-del-sur-2\/#breadcrumb","itemListElement":[{"@type":"ListItem","position":1,"name":"Portada","item":"https:\/\/letrame.com\/catalogo\/"},{"@type":"ListItem","position":2,"name":"Cat\u00e1logo","item":"https:\/\/letrame.com\/catalogo\/"},{"@type":"ListItem","position":3,"name":"El chico del sur"}]},{"@type":"WebSite","@id":"https:\/\/letrame.com\/catalogo\/#website","url":"https:\/\/letrame.com\/catalogo\/","name":"Catalogo | Letrame Grupo Editorial","description":"","publisher":{"@id":"https:\/\/letrame.com\/catalogo\/#organization"},"potentialAction":[{"@type":"SearchAction","target":{"@type":"EntryPoint","urlTemplate":"https:\/\/letrame.com\/catalogo\/?s={search_term_string}"},"query-input":{"@type":"PropertyValueSpecification","valueRequired":true,"valueName":"search_term_string"}}],"inLanguage":"es"},{"@type":"Organization","@id":"https:\/\/letrame.com\/catalogo\/#organization","name":"Catalogo | Letrame Grupo Editorial","url":"https:\/\/letrame.com\/catalogo\/","logo":{"@type":"ImageObject","inLanguage":"es","@id":"https:\/\/letrame.com\/catalogo\/#\/schema\/logo\/image\/","url":"https:\/\/letrame.com\/catalogo\/wp-content\/uploads\/2024\/03\/logo2.webp","contentUrl":"https:\/\/letrame.com\/catalogo\/wp-content\/uploads\/2024\/03\/logo2.webp","width":394,"height":128,"caption":"Catalogo | Letrame Grupo Editorial"},"image":{"@id":"https:\/\/letrame.com\/catalogo\/#\/schema\/logo\/image\/"}}]}},"_links":{"self":[{"href":"https:\/\/letrame.com\/catalogo\/wp-json\/wp\/v2\/product\/99578","targetHints":{"allow":["GET"]}}],"collection":[{"href":"https:\/\/letrame.com\/catalogo\/wp-json\/wp\/v2\/product"}],"about":[{"href":"https:\/\/letrame.com\/catalogo\/wp-json\/wp\/v2\/types\/product"}],"replies":[{"embeddable":true,"href":"https:\/\/letrame.com\/catalogo\/wp-json\/wp\/v2\/comments?post=99578"}],"acf:post":[{"embeddable":true,"href":"https:\/\/letrame.com\/catalogo\/wp-json\/wp\/v2\/author_book\/76777"}],"wp:featuredmedia":[{"embeddable":true,"href":"https:\/\/letrame.com\/catalogo\/wp-json\/wp\/v2\/media\/99579"}],"wp:attachment":[{"href":"https:\/\/letrame.com\/catalogo\/wp-json\/wp\/v2\/media?parent=99578"}],"wp:term":[{"taxonomy":"libro","embeddable":true,"href":"https:\/\/letrame.com\/catalogo\/wp-json\/wp\/v2\/libro?post=99578"},{"taxonomy":"product_brand","embeddable":true,"href":"https:\/\/letrame.com\/catalogo\/wp-json\/wp\/v2\/product_brand?post=99578"},{"taxonomy":"product_cat","embeddable":true,"href":"https:\/\/letrame.com\/catalogo\/wp-json\/wp\/v2\/product_cat?post=99578"},{"taxonomy":"product_tag","embeddable":true,"href":"https:\/\/letrame.com\/catalogo\/wp-json\/wp\/v2\/product_tag?post=99578"}],"curies":[{"name":"wp","href":"https:\/\/api.w.org\/{rel}","templated":true}]}}