{"id":99524,"date":"2024-04-29T16:33:21","date_gmt":"2024-04-29T14:33:21","guid":{"rendered":"https:\/\/letrame.com\/catalogo\/producto\/esquema-derecho-penal-y-conducta-humana-2\/"},"modified":"2024-07-29T08:29:09","modified_gmt":"2024-07-29T06:29:09","slug":"esquema-derecho-penal-y-conducta-humana-2","status":"publish","type":"product","link":"https:\/\/letrame.com\/catalogo\/producto\/esquema-derecho-penal-y-conducta-humana-2\/","title":{"rendered":"Esquema, derecho penal y conducta humana"},"content":{"rendered":"<p><strong>ISBN<\/strong>: 978-84-1144-106-3<\/p>\n<p><strong>T\u00edtulo<\/strong>: Esquema, derecho penal y conducta humana<br \/>\n<strong>Fecha<\/strong>: 2022<br \/>\n<strong>P\u00e1ginas<\/strong>: 240<\/p>\n<p><strong>SINOPSIS<\/strong><\/p>\n<p>El trabajo que ha realizado aqu\u00ed Jos\u00e9 Ram\u00f3n Ruiz Ant\u00f3n y Francisco Caravaca Martinez es digno de encomio. Su <em>Esquemas de Derecho Penal y Conducta Humana<\/em> es una obra que debiera situarse en todas las estanter\u00edas de cualquier hogar que se precie bueno y cultivado.<\/p>\n<p>Gracias a sus diapositivas, explicadas con acierto y claridad, Jose Ramon y Francisco nos desgranan el funcionamiento general de nuestro sistema penal, captando lo esencial de cada uno de los \u00e1mbitos penales (parte general, parte especial y parte procesal), as\u00ed como desarrollar los aspectos m\u00e1s esenciales del comportamiento humano y de la organizaci\u00f3n social en prision. Interesante obra para cualquier individuo que quiera conocer el mundo penal y psicol\u00f3gico, desde un punto de vista pedag\u00f3gico, entendiendo y comprendiendo todos los avatares de las diferentes situaciones que se puedan suscitar.<\/p>\n<p>Estas diapositivas son llamativas, algo esencial a la hora de que nuestra atenci\u00f3n se focalice y nos ayude a absorber el complejo mecanismo que Jose Ramon y Francisco nos presenta. Por otro lado, la dinamicidad de las diapositivas entre s\u00ed, creada gracias a la gran variedad de gr\u00e1ficos, ayudan a que el lector no se distraiga y sea capaz de mantener su mirada fija en el contenido durante largos periodos de tiempo. Asimismo, el uso de los colores es muy importante para que nuestras mentes sepan la importancia de lo que se est\u00e1 estudiando a golpe de vista. En general, todas las diapositivas mantienen una buena organizaci\u00f3n y disposici\u00f3n, elementos que solamente suman a la experiencia del lector.<\/p>\n<p>Adem\u00e1s, el uso del lenguaje por parte de Jose Ramon y Francisco \u00a0es preciso como el de un bistur\u00ed y l\u00edmpido como un lago transparente, algo que no es nada f\u00e1cil teniendo en cuenta la magnitud y la dimensi\u00f3n de su trabajo.<\/p>\n<p>En conclusi\u00f3n, solo podemos estar agradecidos a nuestro autor por su tiempo y dedicaci\u00f3n que, definitivamente, aporta un grano de luz en mitad de la inmensa oscuridad que se cierne poco a poco sobre nosotros.<\/p>\n","protected":false},"excerpt":{"rendered":"<p><strong>ISBN<\/strong>: 978-84-1144-106-3<\/p>\n<p><strong>SINOPSIS<\/strong><\/p>\n<p>Si necesitas ayuda para comprender los entresijos del Derecho Penal y la tem\u00e1tica de Conducta Humana de las oposiciones al Cuerpo de Ayudantes de IIPP, est\u00e1s ante el libro indicado. Esta obra se sumerge en el \u00e1mbito penal y psicol\u00f3gico, \u00a0para ir avanzando poco a poco y detenidamente en el funcionamiento general de nuestro ordenamiento jur\u00eddico y en el conocimiento de los aspectos principales de la psicolog\u00eda.<\/p>\n<p><em>Esquemas de Derecho Penal y conducta humana<\/em> da lo que el t\u00edtulo exactamente indica: una serie de esquemas que retratan con precisi\u00f3n y claridad los puntos m\u00e1s esenciales del \u00e1mbito penal y psicol\u00f3gico.<\/p>\n<p>Cada diapositiva dise\u00f1ada por Jose Ramon Ruiz Anton y Francisco Caravaca Martinez, te ser\u00e1 de gran utilidad para ahondar en ciertos funcionamientos y operaciones que deber\u00edamos conocer.<\/p>\n<p>&nbsp;<\/p>\n","protected":false},"featured_media":100471,"comment_status":"closed","ping_status":"closed","template":"","meta":{"_acf_changed":false},"libro":[],"product_brand":[],"product_cat":[26],"product_tag":[],"class_list":{"0":"post-99524","1":"product","2":"type-product","3":"status-publish","4":"has-post-thumbnail","6":"product_cat-sin-categoria","8":"first","9":"instock","10":"product-type-simple"},"acf":{"autor":[76864,76027],"enlace_de_compra":""},"yoast_head":"<!-- This site is optimized with the Yoast SEO plugin v27.4 - https:\/\/yoast.com\/product\/yoast-seo-wordpress\/ -->\n<title>Esquema, derecho penal y conducta humana - Catalogo | Letrame Grupo Editorial<\/title>\n<meta name=\"robots\" content=\"index, follow, max-snippet:-1, max-image-preview:large, max-video-preview:-1\" \/>\n<link rel=\"canonical\" href=\"https:\/\/letrame.com\/catalogo\/producto\/esquema-derecho-penal-y-conducta-humana-2\/\" \/>\n<meta property=\"og:locale\" content=\"es_ES\" \/>\n<meta property=\"og:type\" content=\"article\" \/>\n<meta property=\"og:title\" content=\"Esquema, derecho penal y conducta humana - Catalogo | Letrame Grupo Editorial\" \/>\n<meta property=\"og:description\" content=\"ISBN: 978-84-1144-106-3  SINOPSIS  Si necesitas ayuda para comprender los entresijos del Derecho Penal y la tem\u00e1tica de Conducta Humana de las oposiciones al Cuerpo de Ayudantes de IIPP, est\u00e1s ante el libro indicado. Esta obra se sumerge en el \u00e1mbito penal y psicol\u00f3gico, \u00a0para ir avanzando poco a poco y detenidamente en el funcionamiento general de nuestro ordenamiento jur\u00eddico y en el conocimiento de los aspectos principales de la psicolog\u00eda.  Esquemas de Derecho Penal y conducta humana da lo que el t\u00edtulo exactamente indica: una serie de esquemas que retratan con precisi\u00f3n y claridad los puntos m\u00e1s esenciales del \u00e1mbito penal y psicol\u00f3gico.  Cada diapositiva dise\u00f1ada por Jose Ramon Ruiz Anton y Francisco Caravaca Martinez, te ser\u00e1 de gran utilidad para ahondar en ciertos funcionamientos y operaciones que deber\u00edamos conocer.  &nbsp;\" \/>\n<meta property=\"og:url\" content=\"https:\/\/letrame.com\/catalogo\/producto\/esquema-derecho-penal-y-conducta-humana-2\/\" \/>\n<meta property=\"og:site_name\" content=\"Catalogo | Letrame Grupo Editorial\" \/>\n<meta property=\"article:modified_time\" content=\"2024-07-29T06:29:09+00:00\" \/>\n<meta property=\"og:image\" content=\"https:\/\/letrame.com\/catalogo\/wp-content\/uploads\/2024\/04\/redportada_esquemas_12mm.webp\" \/>\n\t<meta property=\"og:image:width\" content=\"601\" \/>\n\t<meta property=\"og:image:height\" content=\"429\" \/>\n\t<meta property=\"og:image:type\" content=\"image\/webp\" \/>\n<meta name=\"twitter:card\" content=\"summary_large_image\" \/>\n<meta name=\"twitter:label1\" content=\"Tiempo de lectura\" \/>\n\t<meta name=\"twitter:data1\" content=\"2 minutos\" \/>\n<script type=\"application\/ld+json\" class=\"yoast-schema-graph\">{\"@context\":\"https:\\\/\\\/schema.org\",\"@graph\":[{\"@type\":\"WebPage\",\"@id\":\"https:\\\/\\\/letrame.com\\\/catalogo\\\/producto\\\/esquema-derecho-penal-y-conducta-humana-2\\\/\",\"url\":\"https:\\\/\\\/letrame.com\\\/catalogo\\\/producto\\\/esquema-derecho-penal-y-conducta-humana-2\\\/\",\"name\":\"Esquema, derecho penal y conducta humana - Catalogo | Letrame Grupo Editorial\",\"isPartOf\":{\"@id\":\"https:\\\/\\\/letrame.com\\\/catalogo\\\/#website\"},\"primaryImageOfPage\":{\"@id\":\"https:\\\/\\\/letrame.com\\\/catalogo\\\/producto\\\/esquema-derecho-penal-y-conducta-humana-2\\\/#primaryimage\"},\"image\":{\"@id\":\"https:\\\/\\\/letrame.com\\\/catalogo\\\/producto\\\/esquema-derecho-penal-y-conducta-humana-2\\\/#primaryimage\"},\"thumbnailUrl\":\"https:\\\/\\\/letrame.com\\\/catalogo\\\/wp-content\\\/uploads\\\/2024\\\/04\\\/redportada_esquemas_12mm.webp\",\"datePublished\":\"2024-04-29T14:33:21+00:00\",\"dateModified\":\"2024-07-29T06:29:09+00:00\",\"breadcrumb\":{\"@id\":\"https:\\\/\\\/letrame.com\\\/catalogo\\\/producto\\\/esquema-derecho-penal-y-conducta-humana-2\\\/#breadcrumb\"},\"inLanguage\":\"es\",\"potentialAction\":[{\"@type\":\"ReadAction\",\"target\":[\"https:\\\/\\\/letrame.com\\\/catalogo\\\/producto\\\/esquema-derecho-penal-y-conducta-humana-2\\\/\"]}]},{\"@type\":\"ImageObject\",\"inLanguage\":\"es\",\"@id\":\"https:\\\/\\\/letrame.com\\\/catalogo\\\/producto\\\/esquema-derecho-penal-y-conducta-humana-2\\\/#primaryimage\",\"url\":\"https:\\\/\\\/letrame.com\\\/catalogo\\\/wp-content\\\/uploads\\\/2024\\\/04\\\/redportada_esquemas_12mm.webp\",\"contentUrl\":\"https:\\\/\\\/letrame.com\\\/catalogo\\\/wp-content\\\/uploads\\\/2024\\\/04\\\/redportada_esquemas_12mm.webp\",\"width\":601,\"height\":429},{\"@type\":\"BreadcrumbList\",\"@id\":\"https:\\\/\\\/letrame.com\\\/catalogo\\\/producto\\\/esquema-derecho-penal-y-conducta-humana-2\\\/#breadcrumb\",\"itemListElement\":[{\"@type\":\"ListItem\",\"position\":1,\"name\":\"Portada\",\"item\":\"https:\\\/\\\/letrame.com\\\/catalogo\\\/\"},{\"@type\":\"ListItem\",\"position\":2,\"name\":\"Cat\u00e1logo\",\"item\":\"https:\\\/\\\/letrame.com\\\/catalogo\\\/\"},{\"@type\":\"ListItem\",\"position\":3,\"name\":\"Esquema, derecho penal y conducta humana\"}]},{\"@type\":\"WebSite\",\"@id\":\"https:\\\/\\\/letrame.com\\\/catalogo\\\/#website\",\"url\":\"https:\\\/\\\/letrame.com\\\/catalogo\\\/\",\"name\":\"Catalogo | Letrame Grupo Editorial\",\"description\":\"\",\"publisher\":{\"@id\":\"https:\\\/\\\/letrame.com\\\/catalogo\\\/#organization\"},\"potentialAction\":[{\"@type\":\"SearchAction\",\"target\":{\"@type\":\"EntryPoint\",\"urlTemplate\":\"https:\\\/\\\/letrame.com\\\/catalogo\\\/?s={search_term_string}\"},\"query-input\":{\"@type\":\"PropertyValueSpecification\",\"valueRequired\":true,\"valueName\":\"search_term_string\"}}],\"inLanguage\":\"es\"},{\"@type\":\"Organization\",\"@id\":\"https:\\\/\\\/letrame.com\\\/catalogo\\\/#organization\",\"name\":\"Catalogo | Letrame Grupo Editorial\",\"url\":\"https:\\\/\\\/letrame.com\\\/catalogo\\\/\",\"logo\":{\"@type\":\"ImageObject\",\"inLanguage\":\"es\",\"@id\":\"https:\\\/\\\/letrame.com\\\/catalogo\\\/#\\\/schema\\\/logo\\\/image\\\/\",\"url\":\"https:\\\/\\\/letrame.com\\\/catalogo\\\/wp-content\\\/uploads\\\/2024\\\/03\\\/logo2.webp\",\"contentUrl\":\"https:\\\/\\\/letrame.com\\\/catalogo\\\/wp-content\\\/uploads\\\/2024\\\/03\\\/logo2.webp\",\"width\":394,\"height\":128,\"caption\":\"Catalogo | Letrame Grupo Editorial\"},\"image\":{\"@id\":\"https:\\\/\\\/letrame.com\\\/catalogo\\\/#\\\/schema\\\/logo\\\/image\\\/\"}}]}<\/script>\n<!-- \/ Yoast SEO plugin. -->","yoast_head_json":{"title":"Esquema, derecho penal y conducta humana - Catalogo | Letrame Grupo Editorial","robots":{"index":"index","follow":"follow","max-snippet":"max-snippet:-1","max-image-preview":"max-image-preview:large","max-video-preview":"max-video-preview:-1"},"canonical":"https:\/\/letrame.com\/catalogo\/producto\/esquema-derecho-penal-y-conducta-humana-2\/","og_locale":"es_ES","og_type":"article","og_title":"Esquema, derecho penal y conducta humana - Catalogo | Letrame Grupo Editorial","og_description":"ISBN: 978-84-1144-106-3  SINOPSIS  Si necesitas ayuda para comprender los entresijos del Derecho Penal y la tem\u00e1tica de Conducta Humana de las oposiciones al Cuerpo de Ayudantes de IIPP, est\u00e1s ante el libro indicado. Esta obra se sumerge en el \u00e1mbito penal y psicol\u00f3gico, \u00a0para ir avanzando poco a poco y detenidamente en el funcionamiento general de nuestro ordenamiento jur\u00eddico y en el conocimiento de los aspectos principales de la psicolog\u00eda.  Esquemas de Derecho Penal y conducta humana da lo que el t\u00edtulo exactamente indica: una serie de esquemas que retratan con precisi\u00f3n y claridad los puntos m\u00e1s esenciales del \u00e1mbito penal y psicol\u00f3gico.  Cada diapositiva dise\u00f1ada por Jose Ramon Ruiz Anton y Francisco Caravaca Martinez, te ser\u00e1 de gran utilidad para ahondar en ciertos funcionamientos y operaciones que deber\u00edamos conocer.  &nbsp;","og_url":"https:\/\/letrame.com\/catalogo\/producto\/esquema-derecho-penal-y-conducta-humana-2\/","og_site_name":"Catalogo | Letrame Grupo Editorial","article_modified_time":"2024-07-29T06:29:09+00:00","og_image":[{"width":601,"height":429,"url":"https:\/\/letrame.com\/catalogo\/wp-content\/uploads\/2024\/04\/redportada_esquemas_12mm.webp","type":"image\/webp"}],"twitter_card":"summary_large_image","twitter_misc":{"Tiempo de lectura":"2 minutos"},"schema":{"@context":"https:\/\/schema.org","@graph":[{"@type":"WebPage","@id":"https:\/\/letrame.com\/catalogo\/producto\/esquema-derecho-penal-y-conducta-humana-2\/","url":"https:\/\/letrame.com\/catalogo\/producto\/esquema-derecho-penal-y-conducta-humana-2\/","name":"Esquema, derecho penal y conducta humana - Catalogo | Letrame Grupo Editorial","isPartOf":{"@id":"https:\/\/letrame.com\/catalogo\/#website"},"primaryImageOfPage":{"@id":"https:\/\/letrame.com\/catalogo\/producto\/esquema-derecho-penal-y-conducta-humana-2\/#primaryimage"},"image":{"@id":"https:\/\/letrame.com\/catalogo\/producto\/esquema-derecho-penal-y-conducta-humana-2\/#primaryimage"},"thumbnailUrl":"https:\/\/letrame.com\/catalogo\/wp-content\/uploads\/2024\/04\/redportada_esquemas_12mm.webp","datePublished":"2024-04-29T14:33:21+00:00","dateModified":"2024-07-29T06:29:09+00:00","breadcrumb":{"@id":"https:\/\/letrame.com\/catalogo\/producto\/esquema-derecho-penal-y-conducta-humana-2\/#breadcrumb"},"inLanguage":"es","potentialAction":[{"@type":"ReadAction","target":["https:\/\/letrame.com\/catalogo\/producto\/esquema-derecho-penal-y-conducta-humana-2\/"]}]},{"@type":"ImageObject","inLanguage":"es","@id":"https:\/\/letrame.com\/catalogo\/producto\/esquema-derecho-penal-y-conducta-humana-2\/#primaryimage","url":"https:\/\/letrame.com\/catalogo\/wp-content\/uploads\/2024\/04\/redportada_esquemas_12mm.webp","contentUrl":"https:\/\/letrame.com\/catalogo\/wp-content\/uploads\/2024\/04\/redportada_esquemas_12mm.webp","width":601,"height":429},{"@type":"BreadcrumbList","@id":"https:\/\/letrame.com\/catalogo\/producto\/esquema-derecho-penal-y-conducta-humana-2\/#breadcrumb","itemListElement":[{"@type":"ListItem","position":1,"name":"Portada","item":"https:\/\/letrame.com\/catalogo\/"},{"@type":"ListItem","position":2,"name":"Cat\u00e1logo","item":"https:\/\/letrame.com\/catalogo\/"},{"@type":"ListItem","position":3,"name":"Esquema, derecho penal y conducta humana"}]},{"@type":"WebSite","@id":"https:\/\/letrame.com\/catalogo\/#website","url":"https:\/\/letrame.com\/catalogo\/","name":"Catalogo | Letrame Grupo Editorial","description":"","publisher":{"@id":"https:\/\/letrame.com\/catalogo\/#organization"},"potentialAction":[{"@type":"SearchAction","target":{"@type":"EntryPoint","urlTemplate":"https:\/\/letrame.com\/catalogo\/?s={search_term_string}"},"query-input":{"@type":"PropertyValueSpecification","valueRequired":true,"valueName":"search_term_string"}}],"inLanguage":"es"},{"@type":"Organization","@id":"https:\/\/letrame.com\/catalogo\/#organization","name":"Catalogo | Letrame Grupo Editorial","url":"https:\/\/letrame.com\/catalogo\/","logo":{"@type":"ImageObject","inLanguage":"es","@id":"https:\/\/letrame.com\/catalogo\/#\/schema\/logo\/image\/","url":"https:\/\/letrame.com\/catalogo\/wp-content\/uploads\/2024\/03\/logo2.webp","contentUrl":"https:\/\/letrame.com\/catalogo\/wp-content\/uploads\/2024\/03\/logo2.webp","width":394,"height":128,"caption":"Catalogo | Letrame Grupo Editorial"},"image":{"@id":"https:\/\/letrame.com\/catalogo\/#\/schema\/logo\/image\/"}}]}},"_links":{"self":[{"href":"https:\/\/letrame.com\/catalogo\/wp-json\/wp\/v2\/product\/99524","targetHints":{"allow":["GET"]}}],"collection":[{"href":"https:\/\/letrame.com\/catalogo\/wp-json\/wp\/v2\/product"}],"about":[{"href":"https:\/\/letrame.com\/catalogo\/wp-json\/wp\/v2\/types\/product"}],"replies":[{"embeddable":true,"href":"https:\/\/letrame.com\/catalogo\/wp-json\/wp\/v2\/comments?post=99524"}],"acf:post":[{"embeddable":true,"href":"https:\/\/letrame.com\/catalogo\/wp-json\/wp\/v2\/author_book\/76027"},{"embeddable":true,"href":"https:\/\/letrame.com\/catalogo\/wp-json\/wp\/v2\/author_book\/76864"}],"wp:featuredmedia":[{"embeddable":true,"href":"https:\/\/letrame.com\/catalogo\/wp-json\/wp\/v2\/media\/100471"}],"wp:attachment":[{"href":"https:\/\/letrame.com\/catalogo\/wp-json\/wp\/v2\/media?parent=99524"}],"wp:term":[{"taxonomy":"libro","embeddable":true,"href":"https:\/\/letrame.com\/catalogo\/wp-json\/wp\/v2\/libro?post=99524"},{"taxonomy":"product_brand","embeddable":true,"href":"https:\/\/letrame.com\/catalogo\/wp-json\/wp\/v2\/product_brand?post=99524"},{"taxonomy":"product_cat","embeddable":true,"href":"https:\/\/letrame.com\/catalogo\/wp-json\/wp\/v2\/product_cat?post=99524"},{"taxonomy":"product_tag","embeddable":true,"href":"https:\/\/letrame.com\/catalogo\/wp-json\/wp\/v2\/product_tag?post=99524"}],"curies":[{"name":"wp","href":"https:\/\/api.w.org\/{rel}","templated":true}]}}