{"id":99520,"date":"2024-04-29T16:33:21","date_gmt":"2024-04-29T14:33:21","guid":{"rendered":"https:\/\/letrame.com\/catalogo\/producto\/la-vida-en-pocas-palabras\/"},"modified":"2024-04-29T16:33:21","modified_gmt":"2024-04-29T14:33:21","slug":"la-vida-en-pocas-palabras","status":"publish","type":"product","link":"https:\/\/letrame.com\/catalogo\/producto\/la-vida-en-pocas-palabras\/","title":{"rendered":"La vida en pocas palabras"},"content":{"rendered":"<p><strong>ISBN<\/strong>: 978-84-1144-676-1<\/p>\n<p><strong>T\u00edtulo<\/strong>: La vida en pocas palabras<br \/>\n<strong>Fecha<\/strong>: 2022<br \/>\n<strong>P\u00e1ginas<\/strong>: 152<\/p>\n<p><strong>SINOPSIS<\/strong><\/p>\n<p>Lo que tienes en las manos es un esbozo de palabras significantes para alcanzar una vida plena. En ellas reflejo m\u00e1s que su significado, la representaci\u00f3n mental que me aportan para llevar una vida con amor, pasi\u00f3n y sabidur\u00eda interior.<\/p>\n<p>A la vida venimos a aprender, a desaprender y a reaprender. Saber qui\u00e9nes somos es el inicio de un gran camino, de nuestro camino.<\/p>\n<p>El tiempo no se detiene, por eso quiero que leas este libro pensando en la infinidad de sucesos que est\u00e1n pasando por tu vida y apenas te percatas de ellos. En la infinidad de palabras que en un d\u00eda tu mente recibe y no eres consciente. Y es que la vida nos pasa sin ser conscientes. Y al final eso, con el tiempo, nos pesa. Porque cuando dejas pasar de largo esas palabras que aportan bienestar en tu vida, sin darte cuenta, dejas ir vida.<\/p>\n<p>Las letras forman las palabras y el significado que les des a ellas se convierte en tu prop\u00f3sito de vida y en el inicio de tu camino interior. Por eso solo pretendo que por una vez en tu vida leas grandes palabras que den significado a tu gran vida y es que sin saberlo muchas de ellas las usas sin darle la importancia que merecen. Y es que una palabra es tan importante para comunicar y comunicarte como este Gracias que te doy ahora\u00a0 para dejar que forme parte de tu vida y t\u00fa de la m\u00eda.<\/p>\n<p>Los beneficios de este libro ir\u00e1n destinados a la reconstrucci\u00f3n de Inua Mimi, un orfanato en Kibera, Kenia.<\/p>\n<p>Siempre siento que no me puedo quedar aqu\u00ed, que tengo que hacer algo con la vida que tengo y ayudar a otras vidas.<\/p>\n","protected":false},"excerpt":{"rendered":"<p><strong>ISBN<\/strong>: 978-84-1144-676-1<\/p>\n<p><strong>SINOPSIS<\/strong><\/p>\n<p>Lo que tienes en las manos es un esbozo de palabras significantes para alcanzar una vida plena. En ellas reflejo m\u00e1s que su significado, la representaci\u00f3n mental que me aportan para llevar una vida con amor, pasi\u00f3n y sabidur\u00eda interior.<\/p>\n<p>A la vida venimos a aprender, a desaprender y a reaprender. Saber qui\u00e9nes somos es el inicio de un gran camino, de nuestro camino.<\/p>\n<p>El tiempo no se detiene, por eso quiero que leas este libro pensando en la infinidad de sucesos que est\u00e1n pasando por tu vida y apenas te percatas de ellos. En la infinidad de palabras que en un d\u00eda tu mente recibe y no eres consciente. Y es que la vida nos pasa sin ser conscientes. Y al final eso, con el tiempo, nos pesa. Porque cuando dejas pasar de largo esas palabras que aportan bienestar en tu vida, sin darte cuenta, dejas ir vida.<\/p>\n<p>Las letras forman las palabras y el significado que les des a ellas se convierte en tu prop\u00f3sito de vida y en el inicio de tu camino interior. Por eso solo pretendo que por una vez en tu vida leas grandes palabras que den significado a tu gran vida y es que sin saberlo muchas de ellas las usas sin darle la importancia que merecen. Y es que una palabra es tan importante para comunicar y comunicarte como este Gracias que te doy ahora\u00a0 para dejar que forme parte de tu vida y t\u00fa de la m\u00eda.<\/p>\n<p>Los beneficios de este libro ir\u00e1n destinados a la reconstrucci\u00f3n de Inua Mimi, un orfanato en Kibera, Kenia.<\/p>\n<p>Siempre siento que no me puedo quedar aqu\u00ed, que tengo que hacer algo con la vida que tengo y ayudar a otras vidas.<\/p>\n","protected":false},"featured_media":99521,"comment_status":"closed","ping_status":"open","template":"","meta":{"_acf_changed":false},"libro":[],"product_brand":[],"product_cat":[18],"product_tag":[],"class_list":{"0":"post-99520","1":"product","2":"type-product","3":"status-publish","4":"has-post-thumbnail","6":"product_cat-autoayuda","8":"first","9":"instock","10":"product-type-simple"},"acf":{"autor":[77827],"enlace_de_compra":"https:\/\/www.amazon.es\/vida-pocas-palabras-01-Autoayuda\/dp\/8411443884\/"},"yoast_head":"<!-- This site is optimized with the Yoast SEO plugin v27.4 - https:\/\/yoast.com\/product\/yoast-seo-wordpress\/ -->\n<title>La vida en pocas palabras - Catalogo | Letrame Grupo Editorial<\/title>\n<meta name=\"robots\" content=\"index, follow, max-snippet:-1, max-image-preview:large, max-video-preview:-1\" \/>\n<link rel=\"canonical\" href=\"https:\/\/letrame.com\/catalogo\/producto\/la-vida-en-pocas-palabras\/\" \/>\n<meta property=\"og:locale\" content=\"es_ES\" \/>\n<meta property=\"og:type\" content=\"article\" \/>\n<meta property=\"og:title\" content=\"La vida en pocas palabras - Catalogo | Letrame Grupo Editorial\" \/>\n<meta property=\"og:description\" content=\"ISBN: 978-84-1144-676-1 SINOPSIS Lo que tienes en las manos es un esbozo de palabras significantes para alcanzar una vida plena. En ellas reflejo m\u00e1s que su significado, la representaci\u00f3n mental que me aportan para llevar una vida con amor, pasi\u00f3n y sabidur\u00eda interior. A la vida venimos a aprender, a desaprender y a reaprender. Saber qui\u00e9nes somos es el inicio de un gran camino, de nuestro camino. El tiempo no se detiene, por eso quiero que leas este libro pensando en la infinidad de sucesos que est\u00e1n pasando por tu vida y apenas te percatas de ellos. En la infinidad de palabras que en un d\u00eda tu mente recibe y no eres consciente. Y es que la vida nos pasa sin ser conscientes. Y al final eso, con el tiempo, nos pesa. Porque cuando dejas pasar de largo esas palabras que aportan bienestar en tu vida, sin darte cuenta, dejas ir vida. Las letras forman las palabras y el significado que les des a ellas se convierte en tu prop\u00f3sito de vida y en el inicio de tu camino interior. Por eso solo pretendo que por una vez en tu vida leas grandes palabras que den significado a tu gran vida y es que sin saberlo muchas de ellas las usas sin darle la importancia que merecen. Y es que una palabra es tan importante para comunicar y comunicarte como este Gracias que te doy ahora\u00a0 para dejar que forme parte de tu vida y t\u00fa de la m\u00eda. Los beneficios de este libro ir\u00e1n destinados a la reconstrucci\u00f3n de Inua Mimi, un orfanato en Kibera, Kenia. Siempre siento que no me puedo quedar aqu\u00ed, que tengo que hacer algo con la vida que tengo y ayudar a otras vidas.\" \/>\n<meta property=\"og:url\" content=\"https:\/\/letrame.com\/catalogo\/producto\/la-vida-en-pocas-palabras\/\" \/>\n<meta property=\"og:site_name\" content=\"Catalogo | Letrame Grupo Editorial\" \/>\n<meta property=\"og:image\" content=\"https:\/\/letrame.com\/catalogo\/wp-content\/uploads\/2024\/04\/redportada_lavidaenpocas_812mm-compressed.jpg\" \/>\n\t<meta property=\"og:image:width\" content=\"601\" \/>\n\t<meta property=\"og:image:height\" content=\"881\" \/>\n\t<meta property=\"og:image:type\" content=\"image\/jpeg\" \/>\n<meta name=\"twitter:card\" content=\"summary_large_image\" \/>\n<meta name=\"twitter:label1\" content=\"Tiempo de lectura\" \/>\n\t<meta name=\"twitter:data1\" content=\"2 minutos\" \/>\n<script type=\"application\/ld+json\" class=\"yoast-schema-graph\">{\"@context\":\"https:\\\/\\\/schema.org\",\"@graph\":[{\"@type\":\"WebPage\",\"@id\":\"https:\\\/\\\/letrame.com\\\/catalogo\\\/producto\\\/la-vida-en-pocas-palabras\\\/\",\"url\":\"https:\\\/\\\/letrame.com\\\/catalogo\\\/producto\\\/la-vida-en-pocas-palabras\\\/\",\"name\":\"La vida en pocas palabras - Catalogo | Letrame Grupo Editorial\",\"isPartOf\":{\"@id\":\"https:\\\/\\\/letrame.com\\\/catalogo\\\/#website\"},\"primaryImageOfPage\":{\"@id\":\"https:\\\/\\\/letrame.com\\\/catalogo\\\/producto\\\/la-vida-en-pocas-palabras\\\/#primaryimage\"},\"image\":{\"@id\":\"https:\\\/\\\/letrame.com\\\/catalogo\\\/producto\\\/la-vida-en-pocas-palabras\\\/#primaryimage\"},\"thumbnailUrl\":\"https:\\\/\\\/letrame.com\\\/catalogo\\\/wp-content\\\/uploads\\\/2024\\\/04\\\/redportada_lavidaenpocas_812mm-compressed.jpg\",\"datePublished\":\"2024-04-29T14:33:21+00:00\",\"breadcrumb\":{\"@id\":\"https:\\\/\\\/letrame.com\\\/catalogo\\\/producto\\\/la-vida-en-pocas-palabras\\\/#breadcrumb\"},\"inLanguage\":\"es\",\"potentialAction\":[{\"@type\":\"ReadAction\",\"target\":[\"https:\\\/\\\/letrame.com\\\/catalogo\\\/producto\\\/la-vida-en-pocas-palabras\\\/\"]}]},{\"@type\":\"ImageObject\",\"inLanguage\":\"es\",\"@id\":\"https:\\\/\\\/letrame.com\\\/catalogo\\\/producto\\\/la-vida-en-pocas-palabras\\\/#primaryimage\",\"url\":\"https:\\\/\\\/letrame.com\\\/catalogo\\\/wp-content\\\/uploads\\\/2024\\\/04\\\/redportada_lavidaenpocas_812mm-compressed.jpg\",\"contentUrl\":\"https:\\\/\\\/letrame.com\\\/catalogo\\\/wp-content\\\/uploads\\\/2024\\\/04\\\/redportada_lavidaenpocas_812mm-compressed.jpg\",\"width\":601,\"height\":881},{\"@type\":\"BreadcrumbList\",\"@id\":\"https:\\\/\\\/letrame.com\\\/catalogo\\\/producto\\\/la-vida-en-pocas-palabras\\\/#breadcrumb\",\"itemListElement\":[{\"@type\":\"ListItem\",\"position\":1,\"name\":\"Portada\",\"item\":\"https:\\\/\\\/letrame.com\\\/catalogo\\\/\"},{\"@type\":\"ListItem\",\"position\":2,\"name\":\"Cat\u00e1logo\",\"item\":\"https:\\\/\\\/letrame.com\\\/catalogo\\\/\"},{\"@type\":\"ListItem\",\"position\":3,\"name\":\"La vida en pocas palabras\"}]},{\"@type\":\"WebSite\",\"@id\":\"https:\\\/\\\/letrame.com\\\/catalogo\\\/#website\",\"url\":\"https:\\\/\\\/letrame.com\\\/catalogo\\\/\",\"name\":\"Catalogo | Letrame Grupo Editorial\",\"description\":\"\",\"publisher\":{\"@id\":\"https:\\\/\\\/letrame.com\\\/catalogo\\\/#organization\"},\"potentialAction\":[{\"@type\":\"SearchAction\",\"target\":{\"@type\":\"EntryPoint\",\"urlTemplate\":\"https:\\\/\\\/letrame.com\\\/catalogo\\\/?s={search_term_string}\"},\"query-input\":{\"@type\":\"PropertyValueSpecification\",\"valueRequired\":true,\"valueName\":\"search_term_string\"}}],\"inLanguage\":\"es\"},{\"@type\":\"Organization\",\"@id\":\"https:\\\/\\\/letrame.com\\\/catalogo\\\/#organization\",\"name\":\"Catalogo | Letrame Grupo Editorial\",\"url\":\"https:\\\/\\\/letrame.com\\\/catalogo\\\/\",\"logo\":{\"@type\":\"ImageObject\",\"inLanguage\":\"es\",\"@id\":\"https:\\\/\\\/letrame.com\\\/catalogo\\\/#\\\/schema\\\/logo\\\/image\\\/\",\"url\":\"https:\\\/\\\/letrame.com\\\/catalogo\\\/wp-content\\\/uploads\\\/2024\\\/03\\\/logo2.webp\",\"contentUrl\":\"https:\\\/\\\/letrame.com\\\/catalogo\\\/wp-content\\\/uploads\\\/2024\\\/03\\\/logo2.webp\",\"width\":394,\"height\":128,\"caption\":\"Catalogo | Letrame Grupo Editorial\"},\"image\":{\"@id\":\"https:\\\/\\\/letrame.com\\\/catalogo\\\/#\\\/schema\\\/logo\\\/image\\\/\"}}]}<\/script>\n<!-- \/ Yoast SEO plugin. -->","yoast_head_json":{"title":"La vida en pocas palabras - Catalogo | Letrame Grupo Editorial","robots":{"index":"index","follow":"follow","max-snippet":"max-snippet:-1","max-image-preview":"max-image-preview:large","max-video-preview":"max-video-preview:-1"},"canonical":"https:\/\/letrame.com\/catalogo\/producto\/la-vida-en-pocas-palabras\/","og_locale":"es_ES","og_type":"article","og_title":"La vida en pocas palabras - Catalogo | Letrame Grupo Editorial","og_description":"ISBN: 978-84-1144-676-1 SINOPSIS Lo que tienes en las manos es un esbozo de palabras significantes para alcanzar una vida plena. En ellas reflejo m\u00e1s que su significado, la representaci\u00f3n mental que me aportan para llevar una vida con amor, pasi\u00f3n y sabidur\u00eda interior. A la vida venimos a aprender, a desaprender y a reaprender. Saber qui\u00e9nes somos es el inicio de un gran camino, de nuestro camino. El tiempo no se detiene, por eso quiero que leas este libro pensando en la infinidad de sucesos que est\u00e1n pasando por tu vida y apenas te percatas de ellos. En la infinidad de palabras que en un d\u00eda tu mente recibe y no eres consciente. Y es que la vida nos pasa sin ser conscientes. Y al final eso, con el tiempo, nos pesa. Porque cuando dejas pasar de largo esas palabras que aportan bienestar en tu vida, sin darte cuenta, dejas ir vida. Las letras forman las palabras y el significado que les des a ellas se convierte en tu prop\u00f3sito de vida y en el inicio de tu camino interior. Por eso solo pretendo que por una vez en tu vida leas grandes palabras que den significado a tu gran vida y es que sin saberlo muchas de ellas las usas sin darle la importancia que merecen. Y es que una palabra es tan importante para comunicar y comunicarte como este Gracias que te doy ahora\u00a0 para dejar que forme parte de tu vida y t\u00fa de la m\u00eda. Los beneficios de este libro ir\u00e1n destinados a la reconstrucci\u00f3n de Inua Mimi, un orfanato en Kibera, Kenia. Siempre siento que no me puedo quedar aqu\u00ed, que tengo que hacer algo con la vida que tengo y ayudar a otras vidas.","og_url":"https:\/\/letrame.com\/catalogo\/producto\/la-vida-en-pocas-palabras\/","og_site_name":"Catalogo | Letrame Grupo Editorial","og_image":[{"width":601,"height":881,"url":"https:\/\/letrame.com\/catalogo\/wp-content\/uploads\/2024\/04\/redportada_lavidaenpocas_812mm-compressed.jpg","type":"image\/jpeg"}],"twitter_card":"summary_large_image","twitter_misc":{"Tiempo de lectura":"2 minutos"},"schema":{"@context":"https:\/\/schema.org","@graph":[{"@type":"WebPage","@id":"https:\/\/letrame.com\/catalogo\/producto\/la-vida-en-pocas-palabras\/","url":"https:\/\/letrame.com\/catalogo\/producto\/la-vida-en-pocas-palabras\/","name":"La vida en pocas palabras - Catalogo | Letrame Grupo Editorial","isPartOf":{"@id":"https:\/\/letrame.com\/catalogo\/#website"},"primaryImageOfPage":{"@id":"https:\/\/letrame.com\/catalogo\/producto\/la-vida-en-pocas-palabras\/#primaryimage"},"image":{"@id":"https:\/\/letrame.com\/catalogo\/producto\/la-vida-en-pocas-palabras\/#primaryimage"},"thumbnailUrl":"https:\/\/letrame.com\/catalogo\/wp-content\/uploads\/2024\/04\/redportada_lavidaenpocas_812mm-compressed.jpg","datePublished":"2024-04-29T14:33:21+00:00","breadcrumb":{"@id":"https:\/\/letrame.com\/catalogo\/producto\/la-vida-en-pocas-palabras\/#breadcrumb"},"inLanguage":"es","potentialAction":[{"@type":"ReadAction","target":["https:\/\/letrame.com\/catalogo\/producto\/la-vida-en-pocas-palabras\/"]}]},{"@type":"ImageObject","inLanguage":"es","@id":"https:\/\/letrame.com\/catalogo\/producto\/la-vida-en-pocas-palabras\/#primaryimage","url":"https:\/\/letrame.com\/catalogo\/wp-content\/uploads\/2024\/04\/redportada_lavidaenpocas_812mm-compressed.jpg","contentUrl":"https:\/\/letrame.com\/catalogo\/wp-content\/uploads\/2024\/04\/redportada_lavidaenpocas_812mm-compressed.jpg","width":601,"height":881},{"@type":"BreadcrumbList","@id":"https:\/\/letrame.com\/catalogo\/producto\/la-vida-en-pocas-palabras\/#breadcrumb","itemListElement":[{"@type":"ListItem","position":1,"name":"Portada","item":"https:\/\/letrame.com\/catalogo\/"},{"@type":"ListItem","position":2,"name":"Cat\u00e1logo","item":"https:\/\/letrame.com\/catalogo\/"},{"@type":"ListItem","position":3,"name":"La vida en pocas palabras"}]},{"@type":"WebSite","@id":"https:\/\/letrame.com\/catalogo\/#website","url":"https:\/\/letrame.com\/catalogo\/","name":"Catalogo | Letrame Grupo Editorial","description":"","publisher":{"@id":"https:\/\/letrame.com\/catalogo\/#organization"},"potentialAction":[{"@type":"SearchAction","target":{"@type":"EntryPoint","urlTemplate":"https:\/\/letrame.com\/catalogo\/?s={search_term_string}"},"query-input":{"@type":"PropertyValueSpecification","valueRequired":true,"valueName":"search_term_string"}}],"inLanguage":"es"},{"@type":"Organization","@id":"https:\/\/letrame.com\/catalogo\/#organization","name":"Catalogo | Letrame Grupo Editorial","url":"https:\/\/letrame.com\/catalogo\/","logo":{"@type":"ImageObject","inLanguage":"es","@id":"https:\/\/letrame.com\/catalogo\/#\/schema\/logo\/image\/","url":"https:\/\/letrame.com\/catalogo\/wp-content\/uploads\/2024\/03\/logo2.webp","contentUrl":"https:\/\/letrame.com\/catalogo\/wp-content\/uploads\/2024\/03\/logo2.webp","width":394,"height":128,"caption":"Catalogo | Letrame Grupo Editorial"},"image":{"@id":"https:\/\/letrame.com\/catalogo\/#\/schema\/logo\/image\/"}}]}},"_links":{"self":[{"href":"https:\/\/letrame.com\/catalogo\/wp-json\/wp\/v2\/product\/99520","targetHints":{"allow":["GET"]}}],"collection":[{"href":"https:\/\/letrame.com\/catalogo\/wp-json\/wp\/v2\/product"}],"about":[{"href":"https:\/\/letrame.com\/catalogo\/wp-json\/wp\/v2\/types\/product"}],"replies":[{"embeddable":true,"href":"https:\/\/letrame.com\/catalogo\/wp-json\/wp\/v2\/comments?post=99520"}],"acf:post":[{"embeddable":true,"href":"https:\/\/letrame.com\/catalogo\/wp-json\/wp\/v2\/author_book\/77827"}],"wp:featuredmedia":[{"embeddable":true,"href":"https:\/\/letrame.com\/catalogo\/wp-json\/wp\/v2\/media\/99521"}],"wp:attachment":[{"href":"https:\/\/letrame.com\/catalogo\/wp-json\/wp\/v2\/media?parent=99520"}],"wp:term":[{"taxonomy":"libro","embeddable":true,"href":"https:\/\/letrame.com\/catalogo\/wp-json\/wp\/v2\/libro?post=99520"},{"taxonomy":"product_brand","embeddable":true,"href":"https:\/\/letrame.com\/catalogo\/wp-json\/wp\/v2\/product_brand?post=99520"},{"taxonomy":"product_cat","embeddable":true,"href":"https:\/\/letrame.com\/catalogo\/wp-json\/wp\/v2\/product_cat?post=99520"},{"taxonomy":"product_tag","embeddable":true,"href":"https:\/\/letrame.com\/catalogo\/wp-json\/wp\/v2\/product_tag?post=99520"}],"curies":[{"name":"wp","href":"https:\/\/api.w.org\/{rel}","templated":true}]}}