{"id":99508,"date":"2024-04-29T16:32:44","date_gmt":"2024-04-29T14:32:44","guid":{"rendered":"https:\/\/letrame.com\/catalogo\/producto\/memorias-de-patxi-zurbano\/"},"modified":"2024-04-29T16:32:44","modified_gmt":"2024-04-29T14:32:44","slug":"memorias-de-patxi-zurbano","status":"publish","type":"product","link":"https:\/\/letrame.com\/catalogo\/producto\/memorias-de-patxi-zurbano\/","title":{"rendered":"Memorias de Patxi Zurbano"},"content":{"rendered":"<p><strong>ISBN<\/strong>: 978-84-1181-116-3<\/p>\n<p><strong>T\u00edtulo<\/strong>: Memorias de Patxi Zurbano<br \/>\n<strong>Fecha<\/strong>: 2023<br \/>\n<strong>P\u00e1ginas<\/strong>: 142<\/p>\n<p><strong>SINOPSIS<\/strong><\/p>\n<p>Bueno pues este libro trata de mi vida y sus peripecias.<br \/>\nSiendo as\u00ed unos contactos con personas liberales y\/o profesionales.<br \/>\nProfesionales como Katiuska una rusa proxeneta y Tatiana una brasile\u00f1a igual.<br \/>\nLo dem\u00e1s son contactos liberales que he tenido a lo largo de mi vida.<br \/>\nMujeres mayores que yo, parejas y dem\u00e1s.<br \/>\nMi vida desde que nac\u00ed y dando pie a lo largo de esta.<br \/>\nCon gente muy pasional y entretenida, muy despierta y abierta.<br \/>\nHaciendo cosas que nos apetec\u00eda a toda la gente que aparece en el libro.<br \/>\nGente de fuera de mi ciudad y de al lado de ella.<br \/>\nYo soy una persona liberal que ha hecho cosas que se salen de lo normal.<br \/>\nAtrevido y decidido con experiencia en masajes y varias cosas que le vienen bien a las mujeres y parejas.<br \/>\nMasajes corporales integrales y de relajaci\u00f3n. Hacer un buen cunnilingus con el masaje para ponerla a punto, hacerlo al aire libre y en lugares p\u00fablicos desde mi juventud hasta ser algo m\u00e1s mayor.<br \/>\nEste libro esta escrito para calentar a la gente y diferir de otros.<br \/>\nYo soy un hombre de ahora cuarenta y nueve a\u00f1os nacido en Pamplona (Navarra) y con mucha imaginaci\u00f3n a la hora de practicar sexo.<br \/>\nAhora tengo una amante mayor que yo con la cual tengo relaciones espor\u00e1dicas a menudo.<\/p>\n","protected":false},"excerpt":{"rendered":"<p><strong>ISBN<\/strong>: 978-84-1181-116-3<\/p>\n<p><strong>SINOPSIS<\/strong><\/p>\n<p>Bueno pues este libro trata de mi vida y sus peripecias.<br \/>\nSiendo as\u00ed unos contactos con personas liberales y\/o profesionales.<br \/>\nProfesionales como Katiuska una rusa proxeneta y Tatiana una brasile\u00f1a igual.<br \/>\nLo dem\u00e1s son contactos liberales que he tenido a lo largo de mi vida.<br \/>\nMujeres mayores que yo, parejas y dem\u00e1s.<br \/>\nMi vida desde que nac\u00ed y dando pie a lo largo de esta.<br \/>\nCon gente muy pasional y entretenida, muy despierta y abierta.<br \/>\nHaciendo cosas que nos apetec\u00eda a toda la gente que aparece en el libro.<br \/>\nGente de fuera de mi ciudad y de al lado de ella.<br \/>\nYo soy una persona liberal que ha hecho cosas que se salen de lo normal.<br \/>\nAtrevido y decidido con experiencia en masajes y varias cosas que le vienen bien a las mujeres y parejas.<br \/>\nMasajes corporales integrales y de relajaci\u00f3n. Hacer un buen cunnilingus con el masaje para ponerla a punto, hacerlo al aire libre y en lugares p\u00fablicos desde mi juventud hasta ser algo m\u00e1s mayor.<br \/>\nEste libro esta escrito para calentar a la gente y diferir de otros.<br \/>\nYo soy un hombre de ahora cuarenta y nueve a\u00f1os nacido en Pamplona (Navarra) y con mucha imaginaci\u00f3n a la hora de practicar sexo.<br \/>\nAhora tengo una amante mayor que yo con la cual tengo relaciones espor\u00e1dicas a menudo.<\/p>\n","protected":false},"featured_media":99509,"comment_status":"closed","ping_status":"open","template":"","meta":{"_acf_changed":false},"libro":[],"product_brand":[],"product_cat":[26],"product_tag":[],"class_list":{"0":"post-99508","1":"product","2":"type-product","3":"status-publish","4":"has-post-thumbnail","6":"product_cat-sin-categoria","8":"first","9":"instock","10":"product-type-simple"},"acf":{"autor":[77817],"enlace_de_compra":"https:\/\/www.amazon.es\/Memorias-Patxi-Zurbano-01-Biograf%C3%ADa\/dp\/B0CJ4GG7K6\/"},"yoast_head":"<!-- This site is optimized with the Yoast SEO plugin v27.4 - https:\/\/yoast.com\/product\/yoast-seo-wordpress\/ -->\n<title>Memorias de Patxi Zurbano - Catalogo | Letrame Grupo Editorial<\/title>\n<meta name=\"robots\" content=\"index, follow, max-snippet:-1, max-image-preview:large, max-video-preview:-1\" \/>\n<link rel=\"canonical\" href=\"https:\/\/letrame.com\/catalogo\/producto\/memorias-de-patxi-zurbano\/\" \/>\n<meta property=\"og:locale\" content=\"es_ES\" \/>\n<meta property=\"og:type\" content=\"article\" \/>\n<meta property=\"og:title\" content=\"Memorias de Patxi Zurbano - Catalogo | Letrame Grupo Editorial\" \/>\n<meta property=\"og:description\" content=\"ISBN: 978-84-1181-116-3 SINOPSIS Bueno pues este libro trata de mi vida y sus peripecias. Siendo as\u00ed unos contactos con personas liberales y\/o profesionales. Profesionales como Katiuska una rusa proxeneta y Tatiana una brasile\u00f1a igual. Lo dem\u00e1s son contactos liberales que he tenido a lo largo de mi vida. Mujeres mayores que yo, parejas y dem\u00e1s. Mi vida desde que nac\u00ed y dando pie a lo largo de esta. Con gente muy pasional y entretenida, muy despierta y abierta. Haciendo cosas que nos apetec\u00eda a toda la gente que aparece en el libro. Gente de fuera de mi ciudad y de al lado de ella. Yo soy una persona liberal que ha hecho cosas que se salen de lo normal. Atrevido y decidido con experiencia en masajes y varias cosas que le vienen bien a las mujeres y parejas. Masajes corporales integrales y de relajaci\u00f3n. Hacer un buen cunnilingus con el masaje para ponerla a punto, hacerlo al aire libre y en lugares p\u00fablicos desde mi juventud hasta ser algo m\u00e1s mayor. Este libro esta escrito para calentar a la gente y diferir de otros. Yo soy un hombre de ahora cuarenta y nueve a\u00f1os nacido en Pamplona (Navarra) y con mucha imaginaci\u00f3n a la hora de practicar sexo. Ahora tengo una amante mayor que yo con la cual tengo relaciones espor\u00e1dicas a menudo.\" \/>\n<meta property=\"og:url\" content=\"https:\/\/letrame.com\/catalogo\/producto\/memorias-de-patxi-zurbano\/\" \/>\n<meta property=\"og:site_name\" content=\"Catalogo | Letrame Grupo Editorial\" \/>\n<meta property=\"og:image\" content=\"https:\/\/letrame.com\/catalogo\/wp-content\/uploads\/2024\/04\/webportada_memoriasdepatxi_762mm-compressed-scaled-1.jpg\" \/>\n\t<meta property=\"og:image:width\" content=\"1746\" \/>\n\t<meta property=\"og:image:height\" content=\"2560\" \/>\n\t<meta property=\"og:image:type\" content=\"image\/jpeg\" \/>\n<meta name=\"twitter:card\" content=\"summary_large_image\" \/>\n<meta name=\"twitter:label1\" content=\"Tiempo de lectura\" \/>\n\t<meta name=\"twitter:data1\" content=\"1 minuto\" \/>\n<script type=\"application\/ld+json\" class=\"yoast-schema-graph\">{\"@context\":\"https:\\\/\\\/schema.org\",\"@graph\":[{\"@type\":\"WebPage\",\"@id\":\"https:\\\/\\\/letrame.com\\\/catalogo\\\/producto\\\/memorias-de-patxi-zurbano\\\/\",\"url\":\"https:\\\/\\\/letrame.com\\\/catalogo\\\/producto\\\/memorias-de-patxi-zurbano\\\/\",\"name\":\"Memorias de Patxi Zurbano - Catalogo | Letrame Grupo Editorial\",\"isPartOf\":{\"@id\":\"https:\\\/\\\/letrame.com\\\/catalogo\\\/#website\"},\"primaryImageOfPage\":{\"@id\":\"https:\\\/\\\/letrame.com\\\/catalogo\\\/producto\\\/memorias-de-patxi-zurbano\\\/#primaryimage\"},\"image\":{\"@id\":\"https:\\\/\\\/letrame.com\\\/catalogo\\\/producto\\\/memorias-de-patxi-zurbano\\\/#primaryimage\"},\"thumbnailUrl\":\"https:\\\/\\\/letrame.com\\\/catalogo\\\/wp-content\\\/uploads\\\/2024\\\/04\\\/webportada_memoriasdepatxi_762mm-compressed-scaled-1.jpg\",\"datePublished\":\"2024-04-29T14:32:44+00:00\",\"breadcrumb\":{\"@id\":\"https:\\\/\\\/letrame.com\\\/catalogo\\\/producto\\\/memorias-de-patxi-zurbano\\\/#breadcrumb\"},\"inLanguage\":\"es\",\"potentialAction\":[{\"@type\":\"ReadAction\",\"target\":[\"https:\\\/\\\/letrame.com\\\/catalogo\\\/producto\\\/memorias-de-patxi-zurbano\\\/\"]}]},{\"@type\":\"ImageObject\",\"inLanguage\":\"es\",\"@id\":\"https:\\\/\\\/letrame.com\\\/catalogo\\\/producto\\\/memorias-de-patxi-zurbano\\\/#primaryimage\",\"url\":\"https:\\\/\\\/letrame.com\\\/catalogo\\\/wp-content\\\/uploads\\\/2024\\\/04\\\/webportada_memoriasdepatxi_762mm-compressed-scaled-1.jpg\",\"contentUrl\":\"https:\\\/\\\/letrame.com\\\/catalogo\\\/wp-content\\\/uploads\\\/2024\\\/04\\\/webportada_memoriasdepatxi_762mm-compressed-scaled-1.jpg\",\"width\":1746,\"height\":2560},{\"@type\":\"BreadcrumbList\",\"@id\":\"https:\\\/\\\/letrame.com\\\/catalogo\\\/producto\\\/memorias-de-patxi-zurbano\\\/#breadcrumb\",\"itemListElement\":[{\"@type\":\"ListItem\",\"position\":1,\"name\":\"Portada\",\"item\":\"https:\\\/\\\/letrame.com\\\/catalogo\\\/\"},{\"@type\":\"ListItem\",\"position\":2,\"name\":\"Cat\u00e1logo\",\"item\":\"https:\\\/\\\/letrame.com\\\/catalogo\\\/\"},{\"@type\":\"ListItem\",\"position\":3,\"name\":\"Memorias de Patxi Zurbano\"}]},{\"@type\":\"WebSite\",\"@id\":\"https:\\\/\\\/letrame.com\\\/catalogo\\\/#website\",\"url\":\"https:\\\/\\\/letrame.com\\\/catalogo\\\/\",\"name\":\"Catalogo | Letrame Grupo Editorial\",\"description\":\"\",\"publisher\":{\"@id\":\"https:\\\/\\\/letrame.com\\\/catalogo\\\/#organization\"},\"potentialAction\":[{\"@type\":\"SearchAction\",\"target\":{\"@type\":\"EntryPoint\",\"urlTemplate\":\"https:\\\/\\\/letrame.com\\\/catalogo\\\/?s={search_term_string}\"},\"query-input\":{\"@type\":\"PropertyValueSpecification\",\"valueRequired\":true,\"valueName\":\"search_term_string\"}}],\"inLanguage\":\"es\"},{\"@type\":\"Organization\",\"@id\":\"https:\\\/\\\/letrame.com\\\/catalogo\\\/#organization\",\"name\":\"Catalogo | Letrame Grupo Editorial\",\"url\":\"https:\\\/\\\/letrame.com\\\/catalogo\\\/\",\"logo\":{\"@type\":\"ImageObject\",\"inLanguage\":\"es\",\"@id\":\"https:\\\/\\\/letrame.com\\\/catalogo\\\/#\\\/schema\\\/logo\\\/image\\\/\",\"url\":\"https:\\\/\\\/letrame.com\\\/catalogo\\\/wp-content\\\/uploads\\\/2024\\\/03\\\/logo2.webp\",\"contentUrl\":\"https:\\\/\\\/letrame.com\\\/catalogo\\\/wp-content\\\/uploads\\\/2024\\\/03\\\/logo2.webp\",\"width\":394,\"height\":128,\"caption\":\"Catalogo | Letrame Grupo Editorial\"},\"image\":{\"@id\":\"https:\\\/\\\/letrame.com\\\/catalogo\\\/#\\\/schema\\\/logo\\\/image\\\/\"}}]}<\/script>\n<!-- \/ Yoast SEO plugin. -->","yoast_head_json":{"title":"Memorias de Patxi Zurbano - Catalogo | Letrame Grupo Editorial","robots":{"index":"index","follow":"follow","max-snippet":"max-snippet:-1","max-image-preview":"max-image-preview:large","max-video-preview":"max-video-preview:-1"},"canonical":"https:\/\/letrame.com\/catalogo\/producto\/memorias-de-patxi-zurbano\/","og_locale":"es_ES","og_type":"article","og_title":"Memorias de Patxi Zurbano - Catalogo | Letrame Grupo Editorial","og_description":"ISBN: 978-84-1181-116-3 SINOPSIS Bueno pues este libro trata de mi vida y sus peripecias. Siendo as\u00ed unos contactos con personas liberales y\/o profesionales. Profesionales como Katiuska una rusa proxeneta y Tatiana una brasile\u00f1a igual. Lo dem\u00e1s son contactos liberales que he tenido a lo largo de mi vida. Mujeres mayores que yo, parejas y dem\u00e1s. Mi vida desde que nac\u00ed y dando pie a lo largo de esta. Con gente muy pasional y entretenida, muy despierta y abierta. Haciendo cosas que nos apetec\u00eda a toda la gente que aparece en el libro. Gente de fuera de mi ciudad y de al lado de ella. Yo soy una persona liberal que ha hecho cosas que se salen de lo normal. Atrevido y decidido con experiencia en masajes y varias cosas que le vienen bien a las mujeres y parejas. Masajes corporales integrales y de relajaci\u00f3n. Hacer un buen cunnilingus con el masaje para ponerla a punto, hacerlo al aire libre y en lugares p\u00fablicos desde mi juventud hasta ser algo m\u00e1s mayor. Este libro esta escrito para calentar a la gente y diferir de otros. Yo soy un hombre de ahora cuarenta y nueve a\u00f1os nacido en Pamplona (Navarra) y con mucha imaginaci\u00f3n a la hora de practicar sexo. Ahora tengo una amante mayor que yo con la cual tengo relaciones espor\u00e1dicas a menudo.","og_url":"https:\/\/letrame.com\/catalogo\/producto\/memorias-de-patxi-zurbano\/","og_site_name":"Catalogo | Letrame Grupo Editorial","og_image":[{"width":1746,"height":2560,"url":"https:\/\/letrame.com\/catalogo\/wp-content\/uploads\/2024\/04\/webportada_memoriasdepatxi_762mm-compressed-scaled-1.jpg","type":"image\/jpeg"}],"twitter_card":"summary_large_image","twitter_misc":{"Tiempo de lectura":"1 minuto"},"schema":{"@context":"https:\/\/schema.org","@graph":[{"@type":"WebPage","@id":"https:\/\/letrame.com\/catalogo\/producto\/memorias-de-patxi-zurbano\/","url":"https:\/\/letrame.com\/catalogo\/producto\/memorias-de-patxi-zurbano\/","name":"Memorias de Patxi Zurbano - Catalogo | Letrame Grupo Editorial","isPartOf":{"@id":"https:\/\/letrame.com\/catalogo\/#website"},"primaryImageOfPage":{"@id":"https:\/\/letrame.com\/catalogo\/producto\/memorias-de-patxi-zurbano\/#primaryimage"},"image":{"@id":"https:\/\/letrame.com\/catalogo\/producto\/memorias-de-patxi-zurbano\/#primaryimage"},"thumbnailUrl":"https:\/\/letrame.com\/catalogo\/wp-content\/uploads\/2024\/04\/webportada_memoriasdepatxi_762mm-compressed-scaled-1.jpg","datePublished":"2024-04-29T14:32:44+00:00","breadcrumb":{"@id":"https:\/\/letrame.com\/catalogo\/producto\/memorias-de-patxi-zurbano\/#breadcrumb"},"inLanguage":"es","potentialAction":[{"@type":"ReadAction","target":["https:\/\/letrame.com\/catalogo\/producto\/memorias-de-patxi-zurbano\/"]}]},{"@type":"ImageObject","inLanguage":"es","@id":"https:\/\/letrame.com\/catalogo\/producto\/memorias-de-patxi-zurbano\/#primaryimage","url":"https:\/\/letrame.com\/catalogo\/wp-content\/uploads\/2024\/04\/webportada_memoriasdepatxi_762mm-compressed-scaled-1.jpg","contentUrl":"https:\/\/letrame.com\/catalogo\/wp-content\/uploads\/2024\/04\/webportada_memoriasdepatxi_762mm-compressed-scaled-1.jpg","width":1746,"height":2560},{"@type":"BreadcrumbList","@id":"https:\/\/letrame.com\/catalogo\/producto\/memorias-de-patxi-zurbano\/#breadcrumb","itemListElement":[{"@type":"ListItem","position":1,"name":"Portada","item":"https:\/\/letrame.com\/catalogo\/"},{"@type":"ListItem","position":2,"name":"Cat\u00e1logo","item":"https:\/\/letrame.com\/catalogo\/"},{"@type":"ListItem","position":3,"name":"Memorias de Patxi Zurbano"}]},{"@type":"WebSite","@id":"https:\/\/letrame.com\/catalogo\/#website","url":"https:\/\/letrame.com\/catalogo\/","name":"Catalogo | Letrame Grupo Editorial","description":"","publisher":{"@id":"https:\/\/letrame.com\/catalogo\/#organization"},"potentialAction":[{"@type":"SearchAction","target":{"@type":"EntryPoint","urlTemplate":"https:\/\/letrame.com\/catalogo\/?s={search_term_string}"},"query-input":{"@type":"PropertyValueSpecification","valueRequired":true,"valueName":"search_term_string"}}],"inLanguage":"es"},{"@type":"Organization","@id":"https:\/\/letrame.com\/catalogo\/#organization","name":"Catalogo | Letrame Grupo Editorial","url":"https:\/\/letrame.com\/catalogo\/","logo":{"@type":"ImageObject","inLanguage":"es","@id":"https:\/\/letrame.com\/catalogo\/#\/schema\/logo\/image\/","url":"https:\/\/letrame.com\/catalogo\/wp-content\/uploads\/2024\/03\/logo2.webp","contentUrl":"https:\/\/letrame.com\/catalogo\/wp-content\/uploads\/2024\/03\/logo2.webp","width":394,"height":128,"caption":"Catalogo | Letrame Grupo Editorial"},"image":{"@id":"https:\/\/letrame.com\/catalogo\/#\/schema\/logo\/image\/"}}]}},"_links":{"self":[{"href":"https:\/\/letrame.com\/catalogo\/wp-json\/wp\/v2\/product\/99508","targetHints":{"allow":["GET"]}}],"collection":[{"href":"https:\/\/letrame.com\/catalogo\/wp-json\/wp\/v2\/product"}],"about":[{"href":"https:\/\/letrame.com\/catalogo\/wp-json\/wp\/v2\/types\/product"}],"replies":[{"embeddable":true,"href":"https:\/\/letrame.com\/catalogo\/wp-json\/wp\/v2\/comments?post=99508"}],"acf:post":[{"embeddable":true,"href":"https:\/\/letrame.com\/catalogo\/wp-json\/wp\/v2\/author_book\/77817"}],"wp:featuredmedia":[{"embeddable":true,"href":"https:\/\/letrame.com\/catalogo\/wp-json\/wp\/v2\/media\/99509"}],"wp:attachment":[{"href":"https:\/\/letrame.com\/catalogo\/wp-json\/wp\/v2\/media?parent=99508"}],"wp:term":[{"taxonomy":"libro","embeddable":true,"href":"https:\/\/letrame.com\/catalogo\/wp-json\/wp\/v2\/libro?post=99508"},{"taxonomy":"product_brand","embeddable":true,"href":"https:\/\/letrame.com\/catalogo\/wp-json\/wp\/v2\/product_brand?post=99508"},{"taxonomy":"product_cat","embeddable":true,"href":"https:\/\/letrame.com\/catalogo\/wp-json\/wp\/v2\/product_cat?post=99508"},{"taxonomy":"product_tag","embeddable":true,"href":"https:\/\/letrame.com\/catalogo\/wp-json\/wp\/v2\/product_tag?post=99508"}],"curies":[{"name":"wp","href":"https:\/\/api.w.org\/{rel}","templated":true}]}}