{"id":99460,"date":"2024-04-29T16:27:23","date_gmt":"2024-04-29T14:27:23","guid":{"rendered":"https:\/\/letrame.com\/catalogo\/producto\/escribir-es-un-viaje\/"},"modified":"2024-04-29T16:27:23","modified_gmt":"2024-04-29T14:27:23","slug":"escribir-es-un-viaje","status":"publish","type":"product","link":"https:\/\/letrame.com\/catalogo\/producto\/escribir-es-un-viaje\/","title":{"rendered":"Escribir es un viaje"},"content":{"rendered":"<p><strong>ISBN<\/strong>: 978-84-1181-247-4<\/p>\n<p><strong>T\u00edtulo<\/strong>: Escribir es un viaje<br \/>\n<strong>Fecha<\/strong>: 2023<br \/>\n<strong>P\u00e1ginas<\/strong>: 182<\/p>\n<p><strong>SINOPSIS<\/strong><\/p>\n<p>Xiaoli, camarera en Hanoi, masajista en Bangkok, viajera en el Mekong, \u2026 Un paseo por Venecia que termina en el lago Garda. Un trayecto en el S-Bahn berlin\u00e9s con la maleta llena de recuerdos. Una historia de frontera: M\u00e9xico y la Uni\u00f3n Americana se dan la mano. Unas cervezas en un bar de Chiang Mai acompa\u00f1adas por la melancol\u00eda de la nostalgia.\u00a0Una directora de orquesta encuentra el amor, \u00bfquiz\u00e1 algo m\u00e1s? en tierras palestinas.\u00a0En un hotel de la costa cant\u00e1brica, una mirada enfrenta a un hombre con su conciencia. En Donostia, cuando la noche se endurece, podemos ser como somos o limitar nuestra mente y nuestro cuerpo.<\/p>\n<p>Esto es una muestra de los relatos que encontrar\u00e1 en el interior de este libro que tiene entre sus manos.\u00a0\u00a0Cuando los escrib\u00ed eran m\u00edos, ahora tiene la oportunidad de hacerlos suyos.<\/p>\n","protected":false},"excerpt":{"rendered":"<p><strong>ISBN<\/strong>: 978-84-1181-247-4<\/p>\n<p><strong>SINOPSIS<\/strong><\/p>\n<p>Xiaoli, camarera en Hanoi, masajista en Bangkok, viajera en el Mekong, \u2026 Un paseo por Venecia que termina en el lago Garda. Un trayecto en el S-Bahn berlin\u00e9s con la maleta llena de recuerdos. Una historia de frontera: M\u00e9xico y la Uni\u00f3n Americana se dan la mano. Unas cervezas en un bar de Chiang Mai acompa\u00f1adas por la melancol\u00eda de la nostalgia.\u00a0Una directora de orquesta encuentra el amor, \u00bfquiz\u00e1 algo m\u00e1s? en tierras palestinas.\u00a0En un hotel de la costa cant\u00e1brica, una mirada enfrenta a un hombre con su conciencia. En Donostia, cuando la noche se endurece, podemos ser como somos o limitar nuestra mente y nuestro cuerpo.<\/p>\n<p>Esto es una muestra de los relatos que encontrar\u00e1 en el interior de este libro que tiene entre sus manos.\u00a0\u00a0Cuando los escrib\u00ed eran m\u00edos, ahora tiene la oportunidad de hacerlos suyos.<\/p>\n","protected":false},"featured_media":99461,"comment_status":"closed","ping_status":"open","template":"","meta":{"_acf_changed":false},"libro":[],"product_brand":[],"product_cat":[26],"product_tag":[],"class_list":{"0":"post-99460","1":"product","2":"type-product","3":"status-publish","4":"has-post-thumbnail","6":"product_cat-sin-categoria","8":"first","9":"instock","10":"product-type-simple"},"acf":{"autor":[77780],"enlace_de_compra":""},"yoast_head":"<!-- This site is optimized with the Yoast SEO plugin v27.4 - https:\/\/yoast.com\/product\/yoast-seo-wordpress\/ -->\n<title>Escribir es un viaje - Catalogo | Letrame Grupo Editorial<\/title>\n<meta name=\"robots\" content=\"index, follow, max-snippet:-1, max-image-preview:large, max-video-preview:-1\" \/>\n<link rel=\"canonical\" href=\"https:\/\/letrame.com\/catalogo\/producto\/escribir-es-un-viaje\/\" \/>\n<meta property=\"og:locale\" content=\"es_ES\" \/>\n<meta property=\"og:type\" content=\"article\" \/>\n<meta property=\"og:title\" content=\"Escribir es un viaje - Catalogo | Letrame Grupo Editorial\" \/>\n<meta property=\"og:description\" content=\"ISBN: 978-84-1181-247-4 SINOPSIS Xiaoli, camarera en Hanoi, masajista en Bangkok, viajera en el Mekong, \u2026 Un paseo por Venecia que termina en el lago Garda. Un trayecto en el S-Bahn berlin\u00e9s con la maleta llena de recuerdos. Una historia de frontera: M\u00e9xico y la Uni\u00f3n Americana se dan la mano. Unas cervezas en un bar de Chiang Mai acompa\u00f1adas por la melancol\u00eda de la nostalgia.\u00a0Una directora de orquesta encuentra el amor, \u00bfquiz\u00e1 algo m\u00e1s? en tierras palestinas.\u00a0En un hotel de la costa cant\u00e1brica, una mirada enfrenta a un hombre con su conciencia. En Donostia, cuando la noche se endurece, podemos ser como somos o limitar nuestra mente y nuestro cuerpo. Esto es una muestra de los relatos que encontrar\u00e1 en el interior de este libro que tiene entre sus manos.\u00a0\u00a0Cuando los escrib\u00ed eran m\u00edos, ahora tiene la oportunidad de hacerlos suyos.\" \/>\n<meta property=\"og:url\" content=\"https:\/\/letrame.com\/catalogo\/producto\/escribir-es-un-viaje\/\" \/>\n<meta property=\"og:site_name\" content=\"Catalogo | Letrame Grupo Editorial\" \/>\n<meta property=\"og:image\" content=\"https:\/\/letrame.com\/catalogo\/wp-content\/uploads\/2024\/04\/webportada_escribiresun_947mm-compressed-scaled-1.jpg\" \/>\n\t<meta property=\"og:image:width\" content=\"1746\" \/>\n\t<meta property=\"og:image:height\" content=\"2560\" \/>\n\t<meta property=\"og:image:type\" content=\"image\/jpeg\" \/>\n<meta name=\"twitter:card\" content=\"summary_large_image\" \/>\n<meta name=\"twitter:label1\" content=\"Tiempo de lectura\" \/>\n\t<meta name=\"twitter:data1\" content=\"1 minuto\" \/>\n<script type=\"application\/ld+json\" class=\"yoast-schema-graph\">{\"@context\":\"https:\\\/\\\/schema.org\",\"@graph\":[{\"@type\":\"WebPage\",\"@id\":\"https:\\\/\\\/letrame.com\\\/catalogo\\\/producto\\\/escribir-es-un-viaje\\\/\",\"url\":\"https:\\\/\\\/letrame.com\\\/catalogo\\\/producto\\\/escribir-es-un-viaje\\\/\",\"name\":\"Escribir es un viaje - Catalogo | Letrame Grupo Editorial\",\"isPartOf\":{\"@id\":\"https:\\\/\\\/letrame.com\\\/catalogo\\\/#website\"},\"primaryImageOfPage\":{\"@id\":\"https:\\\/\\\/letrame.com\\\/catalogo\\\/producto\\\/escribir-es-un-viaje\\\/#primaryimage\"},\"image\":{\"@id\":\"https:\\\/\\\/letrame.com\\\/catalogo\\\/producto\\\/escribir-es-un-viaje\\\/#primaryimage\"},\"thumbnailUrl\":\"https:\\\/\\\/letrame.com\\\/catalogo\\\/wp-content\\\/uploads\\\/2024\\\/04\\\/webportada_escribiresun_947mm-compressed-scaled-1.jpg\",\"datePublished\":\"2024-04-29T14:27:23+00:00\",\"breadcrumb\":{\"@id\":\"https:\\\/\\\/letrame.com\\\/catalogo\\\/producto\\\/escribir-es-un-viaje\\\/#breadcrumb\"},\"inLanguage\":\"es\",\"potentialAction\":[{\"@type\":\"ReadAction\",\"target\":[\"https:\\\/\\\/letrame.com\\\/catalogo\\\/producto\\\/escribir-es-un-viaje\\\/\"]}]},{\"@type\":\"ImageObject\",\"inLanguage\":\"es\",\"@id\":\"https:\\\/\\\/letrame.com\\\/catalogo\\\/producto\\\/escribir-es-un-viaje\\\/#primaryimage\",\"url\":\"https:\\\/\\\/letrame.com\\\/catalogo\\\/wp-content\\\/uploads\\\/2024\\\/04\\\/webportada_escribiresun_947mm-compressed-scaled-1.jpg\",\"contentUrl\":\"https:\\\/\\\/letrame.com\\\/catalogo\\\/wp-content\\\/uploads\\\/2024\\\/04\\\/webportada_escribiresun_947mm-compressed-scaled-1.jpg\",\"width\":1746,\"height\":2560},{\"@type\":\"BreadcrumbList\",\"@id\":\"https:\\\/\\\/letrame.com\\\/catalogo\\\/producto\\\/escribir-es-un-viaje\\\/#breadcrumb\",\"itemListElement\":[{\"@type\":\"ListItem\",\"position\":1,\"name\":\"Portada\",\"item\":\"https:\\\/\\\/letrame.com\\\/catalogo\\\/\"},{\"@type\":\"ListItem\",\"position\":2,\"name\":\"Cat\u00e1logo\",\"item\":\"https:\\\/\\\/letrame.com\\\/catalogo\\\/\"},{\"@type\":\"ListItem\",\"position\":3,\"name\":\"Escribir es un viaje\"}]},{\"@type\":\"WebSite\",\"@id\":\"https:\\\/\\\/letrame.com\\\/catalogo\\\/#website\",\"url\":\"https:\\\/\\\/letrame.com\\\/catalogo\\\/\",\"name\":\"Catalogo | Letrame Grupo Editorial\",\"description\":\"\",\"publisher\":{\"@id\":\"https:\\\/\\\/letrame.com\\\/catalogo\\\/#organization\"},\"potentialAction\":[{\"@type\":\"SearchAction\",\"target\":{\"@type\":\"EntryPoint\",\"urlTemplate\":\"https:\\\/\\\/letrame.com\\\/catalogo\\\/?s={search_term_string}\"},\"query-input\":{\"@type\":\"PropertyValueSpecification\",\"valueRequired\":true,\"valueName\":\"search_term_string\"}}],\"inLanguage\":\"es\"},{\"@type\":\"Organization\",\"@id\":\"https:\\\/\\\/letrame.com\\\/catalogo\\\/#organization\",\"name\":\"Catalogo | Letrame Grupo Editorial\",\"url\":\"https:\\\/\\\/letrame.com\\\/catalogo\\\/\",\"logo\":{\"@type\":\"ImageObject\",\"inLanguage\":\"es\",\"@id\":\"https:\\\/\\\/letrame.com\\\/catalogo\\\/#\\\/schema\\\/logo\\\/image\\\/\",\"url\":\"https:\\\/\\\/letrame.com\\\/catalogo\\\/wp-content\\\/uploads\\\/2024\\\/03\\\/logo2.webp\",\"contentUrl\":\"https:\\\/\\\/letrame.com\\\/catalogo\\\/wp-content\\\/uploads\\\/2024\\\/03\\\/logo2.webp\",\"width\":394,\"height\":128,\"caption\":\"Catalogo | Letrame Grupo Editorial\"},\"image\":{\"@id\":\"https:\\\/\\\/letrame.com\\\/catalogo\\\/#\\\/schema\\\/logo\\\/image\\\/\"}}]}<\/script>\n<!-- \/ Yoast SEO plugin. -->","yoast_head_json":{"title":"Escribir es un viaje - Catalogo | Letrame Grupo Editorial","robots":{"index":"index","follow":"follow","max-snippet":"max-snippet:-1","max-image-preview":"max-image-preview:large","max-video-preview":"max-video-preview:-1"},"canonical":"https:\/\/letrame.com\/catalogo\/producto\/escribir-es-un-viaje\/","og_locale":"es_ES","og_type":"article","og_title":"Escribir es un viaje - Catalogo | Letrame Grupo Editorial","og_description":"ISBN: 978-84-1181-247-4 SINOPSIS Xiaoli, camarera en Hanoi, masajista en Bangkok, viajera en el Mekong, \u2026 Un paseo por Venecia que termina en el lago Garda. Un trayecto en el S-Bahn berlin\u00e9s con la maleta llena de recuerdos. Una historia de frontera: M\u00e9xico y la Uni\u00f3n Americana se dan la mano. Unas cervezas en un bar de Chiang Mai acompa\u00f1adas por la melancol\u00eda de la nostalgia.\u00a0Una directora de orquesta encuentra el amor, \u00bfquiz\u00e1 algo m\u00e1s? en tierras palestinas.\u00a0En un hotel de la costa cant\u00e1brica, una mirada enfrenta a un hombre con su conciencia. En Donostia, cuando la noche se endurece, podemos ser como somos o limitar nuestra mente y nuestro cuerpo. Esto es una muestra de los relatos que encontrar\u00e1 en el interior de este libro que tiene entre sus manos.\u00a0\u00a0Cuando los escrib\u00ed eran m\u00edos, ahora tiene la oportunidad de hacerlos suyos.","og_url":"https:\/\/letrame.com\/catalogo\/producto\/escribir-es-un-viaje\/","og_site_name":"Catalogo | Letrame Grupo Editorial","og_image":[{"width":1746,"height":2560,"url":"https:\/\/letrame.com\/catalogo\/wp-content\/uploads\/2024\/04\/webportada_escribiresun_947mm-compressed-scaled-1.jpg","type":"image\/jpeg"}],"twitter_card":"summary_large_image","twitter_misc":{"Tiempo de lectura":"1 minuto"},"schema":{"@context":"https:\/\/schema.org","@graph":[{"@type":"WebPage","@id":"https:\/\/letrame.com\/catalogo\/producto\/escribir-es-un-viaje\/","url":"https:\/\/letrame.com\/catalogo\/producto\/escribir-es-un-viaje\/","name":"Escribir es un viaje - Catalogo | Letrame Grupo Editorial","isPartOf":{"@id":"https:\/\/letrame.com\/catalogo\/#website"},"primaryImageOfPage":{"@id":"https:\/\/letrame.com\/catalogo\/producto\/escribir-es-un-viaje\/#primaryimage"},"image":{"@id":"https:\/\/letrame.com\/catalogo\/producto\/escribir-es-un-viaje\/#primaryimage"},"thumbnailUrl":"https:\/\/letrame.com\/catalogo\/wp-content\/uploads\/2024\/04\/webportada_escribiresun_947mm-compressed-scaled-1.jpg","datePublished":"2024-04-29T14:27:23+00:00","breadcrumb":{"@id":"https:\/\/letrame.com\/catalogo\/producto\/escribir-es-un-viaje\/#breadcrumb"},"inLanguage":"es","potentialAction":[{"@type":"ReadAction","target":["https:\/\/letrame.com\/catalogo\/producto\/escribir-es-un-viaje\/"]}]},{"@type":"ImageObject","inLanguage":"es","@id":"https:\/\/letrame.com\/catalogo\/producto\/escribir-es-un-viaje\/#primaryimage","url":"https:\/\/letrame.com\/catalogo\/wp-content\/uploads\/2024\/04\/webportada_escribiresun_947mm-compressed-scaled-1.jpg","contentUrl":"https:\/\/letrame.com\/catalogo\/wp-content\/uploads\/2024\/04\/webportada_escribiresun_947mm-compressed-scaled-1.jpg","width":1746,"height":2560},{"@type":"BreadcrumbList","@id":"https:\/\/letrame.com\/catalogo\/producto\/escribir-es-un-viaje\/#breadcrumb","itemListElement":[{"@type":"ListItem","position":1,"name":"Portada","item":"https:\/\/letrame.com\/catalogo\/"},{"@type":"ListItem","position":2,"name":"Cat\u00e1logo","item":"https:\/\/letrame.com\/catalogo\/"},{"@type":"ListItem","position":3,"name":"Escribir es un viaje"}]},{"@type":"WebSite","@id":"https:\/\/letrame.com\/catalogo\/#website","url":"https:\/\/letrame.com\/catalogo\/","name":"Catalogo | Letrame Grupo Editorial","description":"","publisher":{"@id":"https:\/\/letrame.com\/catalogo\/#organization"},"potentialAction":[{"@type":"SearchAction","target":{"@type":"EntryPoint","urlTemplate":"https:\/\/letrame.com\/catalogo\/?s={search_term_string}"},"query-input":{"@type":"PropertyValueSpecification","valueRequired":true,"valueName":"search_term_string"}}],"inLanguage":"es"},{"@type":"Organization","@id":"https:\/\/letrame.com\/catalogo\/#organization","name":"Catalogo | Letrame Grupo Editorial","url":"https:\/\/letrame.com\/catalogo\/","logo":{"@type":"ImageObject","inLanguage":"es","@id":"https:\/\/letrame.com\/catalogo\/#\/schema\/logo\/image\/","url":"https:\/\/letrame.com\/catalogo\/wp-content\/uploads\/2024\/03\/logo2.webp","contentUrl":"https:\/\/letrame.com\/catalogo\/wp-content\/uploads\/2024\/03\/logo2.webp","width":394,"height":128,"caption":"Catalogo | Letrame Grupo Editorial"},"image":{"@id":"https:\/\/letrame.com\/catalogo\/#\/schema\/logo\/image\/"}}]}},"_links":{"self":[{"href":"https:\/\/letrame.com\/catalogo\/wp-json\/wp\/v2\/product\/99460","targetHints":{"allow":["GET"]}}],"collection":[{"href":"https:\/\/letrame.com\/catalogo\/wp-json\/wp\/v2\/product"}],"about":[{"href":"https:\/\/letrame.com\/catalogo\/wp-json\/wp\/v2\/types\/product"}],"replies":[{"embeddable":true,"href":"https:\/\/letrame.com\/catalogo\/wp-json\/wp\/v2\/comments?post=99460"}],"acf:post":[{"embeddable":true,"href":"https:\/\/letrame.com\/catalogo\/wp-json\/wp\/v2\/author_book\/77780"}],"wp:featuredmedia":[{"embeddable":true,"href":"https:\/\/letrame.com\/catalogo\/wp-json\/wp\/v2\/media\/99461"}],"wp:attachment":[{"href":"https:\/\/letrame.com\/catalogo\/wp-json\/wp\/v2\/media?parent=99460"}],"wp:term":[{"taxonomy":"libro","embeddable":true,"href":"https:\/\/letrame.com\/catalogo\/wp-json\/wp\/v2\/libro?post=99460"},{"taxonomy":"product_brand","embeddable":true,"href":"https:\/\/letrame.com\/catalogo\/wp-json\/wp\/v2\/product_brand?post=99460"},{"taxonomy":"product_cat","embeddable":true,"href":"https:\/\/letrame.com\/catalogo\/wp-json\/wp\/v2\/product_cat?post=99460"},{"taxonomy":"product_tag","embeddable":true,"href":"https:\/\/letrame.com\/catalogo\/wp-json\/wp\/v2\/product_tag?post=99460"}],"curies":[{"name":"wp","href":"https:\/\/api.w.org\/{rel}","templated":true}]}}