{"id":99452,"date":"2024-04-29T16:25:56","date_gmt":"2024-04-29T14:25:56","guid":{"rendered":"https:\/\/letrame.com\/catalogo\/producto\/arco-firme-la-encomienda-y-su-memoria-en-el-valle-del-cauca\/"},"modified":"2024-04-29T16:26:23","modified_gmt":"2024-04-29T14:26:23","slug":"arco-firme-la-encomienda-y-su-memoria-en-el-valle-del-cauca","status":"publish","type":"product","link":"https:\/\/letrame.com\/catalogo\/producto\/arco-firme-la-encomienda-y-su-memoria-en-el-valle-del-cauca\/","title":{"rendered":"Arco Firme \u201cLa encomienda y su memoria en el Valle del Cauca"},"content":{"rendered":"<p><strong>ISBN<\/strong>: 978-84-1181-523-9<\/p>\n<p><strong>T\u00edtulo<\/strong>: Arco Firme \u201cLa encomienda y su memoria en el Valle del Cauca<br \/>\n<strong>Fecha<\/strong>: 2023<br \/>\n<strong>P\u00e1ginas<\/strong>: 254<\/p>\n<p><strong>SINOPSIS<\/strong><\/p>\n<p>En 1557, el Valle del Cauca tiene encomiendas\u00a0para manejar la productividad de un territorio en plena colonizaci\u00f3n por la corona espa\u00f1ola. Pero el territorio no est\u00e1\u00a0pacificado\u00a0ni del todo\u00a0dominado. La resistencia de los nativos crea limitaciones para el paso de las caravanas, la sostenibilidad de la joven Santiago de Cali y se hace necesario pagar mercenarios para acabar con los indios que crean zonas de rebeli\u00f3n. En medio de este ambiente hostil y b\u00e9lico, el hijo del gran guerrero Jaguar aprende de la mano de un espa\u00f1ol rebelde que se vuelve su mentor, a sobrevivir entre espa\u00f1oles de la encomienda, guerreros en pie de guerra, el tr\u00e1fico de esclavos y el incipiente amor que le toca el coraz\u00f3n.<\/p>\n<p>&nbsp;<\/p>\n","protected":false},"excerpt":{"rendered":"<p><strong>ISBN<\/strong>: 978-84-1181-523-9<\/p>\n<p><strong>SINOPSIS<\/strong><\/p>\n<p>En 1557, el Valle del Cauca tiene encomiendas\u00a0para manejar la productividad de un territorio en plena colonizaci\u00f3n por la corona espa\u00f1ola. Pero el territorio no est\u00e1\u00a0pacificado\u00a0ni del todo\u00a0dominado. La resistencia de los nativos crea limitaciones para el paso de las caravanas, la sostenibilidad de la joven Santiago de Cali y se hace necesario pagar mercenarios para acabar con los indios que crean zonas de rebeli\u00f3n. En medio de este ambiente hostil y b\u00e9lico, el hijo del gran guerrero Jaguar aprende de la mano de un espa\u00f1ol rebelde que se vuelve su mentor, a sobrevivir entre espa\u00f1oles de la encomienda, guerreros en pie de guerra, el tr\u00e1fico de esclavos y el incipiente amor que le toca el coraz\u00f3n.<\/p>\n<p>&nbsp;<\/p>\n","protected":false},"featured_media":99453,"comment_status":"closed","ping_status":"open","template":"","meta":{"_acf_changed":false},"libro":[],"product_brand":[],"product_cat":[26],"product_tag":[],"class_list":{"0":"post-99452","1":"product","2":"type-product","3":"status-publish","4":"has-post-thumbnail","6":"product_cat-sin-categoria","8":"first","9":"instock","10":"product-type-simple"},"acf":{"autor":[77257],"enlace_de_compra":""},"yoast_head":"<!-- This site is optimized with the Yoast SEO plugin v26.6 - https:\/\/yoast.com\/wordpress\/plugins\/seo\/ -->\n<title>Arco Firme \u201cLa encomienda y su memoria en el Valle del Cauca - Catalogo | Letrame Grupo Editorial<\/title>\n<meta name=\"robots\" content=\"index, follow, max-snippet:-1, max-image-preview:large, max-video-preview:-1\" \/>\n<link rel=\"canonical\" href=\"https:\/\/letrame.com\/catalogo\/producto\/arco-firme-la-encomienda-y-su-memoria-en-el-valle-del-cauca\/\" \/>\n<meta property=\"og:locale\" content=\"es_ES\" \/>\n<meta property=\"og:type\" content=\"article\" \/>\n<meta property=\"og:title\" content=\"Arco Firme \u201cLa encomienda y su memoria en el Valle del Cauca - Catalogo | Letrame Grupo Editorial\" \/>\n<meta property=\"og:description\" content=\"ISBN: 978-84-1181-523-9 SINOPSIS En 1557, el Valle del Cauca tiene encomiendas\u00a0para manejar la productividad de un territorio en plena colonizaci\u00f3n por la corona espa\u00f1ola. Pero el territorio no est\u00e1\u00a0pacificado\u00a0ni del todo\u00a0dominado. La resistencia de los nativos crea limitaciones para el paso de las caravanas, la sostenibilidad de la joven Santiago de Cali y se hace necesario pagar mercenarios para acabar con los indios que crean zonas de rebeli\u00f3n. En medio de este ambiente hostil y b\u00e9lico, el hijo del gran guerrero Jaguar aprende de la mano de un espa\u00f1ol rebelde que se vuelve su mentor, a sobrevivir entre espa\u00f1oles de la encomienda, guerreros en pie de guerra, el tr\u00e1fico de esclavos y el incipiente amor que le toca el coraz\u00f3n. &nbsp;\" \/>\n<meta property=\"og:url\" content=\"https:\/\/letrame.com\/catalogo\/producto\/arco-firme-la-encomienda-y-su-memoria-en-el-valle-del-cauca\/\" \/>\n<meta property=\"og:site_name\" content=\"Catalogo | Letrame Grupo Editorial\" \/>\n<meta property=\"article:modified_time\" content=\"2024-04-29T14:26:23+00:00\" \/>\n<meta property=\"og:image\" content=\"https:\/\/letrame.com\/catalogo\/wp-content\/uploads\/2024\/04\/webportada_arcofirme_1427mm-compressed-scaled-1.jpg\" \/>\n\t<meta property=\"og:image:width\" content=\"1746\" \/>\n\t<meta property=\"og:image:height\" content=\"2560\" \/>\n\t<meta property=\"og:image:type\" content=\"image\/jpeg\" \/>\n<meta name=\"twitter:card\" content=\"summary_large_image\" \/>\n<meta name=\"twitter:label1\" content=\"Tiempo de lectura\" \/>\n\t<meta name=\"twitter:data1\" content=\"1 minuto\" \/>\n<script type=\"application\/ld+json\" class=\"yoast-schema-graph\">{\"@context\":\"https:\/\/schema.org\",\"@graph\":[{\"@type\":\"WebPage\",\"@id\":\"https:\/\/letrame.com\/catalogo\/producto\/arco-firme-la-encomienda-y-su-memoria-en-el-valle-del-cauca\/\",\"url\":\"https:\/\/letrame.com\/catalogo\/producto\/arco-firme-la-encomienda-y-su-memoria-en-el-valle-del-cauca\/\",\"name\":\"Arco Firme \u201cLa encomienda y su memoria en el Valle del Cauca - Catalogo | Letrame Grupo Editorial\",\"isPartOf\":{\"@id\":\"https:\/\/letrame.com\/catalogo\/#website\"},\"primaryImageOfPage\":{\"@id\":\"https:\/\/letrame.com\/catalogo\/producto\/arco-firme-la-encomienda-y-su-memoria-en-el-valle-del-cauca\/#primaryimage\"},\"image\":{\"@id\":\"https:\/\/letrame.com\/catalogo\/producto\/arco-firme-la-encomienda-y-su-memoria-en-el-valle-del-cauca\/#primaryimage\"},\"thumbnailUrl\":\"https:\/\/letrame.com\/catalogo\/wp-content\/uploads\/2024\/04\/webportada_arcofirme_1427mm-compressed-scaled-1.jpg\",\"datePublished\":\"2024-04-29T14:25:56+00:00\",\"dateModified\":\"2024-04-29T14:26:23+00:00\",\"breadcrumb\":{\"@id\":\"https:\/\/letrame.com\/catalogo\/producto\/arco-firme-la-encomienda-y-su-memoria-en-el-valle-del-cauca\/#breadcrumb\"},\"inLanguage\":\"es\",\"potentialAction\":[{\"@type\":\"ReadAction\",\"target\":[\"https:\/\/letrame.com\/catalogo\/producto\/arco-firme-la-encomienda-y-su-memoria-en-el-valle-del-cauca\/\"]}]},{\"@type\":\"ImageObject\",\"inLanguage\":\"es\",\"@id\":\"https:\/\/letrame.com\/catalogo\/producto\/arco-firme-la-encomienda-y-su-memoria-en-el-valle-del-cauca\/#primaryimage\",\"url\":\"https:\/\/letrame.com\/catalogo\/wp-content\/uploads\/2024\/04\/webportada_arcofirme_1427mm-compressed-scaled-1.jpg\",\"contentUrl\":\"https:\/\/letrame.com\/catalogo\/wp-content\/uploads\/2024\/04\/webportada_arcofirme_1427mm-compressed-scaled-1.jpg\",\"width\":1746,\"height\":2560},{\"@type\":\"BreadcrumbList\",\"@id\":\"https:\/\/letrame.com\/catalogo\/producto\/arco-firme-la-encomienda-y-su-memoria-en-el-valle-del-cauca\/#breadcrumb\",\"itemListElement\":[{\"@type\":\"ListItem\",\"position\":1,\"name\":\"Portada\",\"item\":\"https:\/\/letrame.com\/catalogo\/\"},{\"@type\":\"ListItem\",\"position\":2,\"name\":\"Cat\u00e1logo\",\"item\":\"https:\/\/letrame.com\/catalogo\/\"},{\"@type\":\"ListItem\",\"position\":3,\"name\":\"Arco Firme \u201cLa encomienda y su memoria en el Valle del Cauca\"}]},{\"@type\":\"WebSite\",\"@id\":\"https:\/\/letrame.com\/catalogo\/#website\",\"url\":\"https:\/\/letrame.com\/catalogo\/\",\"name\":\"Catalogo | Letrame Grupo Editorial\",\"description\":\"\",\"publisher\":{\"@id\":\"https:\/\/letrame.com\/catalogo\/#organization\"},\"potentialAction\":[{\"@type\":\"SearchAction\",\"target\":{\"@type\":\"EntryPoint\",\"urlTemplate\":\"https:\/\/letrame.com\/catalogo\/?s={search_term_string}\"},\"query-input\":{\"@type\":\"PropertyValueSpecification\",\"valueRequired\":true,\"valueName\":\"search_term_string\"}}],\"inLanguage\":\"es\"},{\"@type\":\"Organization\",\"@id\":\"https:\/\/letrame.com\/catalogo\/#organization\",\"name\":\"Catalogo | Letrame Grupo Editorial\",\"url\":\"https:\/\/letrame.com\/catalogo\/\",\"logo\":{\"@type\":\"ImageObject\",\"inLanguage\":\"es\",\"@id\":\"https:\/\/letrame.com\/catalogo\/#\/schema\/logo\/image\/\",\"url\":\"https:\/\/letrame.com\/catalogo\/wp-content\/uploads\/2024\/03\/logo2.webp\",\"contentUrl\":\"https:\/\/letrame.com\/catalogo\/wp-content\/uploads\/2024\/03\/logo2.webp\",\"width\":394,\"height\":128,\"caption\":\"Catalogo | Letrame Grupo Editorial\"},\"image\":{\"@id\":\"https:\/\/letrame.com\/catalogo\/#\/schema\/logo\/image\/\"}}]}<\/script>\n<!-- \/ Yoast SEO plugin. -->","yoast_head_json":{"title":"Arco Firme \u201cLa encomienda y su memoria en el Valle del Cauca - Catalogo | Letrame Grupo Editorial","robots":{"index":"index","follow":"follow","max-snippet":"max-snippet:-1","max-image-preview":"max-image-preview:large","max-video-preview":"max-video-preview:-1"},"canonical":"https:\/\/letrame.com\/catalogo\/producto\/arco-firme-la-encomienda-y-su-memoria-en-el-valle-del-cauca\/","og_locale":"es_ES","og_type":"article","og_title":"Arco Firme \u201cLa encomienda y su memoria en el Valle del Cauca - Catalogo | Letrame Grupo Editorial","og_description":"ISBN: 978-84-1181-523-9 SINOPSIS En 1557, el Valle del Cauca tiene encomiendas\u00a0para manejar la productividad de un territorio en plena colonizaci\u00f3n por la corona espa\u00f1ola. Pero el territorio no est\u00e1\u00a0pacificado\u00a0ni del todo\u00a0dominado. La resistencia de los nativos crea limitaciones para el paso de las caravanas, la sostenibilidad de la joven Santiago de Cali y se hace necesario pagar mercenarios para acabar con los indios que crean zonas de rebeli\u00f3n. En medio de este ambiente hostil y b\u00e9lico, el hijo del gran guerrero Jaguar aprende de la mano de un espa\u00f1ol rebelde que se vuelve su mentor, a sobrevivir entre espa\u00f1oles de la encomienda, guerreros en pie de guerra, el tr\u00e1fico de esclavos y el incipiente amor que le toca el coraz\u00f3n. &nbsp;","og_url":"https:\/\/letrame.com\/catalogo\/producto\/arco-firme-la-encomienda-y-su-memoria-en-el-valle-del-cauca\/","og_site_name":"Catalogo | Letrame Grupo Editorial","article_modified_time":"2024-04-29T14:26:23+00:00","og_image":[{"width":1746,"height":2560,"url":"https:\/\/letrame.com\/catalogo\/wp-content\/uploads\/2024\/04\/webportada_arcofirme_1427mm-compressed-scaled-1.jpg","type":"image\/jpeg"}],"twitter_card":"summary_large_image","twitter_misc":{"Tiempo de lectura":"1 minuto"},"schema":{"@context":"https:\/\/schema.org","@graph":[{"@type":"WebPage","@id":"https:\/\/letrame.com\/catalogo\/producto\/arco-firme-la-encomienda-y-su-memoria-en-el-valle-del-cauca\/","url":"https:\/\/letrame.com\/catalogo\/producto\/arco-firme-la-encomienda-y-su-memoria-en-el-valle-del-cauca\/","name":"Arco Firme \u201cLa encomienda y su memoria en el Valle del Cauca - Catalogo | Letrame Grupo Editorial","isPartOf":{"@id":"https:\/\/letrame.com\/catalogo\/#website"},"primaryImageOfPage":{"@id":"https:\/\/letrame.com\/catalogo\/producto\/arco-firme-la-encomienda-y-su-memoria-en-el-valle-del-cauca\/#primaryimage"},"image":{"@id":"https:\/\/letrame.com\/catalogo\/producto\/arco-firme-la-encomienda-y-su-memoria-en-el-valle-del-cauca\/#primaryimage"},"thumbnailUrl":"https:\/\/letrame.com\/catalogo\/wp-content\/uploads\/2024\/04\/webportada_arcofirme_1427mm-compressed-scaled-1.jpg","datePublished":"2024-04-29T14:25:56+00:00","dateModified":"2024-04-29T14:26:23+00:00","breadcrumb":{"@id":"https:\/\/letrame.com\/catalogo\/producto\/arco-firme-la-encomienda-y-su-memoria-en-el-valle-del-cauca\/#breadcrumb"},"inLanguage":"es","potentialAction":[{"@type":"ReadAction","target":["https:\/\/letrame.com\/catalogo\/producto\/arco-firme-la-encomienda-y-su-memoria-en-el-valle-del-cauca\/"]}]},{"@type":"ImageObject","inLanguage":"es","@id":"https:\/\/letrame.com\/catalogo\/producto\/arco-firme-la-encomienda-y-su-memoria-en-el-valle-del-cauca\/#primaryimage","url":"https:\/\/letrame.com\/catalogo\/wp-content\/uploads\/2024\/04\/webportada_arcofirme_1427mm-compressed-scaled-1.jpg","contentUrl":"https:\/\/letrame.com\/catalogo\/wp-content\/uploads\/2024\/04\/webportada_arcofirme_1427mm-compressed-scaled-1.jpg","width":1746,"height":2560},{"@type":"BreadcrumbList","@id":"https:\/\/letrame.com\/catalogo\/producto\/arco-firme-la-encomienda-y-su-memoria-en-el-valle-del-cauca\/#breadcrumb","itemListElement":[{"@type":"ListItem","position":1,"name":"Portada","item":"https:\/\/letrame.com\/catalogo\/"},{"@type":"ListItem","position":2,"name":"Cat\u00e1logo","item":"https:\/\/letrame.com\/catalogo\/"},{"@type":"ListItem","position":3,"name":"Arco Firme \u201cLa encomienda y su memoria en el Valle del Cauca"}]},{"@type":"WebSite","@id":"https:\/\/letrame.com\/catalogo\/#website","url":"https:\/\/letrame.com\/catalogo\/","name":"Catalogo | Letrame Grupo Editorial","description":"","publisher":{"@id":"https:\/\/letrame.com\/catalogo\/#organization"},"potentialAction":[{"@type":"SearchAction","target":{"@type":"EntryPoint","urlTemplate":"https:\/\/letrame.com\/catalogo\/?s={search_term_string}"},"query-input":{"@type":"PropertyValueSpecification","valueRequired":true,"valueName":"search_term_string"}}],"inLanguage":"es"},{"@type":"Organization","@id":"https:\/\/letrame.com\/catalogo\/#organization","name":"Catalogo | Letrame Grupo Editorial","url":"https:\/\/letrame.com\/catalogo\/","logo":{"@type":"ImageObject","inLanguage":"es","@id":"https:\/\/letrame.com\/catalogo\/#\/schema\/logo\/image\/","url":"https:\/\/letrame.com\/catalogo\/wp-content\/uploads\/2024\/03\/logo2.webp","contentUrl":"https:\/\/letrame.com\/catalogo\/wp-content\/uploads\/2024\/03\/logo2.webp","width":394,"height":128,"caption":"Catalogo | Letrame Grupo Editorial"},"image":{"@id":"https:\/\/letrame.com\/catalogo\/#\/schema\/logo\/image\/"}}]}},"_links":{"self":[{"href":"https:\/\/letrame.com\/catalogo\/wp-json\/wp\/v2\/product\/99452","targetHints":{"allow":["GET"]}}],"collection":[{"href":"https:\/\/letrame.com\/catalogo\/wp-json\/wp\/v2\/product"}],"about":[{"href":"https:\/\/letrame.com\/catalogo\/wp-json\/wp\/v2\/types\/product"}],"replies":[{"embeddable":true,"href":"https:\/\/letrame.com\/catalogo\/wp-json\/wp\/v2\/comments?post=99452"}],"acf:post":[{"embeddable":true,"href":"https:\/\/letrame.com\/catalogo\/wp-json\/wp\/v2\/author_book\/77257"}],"wp:featuredmedia":[{"embeddable":true,"href":"https:\/\/letrame.com\/catalogo\/wp-json\/wp\/v2\/media\/99453"}],"wp:attachment":[{"href":"https:\/\/letrame.com\/catalogo\/wp-json\/wp\/v2\/media?parent=99452"}],"wp:term":[{"taxonomy":"libro","embeddable":true,"href":"https:\/\/letrame.com\/catalogo\/wp-json\/wp\/v2\/libro?post=99452"},{"taxonomy":"product_brand","embeddable":true,"href":"https:\/\/letrame.com\/catalogo\/wp-json\/wp\/v2\/product_brand?post=99452"},{"taxonomy":"product_cat","embeddable":true,"href":"https:\/\/letrame.com\/catalogo\/wp-json\/wp\/v2\/product_cat?post=99452"},{"taxonomy":"product_tag","embeddable":true,"href":"https:\/\/letrame.com\/catalogo\/wp-json\/wp\/v2\/product_tag?post=99452"}],"curies":[{"name":"wp","href":"https:\/\/api.w.org\/{rel}","templated":true}]}}