{"id":99444,"date":"2024-04-29T16:25:11","date_gmt":"2024-04-29T14:25:11","guid":{"rendered":"https:\/\/letrame.com\/catalogo\/producto\/estoy-en-la-pista-vamos-a-bailar\/"},"modified":"2024-04-29T16:25:26","modified_gmt":"2024-04-29T14:25:26","slug":"estoy-en-la-pista-vamos-a-bailar","status":"publish","type":"product","link":"https:\/\/letrame.com\/catalogo\/producto\/estoy-en-la-pista-vamos-a-bailar\/","title":{"rendered":"ESTOY EN LA PISTA, \u00a1VAMOS A BAILAR!"},"content":{"rendered":"<p><strong>ISBN<\/strong>: 978-84-1144-837-6<\/p>\n<p><strong>T\u00edtulo<\/strong>: ESTOY EN LA PISTA, \u00a1VAMOS A BAILAR!<br \/>\n<strong>Fecha<\/strong>: 2023<br \/>\n<strong>P\u00e1ginas<\/strong>: 218<\/p>\n<p><strong>SINOPSIS<\/strong><\/p>\n<p>En cualquier competici\u00f3n de alto rendimiento se dedica mucho esfuerzo y voluntad por intentar conseguir superarse a uno mismo. Desde mi experiencia puedo contarles que detr\u00e1s de los telones siempre hay complicaciones, celos, votos comprados, amiguismos, etc. que no salen a la luz. En este libro les muestro c\u00f3mo llev\u00e9 a cabo aquello que tanto so\u00f1\u00e9 siendo joven y que consegu\u00ed poner en marcha a partir de los 53 a\u00f1os. Nunca pensar\u00eda llegar tan lejos, gracias a Dios, recorr\u00ed muchos escenarios por toda Europa. En este libro encontrar\u00e1n un recorrido y compilaci\u00f3n de premios, concursos, an\u00e9cdotas, experiencias y pa\u00edses donde estuve, fueron momentos inolvidables en mi vida. Actualmente, como no puedo bailar, he decidido aunar mis dos pasiones y realizar un libro con mi humilde aportaci\u00f3n en la aventura m\u00e1s importante de mi vida, el baile art\u00edstico. Francelina Robin, 11 de noviembre de 1945, Ponte de Lima (Portugal). De nacionalidad francesa. Luch\u00f3 duramente entre las fronteras de Portugal, Espa\u00f1a y Francia para ganarse la vida. A sus 53 a\u00f1os se lanz\u00f3 a la gran aventura del baile que le dio la oportunidad de recorrer Europa. Tras participar en numerosos torneos y competiciones, y hacerse con la primeras posiciones en muchas de las ocasiones, pudo acabar dedic\u00e1ndose, junto a su esposo Claude Robin, a lo que tantas veces so\u00f1\u00f3: ser bailarina profesional. Tras conseguir t\u00edtulos como: el Primer Premio en el Crucero de Danza de Tele Star por la compa\u00f1\u00eda Feeling Dancing Factory, el Primer Premio en el Campeonato de Francia en tres bailes en Salla Pleyel, en dos ocasiones el Primer Premio del Campeonato de Isla de Francia en tres danzas y una larga lista de premios decidi\u00f3, junto a su marido, dedicarse a hacer espect\u00e1culos all\u00e1 donde iba obteniendo contratos en Portugal, Francia y Espa\u00f1a. La salud le forz\u00f3 a decir adi\u00f3s al baile, pero se lanz\u00f3 a la aventura de la escritura donde lleva inmersa desde 2014, y fruto de su duro empe\u00f1o y constancia ha dado como resultado un total de ocho libros y varios premios otorgados por la Fundaci\u00f3n Granada Costa entre los que se encuentran: Diploma Bailarina Art\u00edstica, Escritora y Poeta, Medalla de Oro, Broche de Oro a una Carrera Art\u00edstica.<\/p>\n","protected":false},"excerpt":{"rendered":"<p><strong>ISBN<\/strong>: 978-84-1144-837-6<\/p>\n<p><strong>SINOPSIS<\/strong><\/p>\n<p>En cualquier competici\u00f3n de alto rendimiento se dedica mucho esfuerzo y voluntad por intentar conseguir superarse a uno mismo. Desde mi experiencia puedo contarles que detr\u00e1s de los telones siempre hay complicaciones, celos, votos comprados, amiguismos, etc. que no salen a la luz. En este libro les muestro c\u00f3mo llev\u00e9 a cabo aquello que tanto so\u00f1\u00e9 siendo joven y que consegu\u00ed poner en marcha a partir de los 53 a\u00f1os. Nunca pensar\u00eda llegar tan lejos, gracias a Dios, recorr\u00ed muchos escenarios por toda Europa. En este libro encontrar\u00e1n un recorrido y compilaci\u00f3n de premios, concursos, an\u00e9cdotas, experiencias y pa\u00edses donde estuve, fueron momentos inolvidables en mi vida. Actualmente, como no puedo bailar, he decidido aunar mis dos pasiones y realizar un libro con mi humilde aportaci\u00f3n en la aventura m\u00e1s importante de mi vida, el baile art\u00edstico. Francelina Robin, 11 de noviembre de 1945, Ponte de Lima (Portugal). De nacionalidad francesa. Luch\u00f3 duramente entre las fronteras de Portugal, Espa\u00f1a y Francia para ganarse la vida. A sus 53 a\u00f1os se lanz\u00f3 a la gran aventura del baile que le dio la oportunidad de recorrer Europa. Tras participar en numerosos torneos y competiciones, y hacerse con la primeras posiciones en muchas de las ocasiones, pudo acabar dedic\u00e1ndose, junto a su esposo Claude Robin, a lo que tantas veces so\u00f1\u00f3: ser bailarina profesional. Tras conseguir t\u00edtulos como: el Primer Premio en el Crucero de Danza de Tele Star por la compa\u00f1\u00eda Feeling Dancing Factory, el Primer Premio en el Campeonato de Francia en tres bailes en Salla Pleyel, en dos ocasiones el Primer Premio del Campeonato de Isla de Francia en tres danzas y una larga lista de premios decidi\u00f3, junto a su marido, dedicarse a hacer espect\u00e1culos all\u00e1 donde iba obteniendo contratos en Portugal, Francia y Espa\u00f1a. La salud le forz\u00f3 a decir adi\u00f3s al baile, pero se lanz\u00f3 a la aventura de la escritura donde lleva inmersa desde 2014, y fruto de su duro empe\u00f1o y constancia ha dado como resultado un total de ocho libros y varios premios otorgados por la Fundaci\u00f3n Granada Costa entre los que se encuentran: Diploma Bailarina Art\u00edstica, Escritora y Poeta, Medalla de Oro, Broche de Oro a una Carrera Art\u00edstica.<\/p>\n","protected":false},"featured_media":99445,"comment_status":"closed","ping_status":"open","template":"","meta":{"_acf_changed":false},"libro":[],"product_brand":[],"product_cat":[26],"product_tag":[],"class_list":{"0":"post-99444","1":"product","2":"type-product","3":"status-publish","4":"has-post-thumbnail","6":"product_cat-sin-categoria","8":"first","9":"instock","10":"product-type-simple"},"acf":{"autor":[77566],"enlace_de_compra":""},"yoast_head":"<!-- This site is optimized with the Yoast SEO plugin v27.4 - https:\/\/yoast.com\/product\/yoast-seo-wordpress\/ -->\n<title>ESTOY EN LA PISTA, \u00a1VAMOS A BAILAR! - Catalogo | Letrame Grupo Editorial<\/title>\n<meta name=\"robots\" content=\"index, follow, max-snippet:-1, max-image-preview:large, max-video-preview:-1\" \/>\n<link rel=\"canonical\" href=\"https:\/\/letrame.com\/catalogo\/producto\/estoy-en-la-pista-vamos-a-bailar\/\" \/>\n<meta property=\"og:locale\" content=\"es_ES\" \/>\n<meta property=\"og:type\" content=\"article\" \/>\n<meta property=\"og:title\" content=\"ESTOY EN LA PISTA, \u00a1VAMOS A BAILAR! - Catalogo | Letrame Grupo Editorial\" \/>\n<meta property=\"og:description\" content=\"ISBN: 978-84-1144-837-6 SINOPSIS En cualquier competici\u00f3n de alto rendimiento se dedica mucho esfuerzo y voluntad por intentar conseguir superarse a uno mismo. Desde mi experiencia puedo contarles que detr\u00e1s de los telones siempre hay complicaciones, celos, votos comprados, amiguismos, etc. que no salen a la luz. En este libro les muestro c\u00f3mo llev\u00e9 a cabo aquello que tanto so\u00f1\u00e9 siendo joven y que consegu\u00ed poner en marcha a partir de los 53 a\u00f1os. Nunca pensar\u00eda llegar tan lejos, gracias a Dios, recorr\u00ed muchos escenarios por toda Europa. En este libro encontrar\u00e1n un recorrido y compilaci\u00f3n de premios, concursos, an\u00e9cdotas, experiencias y pa\u00edses donde estuve, fueron momentos inolvidables en mi vida. Actualmente, como no puedo bailar, he decidido aunar mis dos pasiones y realizar un libro con mi humilde aportaci\u00f3n en la aventura m\u00e1s importante de mi vida, el baile art\u00edstico. Francelina Robin, 11 de noviembre de 1945, Ponte de Lima (Portugal). De nacionalidad francesa. Luch\u00f3 duramente entre las fronteras de Portugal, Espa\u00f1a y Francia para ganarse la vida. A sus 53 a\u00f1os se lanz\u00f3 a la gran aventura del baile que le dio la oportunidad de recorrer Europa. Tras participar en numerosos torneos y competiciones, y hacerse con la primeras posiciones en muchas de las ocasiones, pudo acabar dedic\u00e1ndose, junto a su esposo Claude Robin, a lo que tantas veces so\u00f1\u00f3: ser bailarina profesional. Tras conseguir t\u00edtulos como: el Primer Premio en el Crucero de Danza de Tele Star por la compa\u00f1\u00eda Feeling Dancing Factory, el Primer Premio en el Campeonato de Francia en tres bailes en Salla Pleyel, en dos ocasiones el Primer Premio del Campeonato de Isla de Francia en tres danzas y una larga lista de premios decidi\u00f3, junto a su marido, dedicarse a hacer espect\u00e1culos all\u00e1 donde iba obteniendo contratos en Portugal, Francia y Espa\u00f1a. La salud le forz\u00f3 a decir adi\u00f3s al baile, pero se lanz\u00f3 a la aventura de la escritura donde lleva inmersa desde 2014, y fruto de su duro empe\u00f1o y constancia ha dado como resultado un total de ocho libros y varios premios otorgados por la Fundaci\u00f3n Granada Costa entre los que se encuentran: Diploma Bailarina Art\u00edstica, Escritora y Poeta, Medalla de Oro, Broche de Oro a una Carrera Art\u00edstica.\" \/>\n<meta property=\"og:url\" content=\"https:\/\/letrame.com\/catalogo\/producto\/estoy-en-la-pista-vamos-a-bailar\/\" \/>\n<meta property=\"og:site_name\" content=\"Catalogo | Letrame Grupo Editorial\" \/>\n<meta property=\"article:modified_time\" content=\"2024-04-29T14:25:26+00:00\" \/>\n<meta property=\"og:image\" content=\"https:\/\/letrame.com\/catalogo\/wp-content\/uploads\/2024\/04\/webportada_estoyenlapista_1113mm-compressed.jpg\" \/>\n\t<meta property=\"og:image:width\" content=\"1748\" \/>\n\t<meta property=\"og:image:height\" content=\"2480\" \/>\n\t<meta property=\"og:image:type\" content=\"image\/jpeg\" \/>\n<meta name=\"twitter:card\" content=\"summary_large_image\" \/>\n<meta name=\"twitter:label1\" content=\"Tiempo de lectura\" \/>\n\t<meta name=\"twitter:data1\" content=\"2 minutos\" \/>\n<script type=\"application\/ld+json\" class=\"yoast-schema-graph\">{\"@context\":\"https:\\\/\\\/schema.org\",\"@graph\":[{\"@type\":\"WebPage\",\"@id\":\"https:\\\/\\\/letrame.com\\\/catalogo\\\/producto\\\/estoy-en-la-pista-vamos-a-bailar\\\/\",\"url\":\"https:\\\/\\\/letrame.com\\\/catalogo\\\/producto\\\/estoy-en-la-pista-vamos-a-bailar\\\/\",\"name\":\"ESTOY EN LA PISTA, \u00a1VAMOS A BAILAR! - Catalogo | Letrame Grupo Editorial\",\"isPartOf\":{\"@id\":\"https:\\\/\\\/letrame.com\\\/catalogo\\\/#website\"},\"primaryImageOfPage\":{\"@id\":\"https:\\\/\\\/letrame.com\\\/catalogo\\\/producto\\\/estoy-en-la-pista-vamos-a-bailar\\\/#primaryimage\"},\"image\":{\"@id\":\"https:\\\/\\\/letrame.com\\\/catalogo\\\/producto\\\/estoy-en-la-pista-vamos-a-bailar\\\/#primaryimage\"},\"thumbnailUrl\":\"https:\\\/\\\/letrame.com\\\/catalogo\\\/wp-content\\\/uploads\\\/2024\\\/04\\\/webportada_estoyenlapista_1113mm-compressed.jpg\",\"datePublished\":\"2024-04-29T14:25:11+00:00\",\"dateModified\":\"2024-04-29T14:25:26+00:00\",\"breadcrumb\":{\"@id\":\"https:\\\/\\\/letrame.com\\\/catalogo\\\/producto\\\/estoy-en-la-pista-vamos-a-bailar\\\/#breadcrumb\"},\"inLanguage\":\"es\",\"potentialAction\":[{\"@type\":\"ReadAction\",\"target\":[\"https:\\\/\\\/letrame.com\\\/catalogo\\\/producto\\\/estoy-en-la-pista-vamos-a-bailar\\\/\"]}]},{\"@type\":\"ImageObject\",\"inLanguage\":\"es\",\"@id\":\"https:\\\/\\\/letrame.com\\\/catalogo\\\/producto\\\/estoy-en-la-pista-vamos-a-bailar\\\/#primaryimage\",\"url\":\"https:\\\/\\\/letrame.com\\\/catalogo\\\/wp-content\\\/uploads\\\/2024\\\/04\\\/webportada_estoyenlapista_1113mm-compressed.jpg\",\"contentUrl\":\"https:\\\/\\\/letrame.com\\\/catalogo\\\/wp-content\\\/uploads\\\/2024\\\/04\\\/webportada_estoyenlapista_1113mm-compressed.jpg\",\"width\":1748,\"height\":2480},{\"@type\":\"BreadcrumbList\",\"@id\":\"https:\\\/\\\/letrame.com\\\/catalogo\\\/producto\\\/estoy-en-la-pista-vamos-a-bailar\\\/#breadcrumb\",\"itemListElement\":[{\"@type\":\"ListItem\",\"position\":1,\"name\":\"Portada\",\"item\":\"https:\\\/\\\/letrame.com\\\/catalogo\\\/\"},{\"@type\":\"ListItem\",\"position\":2,\"name\":\"Cat\u00e1logo\",\"item\":\"https:\\\/\\\/letrame.com\\\/catalogo\\\/\"},{\"@type\":\"ListItem\",\"position\":3,\"name\":\"ESTOY EN LA PISTA, \u00a1VAMOS A BAILAR!\"}]},{\"@type\":\"WebSite\",\"@id\":\"https:\\\/\\\/letrame.com\\\/catalogo\\\/#website\",\"url\":\"https:\\\/\\\/letrame.com\\\/catalogo\\\/\",\"name\":\"Catalogo | Letrame Grupo Editorial\",\"description\":\"\",\"publisher\":{\"@id\":\"https:\\\/\\\/letrame.com\\\/catalogo\\\/#organization\"},\"potentialAction\":[{\"@type\":\"SearchAction\",\"target\":{\"@type\":\"EntryPoint\",\"urlTemplate\":\"https:\\\/\\\/letrame.com\\\/catalogo\\\/?s={search_term_string}\"},\"query-input\":{\"@type\":\"PropertyValueSpecification\",\"valueRequired\":true,\"valueName\":\"search_term_string\"}}],\"inLanguage\":\"es\"},{\"@type\":\"Organization\",\"@id\":\"https:\\\/\\\/letrame.com\\\/catalogo\\\/#organization\",\"name\":\"Catalogo | Letrame Grupo Editorial\",\"url\":\"https:\\\/\\\/letrame.com\\\/catalogo\\\/\",\"logo\":{\"@type\":\"ImageObject\",\"inLanguage\":\"es\",\"@id\":\"https:\\\/\\\/letrame.com\\\/catalogo\\\/#\\\/schema\\\/logo\\\/image\\\/\",\"url\":\"https:\\\/\\\/letrame.com\\\/catalogo\\\/wp-content\\\/uploads\\\/2024\\\/03\\\/logo2.webp\",\"contentUrl\":\"https:\\\/\\\/letrame.com\\\/catalogo\\\/wp-content\\\/uploads\\\/2024\\\/03\\\/logo2.webp\",\"width\":394,\"height\":128,\"caption\":\"Catalogo | Letrame Grupo Editorial\"},\"image\":{\"@id\":\"https:\\\/\\\/letrame.com\\\/catalogo\\\/#\\\/schema\\\/logo\\\/image\\\/\"}}]}<\/script>\n<!-- \/ Yoast SEO plugin. -->","yoast_head_json":{"title":"ESTOY EN LA PISTA, \u00a1VAMOS A BAILAR! - Catalogo | Letrame Grupo Editorial","robots":{"index":"index","follow":"follow","max-snippet":"max-snippet:-1","max-image-preview":"max-image-preview:large","max-video-preview":"max-video-preview:-1"},"canonical":"https:\/\/letrame.com\/catalogo\/producto\/estoy-en-la-pista-vamos-a-bailar\/","og_locale":"es_ES","og_type":"article","og_title":"ESTOY EN LA PISTA, \u00a1VAMOS A BAILAR! - Catalogo | Letrame Grupo Editorial","og_description":"ISBN: 978-84-1144-837-6 SINOPSIS En cualquier competici\u00f3n de alto rendimiento se dedica mucho esfuerzo y voluntad por intentar conseguir superarse a uno mismo. Desde mi experiencia puedo contarles que detr\u00e1s de los telones siempre hay complicaciones, celos, votos comprados, amiguismos, etc. que no salen a la luz. En este libro les muestro c\u00f3mo llev\u00e9 a cabo aquello que tanto so\u00f1\u00e9 siendo joven y que consegu\u00ed poner en marcha a partir de los 53 a\u00f1os. Nunca pensar\u00eda llegar tan lejos, gracias a Dios, recorr\u00ed muchos escenarios por toda Europa. En este libro encontrar\u00e1n un recorrido y compilaci\u00f3n de premios, concursos, an\u00e9cdotas, experiencias y pa\u00edses donde estuve, fueron momentos inolvidables en mi vida. Actualmente, como no puedo bailar, he decidido aunar mis dos pasiones y realizar un libro con mi humilde aportaci\u00f3n en la aventura m\u00e1s importante de mi vida, el baile art\u00edstico. Francelina Robin, 11 de noviembre de 1945, Ponte de Lima (Portugal). De nacionalidad francesa. Luch\u00f3 duramente entre las fronteras de Portugal, Espa\u00f1a y Francia para ganarse la vida. A sus 53 a\u00f1os se lanz\u00f3 a la gran aventura del baile que le dio la oportunidad de recorrer Europa. Tras participar en numerosos torneos y competiciones, y hacerse con la primeras posiciones en muchas de las ocasiones, pudo acabar dedic\u00e1ndose, junto a su esposo Claude Robin, a lo que tantas veces so\u00f1\u00f3: ser bailarina profesional. Tras conseguir t\u00edtulos como: el Primer Premio en el Crucero de Danza de Tele Star por la compa\u00f1\u00eda Feeling Dancing Factory, el Primer Premio en el Campeonato de Francia en tres bailes en Salla Pleyel, en dos ocasiones el Primer Premio del Campeonato de Isla de Francia en tres danzas y una larga lista de premios decidi\u00f3, junto a su marido, dedicarse a hacer espect\u00e1culos all\u00e1 donde iba obteniendo contratos en Portugal, Francia y Espa\u00f1a. La salud le forz\u00f3 a decir adi\u00f3s al baile, pero se lanz\u00f3 a la aventura de la escritura donde lleva inmersa desde 2014, y fruto de su duro empe\u00f1o y constancia ha dado como resultado un total de ocho libros y varios premios otorgados por la Fundaci\u00f3n Granada Costa entre los que se encuentran: Diploma Bailarina Art\u00edstica, Escritora y Poeta, Medalla de Oro, Broche de Oro a una Carrera Art\u00edstica.","og_url":"https:\/\/letrame.com\/catalogo\/producto\/estoy-en-la-pista-vamos-a-bailar\/","og_site_name":"Catalogo | Letrame Grupo Editorial","article_modified_time":"2024-04-29T14:25:26+00:00","og_image":[{"width":1748,"height":2480,"url":"https:\/\/letrame.com\/catalogo\/wp-content\/uploads\/2024\/04\/webportada_estoyenlapista_1113mm-compressed.jpg","type":"image\/jpeg"}],"twitter_card":"summary_large_image","twitter_misc":{"Tiempo de lectura":"2 minutos"},"schema":{"@context":"https:\/\/schema.org","@graph":[{"@type":"WebPage","@id":"https:\/\/letrame.com\/catalogo\/producto\/estoy-en-la-pista-vamos-a-bailar\/","url":"https:\/\/letrame.com\/catalogo\/producto\/estoy-en-la-pista-vamos-a-bailar\/","name":"ESTOY EN LA PISTA, \u00a1VAMOS A BAILAR! - Catalogo | Letrame Grupo Editorial","isPartOf":{"@id":"https:\/\/letrame.com\/catalogo\/#website"},"primaryImageOfPage":{"@id":"https:\/\/letrame.com\/catalogo\/producto\/estoy-en-la-pista-vamos-a-bailar\/#primaryimage"},"image":{"@id":"https:\/\/letrame.com\/catalogo\/producto\/estoy-en-la-pista-vamos-a-bailar\/#primaryimage"},"thumbnailUrl":"https:\/\/letrame.com\/catalogo\/wp-content\/uploads\/2024\/04\/webportada_estoyenlapista_1113mm-compressed.jpg","datePublished":"2024-04-29T14:25:11+00:00","dateModified":"2024-04-29T14:25:26+00:00","breadcrumb":{"@id":"https:\/\/letrame.com\/catalogo\/producto\/estoy-en-la-pista-vamos-a-bailar\/#breadcrumb"},"inLanguage":"es","potentialAction":[{"@type":"ReadAction","target":["https:\/\/letrame.com\/catalogo\/producto\/estoy-en-la-pista-vamos-a-bailar\/"]}]},{"@type":"ImageObject","inLanguage":"es","@id":"https:\/\/letrame.com\/catalogo\/producto\/estoy-en-la-pista-vamos-a-bailar\/#primaryimage","url":"https:\/\/letrame.com\/catalogo\/wp-content\/uploads\/2024\/04\/webportada_estoyenlapista_1113mm-compressed.jpg","contentUrl":"https:\/\/letrame.com\/catalogo\/wp-content\/uploads\/2024\/04\/webportada_estoyenlapista_1113mm-compressed.jpg","width":1748,"height":2480},{"@type":"BreadcrumbList","@id":"https:\/\/letrame.com\/catalogo\/producto\/estoy-en-la-pista-vamos-a-bailar\/#breadcrumb","itemListElement":[{"@type":"ListItem","position":1,"name":"Portada","item":"https:\/\/letrame.com\/catalogo\/"},{"@type":"ListItem","position":2,"name":"Cat\u00e1logo","item":"https:\/\/letrame.com\/catalogo\/"},{"@type":"ListItem","position":3,"name":"ESTOY EN LA PISTA, \u00a1VAMOS A BAILAR!"}]},{"@type":"WebSite","@id":"https:\/\/letrame.com\/catalogo\/#website","url":"https:\/\/letrame.com\/catalogo\/","name":"Catalogo | Letrame Grupo Editorial","description":"","publisher":{"@id":"https:\/\/letrame.com\/catalogo\/#organization"},"potentialAction":[{"@type":"SearchAction","target":{"@type":"EntryPoint","urlTemplate":"https:\/\/letrame.com\/catalogo\/?s={search_term_string}"},"query-input":{"@type":"PropertyValueSpecification","valueRequired":true,"valueName":"search_term_string"}}],"inLanguage":"es"},{"@type":"Organization","@id":"https:\/\/letrame.com\/catalogo\/#organization","name":"Catalogo | Letrame Grupo Editorial","url":"https:\/\/letrame.com\/catalogo\/","logo":{"@type":"ImageObject","inLanguage":"es","@id":"https:\/\/letrame.com\/catalogo\/#\/schema\/logo\/image\/","url":"https:\/\/letrame.com\/catalogo\/wp-content\/uploads\/2024\/03\/logo2.webp","contentUrl":"https:\/\/letrame.com\/catalogo\/wp-content\/uploads\/2024\/03\/logo2.webp","width":394,"height":128,"caption":"Catalogo | Letrame Grupo Editorial"},"image":{"@id":"https:\/\/letrame.com\/catalogo\/#\/schema\/logo\/image\/"}}]}},"_links":{"self":[{"href":"https:\/\/letrame.com\/catalogo\/wp-json\/wp\/v2\/product\/99444","targetHints":{"allow":["GET"]}}],"collection":[{"href":"https:\/\/letrame.com\/catalogo\/wp-json\/wp\/v2\/product"}],"about":[{"href":"https:\/\/letrame.com\/catalogo\/wp-json\/wp\/v2\/types\/product"}],"replies":[{"embeddable":true,"href":"https:\/\/letrame.com\/catalogo\/wp-json\/wp\/v2\/comments?post=99444"}],"acf:post":[{"embeddable":true,"href":"https:\/\/letrame.com\/catalogo\/wp-json\/wp\/v2\/author_book\/77566"}],"wp:featuredmedia":[{"embeddable":true,"href":"https:\/\/letrame.com\/catalogo\/wp-json\/wp\/v2\/media\/99445"}],"wp:attachment":[{"href":"https:\/\/letrame.com\/catalogo\/wp-json\/wp\/v2\/media?parent=99444"}],"wp:term":[{"taxonomy":"libro","embeddable":true,"href":"https:\/\/letrame.com\/catalogo\/wp-json\/wp\/v2\/libro?post=99444"},{"taxonomy":"product_brand","embeddable":true,"href":"https:\/\/letrame.com\/catalogo\/wp-json\/wp\/v2\/product_brand?post=99444"},{"taxonomy":"product_cat","embeddable":true,"href":"https:\/\/letrame.com\/catalogo\/wp-json\/wp\/v2\/product_cat?post=99444"},{"taxonomy":"product_tag","embeddable":true,"href":"https:\/\/letrame.com\/catalogo\/wp-json\/wp\/v2\/product_tag?post=99444"}],"curies":[{"name":"wp","href":"https:\/\/api.w.org\/{rel}","templated":true}]}}