{"id":99333,"date":"2024-04-29T16:11:53","date_gmt":"2024-04-29T14:11:53","guid":{"rendered":"https:\/\/letrame.com\/catalogo\/producto\/mundos\/"},"modified":"2024-04-29T16:12:21","modified_gmt":"2024-04-29T14:12:21","slug":"mundos","status":"publish","type":"product","link":"https:\/\/letrame.com\/catalogo\/producto\/mundos\/","title":{"rendered":"Mundos"},"content":{"rendered":"<p><strong>ISBN<\/strong>: 978-84-1181-334-1<\/p>\n<p><strong>T\u00edtulo<\/strong>: Mundos<br \/>\n<strong>Fecha<\/strong>: 2023<br \/>\n<strong>P\u00e1ginas<\/strong>: 100<\/p>\n<p><strong>SINOPSIS<\/strong><\/p>\n<p>Esta aventura transcurre entre dos mundos paralelos, superpuestos uno sobre otro, en el mismo espacio al mismo tiempo. Cada uno de esos mundos, llamados\u00a0<em>Seidir<\/em>\u00a0y\u00a0<em>Targon<\/em>, cada uno tiene un elegido que ha de salvarlo, poniendo en peligro al otro mundo.\u00a0Con el fin de regenerar el mundo, el Elegido debe viajar de un continente a otro, despertar los\u00a0Esp\u00edritus\u00a0Elementales que duermen en antiguos santuarios y abrir los sellos. Con cada sello en libertad, el Elegido est\u00e1 m\u00e1s cerca de convertirse en un \u00e1ngel. Cuando el Elegido se transforme completamente en un \u00e1ngel, el mundo ser\u00e1 regenerado. Este hito marc\u00f3 el inicio de la\u00a0Regeneraci\u00f3n\u00a0del mundo.<\/p>\n<p>&nbsp;<\/p>\n","protected":false},"excerpt":{"rendered":"<p><strong>ISBN<\/strong>: 978-84-1181-334-1<\/p>\n<p><strong>SINOPSIS<\/strong><\/p>\n<p>Esta aventura transcurre entre dos mundos paralelos, superpuestos uno sobre otro, en el mismo espacio al mismo tiempo. Cada uno de esos mundos, llamados\u00a0<em>Seidir<\/em>\u00a0y\u00a0<em>Targon<\/em>, cada uno tiene un elegido que ha de salvarlo, poniendo en peligro al otro mundo.\u00a0Con el fin de regenerar el mundo, el Elegido debe viajar de un continente a otro, despertar los\u00a0Esp\u00edritus\u00a0Elementales que duermen en antiguos santuarios y abrir los sellos. Con cada sello en libertad, el Elegido est\u00e1 m\u00e1s cerca de convertirse en un \u00e1ngel. Cuando el Elegido se transforme completamente en un \u00e1ngel, el mundo ser\u00e1 regenerado. Este hito marc\u00f3 el inicio de la\u00a0Regeneraci\u00f3n\u00a0del mundo.<\/p>\n","protected":false},"featured_media":99334,"comment_status":"closed","ping_status":"open","template":"","meta":{"_acf_changed":false},"libro":[],"product_brand":[],"product_cat":[16],"product_tag":[],"class_list":{"0":"post-99333","1":"product","2":"type-product","3":"status-publish","4":"has-post-thumbnail","6":"product_cat-novela","8":"first","9":"instock","10":"purchasable","11":"product-type-simple"},"acf":{"autor":[77681],"enlace_de_compra":"https:\/\/www.amazon.es\/Mundos-Novela-Alejandro-L%C3%B3pez-Corado\/dp\/8411813347\/"},"yoast_head":"<!-- This site is optimized with the Yoast SEO plugin v27.4 - https:\/\/yoast.com\/product\/yoast-seo-wordpress\/ -->\n<title>Mundos - Catalogo | Letrame Grupo Editorial<\/title>\n<meta name=\"robots\" content=\"index, follow, max-snippet:-1, max-image-preview:large, max-video-preview:-1\" \/>\n<link rel=\"canonical\" href=\"https:\/\/letrame.com\/catalogo\/producto\/mundos\/\" \/>\n<meta property=\"og:locale\" content=\"es_ES\" \/>\n<meta property=\"og:type\" content=\"article\" \/>\n<meta property=\"og:title\" content=\"Mundos - Catalogo | Letrame Grupo Editorial\" \/>\n<meta property=\"og:description\" content=\"ISBN: 978-84-1181-334-1 SINOPSIS Esta aventura transcurre entre dos mundos paralelos, superpuestos uno sobre otro, en el mismo espacio al mismo tiempo. Cada uno de esos mundos, llamados\u00a0Seidir\u00a0y\u00a0Targon, cada uno tiene un elegido que ha de salvarlo, poniendo en peligro al otro mundo.\u00a0Con el fin de regenerar el mundo, el Elegido debe viajar de un continente a otro, despertar los\u00a0Esp\u00edritus\u00a0Elementales que duermen en antiguos santuarios y abrir los sellos. Con cada sello en libertad, el Elegido est\u00e1 m\u00e1s cerca de convertirse en un \u00e1ngel. Cuando el Elegido se transforme completamente en un \u00e1ngel, el mundo ser\u00e1 regenerado. Este hito marc\u00f3 el inicio de la\u00a0Regeneraci\u00f3n\u00a0del mundo.\" \/>\n<meta property=\"og:url\" content=\"https:\/\/letrame.com\/catalogo\/producto\/mundos\/\" \/>\n<meta property=\"og:site_name\" content=\"Catalogo | Letrame Grupo Editorial\" \/>\n<meta property=\"article:modified_time\" content=\"2024-04-29T14:12:21+00:00\" \/>\n<meta property=\"og:image\" content=\"https:\/\/letrame.com\/catalogo\/wp-content\/uploads\/2024\/04\/web_mundos_568mm-compressed-1.jpg\" \/>\n\t<meta property=\"og:image:width\" content=\"1748\" \/>\n\t<meta property=\"og:image:height\" content=\"2480\" \/>\n\t<meta property=\"og:image:type\" content=\"image\/jpeg\" \/>\n<meta name=\"twitter:card\" content=\"summary_large_image\" \/>\n<meta name=\"twitter:label1\" content=\"Tiempo de lectura\" \/>\n\t<meta name=\"twitter:data1\" content=\"1 minuto\" \/>\n<script type=\"application\/ld+json\" class=\"yoast-schema-graph\">{\"@context\":\"https:\\\/\\\/schema.org\",\"@graph\":[{\"@type\":\"WebPage\",\"@id\":\"https:\\\/\\\/letrame.com\\\/catalogo\\\/producto\\\/mundos\\\/\",\"url\":\"https:\\\/\\\/letrame.com\\\/catalogo\\\/producto\\\/mundos\\\/\",\"name\":\"Mundos - Catalogo | Letrame Grupo Editorial\",\"isPartOf\":{\"@id\":\"https:\\\/\\\/letrame.com\\\/catalogo\\\/#website\"},\"primaryImageOfPage\":{\"@id\":\"https:\\\/\\\/letrame.com\\\/catalogo\\\/producto\\\/mundos\\\/#primaryimage\"},\"image\":{\"@id\":\"https:\\\/\\\/letrame.com\\\/catalogo\\\/producto\\\/mundos\\\/#primaryimage\"},\"thumbnailUrl\":\"https:\\\/\\\/letrame.com\\\/catalogo\\\/wp-content\\\/uploads\\\/2024\\\/04\\\/web_mundos_568mm-compressed-1.jpg\",\"datePublished\":\"2024-04-29T14:11:53+00:00\",\"dateModified\":\"2024-04-29T14:12:21+00:00\",\"breadcrumb\":{\"@id\":\"https:\\\/\\\/letrame.com\\\/catalogo\\\/producto\\\/mundos\\\/#breadcrumb\"},\"inLanguage\":\"es\",\"potentialAction\":[{\"@type\":\"ReadAction\",\"target\":[\"https:\\\/\\\/letrame.com\\\/catalogo\\\/producto\\\/mundos\\\/\"]}]},{\"@type\":\"ImageObject\",\"inLanguage\":\"es\",\"@id\":\"https:\\\/\\\/letrame.com\\\/catalogo\\\/producto\\\/mundos\\\/#primaryimage\",\"url\":\"https:\\\/\\\/letrame.com\\\/catalogo\\\/wp-content\\\/uploads\\\/2024\\\/04\\\/web_mundos_568mm-compressed-1.jpg\",\"contentUrl\":\"https:\\\/\\\/letrame.com\\\/catalogo\\\/wp-content\\\/uploads\\\/2024\\\/04\\\/web_mundos_568mm-compressed-1.jpg\",\"width\":1748,\"height\":2480},{\"@type\":\"BreadcrumbList\",\"@id\":\"https:\\\/\\\/letrame.com\\\/catalogo\\\/producto\\\/mundos\\\/#breadcrumb\",\"itemListElement\":[{\"@type\":\"ListItem\",\"position\":1,\"name\":\"Portada\",\"item\":\"https:\\\/\\\/letrame.com\\\/catalogo\\\/\"},{\"@type\":\"ListItem\",\"position\":2,\"name\":\"Cat\u00e1logo\",\"item\":\"https:\\\/\\\/letrame.com\\\/catalogo\\\/\"},{\"@type\":\"ListItem\",\"position\":3,\"name\":\"Mundos\"}]},{\"@type\":\"WebSite\",\"@id\":\"https:\\\/\\\/letrame.com\\\/catalogo\\\/#website\",\"url\":\"https:\\\/\\\/letrame.com\\\/catalogo\\\/\",\"name\":\"Catalogo | Letrame Grupo Editorial\",\"description\":\"\",\"publisher\":{\"@id\":\"https:\\\/\\\/letrame.com\\\/catalogo\\\/#organization\"},\"potentialAction\":[{\"@type\":\"SearchAction\",\"target\":{\"@type\":\"EntryPoint\",\"urlTemplate\":\"https:\\\/\\\/letrame.com\\\/catalogo\\\/?s={search_term_string}\"},\"query-input\":{\"@type\":\"PropertyValueSpecification\",\"valueRequired\":true,\"valueName\":\"search_term_string\"}}],\"inLanguage\":\"es\"},{\"@type\":\"Organization\",\"@id\":\"https:\\\/\\\/letrame.com\\\/catalogo\\\/#organization\",\"name\":\"Catalogo | Letrame Grupo Editorial\",\"url\":\"https:\\\/\\\/letrame.com\\\/catalogo\\\/\",\"logo\":{\"@type\":\"ImageObject\",\"inLanguage\":\"es\",\"@id\":\"https:\\\/\\\/letrame.com\\\/catalogo\\\/#\\\/schema\\\/logo\\\/image\\\/\",\"url\":\"https:\\\/\\\/letrame.com\\\/catalogo\\\/wp-content\\\/uploads\\\/2024\\\/03\\\/logo2.webp\",\"contentUrl\":\"https:\\\/\\\/letrame.com\\\/catalogo\\\/wp-content\\\/uploads\\\/2024\\\/03\\\/logo2.webp\",\"width\":394,\"height\":128,\"caption\":\"Catalogo | Letrame Grupo Editorial\"},\"image\":{\"@id\":\"https:\\\/\\\/letrame.com\\\/catalogo\\\/#\\\/schema\\\/logo\\\/image\\\/\"}}]}<\/script>\n<!-- \/ Yoast SEO plugin. -->","yoast_head_json":{"title":"Mundos - Catalogo | Letrame Grupo Editorial","robots":{"index":"index","follow":"follow","max-snippet":"max-snippet:-1","max-image-preview":"max-image-preview:large","max-video-preview":"max-video-preview:-1"},"canonical":"https:\/\/letrame.com\/catalogo\/producto\/mundos\/","og_locale":"es_ES","og_type":"article","og_title":"Mundos - Catalogo | Letrame Grupo Editorial","og_description":"ISBN: 978-84-1181-334-1 SINOPSIS Esta aventura transcurre entre dos mundos paralelos, superpuestos uno sobre otro, en el mismo espacio al mismo tiempo. Cada uno de esos mundos, llamados\u00a0Seidir\u00a0y\u00a0Targon, cada uno tiene un elegido que ha de salvarlo, poniendo en peligro al otro mundo.\u00a0Con el fin de regenerar el mundo, el Elegido debe viajar de un continente a otro, despertar los\u00a0Esp\u00edritus\u00a0Elementales que duermen en antiguos santuarios y abrir los sellos. Con cada sello en libertad, el Elegido est\u00e1 m\u00e1s cerca de convertirse en un \u00e1ngel. Cuando el Elegido se transforme completamente en un \u00e1ngel, el mundo ser\u00e1 regenerado. Este hito marc\u00f3 el inicio de la\u00a0Regeneraci\u00f3n\u00a0del mundo.","og_url":"https:\/\/letrame.com\/catalogo\/producto\/mundos\/","og_site_name":"Catalogo | Letrame Grupo Editorial","article_modified_time":"2024-04-29T14:12:21+00:00","og_image":[{"width":1748,"height":2480,"url":"https:\/\/letrame.com\/catalogo\/wp-content\/uploads\/2024\/04\/web_mundos_568mm-compressed-1.jpg","type":"image\/jpeg"}],"twitter_card":"summary_large_image","twitter_misc":{"Tiempo de lectura":"1 minuto"},"schema":{"@context":"https:\/\/schema.org","@graph":[{"@type":"WebPage","@id":"https:\/\/letrame.com\/catalogo\/producto\/mundos\/","url":"https:\/\/letrame.com\/catalogo\/producto\/mundos\/","name":"Mundos - Catalogo | Letrame Grupo Editorial","isPartOf":{"@id":"https:\/\/letrame.com\/catalogo\/#website"},"primaryImageOfPage":{"@id":"https:\/\/letrame.com\/catalogo\/producto\/mundos\/#primaryimage"},"image":{"@id":"https:\/\/letrame.com\/catalogo\/producto\/mundos\/#primaryimage"},"thumbnailUrl":"https:\/\/letrame.com\/catalogo\/wp-content\/uploads\/2024\/04\/web_mundos_568mm-compressed-1.jpg","datePublished":"2024-04-29T14:11:53+00:00","dateModified":"2024-04-29T14:12:21+00:00","breadcrumb":{"@id":"https:\/\/letrame.com\/catalogo\/producto\/mundos\/#breadcrumb"},"inLanguage":"es","potentialAction":[{"@type":"ReadAction","target":["https:\/\/letrame.com\/catalogo\/producto\/mundos\/"]}]},{"@type":"ImageObject","inLanguage":"es","@id":"https:\/\/letrame.com\/catalogo\/producto\/mundos\/#primaryimage","url":"https:\/\/letrame.com\/catalogo\/wp-content\/uploads\/2024\/04\/web_mundos_568mm-compressed-1.jpg","contentUrl":"https:\/\/letrame.com\/catalogo\/wp-content\/uploads\/2024\/04\/web_mundos_568mm-compressed-1.jpg","width":1748,"height":2480},{"@type":"BreadcrumbList","@id":"https:\/\/letrame.com\/catalogo\/producto\/mundos\/#breadcrumb","itemListElement":[{"@type":"ListItem","position":1,"name":"Portada","item":"https:\/\/letrame.com\/catalogo\/"},{"@type":"ListItem","position":2,"name":"Cat\u00e1logo","item":"https:\/\/letrame.com\/catalogo\/"},{"@type":"ListItem","position":3,"name":"Mundos"}]},{"@type":"WebSite","@id":"https:\/\/letrame.com\/catalogo\/#website","url":"https:\/\/letrame.com\/catalogo\/","name":"Catalogo | Letrame Grupo Editorial","description":"","publisher":{"@id":"https:\/\/letrame.com\/catalogo\/#organization"},"potentialAction":[{"@type":"SearchAction","target":{"@type":"EntryPoint","urlTemplate":"https:\/\/letrame.com\/catalogo\/?s={search_term_string}"},"query-input":{"@type":"PropertyValueSpecification","valueRequired":true,"valueName":"search_term_string"}}],"inLanguage":"es"},{"@type":"Organization","@id":"https:\/\/letrame.com\/catalogo\/#organization","name":"Catalogo | Letrame Grupo Editorial","url":"https:\/\/letrame.com\/catalogo\/","logo":{"@type":"ImageObject","inLanguage":"es","@id":"https:\/\/letrame.com\/catalogo\/#\/schema\/logo\/image\/","url":"https:\/\/letrame.com\/catalogo\/wp-content\/uploads\/2024\/03\/logo2.webp","contentUrl":"https:\/\/letrame.com\/catalogo\/wp-content\/uploads\/2024\/03\/logo2.webp","width":394,"height":128,"caption":"Catalogo | Letrame Grupo Editorial"},"image":{"@id":"https:\/\/letrame.com\/catalogo\/#\/schema\/logo\/image\/"}}]}},"_links":{"self":[{"href":"https:\/\/letrame.com\/catalogo\/wp-json\/wp\/v2\/product\/99333","targetHints":{"allow":["GET"]}}],"collection":[{"href":"https:\/\/letrame.com\/catalogo\/wp-json\/wp\/v2\/product"}],"about":[{"href":"https:\/\/letrame.com\/catalogo\/wp-json\/wp\/v2\/types\/product"}],"replies":[{"embeddable":true,"href":"https:\/\/letrame.com\/catalogo\/wp-json\/wp\/v2\/comments?post=99333"}],"acf:post":[{"embeddable":true,"href":"https:\/\/letrame.com\/catalogo\/wp-json\/wp\/v2\/author_book\/77681"}],"wp:featuredmedia":[{"embeddable":true,"href":"https:\/\/letrame.com\/catalogo\/wp-json\/wp\/v2\/media\/99334"}],"wp:attachment":[{"href":"https:\/\/letrame.com\/catalogo\/wp-json\/wp\/v2\/media?parent=99333"}],"wp:term":[{"taxonomy":"libro","embeddable":true,"href":"https:\/\/letrame.com\/catalogo\/wp-json\/wp\/v2\/libro?post=99333"},{"taxonomy":"product_brand","embeddable":true,"href":"https:\/\/letrame.com\/catalogo\/wp-json\/wp\/v2\/product_brand?post=99333"},{"taxonomy":"product_cat","embeddable":true,"href":"https:\/\/letrame.com\/catalogo\/wp-json\/wp\/v2\/product_cat?post=99333"},{"taxonomy":"product_tag","embeddable":true,"href":"https:\/\/letrame.com\/catalogo\/wp-json\/wp\/v2\/product_tag?post=99333"}],"curies":[{"name":"wp","href":"https:\/\/api.w.org\/{rel}","templated":true}]}}