{"id":99317,"date":"2024-04-29T16:10:40","date_gmt":"2024-04-29T14:10:40","guid":{"rendered":"https:\/\/letrame.com\/catalogo\/producto\/poemas-para-la-vida\/"},"modified":"2024-04-29T16:10:40","modified_gmt":"2024-04-29T14:10:40","slug":"poemas-para-la-vida","status":"publish","type":"product","link":"https:\/\/letrame.com\/catalogo\/producto\/poemas-para-la-vida\/","title":{"rendered":"Poemas para la vida"},"content":{"rendered":"<p><strong>ISBN<\/strong>: 978-84-1181-256-6<\/p>\n<p><strong>T\u00edtulo<\/strong>: Poemas para la vida<br \/>\n<strong>Fecha<\/strong>: 2023<br \/>\n<strong>P\u00e1ginas<\/strong>: 112<\/p>\n<p><strong>SINOPSIS<\/strong><\/p>\n<p>Sent\u00ed la necesidad de expresarme a trav\u00e9s de estos poemas, que son el resultado de la imaginaci\u00f3n dando sentido a las palabras que expresan lo vivido o que est\u00e1 por venir, o simplemente darle forma y un sentido con una amplia imaginaci\u00f3n y sentimiento a lo expresado.<\/p>\n<p>Mi intenci\u00f3n al escribir este libro es entretener, animar por medio de estas letras o sentir que todo es posible, esperar lo bueno y por supuesto a veces la vida se trunca en lo amargo que tambi\u00e9n es fruto del d\u00eda \u00a0a d\u00eda. Ya que la vida est\u00e1 expuesta a todo: el sufrimiento, el amor, el desamor, la felicidad, la enfermedad o la muerte. En una palabra, todo es sufrir o de una manera u otra es ser feliz.<\/p>\n<p>En este libro trato de plasmar que entre lo bello y lo amargo se da significado a una nueva esperanza o a una ilusi\u00f3n, de alguna manera en la vida los sinsabores nos dejan una lecci\u00f3n, lecci\u00f3n de lucha, armon\u00eda, esperanza y de ilusi\u00f3n.<\/p>\n","protected":false},"excerpt":{"rendered":"<p><strong>ISBN<\/strong>: 978-84-1181-256-6<\/p>\n<p><strong>SINOPSIS<\/strong><\/p>\n<p>Sent\u00ed la necesidad de expresarme a trav\u00e9s de estos poemas, que son el resultado de la imaginaci\u00f3n dando sentido a las palabras que expresan lo vivido o que est\u00e1 por venir, o simplemente darle forma y un sentido con una amplia imaginaci\u00f3n y sentimiento a lo expresado.<\/p>\n<p>Mi intenci\u00f3n al escribir este libro es entretener, animar por medio de estas letras o sentir que todo es posible, esperar lo bueno y por supuesto a veces la vida se trunca en lo amargo que tambi\u00e9n es fruto del d\u00eda \u00a0a d\u00eda. Ya que la vida est\u00e1 expuesta a todo: el sufrimiento, el amor, el desamor, la felicidad, la enfermedad o la muerte. En una palabra, todo es sufrir o de una manera u otra es ser feliz.<\/p>\n<p>En este libro trato de plasmar que entre lo bello y lo amargo se da significado a una nueva esperanza o a una ilusi\u00f3n, de alguna manera en la vida los sinsabores nos dejan una lecci\u00f3n, lecci\u00f3n de lucha, armon\u00eda, esperanza y de ilusi\u00f3n.<\/p>\n","protected":false},"featured_media":99318,"comment_status":"closed","ping_status":"open","template":"","meta":{"_acf_changed":false},"libro":[],"product_brand":[],"product_cat":[26],"product_tag":[],"class_list":{"0":"post-99317","1":"product","2":"type-product","3":"status-publish","4":"has-post-thumbnail","6":"product_cat-sin-categoria","8":"first","9":"instock","10":"product-type-simple"},"acf":{"autor":[77667],"enlace_de_compra":""},"yoast_head":"<!-- This site is optimized with the Yoast SEO plugin v27.4 - https:\/\/yoast.com\/product\/yoast-seo-wordpress\/ -->\n<title>Poemas para la vida - Catalogo | Letrame Grupo Editorial<\/title>\n<meta name=\"robots\" content=\"index, follow, max-snippet:-1, max-image-preview:large, max-video-preview:-1\" \/>\n<link rel=\"canonical\" href=\"https:\/\/letrame.com\/catalogo\/producto\/poemas-para-la-vida\/\" \/>\n<meta property=\"og:locale\" content=\"es_ES\" \/>\n<meta property=\"og:type\" content=\"article\" \/>\n<meta property=\"og:title\" content=\"Poemas para la vida - Catalogo | Letrame Grupo Editorial\" \/>\n<meta property=\"og:description\" content=\"ISBN: 978-84-1181-256-6 SINOPSIS Sent\u00ed la necesidad de expresarme a trav\u00e9s de estos poemas, que son el resultado de la imaginaci\u00f3n dando sentido a las palabras que expresan lo vivido o que est\u00e1 por venir, o simplemente darle forma y un sentido con una amplia imaginaci\u00f3n y sentimiento a lo expresado. Mi intenci\u00f3n al escribir este libro es entretener, animar por medio de estas letras o sentir que todo es posible, esperar lo bueno y por supuesto a veces la vida se trunca en lo amargo que tambi\u00e9n es fruto del d\u00eda \u00a0a d\u00eda. Ya que la vida est\u00e1 expuesta a todo: el sufrimiento, el amor, el desamor, la felicidad, la enfermedad o la muerte. En una palabra, todo es sufrir o de una manera u otra es ser feliz. En este libro trato de plasmar que entre lo bello y lo amargo se da significado a una nueva esperanza o a una ilusi\u00f3n, de alguna manera en la vida los sinsabores nos dejan una lecci\u00f3n, lecci\u00f3n de lucha, armon\u00eda, esperanza y de ilusi\u00f3n.\" \/>\n<meta property=\"og:url\" content=\"https:\/\/letrame.com\/catalogo\/producto\/poemas-para-la-vida\/\" \/>\n<meta property=\"og:site_name\" content=\"Catalogo | Letrame Grupo Editorial\" \/>\n<meta property=\"og:image\" content=\"https:\/\/letrame.com\/catalogo\/wp-content\/uploads\/2024\/04\/webportada_poemasparalavida_786mm-compressed.jpg\" \/>\n\t<meta property=\"og:image:width\" content=\"1748\" \/>\n\t<meta property=\"og:image:height\" content=\"2480\" \/>\n\t<meta property=\"og:image:type\" content=\"image\/jpeg\" \/>\n<meta name=\"twitter:card\" content=\"summary_large_image\" \/>\n<meta name=\"twitter:label1\" content=\"Tiempo de lectura\" \/>\n\t<meta name=\"twitter:data1\" content=\"1 minuto\" \/>\n<script type=\"application\/ld+json\" class=\"yoast-schema-graph\">{\"@context\":\"https:\\\/\\\/schema.org\",\"@graph\":[{\"@type\":\"WebPage\",\"@id\":\"https:\\\/\\\/letrame.com\\\/catalogo\\\/producto\\\/poemas-para-la-vida\\\/\",\"url\":\"https:\\\/\\\/letrame.com\\\/catalogo\\\/producto\\\/poemas-para-la-vida\\\/\",\"name\":\"Poemas para la vida - Catalogo | Letrame Grupo Editorial\",\"isPartOf\":{\"@id\":\"https:\\\/\\\/letrame.com\\\/catalogo\\\/#website\"},\"primaryImageOfPage\":{\"@id\":\"https:\\\/\\\/letrame.com\\\/catalogo\\\/producto\\\/poemas-para-la-vida\\\/#primaryimage\"},\"image\":{\"@id\":\"https:\\\/\\\/letrame.com\\\/catalogo\\\/producto\\\/poemas-para-la-vida\\\/#primaryimage\"},\"thumbnailUrl\":\"https:\\\/\\\/letrame.com\\\/catalogo\\\/wp-content\\\/uploads\\\/2024\\\/04\\\/webportada_poemasparalavida_786mm-compressed.jpg\",\"datePublished\":\"2024-04-29T14:10:40+00:00\",\"breadcrumb\":{\"@id\":\"https:\\\/\\\/letrame.com\\\/catalogo\\\/producto\\\/poemas-para-la-vida\\\/#breadcrumb\"},\"inLanguage\":\"es\",\"potentialAction\":[{\"@type\":\"ReadAction\",\"target\":[\"https:\\\/\\\/letrame.com\\\/catalogo\\\/producto\\\/poemas-para-la-vida\\\/\"]}]},{\"@type\":\"ImageObject\",\"inLanguage\":\"es\",\"@id\":\"https:\\\/\\\/letrame.com\\\/catalogo\\\/producto\\\/poemas-para-la-vida\\\/#primaryimage\",\"url\":\"https:\\\/\\\/letrame.com\\\/catalogo\\\/wp-content\\\/uploads\\\/2024\\\/04\\\/webportada_poemasparalavida_786mm-compressed.jpg\",\"contentUrl\":\"https:\\\/\\\/letrame.com\\\/catalogo\\\/wp-content\\\/uploads\\\/2024\\\/04\\\/webportada_poemasparalavida_786mm-compressed.jpg\",\"width\":1748,\"height\":2480},{\"@type\":\"BreadcrumbList\",\"@id\":\"https:\\\/\\\/letrame.com\\\/catalogo\\\/producto\\\/poemas-para-la-vida\\\/#breadcrumb\",\"itemListElement\":[{\"@type\":\"ListItem\",\"position\":1,\"name\":\"Portada\",\"item\":\"https:\\\/\\\/letrame.com\\\/catalogo\\\/\"},{\"@type\":\"ListItem\",\"position\":2,\"name\":\"Cat\u00e1logo\",\"item\":\"https:\\\/\\\/letrame.com\\\/catalogo\\\/\"},{\"@type\":\"ListItem\",\"position\":3,\"name\":\"Poemas para la vida\"}]},{\"@type\":\"WebSite\",\"@id\":\"https:\\\/\\\/letrame.com\\\/catalogo\\\/#website\",\"url\":\"https:\\\/\\\/letrame.com\\\/catalogo\\\/\",\"name\":\"Catalogo | Letrame Grupo Editorial\",\"description\":\"\",\"publisher\":{\"@id\":\"https:\\\/\\\/letrame.com\\\/catalogo\\\/#organization\"},\"potentialAction\":[{\"@type\":\"SearchAction\",\"target\":{\"@type\":\"EntryPoint\",\"urlTemplate\":\"https:\\\/\\\/letrame.com\\\/catalogo\\\/?s={search_term_string}\"},\"query-input\":{\"@type\":\"PropertyValueSpecification\",\"valueRequired\":true,\"valueName\":\"search_term_string\"}}],\"inLanguage\":\"es\"},{\"@type\":\"Organization\",\"@id\":\"https:\\\/\\\/letrame.com\\\/catalogo\\\/#organization\",\"name\":\"Catalogo | Letrame Grupo Editorial\",\"url\":\"https:\\\/\\\/letrame.com\\\/catalogo\\\/\",\"logo\":{\"@type\":\"ImageObject\",\"inLanguage\":\"es\",\"@id\":\"https:\\\/\\\/letrame.com\\\/catalogo\\\/#\\\/schema\\\/logo\\\/image\\\/\",\"url\":\"https:\\\/\\\/letrame.com\\\/catalogo\\\/wp-content\\\/uploads\\\/2024\\\/03\\\/logo2.webp\",\"contentUrl\":\"https:\\\/\\\/letrame.com\\\/catalogo\\\/wp-content\\\/uploads\\\/2024\\\/03\\\/logo2.webp\",\"width\":394,\"height\":128,\"caption\":\"Catalogo | Letrame Grupo Editorial\"},\"image\":{\"@id\":\"https:\\\/\\\/letrame.com\\\/catalogo\\\/#\\\/schema\\\/logo\\\/image\\\/\"}}]}<\/script>\n<!-- \/ Yoast SEO plugin. -->","yoast_head_json":{"title":"Poemas para la vida - Catalogo | Letrame Grupo Editorial","robots":{"index":"index","follow":"follow","max-snippet":"max-snippet:-1","max-image-preview":"max-image-preview:large","max-video-preview":"max-video-preview:-1"},"canonical":"https:\/\/letrame.com\/catalogo\/producto\/poemas-para-la-vida\/","og_locale":"es_ES","og_type":"article","og_title":"Poemas para la vida - Catalogo | Letrame Grupo Editorial","og_description":"ISBN: 978-84-1181-256-6 SINOPSIS Sent\u00ed la necesidad de expresarme a trav\u00e9s de estos poemas, que son el resultado de la imaginaci\u00f3n dando sentido a las palabras que expresan lo vivido o que est\u00e1 por venir, o simplemente darle forma y un sentido con una amplia imaginaci\u00f3n y sentimiento a lo expresado. Mi intenci\u00f3n al escribir este libro es entretener, animar por medio de estas letras o sentir que todo es posible, esperar lo bueno y por supuesto a veces la vida se trunca en lo amargo que tambi\u00e9n es fruto del d\u00eda \u00a0a d\u00eda. Ya que la vida est\u00e1 expuesta a todo: el sufrimiento, el amor, el desamor, la felicidad, la enfermedad o la muerte. En una palabra, todo es sufrir o de una manera u otra es ser feliz. En este libro trato de plasmar que entre lo bello y lo amargo se da significado a una nueva esperanza o a una ilusi\u00f3n, de alguna manera en la vida los sinsabores nos dejan una lecci\u00f3n, lecci\u00f3n de lucha, armon\u00eda, esperanza y de ilusi\u00f3n.","og_url":"https:\/\/letrame.com\/catalogo\/producto\/poemas-para-la-vida\/","og_site_name":"Catalogo | Letrame Grupo Editorial","og_image":[{"width":1748,"height":2480,"url":"https:\/\/letrame.com\/catalogo\/wp-content\/uploads\/2024\/04\/webportada_poemasparalavida_786mm-compressed.jpg","type":"image\/jpeg"}],"twitter_card":"summary_large_image","twitter_misc":{"Tiempo de lectura":"1 minuto"},"schema":{"@context":"https:\/\/schema.org","@graph":[{"@type":"WebPage","@id":"https:\/\/letrame.com\/catalogo\/producto\/poemas-para-la-vida\/","url":"https:\/\/letrame.com\/catalogo\/producto\/poemas-para-la-vida\/","name":"Poemas para la vida - Catalogo | Letrame Grupo Editorial","isPartOf":{"@id":"https:\/\/letrame.com\/catalogo\/#website"},"primaryImageOfPage":{"@id":"https:\/\/letrame.com\/catalogo\/producto\/poemas-para-la-vida\/#primaryimage"},"image":{"@id":"https:\/\/letrame.com\/catalogo\/producto\/poemas-para-la-vida\/#primaryimage"},"thumbnailUrl":"https:\/\/letrame.com\/catalogo\/wp-content\/uploads\/2024\/04\/webportada_poemasparalavida_786mm-compressed.jpg","datePublished":"2024-04-29T14:10:40+00:00","breadcrumb":{"@id":"https:\/\/letrame.com\/catalogo\/producto\/poemas-para-la-vida\/#breadcrumb"},"inLanguage":"es","potentialAction":[{"@type":"ReadAction","target":["https:\/\/letrame.com\/catalogo\/producto\/poemas-para-la-vida\/"]}]},{"@type":"ImageObject","inLanguage":"es","@id":"https:\/\/letrame.com\/catalogo\/producto\/poemas-para-la-vida\/#primaryimage","url":"https:\/\/letrame.com\/catalogo\/wp-content\/uploads\/2024\/04\/webportada_poemasparalavida_786mm-compressed.jpg","contentUrl":"https:\/\/letrame.com\/catalogo\/wp-content\/uploads\/2024\/04\/webportada_poemasparalavida_786mm-compressed.jpg","width":1748,"height":2480},{"@type":"BreadcrumbList","@id":"https:\/\/letrame.com\/catalogo\/producto\/poemas-para-la-vida\/#breadcrumb","itemListElement":[{"@type":"ListItem","position":1,"name":"Portada","item":"https:\/\/letrame.com\/catalogo\/"},{"@type":"ListItem","position":2,"name":"Cat\u00e1logo","item":"https:\/\/letrame.com\/catalogo\/"},{"@type":"ListItem","position":3,"name":"Poemas para la vida"}]},{"@type":"WebSite","@id":"https:\/\/letrame.com\/catalogo\/#website","url":"https:\/\/letrame.com\/catalogo\/","name":"Catalogo | Letrame Grupo Editorial","description":"","publisher":{"@id":"https:\/\/letrame.com\/catalogo\/#organization"},"potentialAction":[{"@type":"SearchAction","target":{"@type":"EntryPoint","urlTemplate":"https:\/\/letrame.com\/catalogo\/?s={search_term_string}"},"query-input":{"@type":"PropertyValueSpecification","valueRequired":true,"valueName":"search_term_string"}}],"inLanguage":"es"},{"@type":"Organization","@id":"https:\/\/letrame.com\/catalogo\/#organization","name":"Catalogo | Letrame Grupo Editorial","url":"https:\/\/letrame.com\/catalogo\/","logo":{"@type":"ImageObject","inLanguage":"es","@id":"https:\/\/letrame.com\/catalogo\/#\/schema\/logo\/image\/","url":"https:\/\/letrame.com\/catalogo\/wp-content\/uploads\/2024\/03\/logo2.webp","contentUrl":"https:\/\/letrame.com\/catalogo\/wp-content\/uploads\/2024\/03\/logo2.webp","width":394,"height":128,"caption":"Catalogo | Letrame Grupo Editorial"},"image":{"@id":"https:\/\/letrame.com\/catalogo\/#\/schema\/logo\/image\/"}}]}},"_links":{"self":[{"href":"https:\/\/letrame.com\/catalogo\/wp-json\/wp\/v2\/product\/99317","targetHints":{"allow":["GET"]}}],"collection":[{"href":"https:\/\/letrame.com\/catalogo\/wp-json\/wp\/v2\/product"}],"about":[{"href":"https:\/\/letrame.com\/catalogo\/wp-json\/wp\/v2\/types\/product"}],"replies":[{"embeddable":true,"href":"https:\/\/letrame.com\/catalogo\/wp-json\/wp\/v2\/comments?post=99317"}],"acf:post":[{"embeddable":true,"href":"https:\/\/letrame.com\/catalogo\/wp-json\/wp\/v2\/author_book\/77667"}],"wp:featuredmedia":[{"embeddable":true,"href":"https:\/\/letrame.com\/catalogo\/wp-json\/wp\/v2\/media\/99318"}],"wp:attachment":[{"href":"https:\/\/letrame.com\/catalogo\/wp-json\/wp\/v2\/media?parent=99317"}],"wp:term":[{"taxonomy":"libro","embeddable":true,"href":"https:\/\/letrame.com\/catalogo\/wp-json\/wp\/v2\/libro?post=99317"},{"taxonomy":"product_brand","embeddable":true,"href":"https:\/\/letrame.com\/catalogo\/wp-json\/wp\/v2\/product_brand?post=99317"},{"taxonomy":"product_cat","embeddable":true,"href":"https:\/\/letrame.com\/catalogo\/wp-json\/wp\/v2\/product_cat?post=99317"},{"taxonomy":"product_tag","embeddable":true,"href":"https:\/\/letrame.com\/catalogo\/wp-json\/wp\/v2\/product_tag?post=99317"}],"curies":[{"name":"wp","href":"https:\/\/api.w.org\/{rel}","templated":true}]}}