{"id":99287,"date":"2024-04-29T16:07:25","date_gmt":"2024-04-29T14:07:25","guid":{"rendered":"https:\/\/letrame.com\/catalogo\/producto\/la-linea-amarilla\/"},"modified":"2024-08-28T11:13:58","modified_gmt":"2024-08-28T09:13:58","slug":"la-linea-amarilla","status":"publish","type":"product","link":"https:\/\/letrame.com\/catalogo\/producto\/la-linea-amarilla\/","title":{"rendered":"La l\u00ednea amarilla"},"content":{"rendered":"<p><strong>ISBN<\/strong>: 978-84-1181-201-6<\/p>\n<p><strong>T\u00edtulo<\/strong>: La l\u00ednea amarilla<br \/>\n<strong>Fecha<\/strong>: 2023<br \/>\n<strong>P\u00e1ginas<\/strong>: 60<\/p>\n<p><strong>SINOPSIS<\/strong><\/p>\n<p>Ernesto Olmos es un hombre que, debido a los afanes de la vida, comienza a perder la esencia del valor de la familia.<\/p>\n<p>Un d\u00eda el dolor toca a su puerta y una p\u00e9rdida inesperada lo lleva a tomar lo que ser\u00eda la peor decisi\u00f3n de su vida, pero en ese proceso se encuentra con un ser llamado Celeste con quien comienza a experimentar emociones singulares \u00a0y, a partir de ese momento, su vida se transforma, logra encontrar esa l\u00ednea amarilla \u2014la cual gu\u00eda a los veh\u00edculos por la carretera, muy \u00fatil en la oscuridad cuando perdemos visi\u00f3n del panorama global\u2014 y mientras transita por este camino de la mano del Amor, el Tiempo y La salud, comprende la importancia y el valor de la vida, no solo para \u00e9l, sino para las personas que lo rodean.<\/p>\n","protected":false},"excerpt":{"rendered":"<p><strong>ISBN<\/strong>: 978-84-1181-201-6<\/p>\n<p><strong>SINOPSIS<\/strong><\/p>\n<p>Ernesto Olmos es un hombre que, debido a los afanes de la vida, comienza a perder la esencia del valor de la familia.<\/p>\n<p>Un d\u00eda el dolor toca a su puerta y una p\u00e9rdida inesperada lo lleva a tomar lo que ser\u00eda la peor decisi\u00f3n de su vida, pero en ese proceso se encuentra con un ser llamado Celeste con quien comienza a experimentar emociones singulares \u00a0y, a partir de ese momento, su vida se transforma, logra encontrar esa l\u00ednea amarilla \u2014la cual gu\u00eda a los veh\u00edculos por la carretera, muy \u00fatil en la oscuridad cuando perdemos visi\u00f3n del panorama global\u2014 y mientras transita por este camino de la mano del Amor, el Tiempo y La salud, comprende la importancia y el valor de la vida, no solo para \u00e9l, sino para las personas que lo rodean.<\/p>\n","protected":false},"featured_media":99288,"comment_status":"closed","ping_status":"closed","template":"","meta":{"_acf_changed":false},"libro":[],"product_brand":[],"product_cat":[26],"product_tag":[],"class_list":{"0":"post-99287","1":"product","2":"type-product","3":"status-publish","4":"has-post-thumbnail","6":"product_cat-sin-categoria","8":"first","9":"instock","10":"product-type-simple"},"acf":{"autor":[77639],"enlace_de_compra":"https:\/\/amzn.to\/3AHQA7m"},"yoast_head":"<!-- This site is optimized with the Yoast SEO plugin v27.4 - https:\/\/yoast.com\/product\/yoast-seo-wordpress\/ -->\n<title>La l\u00ednea amarilla - Catalogo | Letrame Grupo Editorial<\/title>\n<meta name=\"robots\" content=\"index, follow, max-snippet:-1, max-image-preview:large, max-video-preview:-1\" \/>\n<link rel=\"canonical\" href=\"https:\/\/letrame.com\/catalogo\/producto\/la-linea-amarilla\/\" \/>\n<meta property=\"og:locale\" content=\"es_ES\" \/>\n<meta property=\"og:type\" content=\"article\" \/>\n<meta property=\"og:title\" content=\"La l\u00ednea amarilla - Catalogo | Letrame Grupo Editorial\" \/>\n<meta property=\"og:description\" content=\"ISBN: 978-84-1181-201-6  SINOPSIS  Ernesto Olmos es un hombre que, debido a los afanes de la vida, comienza a perder la esencia del valor de la familia.  Un d\u00eda el dolor toca a su puerta y una p\u00e9rdida inesperada lo lleva a tomar lo que ser\u00eda la peor decisi\u00f3n de su vida, pero en ese proceso se encuentra con un ser llamado Celeste con quien comienza a experimentar emociones singulares \u00a0y, a partir de ese momento, su vida se transforma, logra encontrar esa l\u00ednea amarilla \u2014la cual gu\u00eda a los veh\u00edculos por la carretera, muy \u00fatil en la oscuridad cuando perdemos visi\u00f3n del panorama global\u2014 y mientras transita por este camino de la mano del Amor, el Tiempo y La salud, comprende la importancia y el valor de la vida, no solo para \u00e9l, sino para las personas que lo rodean.\" \/>\n<meta property=\"og:url\" content=\"https:\/\/letrame.com\/catalogo\/producto\/la-linea-amarilla\/\" \/>\n<meta property=\"og:site_name\" content=\"Catalogo | Letrame Grupo Editorial\" \/>\n<meta property=\"article:modified_time\" content=\"2024-08-28T09:13:58+00:00\" \/>\n<meta property=\"og:image\" content=\"https:\/\/letrame.com\/catalogo\/wp-content\/uploads\/2024\/04\/webportada_lalineaamarilla_384mm-copia-compressed.jpg\" \/>\n\t<meta property=\"og:image:width\" content=\"1594\" \/>\n\t<meta property=\"og:image:height\" content=\"2303\" \/>\n\t<meta property=\"og:image:type\" content=\"image\/jpeg\" \/>\n<meta name=\"twitter:card\" content=\"summary_large_image\" \/>\n<meta name=\"twitter:label1\" content=\"Tiempo de lectura\" \/>\n\t<meta name=\"twitter:data1\" content=\"1 minuto\" \/>\n<script type=\"application\/ld+json\" class=\"yoast-schema-graph\">{\"@context\":\"https:\\\/\\\/schema.org\",\"@graph\":[{\"@type\":\"WebPage\",\"@id\":\"https:\\\/\\\/letrame.com\\\/catalogo\\\/producto\\\/la-linea-amarilla\\\/\",\"url\":\"https:\\\/\\\/letrame.com\\\/catalogo\\\/producto\\\/la-linea-amarilla\\\/\",\"name\":\"La l\u00ednea amarilla - Catalogo | Letrame Grupo Editorial\",\"isPartOf\":{\"@id\":\"https:\\\/\\\/letrame.com\\\/catalogo\\\/#website\"},\"primaryImageOfPage\":{\"@id\":\"https:\\\/\\\/letrame.com\\\/catalogo\\\/producto\\\/la-linea-amarilla\\\/#primaryimage\"},\"image\":{\"@id\":\"https:\\\/\\\/letrame.com\\\/catalogo\\\/producto\\\/la-linea-amarilla\\\/#primaryimage\"},\"thumbnailUrl\":\"https:\\\/\\\/letrame.com\\\/catalogo\\\/wp-content\\\/uploads\\\/2024\\\/04\\\/webportada_lalineaamarilla_384mm-copia-compressed.jpg\",\"datePublished\":\"2024-04-29T14:07:25+00:00\",\"dateModified\":\"2024-08-28T09:13:58+00:00\",\"breadcrumb\":{\"@id\":\"https:\\\/\\\/letrame.com\\\/catalogo\\\/producto\\\/la-linea-amarilla\\\/#breadcrumb\"},\"inLanguage\":\"es\",\"potentialAction\":[{\"@type\":\"ReadAction\",\"target\":[\"https:\\\/\\\/letrame.com\\\/catalogo\\\/producto\\\/la-linea-amarilla\\\/\"]}]},{\"@type\":\"ImageObject\",\"inLanguage\":\"es\",\"@id\":\"https:\\\/\\\/letrame.com\\\/catalogo\\\/producto\\\/la-linea-amarilla\\\/#primaryimage\",\"url\":\"https:\\\/\\\/letrame.com\\\/catalogo\\\/wp-content\\\/uploads\\\/2024\\\/04\\\/webportada_lalineaamarilla_384mm-copia-compressed.jpg\",\"contentUrl\":\"https:\\\/\\\/letrame.com\\\/catalogo\\\/wp-content\\\/uploads\\\/2024\\\/04\\\/webportada_lalineaamarilla_384mm-copia-compressed.jpg\",\"width\":1594,\"height\":2303},{\"@type\":\"BreadcrumbList\",\"@id\":\"https:\\\/\\\/letrame.com\\\/catalogo\\\/producto\\\/la-linea-amarilla\\\/#breadcrumb\",\"itemListElement\":[{\"@type\":\"ListItem\",\"position\":1,\"name\":\"Portada\",\"item\":\"https:\\\/\\\/letrame.com\\\/catalogo\\\/\"},{\"@type\":\"ListItem\",\"position\":2,\"name\":\"Cat\u00e1logo\",\"item\":\"https:\\\/\\\/letrame.com\\\/catalogo\\\/\"},{\"@type\":\"ListItem\",\"position\":3,\"name\":\"La l\u00ednea amarilla\"}]},{\"@type\":\"WebSite\",\"@id\":\"https:\\\/\\\/letrame.com\\\/catalogo\\\/#website\",\"url\":\"https:\\\/\\\/letrame.com\\\/catalogo\\\/\",\"name\":\"Catalogo | Letrame Grupo Editorial\",\"description\":\"\",\"publisher\":{\"@id\":\"https:\\\/\\\/letrame.com\\\/catalogo\\\/#organization\"},\"potentialAction\":[{\"@type\":\"SearchAction\",\"target\":{\"@type\":\"EntryPoint\",\"urlTemplate\":\"https:\\\/\\\/letrame.com\\\/catalogo\\\/?s={search_term_string}\"},\"query-input\":{\"@type\":\"PropertyValueSpecification\",\"valueRequired\":true,\"valueName\":\"search_term_string\"}}],\"inLanguage\":\"es\"},{\"@type\":\"Organization\",\"@id\":\"https:\\\/\\\/letrame.com\\\/catalogo\\\/#organization\",\"name\":\"Catalogo | Letrame Grupo Editorial\",\"url\":\"https:\\\/\\\/letrame.com\\\/catalogo\\\/\",\"logo\":{\"@type\":\"ImageObject\",\"inLanguage\":\"es\",\"@id\":\"https:\\\/\\\/letrame.com\\\/catalogo\\\/#\\\/schema\\\/logo\\\/image\\\/\",\"url\":\"https:\\\/\\\/letrame.com\\\/catalogo\\\/wp-content\\\/uploads\\\/2024\\\/03\\\/logo2.webp\",\"contentUrl\":\"https:\\\/\\\/letrame.com\\\/catalogo\\\/wp-content\\\/uploads\\\/2024\\\/03\\\/logo2.webp\",\"width\":394,\"height\":128,\"caption\":\"Catalogo | Letrame Grupo Editorial\"},\"image\":{\"@id\":\"https:\\\/\\\/letrame.com\\\/catalogo\\\/#\\\/schema\\\/logo\\\/image\\\/\"}}]}<\/script>\n<!-- \/ Yoast SEO plugin. -->","yoast_head_json":{"title":"La l\u00ednea amarilla - Catalogo | Letrame Grupo Editorial","robots":{"index":"index","follow":"follow","max-snippet":"max-snippet:-1","max-image-preview":"max-image-preview:large","max-video-preview":"max-video-preview:-1"},"canonical":"https:\/\/letrame.com\/catalogo\/producto\/la-linea-amarilla\/","og_locale":"es_ES","og_type":"article","og_title":"La l\u00ednea amarilla - Catalogo | Letrame Grupo Editorial","og_description":"ISBN: 978-84-1181-201-6  SINOPSIS  Ernesto Olmos es un hombre que, debido a los afanes de la vida, comienza a perder la esencia del valor de la familia.  Un d\u00eda el dolor toca a su puerta y una p\u00e9rdida inesperada lo lleva a tomar lo que ser\u00eda la peor decisi\u00f3n de su vida, pero en ese proceso se encuentra con un ser llamado Celeste con quien comienza a experimentar emociones singulares \u00a0y, a partir de ese momento, su vida se transforma, logra encontrar esa l\u00ednea amarilla \u2014la cual gu\u00eda a los veh\u00edculos por la carretera, muy \u00fatil en la oscuridad cuando perdemos visi\u00f3n del panorama global\u2014 y mientras transita por este camino de la mano del Amor, el Tiempo y La salud, comprende la importancia y el valor de la vida, no solo para \u00e9l, sino para las personas que lo rodean.","og_url":"https:\/\/letrame.com\/catalogo\/producto\/la-linea-amarilla\/","og_site_name":"Catalogo | Letrame Grupo Editorial","article_modified_time":"2024-08-28T09:13:58+00:00","og_image":[{"width":1594,"height":2303,"url":"https:\/\/letrame.com\/catalogo\/wp-content\/uploads\/2024\/04\/webportada_lalineaamarilla_384mm-copia-compressed.jpg","type":"image\/jpeg"}],"twitter_card":"summary_large_image","twitter_misc":{"Tiempo de lectura":"1 minuto"},"schema":{"@context":"https:\/\/schema.org","@graph":[{"@type":"WebPage","@id":"https:\/\/letrame.com\/catalogo\/producto\/la-linea-amarilla\/","url":"https:\/\/letrame.com\/catalogo\/producto\/la-linea-amarilla\/","name":"La l\u00ednea amarilla - Catalogo | Letrame Grupo Editorial","isPartOf":{"@id":"https:\/\/letrame.com\/catalogo\/#website"},"primaryImageOfPage":{"@id":"https:\/\/letrame.com\/catalogo\/producto\/la-linea-amarilla\/#primaryimage"},"image":{"@id":"https:\/\/letrame.com\/catalogo\/producto\/la-linea-amarilla\/#primaryimage"},"thumbnailUrl":"https:\/\/letrame.com\/catalogo\/wp-content\/uploads\/2024\/04\/webportada_lalineaamarilla_384mm-copia-compressed.jpg","datePublished":"2024-04-29T14:07:25+00:00","dateModified":"2024-08-28T09:13:58+00:00","breadcrumb":{"@id":"https:\/\/letrame.com\/catalogo\/producto\/la-linea-amarilla\/#breadcrumb"},"inLanguage":"es","potentialAction":[{"@type":"ReadAction","target":["https:\/\/letrame.com\/catalogo\/producto\/la-linea-amarilla\/"]}]},{"@type":"ImageObject","inLanguage":"es","@id":"https:\/\/letrame.com\/catalogo\/producto\/la-linea-amarilla\/#primaryimage","url":"https:\/\/letrame.com\/catalogo\/wp-content\/uploads\/2024\/04\/webportada_lalineaamarilla_384mm-copia-compressed.jpg","contentUrl":"https:\/\/letrame.com\/catalogo\/wp-content\/uploads\/2024\/04\/webportada_lalineaamarilla_384mm-copia-compressed.jpg","width":1594,"height":2303},{"@type":"BreadcrumbList","@id":"https:\/\/letrame.com\/catalogo\/producto\/la-linea-amarilla\/#breadcrumb","itemListElement":[{"@type":"ListItem","position":1,"name":"Portada","item":"https:\/\/letrame.com\/catalogo\/"},{"@type":"ListItem","position":2,"name":"Cat\u00e1logo","item":"https:\/\/letrame.com\/catalogo\/"},{"@type":"ListItem","position":3,"name":"La l\u00ednea amarilla"}]},{"@type":"WebSite","@id":"https:\/\/letrame.com\/catalogo\/#website","url":"https:\/\/letrame.com\/catalogo\/","name":"Catalogo | Letrame Grupo Editorial","description":"","publisher":{"@id":"https:\/\/letrame.com\/catalogo\/#organization"},"potentialAction":[{"@type":"SearchAction","target":{"@type":"EntryPoint","urlTemplate":"https:\/\/letrame.com\/catalogo\/?s={search_term_string}"},"query-input":{"@type":"PropertyValueSpecification","valueRequired":true,"valueName":"search_term_string"}}],"inLanguage":"es"},{"@type":"Organization","@id":"https:\/\/letrame.com\/catalogo\/#organization","name":"Catalogo | Letrame Grupo Editorial","url":"https:\/\/letrame.com\/catalogo\/","logo":{"@type":"ImageObject","inLanguage":"es","@id":"https:\/\/letrame.com\/catalogo\/#\/schema\/logo\/image\/","url":"https:\/\/letrame.com\/catalogo\/wp-content\/uploads\/2024\/03\/logo2.webp","contentUrl":"https:\/\/letrame.com\/catalogo\/wp-content\/uploads\/2024\/03\/logo2.webp","width":394,"height":128,"caption":"Catalogo | Letrame Grupo Editorial"},"image":{"@id":"https:\/\/letrame.com\/catalogo\/#\/schema\/logo\/image\/"}}]}},"_links":{"self":[{"href":"https:\/\/letrame.com\/catalogo\/wp-json\/wp\/v2\/product\/99287","targetHints":{"allow":["GET"]}}],"collection":[{"href":"https:\/\/letrame.com\/catalogo\/wp-json\/wp\/v2\/product"}],"about":[{"href":"https:\/\/letrame.com\/catalogo\/wp-json\/wp\/v2\/types\/product"}],"replies":[{"embeddable":true,"href":"https:\/\/letrame.com\/catalogo\/wp-json\/wp\/v2\/comments?post=99287"}],"acf:post":[{"embeddable":true,"href":"https:\/\/letrame.com\/catalogo\/wp-json\/wp\/v2\/author_book\/77639"}],"wp:featuredmedia":[{"embeddable":true,"href":"https:\/\/letrame.com\/catalogo\/wp-json\/wp\/v2\/media\/99288"}],"wp:attachment":[{"href":"https:\/\/letrame.com\/catalogo\/wp-json\/wp\/v2\/media?parent=99287"}],"wp:term":[{"taxonomy":"libro","embeddable":true,"href":"https:\/\/letrame.com\/catalogo\/wp-json\/wp\/v2\/libro?post=99287"},{"taxonomy":"product_brand","embeddable":true,"href":"https:\/\/letrame.com\/catalogo\/wp-json\/wp\/v2\/product_brand?post=99287"},{"taxonomy":"product_cat","embeddable":true,"href":"https:\/\/letrame.com\/catalogo\/wp-json\/wp\/v2\/product_cat?post=99287"},{"taxonomy":"product_tag","embeddable":true,"href":"https:\/\/letrame.com\/catalogo\/wp-json\/wp\/v2\/product_tag?post=99287"}],"curies":[{"name":"wp","href":"https:\/\/api.w.org\/{rel}","templated":true}]}}