{"id":99271,"date":"2024-04-29T16:05:26","date_gmt":"2024-04-29T14:05:26","guid":{"rendered":"https:\/\/letrame.com\/catalogo\/producto\/como-hacer-un-diagnostico-de-trabajo-social\/"},"modified":"2024-07-31T10:59:14","modified_gmt":"2024-07-31T08:59:14","slug":"como-hacer-un-diagnostico-de-trabajo-social","status":"publish","type":"product","link":"https:\/\/letrame.com\/catalogo\/producto\/como-hacer-un-diagnostico-de-trabajo-social\/","title":{"rendered":"C\u00f3mo hacer un diagn\u00f3stico de Trabajo Social"},"content":{"rendered":"<p><strong>ISBN<\/strong>: 978-84-1181-243-6<\/p>\n<p><strong>T\u00edtulo<\/strong>: C\u00f3mo hacer un diagn\u00f3stico de Trabajo Social<br \/>\n<strong>Fecha<\/strong>: 2023<br \/>\n<strong>P\u00e1ginas<\/strong>: 588<\/p>\n<p><strong>SINOPSIS<\/strong><\/p>\n<p>El diagn\u00f3stico es una materia esencial en la identidad y la pr\u00e1ctica del Trabajo Social, pero est\u00e1 muy precarizado. Lamentablemente en Espa\u00f1a no se sale de la carrera con suficiente preparaci\u00f3n y competencia para entender y abordar la tarea de diagn\u00f3stico con suficiente rigor, eficacia y competencia. Y para mayor agravio, existe poca literatura y formaci\u00f3n al respecto. Este libro persigue el prop\u00f3sito de contribuir a cambiar las cosas. En \u00e9l se expone el Diagn\u00f3stico Cl\u00ednico Contextual (DCC), un m\u00e9todo a trav\u00e9s del cual podr\u00e1s mejorar tus competencias para el diagn\u00f3stico y dotarlo de la calidad cient\u00edfica que merece.<\/p>\n<p>Este libro es para ti si:<\/p>\n<ul>\n<li>Sientes que no distingues bien la evidencia de la inferencia.<\/li>\n<li>No sabes cu\u00e1nta y qu\u00e9 informaci\u00f3n reflejar en el diagn\u00f3stico.<\/li>\n<li>Sientes que te repites o que te dejas cosas importantes.<\/li>\n<li>Sientes que improvisas las fases del diagn\u00f3stico o directamente no sigues un m\u00e9todo para hacerlo.<\/li>\n<li>Te sientes insegura a la hora de comunicar tus conclusiones diagn\u00f3sticas en un informe ante un juzgado o una administraci\u00f3n.<\/li>\n<li>Has pensado que la subjetividad humana es un aspecto que no le compete evaluar al Trabajo Social.<\/li>\n<li>Si has sentido que tus conclusiones profesionales son ninguneadas y no tomadas en cuenta por terceros.<\/li>\n<\/ul>\n<p>El Diagn\u00f3stico Cl\u00ednico Contextual (DCC) es un m\u00e9todo de evaluaci\u00f3n de casos, centrado en conocer, comprender y explicar la interacci\u00f3n din\u00e1mica persona-entorno, siguiendo 4 est\u00e1ndares cient\u00edficos de calidad: la rigurosidad, la precisi\u00f3n, la claridad y el car\u00e1cter cr\u00edtico-radical. Se centra en delimitar, describir y organizar, dentro de un procedimiento riguroso y sistem\u00e1tico de 3 fases y 9 etapas, los procesos cognitivos y metodol\u00f3gicos conducentes al diagn\u00f3stico.<\/p>\n<p>&nbsp;<\/p>\n<p>En este libro te ir\u00e9 guiando para que aprendas a implementar el DCC, aplicando los est\u00e1ndares de calidad en cada paso. Tienes a tu disposici\u00f3n muchos ejemplos, casos pr\u00e1cticos, actividades para practicar, tablas de procedimientos y m\u00e1s de 45 herramientas pr\u00e1cticas. Podr\u00e1s comenzar a aplicar lo aprendido inmediatamente.<\/p>\n<p>Esta obra va dirigida tanto a estudiantes como a profesionales, cl\u00ednicos y generalistas, tanto de Trabajo Social como de disciplinas afines. Ser\u00e1 de gran utilidad para todo profesional que realice informes, facultativos y\/o periciales. El DCC un m\u00e9todo multicontexto, es decir, aplicable a cualquier contexto de intervenci\u00f3n y cualquier casu\u00edstica.<\/p>\n<p>Es muy importante desarrollar competencias avanzadas en esta materia, por el bien de las personas a las que atendemos y por el bien de la profesi\u00f3n. \u00danete a los m\u00e1s de 3 000 profesionales capacitados en este m\u00e9todo.<\/p>\n","protected":false},"excerpt":{"rendered":"<p><strong>ISBN<\/strong>: 978-84-1181-243-6<\/p>\n<p><strong>SINOPSIS<\/strong><\/p>\n<p>El diagn\u00f3stico es una materia esencial en la identidad y la pr\u00e1ctica del Trabajo Social, pero est\u00e1 muy precarizado. Lamentablemente en Espa\u00f1a no se sale de la carrera con suficiente preparaci\u00f3n y competencia para entender y abordar la tarea de diagn\u00f3stico con suficiente rigor, eficacia y competencia. Y para mayor agravio, existe poca literatura y formaci\u00f3n al respecto. Este libro persigue el prop\u00f3sito de contribuir a cambiar las cosas. En \u00e9l se expone el Diagn\u00f3stico Cl\u00ednico Contextual (DCC), un m\u00e9todo a trav\u00e9s del cual podr\u00e1s mejorar tus competencias para el diagn\u00f3stico y dotarlo de la calidad cient\u00edfica que merece.<\/p>\n<p>Este libro es para ti si:<\/p>\n<ul>\n<li>Sientes que no distingues bien la evidencia de la inferencia.<\/li>\n<li>No sabes cu\u00e1nta y qu\u00e9 informaci\u00f3n reflejar en el diagn\u00f3stico.<\/li>\n<li>Sientes que te repites o que te dejas cosas importantes.<\/li>\n<li>Sientes que improvisas las fases del diagn\u00f3stico o directamente no sigues un m\u00e9todo para hacerlo.<\/li>\n<li>Te sientes insegura a la hora de comunicar tus conclusiones diagn\u00f3sticas en un informe ante un juzgado o una administraci\u00f3n.<\/li>\n<li>Has pensado que la subjetividad humana es un aspecto que no le compete evaluar al Trabajo Social.<\/li>\n<li>Si has sentido que tus conclusiones profesionales son ninguneadas y no tomadas en cuenta por terceros.<\/li>\n<\/ul>\n<p>El Diagn\u00f3stico Cl\u00ednico Contextual (DCC) es un m\u00e9todo de evaluaci\u00f3n de casos, centrado en conocer, comprender y explicar la interacci\u00f3n din\u00e1mica persona-entorno, siguiendo 4 est\u00e1ndares cient\u00edficos de calidad: la rigurosidad, la precisi\u00f3n, la claridad y el car\u00e1cter cr\u00edtico-radical. Se centra en delimitar, describir y organizar, dentro de un procedimiento riguroso y sistem\u00e1tico de 3 fases y 9 etapas, los procesos cognitivos y metodol\u00f3gicos conducentes al diagn\u00f3stico.<\/p>\n<p>&nbsp;<\/p>\n<p>En este libro te ir\u00e9 guiando para que aprendas a implementar el DCC, aplicando los est\u00e1ndares de calidad en cada paso. Tienes a tu disposici\u00f3n muchos ejemplos, casos pr\u00e1cticos, actividades para practicar, tablas de procedimientos y m\u00e1s de 45 herramientas pr\u00e1cticas. Podr\u00e1s comenzar a aplicar lo aprendido inmediatamente.<\/p>\n<p>Esta obra va dirigida tanto a estudiantes como a profesionales, cl\u00ednicos y generalistas, tanto de Trabajo Social como de disciplinas afines. Ser\u00e1 de gran utilidad para todo profesional que realice informes, facultativos y\/o periciales. El DCC un m\u00e9todo multicontexto, es decir, aplicable a cualquier contexto de intervenci\u00f3n y cualquier casu\u00edstica.<\/p>\n<p>Es muy importante desarrollar competencias avanzadas en esta materia, por el bien de las personas a las que atendemos y por el bien de la profesi\u00f3n. \u00danete a los m\u00e1s de 3 000 profesionales capacitados en este m\u00e9todo.<\/p>\n<p>[aux_button label=\u00bbCOMPRAR\u00bb size=\u00bbmedium\u00bb icon_align=\u00bbleft\u00bb color_name=\u00bbball-blue\u00bb link=\u00bbhttps:\/\/www.amazon.es\/hacer-diagn%C3%B3stico-trabajo-social-cl%C3%ADnico\/dp\/841181243X\/\/\u00bb]<\/p>\n","protected":false},"featured_media":99272,"comment_status":"closed","ping_status":"closed","template":"","meta":{"_acf_changed":false},"libro":[],"product_brand":[],"product_cat":[26],"product_tag":[],"class_list":{"0":"post-99271","1":"product","2":"type-product","3":"status-publish","4":"has-post-thumbnail","6":"product_cat-sin-categoria","8":"first","9":"instock","10":"product-type-simple"},"acf":{"autor":[77625],"enlace_de_compra":"https:\/\/amzn.to\/46qHwzC"},"yoast_head":"<!-- This site is optimized with the Yoast SEO plugin v26.6 - https:\/\/yoast.com\/wordpress\/plugins\/seo\/ -->\n<title>C\u00f3mo hacer un diagn\u00f3stico de Trabajo Social - Catalogo | Letrame Grupo Editorial<\/title>\n<meta name=\"robots\" content=\"index, follow, max-snippet:-1, max-image-preview:large, max-video-preview:-1\" \/>\n<link rel=\"canonical\" href=\"https:\/\/letrame.com\/catalogo\/producto\/como-hacer-un-diagnostico-de-trabajo-social\/\" \/>\n<meta property=\"og:locale\" content=\"es_ES\" \/>\n<meta property=\"og:type\" content=\"article\" \/>\n<meta property=\"og:title\" content=\"C\u00f3mo hacer un diagn\u00f3stico de Trabajo Social - Catalogo | Letrame Grupo Editorial\" \/>\n<meta property=\"og:description\" content=\"ISBN: 978-84-1181-243-6  SINOPSIS  El diagn\u00f3stico es una materia esencial en la identidad y la pr\u00e1ctica del Trabajo Social, pero est\u00e1 muy precarizado. Lamentablemente en Espa\u00f1a no se sale de la carrera con suficiente preparaci\u00f3n y competencia para entender y abordar la tarea de diagn\u00f3stico con suficiente rigor, eficacia y competencia. Y para mayor agravio, existe poca literatura y formaci\u00f3n al respecto. Este libro persigue el prop\u00f3sito de contribuir a cambiar las cosas. En \u00e9l se expone el Diagn\u00f3stico Cl\u00ednico Contextual (DCC), un m\u00e9todo a trav\u00e9s del cual podr\u00e1s mejorar tus competencias para el diagn\u00f3stico y dotarlo de la calidad cient\u00edfica que merece.  Este libro es para ti si:   Sientes que no distingues bien la evidencia de la inferencia.  No sabes cu\u00e1nta y qu\u00e9 informaci\u00f3n reflejar en el diagn\u00f3stico.  Sientes que te repites o que te dejas cosas importantes.  Sientes que improvisas las fases del diagn\u00f3stico o directamente no sigues un m\u00e9todo para hacerlo.  Te sientes insegura a la hora de comunicar tus conclusiones diagn\u00f3sticas en un informe ante un juzgado o una administraci\u00f3n.  Has pensado que la subjetividad humana es un aspecto que no le compete evaluar al Trabajo Social.  Si has sentido que tus conclusiones profesionales son ninguneadas y no tomadas en cuenta por terceros.  El Diagn\u00f3stico Cl\u00ednico Contextual (DCC) es un m\u00e9todo de evaluaci\u00f3n de casos, centrado en conocer, comprender y explicar la interacci\u00f3n din\u00e1mica persona-entorno, siguiendo 4 est\u00e1ndares cient\u00edficos de calidad: la rigurosidad, la precisi\u00f3n, la claridad y el car\u00e1cter cr\u00edtico-radical. Se centra en delimitar, describir y organizar, dentro de un procedimiento riguroso y sistem\u00e1tico de 3 fases y 9 etapas, los procesos cognitivos y metodol\u00f3gicos conducentes al diagn\u00f3stico.  &nbsp;  En este libro te ir\u00e9 guiando para que aprendas a implementar el DCC, aplicando los est\u00e1ndares de calidad en cada paso. Tienes a tu disposici\u00f3n muchos ejemplos, casos pr\u00e1cticos, actividades para practicar, tablas de procedimientos y m\u00e1s de 45 herramientas pr\u00e1cticas. Podr\u00e1s comenzar a aplicar lo aprendido inmediatamente.  Esta obra va dirigida tanto a estudiantes como a profesionales, cl\u00ednicos y generalistas, tanto de Trabajo Social como de disciplinas afines. Ser\u00e1 de gran utilidad para todo profesional que realice informes, facultativos y\/o periciales. El DCC un m\u00e9todo multicontexto, es decir, aplicable a cualquier contexto de intervenci\u00f3n y cualquier casu\u00edstica.  Es muy importante desarrollar competencias avanzadas en esta materia, por el bien de las personas a las que atendemos y por el bien de la profesi\u00f3n. \u00danete a los m\u00e1s de 3 000 profesionales capacitados en este m\u00e9todo.  [aux_button label=&quot;COMPRAR&quot; size=&quot;medium&quot; icon_align=&quot;left&quot; color_name=&quot;ball-blue&quot; link=&quot;https:\/\/www.amazon.es\/hacer-diagn%C3%B3stico-trabajo-social-cl%C3%ADnico\/dp\/841181243X\/\/&quot;]\" \/>\n<meta property=\"og:url\" content=\"https:\/\/letrame.com\/catalogo\/producto\/como-hacer-un-diagnostico-de-trabajo-social\/\" \/>\n<meta property=\"og:site_name\" content=\"Catalogo | Letrame Grupo Editorial\" \/>\n<meta property=\"article:modified_time\" content=\"2024-07-31T08:59:14+00:00\" \/>\n<meta property=\"og:image\" content=\"https:\/\/letrame.com\/catalogo\/wp-content\/uploads\/2024\/04\/webportada_comohacer_32mm-compressed.jpg\" \/>\n\t<meta property=\"og:image:width\" content=\"1748\" \/>\n\t<meta property=\"og:image:height\" content=\"2480\" \/>\n\t<meta property=\"og:image:type\" content=\"image\/jpeg\" \/>\n<meta name=\"twitter:card\" content=\"summary_large_image\" \/>\n<meta name=\"twitter:label1\" content=\"Tiempo de lectura\" \/>\n\t<meta name=\"twitter:data1\" content=\"3 minutos\" \/>\n<script type=\"application\/ld+json\" class=\"yoast-schema-graph\">{\"@context\":\"https:\/\/schema.org\",\"@graph\":[{\"@type\":\"WebPage\",\"@id\":\"https:\/\/letrame.com\/catalogo\/producto\/como-hacer-un-diagnostico-de-trabajo-social\/\",\"url\":\"https:\/\/letrame.com\/catalogo\/producto\/como-hacer-un-diagnostico-de-trabajo-social\/\",\"name\":\"C\u00f3mo hacer un diagn\u00f3stico de Trabajo Social - Catalogo | Letrame Grupo Editorial\",\"isPartOf\":{\"@id\":\"https:\/\/letrame.com\/catalogo\/#website\"},\"primaryImageOfPage\":{\"@id\":\"https:\/\/letrame.com\/catalogo\/producto\/como-hacer-un-diagnostico-de-trabajo-social\/#primaryimage\"},\"image\":{\"@id\":\"https:\/\/letrame.com\/catalogo\/producto\/como-hacer-un-diagnostico-de-trabajo-social\/#primaryimage\"},\"thumbnailUrl\":\"https:\/\/letrame.com\/catalogo\/wp-content\/uploads\/2024\/04\/webportada_comohacer_32mm-compressed.jpg\",\"datePublished\":\"2024-04-29T14:05:26+00:00\",\"dateModified\":\"2024-07-31T08:59:14+00:00\",\"breadcrumb\":{\"@id\":\"https:\/\/letrame.com\/catalogo\/producto\/como-hacer-un-diagnostico-de-trabajo-social\/#breadcrumb\"},\"inLanguage\":\"es\",\"potentialAction\":[{\"@type\":\"ReadAction\",\"target\":[\"https:\/\/letrame.com\/catalogo\/producto\/como-hacer-un-diagnostico-de-trabajo-social\/\"]}]},{\"@type\":\"ImageObject\",\"inLanguage\":\"es\",\"@id\":\"https:\/\/letrame.com\/catalogo\/producto\/como-hacer-un-diagnostico-de-trabajo-social\/#primaryimage\",\"url\":\"https:\/\/letrame.com\/catalogo\/wp-content\/uploads\/2024\/04\/webportada_comohacer_32mm-compressed.jpg\",\"contentUrl\":\"https:\/\/letrame.com\/catalogo\/wp-content\/uploads\/2024\/04\/webportada_comohacer_32mm-compressed.jpg\",\"width\":1748,\"height\":2480},{\"@type\":\"BreadcrumbList\",\"@id\":\"https:\/\/letrame.com\/catalogo\/producto\/como-hacer-un-diagnostico-de-trabajo-social\/#breadcrumb\",\"itemListElement\":[{\"@type\":\"ListItem\",\"position\":1,\"name\":\"Portada\",\"item\":\"https:\/\/letrame.com\/catalogo\/\"},{\"@type\":\"ListItem\",\"position\":2,\"name\":\"Cat\u00e1logo\",\"item\":\"https:\/\/letrame.com\/catalogo\/\"},{\"@type\":\"ListItem\",\"position\":3,\"name\":\"C\u00f3mo hacer un diagn\u00f3stico de Trabajo Social\"}]},{\"@type\":\"WebSite\",\"@id\":\"https:\/\/letrame.com\/catalogo\/#website\",\"url\":\"https:\/\/letrame.com\/catalogo\/\",\"name\":\"Catalogo | Letrame Grupo Editorial\",\"description\":\"\",\"publisher\":{\"@id\":\"https:\/\/letrame.com\/catalogo\/#organization\"},\"potentialAction\":[{\"@type\":\"SearchAction\",\"target\":{\"@type\":\"EntryPoint\",\"urlTemplate\":\"https:\/\/letrame.com\/catalogo\/?s={search_term_string}\"},\"query-input\":{\"@type\":\"PropertyValueSpecification\",\"valueRequired\":true,\"valueName\":\"search_term_string\"}}],\"inLanguage\":\"es\"},{\"@type\":\"Organization\",\"@id\":\"https:\/\/letrame.com\/catalogo\/#organization\",\"name\":\"Catalogo | Letrame Grupo Editorial\",\"url\":\"https:\/\/letrame.com\/catalogo\/\",\"logo\":{\"@type\":\"ImageObject\",\"inLanguage\":\"es\",\"@id\":\"https:\/\/letrame.com\/catalogo\/#\/schema\/logo\/image\/\",\"url\":\"https:\/\/letrame.com\/catalogo\/wp-content\/uploads\/2024\/03\/logo2.webp\",\"contentUrl\":\"https:\/\/letrame.com\/catalogo\/wp-content\/uploads\/2024\/03\/logo2.webp\",\"width\":394,\"height\":128,\"caption\":\"Catalogo | Letrame Grupo Editorial\"},\"image\":{\"@id\":\"https:\/\/letrame.com\/catalogo\/#\/schema\/logo\/image\/\"}}]}<\/script>\n<!-- \/ Yoast SEO plugin. -->","yoast_head_json":{"title":"C\u00f3mo hacer un diagn\u00f3stico de Trabajo Social - Catalogo | Letrame Grupo Editorial","robots":{"index":"index","follow":"follow","max-snippet":"max-snippet:-1","max-image-preview":"max-image-preview:large","max-video-preview":"max-video-preview:-1"},"canonical":"https:\/\/letrame.com\/catalogo\/producto\/como-hacer-un-diagnostico-de-trabajo-social\/","og_locale":"es_ES","og_type":"article","og_title":"C\u00f3mo hacer un diagn\u00f3stico de Trabajo Social - Catalogo | Letrame Grupo Editorial","og_description":"ISBN: 978-84-1181-243-6  SINOPSIS  El diagn\u00f3stico es una materia esencial en la identidad y la pr\u00e1ctica del Trabajo Social, pero est\u00e1 muy precarizado. Lamentablemente en Espa\u00f1a no se sale de la carrera con suficiente preparaci\u00f3n y competencia para entender y abordar la tarea de diagn\u00f3stico con suficiente rigor, eficacia y competencia. Y para mayor agravio, existe poca literatura y formaci\u00f3n al respecto. Este libro persigue el prop\u00f3sito de contribuir a cambiar las cosas. En \u00e9l se expone el Diagn\u00f3stico Cl\u00ednico Contextual (DCC), un m\u00e9todo a trav\u00e9s del cual podr\u00e1s mejorar tus competencias para el diagn\u00f3stico y dotarlo de la calidad cient\u00edfica que merece.  Este libro es para ti si:   Sientes que no distingues bien la evidencia de la inferencia.  No sabes cu\u00e1nta y qu\u00e9 informaci\u00f3n reflejar en el diagn\u00f3stico.  Sientes que te repites o que te dejas cosas importantes.  Sientes que improvisas las fases del diagn\u00f3stico o directamente no sigues un m\u00e9todo para hacerlo.  Te sientes insegura a la hora de comunicar tus conclusiones diagn\u00f3sticas en un informe ante un juzgado o una administraci\u00f3n.  Has pensado que la subjetividad humana es un aspecto que no le compete evaluar al Trabajo Social.  Si has sentido que tus conclusiones profesionales son ninguneadas y no tomadas en cuenta por terceros.  El Diagn\u00f3stico Cl\u00ednico Contextual (DCC) es un m\u00e9todo de evaluaci\u00f3n de casos, centrado en conocer, comprender y explicar la interacci\u00f3n din\u00e1mica persona-entorno, siguiendo 4 est\u00e1ndares cient\u00edficos de calidad: la rigurosidad, la precisi\u00f3n, la claridad y el car\u00e1cter cr\u00edtico-radical. Se centra en delimitar, describir y organizar, dentro de un procedimiento riguroso y sistem\u00e1tico de 3 fases y 9 etapas, los procesos cognitivos y metodol\u00f3gicos conducentes al diagn\u00f3stico.  &nbsp;  En este libro te ir\u00e9 guiando para que aprendas a implementar el DCC, aplicando los est\u00e1ndares de calidad en cada paso. Tienes a tu disposici\u00f3n muchos ejemplos, casos pr\u00e1cticos, actividades para practicar, tablas de procedimientos y m\u00e1s de 45 herramientas pr\u00e1cticas. Podr\u00e1s comenzar a aplicar lo aprendido inmediatamente.  Esta obra va dirigida tanto a estudiantes como a profesionales, cl\u00ednicos y generalistas, tanto de Trabajo Social como de disciplinas afines. Ser\u00e1 de gran utilidad para todo profesional que realice informes, facultativos y\/o periciales. El DCC un m\u00e9todo multicontexto, es decir, aplicable a cualquier contexto de intervenci\u00f3n y cualquier casu\u00edstica.  Es muy importante desarrollar competencias avanzadas en esta materia, por el bien de las personas a las que atendemos y por el bien de la profesi\u00f3n. \u00danete a los m\u00e1s de 3 000 profesionales capacitados en este m\u00e9todo.  [aux_button label=\"COMPRAR\" size=\"medium\" icon_align=\"left\" color_name=\"ball-blue\" link=\"https:\/\/www.amazon.es\/hacer-diagn%C3%B3stico-trabajo-social-cl%C3%ADnico\/dp\/841181243X\/\/\"]","og_url":"https:\/\/letrame.com\/catalogo\/producto\/como-hacer-un-diagnostico-de-trabajo-social\/","og_site_name":"Catalogo | Letrame Grupo Editorial","article_modified_time":"2024-07-31T08:59:14+00:00","og_image":[{"width":1748,"height":2480,"url":"https:\/\/letrame.com\/catalogo\/wp-content\/uploads\/2024\/04\/webportada_comohacer_32mm-compressed.jpg","type":"image\/jpeg"}],"twitter_card":"summary_large_image","twitter_misc":{"Tiempo de lectura":"3 minutos"},"schema":{"@context":"https:\/\/schema.org","@graph":[{"@type":"WebPage","@id":"https:\/\/letrame.com\/catalogo\/producto\/como-hacer-un-diagnostico-de-trabajo-social\/","url":"https:\/\/letrame.com\/catalogo\/producto\/como-hacer-un-diagnostico-de-trabajo-social\/","name":"C\u00f3mo hacer un diagn\u00f3stico de Trabajo Social - Catalogo | Letrame Grupo Editorial","isPartOf":{"@id":"https:\/\/letrame.com\/catalogo\/#website"},"primaryImageOfPage":{"@id":"https:\/\/letrame.com\/catalogo\/producto\/como-hacer-un-diagnostico-de-trabajo-social\/#primaryimage"},"image":{"@id":"https:\/\/letrame.com\/catalogo\/producto\/como-hacer-un-diagnostico-de-trabajo-social\/#primaryimage"},"thumbnailUrl":"https:\/\/letrame.com\/catalogo\/wp-content\/uploads\/2024\/04\/webportada_comohacer_32mm-compressed.jpg","datePublished":"2024-04-29T14:05:26+00:00","dateModified":"2024-07-31T08:59:14+00:00","breadcrumb":{"@id":"https:\/\/letrame.com\/catalogo\/producto\/como-hacer-un-diagnostico-de-trabajo-social\/#breadcrumb"},"inLanguage":"es","potentialAction":[{"@type":"ReadAction","target":["https:\/\/letrame.com\/catalogo\/producto\/como-hacer-un-diagnostico-de-trabajo-social\/"]}]},{"@type":"ImageObject","inLanguage":"es","@id":"https:\/\/letrame.com\/catalogo\/producto\/como-hacer-un-diagnostico-de-trabajo-social\/#primaryimage","url":"https:\/\/letrame.com\/catalogo\/wp-content\/uploads\/2024\/04\/webportada_comohacer_32mm-compressed.jpg","contentUrl":"https:\/\/letrame.com\/catalogo\/wp-content\/uploads\/2024\/04\/webportada_comohacer_32mm-compressed.jpg","width":1748,"height":2480},{"@type":"BreadcrumbList","@id":"https:\/\/letrame.com\/catalogo\/producto\/como-hacer-un-diagnostico-de-trabajo-social\/#breadcrumb","itemListElement":[{"@type":"ListItem","position":1,"name":"Portada","item":"https:\/\/letrame.com\/catalogo\/"},{"@type":"ListItem","position":2,"name":"Cat\u00e1logo","item":"https:\/\/letrame.com\/catalogo\/"},{"@type":"ListItem","position":3,"name":"C\u00f3mo hacer un diagn\u00f3stico de Trabajo Social"}]},{"@type":"WebSite","@id":"https:\/\/letrame.com\/catalogo\/#website","url":"https:\/\/letrame.com\/catalogo\/","name":"Catalogo | Letrame Grupo Editorial","description":"","publisher":{"@id":"https:\/\/letrame.com\/catalogo\/#organization"},"potentialAction":[{"@type":"SearchAction","target":{"@type":"EntryPoint","urlTemplate":"https:\/\/letrame.com\/catalogo\/?s={search_term_string}"},"query-input":{"@type":"PropertyValueSpecification","valueRequired":true,"valueName":"search_term_string"}}],"inLanguage":"es"},{"@type":"Organization","@id":"https:\/\/letrame.com\/catalogo\/#organization","name":"Catalogo | Letrame Grupo Editorial","url":"https:\/\/letrame.com\/catalogo\/","logo":{"@type":"ImageObject","inLanguage":"es","@id":"https:\/\/letrame.com\/catalogo\/#\/schema\/logo\/image\/","url":"https:\/\/letrame.com\/catalogo\/wp-content\/uploads\/2024\/03\/logo2.webp","contentUrl":"https:\/\/letrame.com\/catalogo\/wp-content\/uploads\/2024\/03\/logo2.webp","width":394,"height":128,"caption":"Catalogo | Letrame Grupo Editorial"},"image":{"@id":"https:\/\/letrame.com\/catalogo\/#\/schema\/logo\/image\/"}}]}},"_links":{"self":[{"href":"https:\/\/letrame.com\/catalogo\/wp-json\/wp\/v2\/product\/99271","targetHints":{"allow":["GET"]}}],"collection":[{"href":"https:\/\/letrame.com\/catalogo\/wp-json\/wp\/v2\/product"}],"about":[{"href":"https:\/\/letrame.com\/catalogo\/wp-json\/wp\/v2\/types\/product"}],"replies":[{"embeddable":true,"href":"https:\/\/letrame.com\/catalogo\/wp-json\/wp\/v2\/comments?post=99271"}],"acf:post":[{"embeddable":true,"href":"https:\/\/letrame.com\/catalogo\/wp-json\/wp\/v2\/author_book\/77625"}],"wp:featuredmedia":[{"embeddable":true,"href":"https:\/\/letrame.com\/catalogo\/wp-json\/wp\/v2\/media\/99272"}],"wp:attachment":[{"href":"https:\/\/letrame.com\/catalogo\/wp-json\/wp\/v2\/media?parent=99271"}],"wp:term":[{"taxonomy":"libro","embeddable":true,"href":"https:\/\/letrame.com\/catalogo\/wp-json\/wp\/v2\/libro?post=99271"},{"taxonomy":"product_brand","embeddable":true,"href":"https:\/\/letrame.com\/catalogo\/wp-json\/wp\/v2\/product_brand?post=99271"},{"taxonomy":"product_cat","embeddable":true,"href":"https:\/\/letrame.com\/catalogo\/wp-json\/wp\/v2\/product_cat?post=99271"},{"taxonomy":"product_tag","embeddable":true,"href":"https:\/\/letrame.com\/catalogo\/wp-json\/wp\/v2\/product_tag?post=99271"}],"curies":[{"name":"wp","href":"https:\/\/api.w.org\/{rel}","templated":true}]}}