{"id":99267,"date":"2024-04-29T16:04:46","date_gmt":"2024-04-29T14:04:46","guid":{"rendered":"https:\/\/letrame.com\/catalogo\/producto\/los-misterios-de-roberta-lamoretti\/"},"modified":"2024-04-29T16:05:12","modified_gmt":"2024-04-29T14:05:12","slug":"los-misterios-de-roberta-lamoretti","status":"publish","type":"product","link":"https:\/\/letrame.com\/catalogo\/producto\/los-misterios-de-roberta-lamoretti\/","title":{"rendered":"Los misterios de Roberta Lamoretti"},"content":{"rendered":"<p><strong>ISBN<\/strong>: 978-84-1181-290-0<\/p>\n<p><strong>T\u00edtulo<\/strong>: Los misterios de Roberta Lamoretti<br \/>\n<strong>Fecha<\/strong>: 2023<br \/>\n<strong>P\u00e1ginas<\/strong>: 198<\/p>\n<p><strong>SINOPSIS<br \/>\n<\/strong><\/p>\n<p>Roberta lamoretti es una antrop\u00f3loga y arque\u00f3loga que ha pasado su vida entre libros y ruinas , siempre en su zona de confort rodeada de sus colegas, tan incerta en su trabajo que le cost\u00f3 su primer matrimonio. Ahora solo se dedica a estudiar\u00a0 e investigar, viajando por varios pa\u00edses donde la llevan sus intereses y despertando en ella su instinto aventurero.<\/p>\n<p>&nbsp;<\/p>\n<p>Descubrir\u00e1 el amor en el camino , de qu\u00e9 es capaz y qu\u00e9 tanto de sus libros puede volverse real y peligroso. Este camino la llevar\u00e1 a lugares hermosos y misterios sin resolver como tambi\u00e9n a preguntarse si es capaz de entregarse al amor sin dejar esta nueva libertad. Ser\u00e1 Franco capaz de aceptar las reglas, la acompa\u00f1ar\u00e1 siempre en sus viajes para asegurarse que siga viva o se rendir\u00e1 ante el mundo de Roberta.<\/p>\n<p>&nbsp;<\/p>\n<p>Cuando se conocieron todo result\u00f3 de cuento, Roma les dio el entorno m\u00e1gico. Ahora Franco debe sumarse a la vida de Roberta y aceptar sus reglas o Roberta dejar\u00e1 caer el coraz\u00f3n de un hombre enamorado. Tal vez ella deje m\u00e1s que eso en el camino si no es capaz de aprender que la vida es mejor acompa\u00f1ada que sola.<\/p>\n","protected":false},"excerpt":{"rendered":"<p><strong>ISBN<\/strong>: 978-84-1181-290-0<\/p>\n<p><strong>SINOPSIS<br \/>\n<\/strong><\/p>\n<p>Roberta lamoretti es una antrop\u00f3loga y arque\u00f3loga que ha pasado su vida entre libros y ruinas , siempre en su zona de confort rodeada de sus colegas, tan incerta en su trabajo que le cost\u00f3 su primer matrimonio. Ahora solo se dedica a estudiar\u00a0 e investigar, viajando por varios pa\u00edses donde la llevan sus intereses y despertando en ella su instinto aventurero.<\/p>\n<p>&nbsp;<\/p>\n<p>Descubrir\u00e1 el amor en el camino , de qu\u00e9 es capaz y qu\u00e9 tanto de sus libros puede volverse real y peligroso. Este camino la llevar\u00e1 a lugares hermosos y misterios sin resolver como tambi\u00e9n a preguntarse si es capaz de entregarse al amor sin dejar esta nueva libertad. Ser\u00e1 Franco capaz de aceptar las reglas, la acompa\u00f1ar\u00e1 siempre en sus viajes para asegurarse que siga viva o se rendir\u00e1 ante el mundo de Roberta.<\/p>\n<p>&nbsp;<\/p>\n<p>Cuando se conocieron todo result\u00f3 de cuento, Roma les dio el entorno m\u00e1gico. Ahora Franco debe sumarse a la vida de Roberta y aceptar sus reglas o Roberta dejar\u00e1 caer el coraz\u00f3n de un hombre enamorado. Tal vez ella deje m\u00e1s que eso en el camino si no es capaz de aprender que la vida es mejor acompa\u00f1ada que sola.<\/p>\n","protected":false},"featured_media":99268,"comment_status":"closed","ping_status":"open","template":"","meta":{"_acf_changed":false},"libro":[],"product_brand":[],"product_cat":[26],"product_tag":[],"class_list":{"0":"post-99267","1":"product","2":"type-product","3":"status-publish","4":"has-post-thumbnail","6":"product_cat-sin-categoria","8":"first","9":"instock","10":"product-type-simple"},"acf":{"autor":[77621],"enlace_de_compra":"ttps:\/\/www.amazon.es\/Los-misterios-Roberta-Lamoretti-arque%C3%B3loga-ebook\/dp\/B0CJYKD2N8\/"},"yoast_head":"<!-- This site is optimized with the Yoast SEO plugin v27.4 - https:\/\/yoast.com\/product\/yoast-seo-wordpress\/ -->\n<title>Los misterios de Roberta Lamoretti - Catalogo | Letrame Grupo Editorial<\/title>\n<meta name=\"robots\" content=\"index, follow, max-snippet:-1, max-image-preview:large, max-video-preview:-1\" \/>\n<link rel=\"canonical\" href=\"https:\/\/letrame.com\/catalogo\/producto\/los-misterios-de-roberta-lamoretti\/\" \/>\n<meta property=\"og:locale\" content=\"es_ES\" \/>\n<meta property=\"og:type\" content=\"article\" \/>\n<meta property=\"og:title\" content=\"Los misterios de Roberta Lamoretti - Catalogo | Letrame Grupo Editorial\" \/>\n<meta property=\"og:description\" content=\"ISBN: 978-84-1181-290-0 SINOPSIS  Roberta lamoretti es una antrop\u00f3loga y arque\u00f3loga que ha pasado su vida entre libros y ruinas , siempre en su zona de confort rodeada de sus colegas, tan incerta en su trabajo que le cost\u00f3 su primer matrimonio. Ahora solo se dedica a estudiar\u00a0 e investigar, viajando por varios pa\u00edses donde la llevan sus intereses y despertando en ella su instinto aventurero. &nbsp; Descubrir\u00e1 el amor en el camino , de qu\u00e9 es capaz y qu\u00e9 tanto de sus libros puede volverse real y peligroso. Este camino la llevar\u00e1 a lugares hermosos y misterios sin resolver como tambi\u00e9n a preguntarse si es capaz de entregarse al amor sin dejar esta nueva libertad. Ser\u00e1 Franco capaz de aceptar las reglas, la acompa\u00f1ar\u00e1 siempre en sus viajes para asegurarse que siga viva o se rendir\u00e1 ante el mundo de Roberta. &nbsp; Cuando se conocieron todo result\u00f3 de cuento, Roma les dio el entorno m\u00e1gico. Ahora Franco debe sumarse a la vida de Roberta y aceptar sus reglas o Roberta dejar\u00e1 caer el coraz\u00f3n de un hombre enamorado. Tal vez ella deje m\u00e1s que eso en el camino si no es capaz de aprender que la vida es mejor acompa\u00f1ada que sola.\" \/>\n<meta property=\"og:url\" content=\"https:\/\/letrame.com\/catalogo\/producto\/los-misterios-de-roberta-lamoretti\/\" \/>\n<meta property=\"og:site_name\" content=\"Catalogo | Letrame Grupo Editorial\" \/>\n<meta property=\"article:modified_time\" content=\"2024-04-29T14:05:12+00:00\" \/>\n<meta property=\"og:image\" content=\"https:\/\/letrame.com\/catalogo\/wp-content\/uploads\/2024\/04\/webportada_losmisteriosderoberta_102mm-compressed-scaled-1.jpg\" \/>\n\t<meta property=\"og:image:width\" content=\"1746\" \/>\n\t<meta property=\"og:image:height\" content=\"2560\" \/>\n\t<meta property=\"og:image:type\" content=\"image\/jpeg\" \/>\n<meta name=\"twitter:card\" content=\"summary_large_image\" \/>\n<meta name=\"twitter:label1\" content=\"Tiempo de lectura\" \/>\n\t<meta name=\"twitter:data1\" content=\"1 minuto\" \/>\n<script type=\"application\/ld+json\" class=\"yoast-schema-graph\">{\"@context\":\"https:\\\/\\\/schema.org\",\"@graph\":[{\"@type\":\"WebPage\",\"@id\":\"https:\\\/\\\/letrame.com\\\/catalogo\\\/producto\\\/los-misterios-de-roberta-lamoretti\\\/\",\"url\":\"https:\\\/\\\/letrame.com\\\/catalogo\\\/producto\\\/los-misterios-de-roberta-lamoretti\\\/\",\"name\":\"Los misterios de Roberta Lamoretti - Catalogo | Letrame Grupo Editorial\",\"isPartOf\":{\"@id\":\"https:\\\/\\\/letrame.com\\\/catalogo\\\/#website\"},\"primaryImageOfPage\":{\"@id\":\"https:\\\/\\\/letrame.com\\\/catalogo\\\/producto\\\/los-misterios-de-roberta-lamoretti\\\/#primaryimage\"},\"image\":{\"@id\":\"https:\\\/\\\/letrame.com\\\/catalogo\\\/producto\\\/los-misterios-de-roberta-lamoretti\\\/#primaryimage\"},\"thumbnailUrl\":\"https:\\\/\\\/letrame.com\\\/catalogo\\\/wp-content\\\/uploads\\\/2024\\\/04\\\/webportada_losmisteriosderoberta_102mm-compressed-scaled-1.jpg\",\"datePublished\":\"2024-04-29T14:04:46+00:00\",\"dateModified\":\"2024-04-29T14:05:12+00:00\",\"breadcrumb\":{\"@id\":\"https:\\\/\\\/letrame.com\\\/catalogo\\\/producto\\\/los-misterios-de-roberta-lamoretti\\\/#breadcrumb\"},\"inLanguage\":\"es\",\"potentialAction\":[{\"@type\":\"ReadAction\",\"target\":[\"https:\\\/\\\/letrame.com\\\/catalogo\\\/producto\\\/los-misterios-de-roberta-lamoretti\\\/\"]}]},{\"@type\":\"ImageObject\",\"inLanguage\":\"es\",\"@id\":\"https:\\\/\\\/letrame.com\\\/catalogo\\\/producto\\\/los-misterios-de-roberta-lamoretti\\\/#primaryimage\",\"url\":\"https:\\\/\\\/letrame.com\\\/catalogo\\\/wp-content\\\/uploads\\\/2024\\\/04\\\/webportada_losmisteriosderoberta_102mm-compressed-scaled-1.jpg\",\"contentUrl\":\"https:\\\/\\\/letrame.com\\\/catalogo\\\/wp-content\\\/uploads\\\/2024\\\/04\\\/webportada_losmisteriosderoberta_102mm-compressed-scaled-1.jpg\",\"width\":1746,\"height\":2560},{\"@type\":\"BreadcrumbList\",\"@id\":\"https:\\\/\\\/letrame.com\\\/catalogo\\\/producto\\\/los-misterios-de-roberta-lamoretti\\\/#breadcrumb\",\"itemListElement\":[{\"@type\":\"ListItem\",\"position\":1,\"name\":\"Portada\",\"item\":\"https:\\\/\\\/letrame.com\\\/catalogo\\\/\"},{\"@type\":\"ListItem\",\"position\":2,\"name\":\"Cat\u00e1logo\",\"item\":\"https:\\\/\\\/letrame.com\\\/catalogo\\\/\"},{\"@type\":\"ListItem\",\"position\":3,\"name\":\"Los misterios de Roberta Lamoretti\"}]},{\"@type\":\"WebSite\",\"@id\":\"https:\\\/\\\/letrame.com\\\/catalogo\\\/#website\",\"url\":\"https:\\\/\\\/letrame.com\\\/catalogo\\\/\",\"name\":\"Catalogo | Letrame Grupo Editorial\",\"description\":\"\",\"publisher\":{\"@id\":\"https:\\\/\\\/letrame.com\\\/catalogo\\\/#organization\"},\"potentialAction\":[{\"@type\":\"SearchAction\",\"target\":{\"@type\":\"EntryPoint\",\"urlTemplate\":\"https:\\\/\\\/letrame.com\\\/catalogo\\\/?s={search_term_string}\"},\"query-input\":{\"@type\":\"PropertyValueSpecification\",\"valueRequired\":true,\"valueName\":\"search_term_string\"}}],\"inLanguage\":\"es\"},{\"@type\":\"Organization\",\"@id\":\"https:\\\/\\\/letrame.com\\\/catalogo\\\/#organization\",\"name\":\"Catalogo | Letrame Grupo Editorial\",\"url\":\"https:\\\/\\\/letrame.com\\\/catalogo\\\/\",\"logo\":{\"@type\":\"ImageObject\",\"inLanguage\":\"es\",\"@id\":\"https:\\\/\\\/letrame.com\\\/catalogo\\\/#\\\/schema\\\/logo\\\/image\\\/\",\"url\":\"https:\\\/\\\/letrame.com\\\/catalogo\\\/wp-content\\\/uploads\\\/2024\\\/03\\\/logo2.webp\",\"contentUrl\":\"https:\\\/\\\/letrame.com\\\/catalogo\\\/wp-content\\\/uploads\\\/2024\\\/03\\\/logo2.webp\",\"width\":394,\"height\":128,\"caption\":\"Catalogo | Letrame Grupo Editorial\"},\"image\":{\"@id\":\"https:\\\/\\\/letrame.com\\\/catalogo\\\/#\\\/schema\\\/logo\\\/image\\\/\"}}]}<\/script>\n<!-- \/ Yoast SEO plugin. -->","yoast_head_json":{"title":"Los misterios de Roberta Lamoretti - Catalogo | Letrame Grupo Editorial","robots":{"index":"index","follow":"follow","max-snippet":"max-snippet:-1","max-image-preview":"max-image-preview:large","max-video-preview":"max-video-preview:-1"},"canonical":"https:\/\/letrame.com\/catalogo\/producto\/los-misterios-de-roberta-lamoretti\/","og_locale":"es_ES","og_type":"article","og_title":"Los misterios de Roberta Lamoretti - Catalogo | Letrame Grupo Editorial","og_description":"ISBN: 978-84-1181-290-0 SINOPSIS  Roberta lamoretti es una antrop\u00f3loga y arque\u00f3loga que ha pasado su vida entre libros y ruinas , siempre en su zona de confort rodeada de sus colegas, tan incerta en su trabajo que le cost\u00f3 su primer matrimonio. Ahora solo se dedica a estudiar\u00a0 e investigar, viajando por varios pa\u00edses donde la llevan sus intereses y despertando en ella su instinto aventurero. &nbsp; Descubrir\u00e1 el amor en el camino , de qu\u00e9 es capaz y qu\u00e9 tanto de sus libros puede volverse real y peligroso. Este camino la llevar\u00e1 a lugares hermosos y misterios sin resolver como tambi\u00e9n a preguntarse si es capaz de entregarse al amor sin dejar esta nueva libertad. Ser\u00e1 Franco capaz de aceptar las reglas, la acompa\u00f1ar\u00e1 siempre en sus viajes para asegurarse que siga viva o se rendir\u00e1 ante el mundo de Roberta. &nbsp; Cuando se conocieron todo result\u00f3 de cuento, Roma les dio el entorno m\u00e1gico. Ahora Franco debe sumarse a la vida de Roberta y aceptar sus reglas o Roberta dejar\u00e1 caer el coraz\u00f3n de un hombre enamorado. Tal vez ella deje m\u00e1s que eso en el camino si no es capaz de aprender que la vida es mejor acompa\u00f1ada que sola.","og_url":"https:\/\/letrame.com\/catalogo\/producto\/los-misterios-de-roberta-lamoretti\/","og_site_name":"Catalogo | Letrame Grupo Editorial","article_modified_time":"2024-04-29T14:05:12+00:00","og_image":[{"width":1746,"height":2560,"url":"https:\/\/letrame.com\/catalogo\/wp-content\/uploads\/2024\/04\/webportada_losmisteriosderoberta_102mm-compressed-scaled-1.jpg","type":"image\/jpeg"}],"twitter_card":"summary_large_image","twitter_misc":{"Tiempo de lectura":"1 minuto"},"schema":{"@context":"https:\/\/schema.org","@graph":[{"@type":"WebPage","@id":"https:\/\/letrame.com\/catalogo\/producto\/los-misterios-de-roberta-lamoretti\/","url":"https:\/\/letrame.com\/catalogo\/producto\/los-misterios-de-roberta-lamoretti\/","name":"Los misterios de Roberta Lamoretti - Catalogo | Letrame Grupo Editorial","isPartOf":{"@id":"https:\/\/letrame.com\/catalogo\/#website"},"primaryImageOfPage":{"@id":"https:\/\/letrame.com\/catalogo\/producto\/los-misterios-de-roberta-lamoretti\/#primaryimage"},"image":{"@id":"https:\/\/letrame.com\/catalogo\/producto\/los-misterios-de-roberta-lamoretti\/#primaryimage"},"thumbnailUrl":"https:\/\/letrame.com\/catalogo\/wp-content\/uploads\/2024\/04\/webportada_losmisteriosderoberta_102mm-compressed-scaled-1.jpg","datePublished":"2024-04-29T14:04:46+00:00","dateModified":"2024-04-29T14:05:12+00:00","breadcrumb":{"@id":"https:\/\/letrame.com\/catalogo\/producto\/los-misterios-de-roberta-lamoretti\/#breadcrumb"},"inLanguage":"es","potentialAction":[{"@type":"ReadAction","target":["https:\/\/letrame.com\/catalogo\/producto\/los-misterios-de-roberta-lamoretti\/"]}]},{"@type":"ImageObject","inLanguage":"es","@id":"https:\/\/letrame.com\/catalogo\/producto\/los-misterios-de-roberta-lamoretti\/#primaryimage","url":"https:\/\/letrame.com\/catalogo\/wp-content\/uploads\/2024\/04\/webportada_losmisteriosderoberta_102mm-compressed-scaled-1.jpg","contentUrl":"https:\/\/letrame.com\/catalogo\/wp-content\/uploads\/2024\/04\/webportada_losmisteriosderoberta_102mm-compressed-scaled-1.jpg","width":1746,"height":2560},{"@type":"BreadcrumbList","@id":"https:\/\/letrame.com\/catalogo\/producto\/los-misterios-de-roberta-lamoretti\/#breadcrumb","itemListElement":[{"@type":"ListItem","position":1,"name":"Portada","item":"https:\/\/letrame.com\/catalogo\/"},{"@type":"ListItem","position":2,"name":"Cat\u00e1logo","item":"https:\/\/letrame.com\/catalogo\/"},{"@type":"ListItem","position":3,"name":"Los misterios de Roberta Lamoretti"}]},{"@type":"WebSite","@id":"https:\/\/letrame.com\/catalogo\/#website","url":"https:\/\/letrame.com\/catalogo\/","name":"Catalogo | Letrame Grupo Editorial","description":"","publisher":{"@id":"https:\/\/letrame.com\/catalogo\/#organization"},"potentialAction":[{"@type":"SearchAction","target":{"@type":"EntryPoint","urlTemplate":"https:\/\/letrame.com\/catalogo\/?s={search_term_string}"},"query-input":{"@type":"PropertyValueSpecification","valueRequired":true,"valueName":"search_term_string"}}],"inLanguage":"es"},{"@type":"Organization","@id":"https:\/\/letrame.com\/catalogo\/#organization","name":"Catalogo | Letrame Grupo Editorial","url":"https:\/\/letrame.com\/catalogo\/","logo":{"@type":"ImageObject","inLanguage":"es","@id":"https:\/\/letrame.com\/catalogo\/#\/schema\/logo\/image\/","url":"https:\/\/letrame.com\/catalogo\/wp-content\/uploads\/2024\/03\/logo2.webp","contentUrl":"https:\/\/letrame.com\/catalogo\/wp-content\/uploads\/2024\/03\/logo2.webp","width":394,"height":128,"caption":"Catalogo | Letrame Grupo Editorial"},"image":{"@id":"https:\/\/letrame.com\/catalogo\/#\/schema\/logo\/image\/"}}]}},"_links":{"self":[{"href":"https:\/\/letrame.com\/catalogo\/wp-json\/wp\/v2\/product\/99267","targetHints":{"allow":["GET"]}}],"collection":[{"href":"https:\/\/letrame.com\/catalogo\/wp-json\/wp\/v2\/product"}],"about":[{"href":"https:\/\/letrame.com\/catalogo\/wp-json\/wp\/v2\/types\/product"}],"replies":[{"embeddable":true,"href":"https:\/\/letrame.com\/catalogo\/wp-json\/wp\/v2\/comments?post=99267"}],"acf:post":[{"embeddable":true,"href":"https:\/\/letrame.com\/catalogo\/wp-json\/wp\/v2\/author_book\/77621"}],"wp:featuredmedia":[{"embeddable":true,"href":"https:\/\/letrame.com\/catalogo\/wp-json\/wp\/v2\/media\/99268"}],"wp:attachment":[{"href":"https:\/\/letrame.com\/catalogo\/wp-json\/wp\/v2\/media?parent=99267"}],"wp:term":[{"taxonomy":"libro","embeddable":true,"href":"https:\/\/letrame.com\/catalogo\/wp-json\/wp\/v2\/libro?post=99267"},{"taxonomy":"product_brand","embeddable":true,"href":"https:\/\/letrame.com\/catalogo\/wp-json\/wp\/v2\/product_brand?post=99267"},{"taxonomy":"product_cat","embeddable":true,"href":"https:\/\/letrame.com\/catalogo\/wp-json\/wp\/v2\/product_cat?post=99267"},{"taxonomy":"product_tag","embeddable":true,"href":"https:\/\/letrame.com\/catalogo\/wp-json\/wp\/v2\/product_tag?post=99267"}],"curies":[{"name":"wp","href":"https:\/\/api.w.org\/{rel}","templated":true}]}}