{"id":99157,"date":"2024-04-29T15:50:51","date_gmt":"2024-04-29T13:50:51","guid":{"rendered":"https:\/\/letrame.com\/catalogo\/producto\/la-verdad-sobre-elena\/"},"modified":"2024-04-29T15:51:21","modified_gmt":"2024-04-29T13:51:21","slug":"la-verdad-sobre-elena","status":"publish","type":"product","link":"https:\/\/letrame.com\/catalogo\/producto\/la-verdad-sobre-elena\/","title":{"rendered":"La verdad sobre Elena"},"content":{"rendered":"<p><strong>ISBN<\/strong>: 978-84-1181-052-4<\/p>\n<p><strong>T\u00edtulo<\/strong>: La verdad sobre Elena<br \/>\n<strong>Fecha<\/strong>: 2023<br \/>\n<strong>P\u00e1ginas<\/strong>: 422<\/p>\n<p><strong>SINOPSIS<\/strong><\/p>\n<p>La verdad sobre Elena es un relato de ficci\u00f3n, dentro del g\u00e9nero de novela negra. Por un lado, describe el d\u00eda a d\u00eda profesional de Laura como oficial de la Erzaintza y, por otra, la de Elena que le cuenta su vida.<\/p>\n<p>Algunos de mis lectores reconocer\u00e1n en la protagonista a Laura, de mi novela Fuera de la ley, dentro de la ley. Como a ellos, me ha enganchado el personaje, su car\u00e1cter, forma de afrontar la vida, c\u00f3mo soluciona los casos que tiene que investigar \u2014no siempre ajust\u00e1ndose a lo que textualmente dice la Ley\u2014, la veo como una mujer de pleno siglo XXI, con sus defectos y virtudes.<\/p>\n<p>La combinaci\u00f3n que se hace en la novela entre descripci\u00f3n y di\u00e1logos configura un ambiente veros\u00edmil y unos personajes con profundidad psicol\u00f3gica. El vocabulario sencillo crea un lenguaje que se lee con facilidad.<\/p>\n<p>&nbsp;<\/p>\n","protected":false},"excerpt":{"rendered":"<p><strong>ISBN<\/strong>: 978-84-1181-052-4<\/p>\n<p><strong>SINOPSIS<\/strong><\/p>\n<p>La verdad sobre Elena es un relato de ficci\u00f3n, dentro del g\u00e9nero de novela negra. Por un lado, describe el d\u00eda a d\u00eda profesional de Laura como oficial de la Erzaintza y, por otra, la de Elena que le cuenta su vida.<\/p>\n<p>Algunos de mis lectores reconocer\u00e1n en la protagonista a Laura, de mi novela Fuera de la ley, dentro de la ley. Como a ellos, me ha enganchado el personaje, su car\u00e1cter, forma de afrontar la vida, c\u00f3mo soluciona los casos que tiene que investigar \u2014no siempre ajust\u00e1ndose a lo que textualmente dice la Ley\u2014, la veo como una mujer de pleno siglo XXI, con sus defectos y virtudes.<\/p>\n<p>La combinaci\u00f3n que se hace en la novela entre descripci\u00f3n y di\u00e1logos configura un ambiente veros\u00edmil y unos personajes con profundidad psicol\u00f3gica. El vocabulario sencillo crea un lenguaje que se lee con facilidad.<\/p>\n<p>&nbsp;<\/p>\n<p>&nbsp;<\/p>\n","protected":false},"featured_media":99158,"comment_status":"closed","ping_status":"open","template":"","meta":{"_acf_changed":false},"libro":[],"product_brand":[],"product_cat":[26],"product_tag":[],"class_list":{"0":"post-99157","1":"product","2":"type-product","3":"status-publish","4":"has-post-thumbnail","6":"product_cat-sin-categoria","8":"first","9":"instock","10":"product-type-simple"},"acf":{"autor":[74481],"enlace_de_compra":""},"yoast_head":"<!-- This site is optimized with the Yoast SEO plugin v26.6 - https:\/\/yoast.com\/wordpress\/plugins\/seo\/ -->\n<title>La verdad sobre Elena - Catalogo | Letrame Grupo Editorial<\/title>\n<meta name=\"robots\" content=\"index, follow, max-snippet:-1, max-image-preview:large, max-video-preview:-1\" \/>\n<link rel=\"canonical\" href=\"https:\/\/letrame.com\/catalogo\/producto\/la-verdad-sobre-elena\/\" \/>\n<meta property=\"og:locale\" content=\"es_ES\" \/>\n<meta property=\"og:type\" content=\"article\" \/>\n<meta property=\"og:title\" content=\"La verdad sobre Elena - Catalogo | Letrame Grupo Editorial\" \/>\n<meta property=\"og:description\" content=\"ISBN: 978-84-1181-052-4 SINOPSIS La verdad sobre Elena es un relato de ficci\u00f3n, dentro del g\u00e9nero de novela negra. Por un lado, describe el d\u00eda a d\u00eda profesional de Laura como oficial de la Erzaintza y, por otra, la de Elena que le cuenta su vida. Algunos de mis lectores reconocer\u00e1n en la protagonista a Laura, de mi novela Fuera de la ley, dentro de la ley. Como a ellos, me ha enganchado el personaje, su car\u00e1cter, forma de afrontar la vida, c\u00f3mo soluciona los casos que tiene que investigar \u2014no siempre ajust\u00e1ndose a lo que textualmente dice la Ley\u2014, la veo como una mujer de pleno siglo XXI, con sus defectos y virtudes. La combinaci\u00f3n que se hace en la novela entre descripci\u00f3n y di\u00e1logos configura un ambiente veros\u00edmil y unos personajes con profundidad psicol\u00f3gica. El vocabulario sencillo crea un lenguaje que se lee con facilidad. &nbsp; &nbsp;\" \/>\n<meta property=\"og:url\" content=\"https:\/\/letrame.com\/catalogo\/producto\/la-verdad-sobre-elena\/\" \/>\n<meta property=\"og:site_name\" content=\"Catalogo | Letrame Grupo Editorial\" \/>\n<meta property=\"article:modified_time\" content=\"2024-04-29T13:51:21+00:00\" \/>\n<meta property=\"og:image\" content=\"https:\/\/letrame.com\/catalogo\/wp-content\/uploads\/2024\/04\/webportada_laverdadsobreelena_2053mm-compressed-scaled-1.jpg\" \/>\n\t<meta property=\"og:image:width\" content=\"1746\" \/>\n\t<meta property=\"og:image:height\" content=\"2560\" \/>\n\t<meta property=\"og:image:type\" content=\"image\/jpeg\" \/>\n<meta name=\"twitter:card\" content=\"summary_large_image\" \/>\n<meta name=\"twitter:label1\" content=\"Tiempo de lectura\" \/>\n\t<meta name=\"twitter:data1\" content=\"1 minuto\" \/>\n<script type=\"application\/ld+json\" class=\"yoast-schema-graph\">{\"@context\":\"https:\/\/schema.org\",\"@graph\":[{\"@type\":\"WebPage\",\"@id\":\"https:\/\/letrame.com\/catalogo\/producto\/la-verdad-sobre-elena\/\",\"url\":\"https:\/\/letrame.com\/catalogo\/producto\/la-verdad-sobre-elena\/\",\"name\":\"La verdad sobre Elena - Catalogo | Letrame Grupo Editorial\",\"isPartOf\":{\"@id\":\"https:\/\/letrame.com\/catalogo\/#website\"},\"primaryImageOfPage\":{\"@id\":\"https:\/\/letrame.com\/catalogo\/producto\/la-verdad-sobre-elena\/#primaryimage\"},\"image\":{\"@id\":\"https:\/\/letrame.com\/catalogo\/producto\/la-verdad-sobre-elena\/#primaryimage\"},\"thumbnailUrl\":\"https:\/\/letrame.com\/catalogo\/wp-content\/uploads\/2024\/04\/webportada_laverdadsobreelena_2053mm-compressed-scaled-1.jpg\",\"datePublished\":\"2024-04-29T13:50:51+00:00\",\"dateModified\":\"2024-04-29T13:51:21+00:00\",\"breadcrumb\":{\"@id\":\"https:\/\/letrame.com\/catalogo\/producto\/la-verdad-sobre-elena\/#breadcrumb\"},\"inLanguage\":\"es\",\"potentialAction\":[{\"@type\":\"ReadAction\",\"target\":[\"https:\/\/letrame.com\/catalogo\/producto\/la-verdad-sobre-elena\/\"]}]},{\"@type\":\"ImageObject\",\"inLanguage\":\"es\",\"@id\":\"https:\/\/letrame.com\/catalogo\/producto\/la-verdad-sobre-elena\/#primaryimage\",\"url\":\"https:\/\/letrame.com\/catalogo\/wp-content\/uploads\/2024\/04\/webportada_laverdadsobreelena_2053mm-compressed-scaled-1.jpg\",\"contentUrl\":\"https:\/\/letrame.com\/catalogo\/wp-content\/uploads\/2024\/04\/webportada_laverdadsobreelena_2053mm-compressed-scaled-1.jpg\",\"width\":1746,\"height\":2560},{\"@type\":\"BreadcrumbList\",\"@id\":\"https:\/\/letrame.com\/catalogo\/producto\/la-verdad-sobre-elena\/#breadcrumb\",\"itemListElement\":[{\"@type\":\"ListItem\",\"position\":1,\"name\":\"Portada\",\"item\":\"https:\/\/letrame.com\/catalogo\/\"},{\"@type\":\"ListItem\",\"position\":2,\"name\":\"Cat\u00e1logo\",\"item\":\"https:\/\/letrame.com\/catalogo\/\"},{\"@type\":\"ListItem\",\"position\":3,\"name\":\"La verdad sobre Elena\"}]},{\"@type\":\"WebSite\",\"@id\":\"https:\/\/letrame.com\/catalogo\/#website\",\"url\":\"https:\/\/letrame.com\/catalogo\/\",\"name\":\"Catalogo | Letrame Grupo Editorial\",\"description\":\"\",\"publisher\":{\"@id\":\"https:\/\/letrame.com\/catalogo\/#organization\"},\"potentialAction\":[{\"@type\":\"SearchAction\",\"target\":{\"@type\":\"EntryPoint\",\"urlTemplate\":\"https:\/\/letrame.com\/catalogo\/?s={search_term_string}\"},\"query-input\":{\"@type\":\"PropertyValueSpecification\",\"valueRequired\":true,\"valueName\":\"search_term_string\"}}],\"inLanguage\":\"es\"},{\"@type\":\"Organization\",\"@id\":\"https:\/\/letrame.com\/catalogo\/#organization\",\"name\":\"Catalogo | Letrame Grupo Editorial\",\"url\":\"https:\/\/letrame.com\/catalogo\/\",\"logo\":{\"@type\":\"ImageObject\",\"inLanguage\":\"es\",\"@id\":\"https:\/\/letrame.com\/catalogo\/#\/schema\/logo\/image\/\",\"url\":\"https:\/\/letrame.com\/catalogo\/wp-content\/uploads\/2024\/03\/logo2.webp\",\"contentUrl\":\"https:\/\/letrame.com\/catalogo\/wp-content\/uploads\/2024\/03\/logo2.webp\",\"width\":394,\"height\":128,\"caption\":\"Catalogo | Letrame Grupo Editorial\"},\"image\":{\"@id\":\"https:\/\/letrame.com\/catalogo\/#\/schema\/logo\/image\/\"}}]}<\/script>\n<!-- \/ Yoast SEO plugin. -->","yoast_head_json":{"title":"La verdad sobre Elena - Catalogo | Letrame Grupo Editorial","robots":{"index":"index","follow":"follow","max-snippet":"max-snippet:-1","max-image-preview":"max-image-preview:large","max-video-preview":"max-video-preview:-1"},"canonical":"https:\/\/letrame.com\/catalogo\/producto\/la-verdad-sobre-elena\/","og_locale":"es_ES","og_type":"article","og_title":"La verdad sobre Elena - Catalogo | Letrame Grupo Editorial","og_description":"ISBN: 978-84-1181-052-4 SINOPSIS La verdad sobre Elena es un relato de ficci\u00f3n, dentro del g\u00e9nero de novela negra. Por un lado, describe el d\u00eda a d\u00eda profesional de Laura como oficial de la Erzaintza y, por otra, la de Elena que le cuenta su vida. Algunos de mis lectores reconocer\u00e1n en la protagonista a Laura, de mi novela Fuera de la ley, dentro de la ley. Como a ellos, me ha enganchado el personaje, su car\u00e1cter, forma de afrontar la vida, c\u00f3mo soluciona los casos que tiene que investigar \u2014no siempre ajust\u00e1ndose a lo que textualmente dice la Ley\u2014, la veo como una mujer de pleno siglo XXI, con sus defectos y virtudes. La combinaci\u00f3n que se hace en la novela entre descripci\u00f3n y di\u00e1logos configura un ambiente veros\u00edmil y unos personajes con profundidad psicol\u00f3gica. El vocabulario sencillo crea un lenguaje que se lee con facilidad. &nbsp; &nbsp;","og_url":"https:\/\/letrame.com\/catalogo\/producto\/la-verdad-sobre-elena\/","og_site_name":"Catalogo | Letrame Grupo Editorial","article_modified_time":"2024-04-29T13:51:21+00:00","og_image":[{"width":1746,"height":2560,"url":"https:\/\/letrame.com\/catalogo\/wp-content\/uploads\/2024\/04\/webportada_laverdadsobreelena_2053mm-compressed-scaled-1.jpg","type":"image\/jpeg"}],"twitter_card":"summary_large_image","twitter_misc":{"Tiempo de lectura":"1 minuto"},"schema":{"@context":"https:\/\/schema.org","@graph":[{"@type":"WebPage","@id":"https:\/\/letrame.com\/catalogo\/producto\/la-verdad-sobre-elena\/","url":"https:\/\/letrame.com\/catalogo\/producto\/la-verdad-sobre-elena\/","name":"La verdad sobre Elena - Catalogo | Letrame Grupo Editorial","isPartOf":{"@id":"https:\/\/letrame.com\/catalogo\/#website"},"primaryImageOfPage":{"@id":"https:\/\/letrame.com\/catalogo\/producto\/la-verdad-sobre-elena\/#primaryimage"},"image":{"@id":"https:\/\/letrame.com\/catalogo\/producto\/la-verdad-sobre-elena\/#primaryimage"},"thumbnailUrl":"https:\/\/letrame.com\/catalogo\/wp-content\/uploads\/2024\/04\/webportada_laverdadsobreelena_2053mm-compressed-scaled-1.jpg","datePublished":"2024-04-29T13:50:51+00:00","dateModified":"2024-04-29T13:51:21+00:00","breadcrumb":{"@id":"https:\/\/letrame.com\/catalogo\/producto\/la-verdad-sobre-elena\/#breadcrumb"},"inLanguage":"es","potentialAction":[{"@type":"ReadAction","target":["https:\/\/letrame.com\/catalogo\/producto\/la-verdad-sobre-elena\/"]}]},{"@type":"ImageObject","inLanguage":"es","@id":"https:\/\/letrame.com\/catalogo\/producto\/la-verdad-sobre-elena\/#primaryimage","url":"https:\/\/letrame.com\/catalogo\/wp-content\/uploads\/2024\/04\/webportada_laverdadsobreelena_2053mm-compressed-scaled-1.jpg","contentUrl":"https:\/\/letrame.com\/catalogo\/wp-content\/uploads\/2024\/04\/webportada_laverdadsobreelena_2053mm-compressed-scaled-1.jpg","width":1746,"height":2560},{"@type":"BreadcrumbList","@id":"https:\/\/letrame.com\/catalogo\/producto\/la-verdad-sobre-elena\/#breadcrumb","itemListElement":[{"@type":"ListItem","position":1,"name":"Portada","item":"https:\/\/letrame.com\/catalogo\/"},{"@type":"ListItem","position":2,"name":"Cat\u00e1logo","item":"https:\/\/letrame.com\/catalogo\/"},{"@type":"ListItem","position":3,"name":"La verdad sobre Elena"}]},{"@type":"WebSite","@id":"https:\/\/letrame.com\/catalogo\/#website","url":"https:\/\/letrame.com\/catalogo\/","name":"Catalogo | Letrame Grupo Editorial","description":"","publisher":{"@id":"https:\/\/letrame.com\/catalogo\/#organization"},"potentialAction":[{"@type":"SearchAction","target":{"@type":"EntryPoint","urlTemplate":"https:\/\/letrame.com\/catalogo\/?s={search_term_string}"},"query-input":{"@type":"PropertyValueSpecification","valueRequired":true,"valueName":"search_term_string"}}],"inLanguage":"es"},{"@type":"Organization","@id":"https:\/\/letrame.com\/catalogo\/#organization","name":"Catalogo | Letrame Grupo Editorial","url":"https:\/\/letrame.com\/catalogo\/","logo":{"@type":"ImageObject","inLanguage":"es","@id":"https:\/\/letrame.com\/catalogo\/#\/schema\/logo\/image\/","url":"https:\/\/letrame.com\/catalogo\/wp-content\/uploads\/2024\/03\/logo2.webp","contentUrl":"https:\/\/letrame.com\/catalogo\/wp-content\/uploads\/2024\/03\/logo2.webp","width":394,"height":128,"caption":"Catalogo | Letrame Grupo Editorial"},"image":{"@id":"https:\/\/letrame.com\/catalogo\/#\/schema\/logo\/image\/"}}]}},"_links":{"self":[{"href":"https:\/\/letrame.com\/catalogo\/wp-json\/wp\/v2\/product\/99157","targetHints":{"allow":["GET"]}}],"collection":[{"href":"https:\/\/letrame.com\/catalogo\/wp-json\/wp\/v2\/product"}],"about":[{"href":"https:\/\/letrame.com\/catalogo\/wp-json\/wp\/v2\/types\/product"}],"replies":[{"embeddable":true,"href":"https:\/\/letrame.com\/catalogo\/wp-json\/wp\/v2\/comments?post=99157"}],"acf:post":[{"embeddable":true,"href":"https:\/\/letrame.com\/catalogo\/wp-json\/wp\/v2\/author_book\/74481"}],"wp:featuredmedia":[{"embeddable":true,"href":"https:\/\/letrame.com\/catalogo\/wp-json\/wp\/v2\/media\/99158"}],"wp:attachment":[{"href":"https:\/\/letrame.com\/catalogo\/wp-json\/wp\/v2\/media?parent=99157"}],"wp:term":[{"taxonomy":"libro","embeddable":true,"href":"https:\/\/letrame.com\/catalogo\/wp-json\/wp\/v2\/libro?post=99157"},{"taxonomy":"product_brand","embeddable":true,"href":"https:\/\/letrame.com\/catalogo\/wp-json\/wp\/v2\/product_brand?post=99157"},{"taxonomy":"product_cat","embeddable":true,"href":"https:\/\/letrame.com\/catalogo\/wp-json\/wp\/v2\/product_cat?post=99157"},{"taxonomy":"product_tag","embeddable":true,"href":"https:\/\/letrame.com\/catalogo\/wp-json\/wp\/v2\/product_tag?post=99157"}],"curies":[{"name":"wp","href":"https:\/\/api.w.org\/{rel}","templated":true}]}}