{"id":99143,"date":"2024-04-29T15:49:35","date_gmt":"2024-04-29T13:49:35","guid":{"rendered":"https:\/\/letrame.com\/catalogo\/producto\/intervenciones-asistidas-con-perros\/"},"modified":"2024-08-01T11:45:06","modified_gmt":"2024-08-01T09:45:06","slug":"intervenciones-asistidas-con-perros","status":"publish","type":"product","link":"https:\/\/letrame.com\/catalogo\/producto\/intervenciones-asistidas-con-perros\/","title":{"rendered":"Intervenciones asistidas con perros en residencias de mayores."},"content":{"rendered":"<p><strong>ISBN<\/strong>: 978-84-1181-045-6<\/p>\n<p><strong>T\u00edtulo<\/strong>: Intervenciones asistidas con perros<br \/>\n<strong>Fecha<\/strong>: 2023<br \/>\n<strong>P\u00e1ginas<\/strong>: 120<\/p>\n<p><strong>SINOPSIS<\/strong><\/p>\n<p>Intervenciones asistidas con perros en residencias de mayores es un libro para aquellas personas que quieran adentrarse con m\u00e1s profundidad en la asistencia con animales, en concreto con perros, que no sepan c\u00f3mo dar el primer paso y quieran conocer en detalle en qu\u00e9 consisten estas intervenciones. Las pautas te\u00f3ricas acompa\u00f1adas de ejemplos pr\u00e1cticos y reales son la ayuda para conocer y caminar por la ruta por la que Fran Flores acompa\u00f1ar\u00e1 a los lectores.<\/p>\n<p>La experiencia y el tono de respeto y amabilidad que el autor traslada a este libro, sirven tambi\u00e9n para que cualquier persona inexperta en el trato con personas mayores, al margen de sus circunstancias personales, aprenda la clave m\u00e1s importante: el respeto.<\/p>\n<p>La participaci\u00f3n de los perros en terapias dirigidas a personas mayores se est\u00e1 mostrando como una alternativa v\u00e1lida y eficaz, en la que Fundaci\u00f3n GER\u00d3N, y sus profesionales, tienen ya gran experiencia. El psic\u00f3logo y adiestrador canino Fran Flores acerca a cualquier lector interesado una explicaci\u00f3n clara y educativa de este tipo de intervenciones.<\/p>\n<p>&nbsp;<\/p>\n<p>&nbsp;<\/p>\n","protected":false},"excerpt":{"rendered":"<p><strong>ISBN<\/strong>: 978-84-1181-045-6<\/p>\n<p><strong>SINOPSIS<\/strong><\/p>\n<p>Intervenciones asistidas con perros en residencias de mayores es un libro para aquellas personas que quieran adentrarse con m\u00e1s profundidad en la asistencia con animales, en concreto con perros, que no sepan c\u00f3mo dar el primer paso y quieran conocer en detalle en qu\u00e9 consisten estas intervenciones. Las pautas te\u00f3ricas acompa\u00f1adas de ejemplos pr\u00e1cticos y reales son la ayuda para conocer y caminar por la ruta por la que Fran Flores acompa\u00f1ar\u00e1 a los lectores.<\/p>\n<p>La experiencia y el tono de respeto y amabilidad que el autor traslada a este libro, sirven tambi\u00e9n para que cualquier persona inexperta en el trato con personas mayores, al margen de sus circunstancias personales, aprenda la clave m\u00e1s importante: el respeto.<\/p>\n<p>La participaci\u00f3n de los perros en terapias dirigidas a personas mayores se est\u00e1 mostrando como una alternativa v\u00e1lida y eficaz, en la que Fundaci\u00f3n GER\u00d3N, y sus profesionales, tienen ya gran experiencia. El psic\u00f3logo y adiestrador canino Fran Flores acerca a cualquier lector interesado una explicaci\u00f3n clara y educativa de este tipo de intervenciones.<\/p>\n<p>&nbsp;<\/p>\n","protected":false},"featured_media":104631,"comment_status":"closed","ping_status":"closed","template":"","meta":{"_acf_changed":false},"libro":[],"product_brand":[],"product_cat":[26],"product_tag":[],"class_list":{"0":"post-99143","1":"product","2":"type-product","3":"status-publish","4":"has-post-thumbnail","6":"product_cat-sin-categoria","8":"first","9":"instock","10":"product-type-simple"},"acf":{"autor":[77515],"enlace_de_compra":"https:\/\/amzn.to\/3yl5rnk"},"yoast_head":"<!-- This site is optimized with the Yoast SEO plugin v26.6 - https:\/\/yoast.com\/wordpress\/plugins\/seo\/ -->\n<title>Intervenciones asistidas con perros en residencias de mayores. - Catalogo | Letrame Grupo Editorial<\/title>\n<meta name=\"robots\" content=\"index, follow, max-snippet:-1, max-image-preview:large, max-video-preview:-1\" \/>\n<link rel=\"canonical\" href=\"https:\/\/letrame.com\/catalogo\/producto\/intervenciones-asistidas-con-perros\/\" \/>\n<meta property=\"og:locale\" content=\"es_ES\" \/>\n<meta property=\"og:type\" content=\"article\" \/>\n<meta property=\"og:title\" content=\"Intervenciones asistidas con perros en residencias de mayores. - Catalogo | Letrame Grupo Editorial\" \/>\n<meta property=\"og:description\" content=\"ISBN: 978-84-1181-045-6  SINOPSIS  Intervenciones asistidas con perros en residencias de mayores es un libro para aquellas personas que quieran adentrarse con m\u00e1s profundidad en la asistencia con animales, en concreto con perros, que no sepan c\u00f3mo dar el primer paso y quieran conocer en detalle en qu\u00e9 consisten estas intervenciones. Las pautas te\u00f3ricas acompa\u00f1adas de ejemplos pr\u00e1cticos y reales son la ayuda para conocer y caminar por la ruta por la que Fran Flores acompa\u00f1ar\u00e1 a los lectores.  La experiencia y el tono de respeto y amabilidad que el autor traslada a este libro, sirven tambi\u00e9n para que cualquier persona inexperta en el trato con personas mayores, al margen de sus circunstancias personales, aprenda la clave m\u00e1s importante: el respeto.  La participaci\u00f3n de los perros en terapias dirigidas a personas mayores se est\u00e1 mostrando como una alternativa v\u00e1lida y eficaz, en la que Fundaci\u00f3n GER\u00d3N, y sus profesionales, tienen ya gran experiencia. El psic\u00f3logo y adiestrador canino Fran Flores acerca a cualquier lector interesado una explicaci\u00f3n clara y educativa de este tipo de intervenciones.  &nbsp;\" \/>\n<meta property=\"og:url\" content=\"https:\/\/letrame.com\/catalogo\/producto\/intervenciones-asistidas-con-perros\/\" \/>\n<meta property=\"og:site_name\" content=\"Catalogo | Letrame Grupo Editorial\" \/>\n<meta property=\"article:modified_time\" content=\"2024-08-01T09:45:06+00:00\" \/>\n<meta property=\"og:image\" content=\"https:\/\/letrame.com\/catalogo\/wp-content\/uploads\/2024\/04\/portada_intervencion_661mm-compressed-scaled-compressed.jpg\" \/>\n\t<meta property=\"og:image:width\" content=\"1746\" \/>\n\t<meta property=\"og:image:height\" content=\"2560\" \/>\n\t<meta property=\"og:image:type\" content=\"image\/jpeg\" \/>\n<meta name=\"twitter:card\" content=\"summary_large_image\" \/>\n<meta name=\"twitter:label1\" content=\"Tiempo de lectura\" \/>\n\t<meta name=\"twitter:data1\" content=\"2 minutos\" \/>\n<script type=\"application\/ld+json\" class=\"yoast-schema-graph\">{\"@context\":\"https:\/\/schema.org\",\"@graph\":[{\"@type\":\"WebPage\",\"@id\":\"https:\/\/letrame.com\/catalogo\/producto\/intervenciones-asistidas-con-perros\/\",\"url\":\"https:\/\/letrame.com\/catalogo\/producto\/intervenciones-asistidas-con-perros\/\",\"name\":\"Intervenciones asistidas con perros en residencias de mayores. - Catalogo | Letrame Grupo Editorial\",\"isPartOf\":{\"@id\":\"https:\/\/letrame.com\/catalogo\/#website\"},\"primaryImageOfPage\":{\"@id\":\"https:\/\/letrame.com\/catalogo\/producto\/intervenciones-asistidas-con-perros\/#primaryimage\"},\"image\":{\"@id\":\"https:\/\/letrame.com\/catalogo\/producto\/intervenciones-asistidas-con-perros\/#primaryimage\"},\"thumbnailUrl\":\"https:\/\/letrame.com\/catalogo\/wp-content\/uploads\/2024\/04\/portada_intervencion_661mm-compressed-scaled-compressed.jpg\",\"datePublished\":\"2024-04-29T13:49:35+00:00\",\"dateModified\":\"2024-08-01T09:45:06+00:00\",\"breadcrumb\":{\"@id\":\"https:\/\/letrame.com\/catalogo\/producto\/intervenciones-asistidas-con-perros\/#breadcrumb\"},\"inLanguage\":\"es\",\"potentialAction\":[{\"@type\":\"ReadAction\",\"target\":[\"https:\/\/letrame.com\/catalogo\/producto\/intervenciones-asistidas-con-perros\/\"]}]},{\"@type\":\"ImageObject\",\"inLanguage\":\"es\",\"@id\":\"https:\/\/letrame.com\/catalogo\/producto\/intervenciones-asistidas-con-perros\/#primaryimage\",\"url\":\"https:\/\/letrame.com\/catalogo\/wp-content\/uploads\/2024\/04\/portada_intervencion_661mm-compressed-scaled-compressed.jpg\",\"contentUrl\":\"https:\/\/letrame.com\/catalogo\/wp-content\/uploads\/2024\/04\/portada_intervencion_661mm-compressed-scaled-compressed.jpg\",\"width\":1746,\"height\":2560},{\"@type\":\"BreadcrumbList\",\"@id\":\"https:\/\/letrame.com\/catalogo\/producto\/intervenciones-asistidas-con-perros\/#breadcrumb\",\"itemListElement\":[{\"@type\":\"ListItem\",\"position\":1,\"name\":\"Portada\",\"item\":\"https:\/\/letrame.com\/catalogo\/\"},{\"@type\":\"ListItem\",\"position\":2,\"name\":\"Cat\u00e1logo\",\"item\":\"https:\/\/letrame.com\/catalogo\/\"},{\"@type\":\"ListItem\",\"position\":3,\"name\":\"Intervenciones asistidas con perros en residencias de mayores.\"}]},{\"@type\":\"WebSite\",\"@id\":\"https:\/\/letrame.com\/catalogo\/#website\",\"url\":\"https:\/\/letrame.com\/catalogo\/\",\"name\":\"Catalogo | Letrame Grupo Editorial\",\"description\":\"\",\"publisher\":{\"@id\":\"https:\/\/letrame.com\/catalogo\/#organization\"},\"potentialAction\":[{\"@type\":\"SearchAction\",\"target\":{\"@type\":\"EntryPoint\",\"urlTemplate\":\"https:\/\/letrame.com\/catalogo\/?s={search_term_string}\"},\"query-input\":{\"@type\":\"PropertyValueSpecification\",\"valueRequired\":true,\"valueName\":\"search_term_string\"}}],\"inLanguage\":\"es\"},{\"@type\":\"Organization\",\"@id\":\"https:\/\/letrame.com\/catalogo\/#organization\",\"name\":\"Catalogo | Letrame Grupo Editorial\",\"url\":\"https:\/\/letrame.com\/catalogo\/\",\"logo\":{\"@type\":\"ImageObject\",\"inLanguage\":\"es\",\"@id\":\"https:\/\/letrame.com\/catalogo\/#\/schema\/logo\/image\/\",\"url\":\"https:\/\/letrame.com\/catalogo\/wp-content\/uploads\/2024\/03\/logo2.webp\",\"contentUrl\":\"https:\/\/letrame.com\/catalogo\/wp-content\/uploads\/2024\/03\/logo2.webp\",\"width\":394,\"height\":128,\"caption\":\"Catalogo | Letrame Grupo Editorial\"},\"image\":{\"@id\":\"https:\/\/letrame.com\/catalogo\/#\/schema\/logo\/image\/\"}}]}<\/script>\n<!-- \/ Yoast SEO plugin. -->","yoast_head_json":{"title":"Intervenciones asistidas con perros en residencias de mayores. - Catalogo | Letrame Grupo Editorial","robots":{"index":"index","follow":"follow","max-snippet":"max-snippet:-1","max-image-preview":"max-image-preview:large","max-video-preview":"max-video-preview:-1"},"canonical":"https:\/\/letrame.com\/catalogo\/producto\/intervenciones-asistidas-con-perros\/","og_locale":"es_ES","og_type":"article","og_title":"Intervenciones asistidas con perros en residencias de mayores. - Catalogo | Letrame Grupo Editorial","og_description":"ISBN: 978-84-1181-045-6  SINOPSIS  Intervenciones asistidas con perros en residencias de mayores es un libro para aquellas personas que quieran adentrarse con m\u00e1s profundidad en la asistencia con animales, en concreto con perros, que no sepan c\u00f3mo dar el primer paso y quieran conocer en detalle en qu\u00e9 consisten estas intervenciones. Las pautas te\u00f3ricas acompa\u00f1adas de ejemplos pr\u00e1cticos y reales son la ayuda para conocer y caminar por la ruta por la que Fran Flores acompa\u00f1ar\u00e1 a los lectores.  La experiencia y el tono de respeto y amabilidad que el autor traslada a este libro, sirven tambi\u00e9n para que cualquier persona inexperta en el trato con personas mayores, al margen de sus circunstancias personales, aprenda la clave m\u00e1s importante: el respeto.  La participaci\u00f3n de los perros en terapias dirigidas a personas mayores se est\u00e1 mostrando como una alternativa v\u00e1lida y eficaz, en la que Fundaci\u00f3n GER\u00d3N, y sus profesionales, tienen ya gran experiencia. El psic\u00f3logo y adiestrador canino Fran Flores acerca a cualquier lector interesado una explicaci\u00f3n clara y educativa de este tipo de intervenciones.  &nbsp;","og_url":"https:\/\/letrame.com\/catalogo\/producto\/intervenciones-asistidas-con-perros\/","og_site_name":"Catalogo | Letrame Grupo Editorial","article_modified_time":"2024-08-01T09:45:06+00:00","og_image":[{"width":1746,"height":2560,"url":"https:\/\/letrame.com\/catalogo\/wp-content\/uploads\/2024\/04\/portada_intervencion_661mm-compressed-scaled-compressed.jpg","type":"image\/jpeg"}],"twitter_card":"summary_large_image","twitter_misc":{"Tiempo de lectura":"2 minutos"},"schema":{"@context":"https:\/\/schema.org","@graph":[{"@type":"WebPage","@id":"https:\/\/letrame.com\/catalogo\/producto\/intervenciones-asistidas-con-perros\/","url":"https:\/\/letrame.com\/catalogo\/producto\/intervenciones-asistidas-con-perros\/","name":"Intervenciones asistidas con perros en residencias de mayores. - Catalogo | Letrame Grupo Editorial","isPartOf":{"@id":"https:\/\/letrame.com\/catalogo\/#website"},"primaryImageOfPage":{"@id":"https:\/\/letrame.com\/catalogo\/producto\/intervenciones-asistidas-con-perros\/#primaryimage"},"image":{"@id":"https:\/\/letrame.com\/catalogo\/producto\/intervenciones-asistidas-con-perros\/#primaryimage"},"thumbnailUrl":"https:\/\/letrame.com\/catalogo\/wp-content\/uploads\/2024\/04\/portada_intervencion_661mm-compressed-scaled-compressed.jpg","datePublished":"2024-04-29T13:49:35+00:00","dateModified":"2024-08-01T09:45:06+00:00","breadcrumb":{"@id":"https:\/\/letrame.com\/catalogo\/producto\/intervenciones-asistidas-con-perros\/#breadcrumb"},"inLanguage":"es","potentialAction":[{"@type":"ReadAction","target":["https:\/\/letrame.com\/catalogo\/producto\/intervenciones-asistidas-con-perros\/"]}]},{"@type":"ImageObject","inLanguage":"es","@id":"https:\/\/letrame.com\/catalogo\/producto\/intervenciones-asistidas-con-perros\/#primaryimage","url":"https:\/\/letrame.com\/catalogo\/wp-content\/uploads\/2024\/04\/portada_intervencion_661mm-compressed-scaled-compressed.jpg","contentUrl":"https:\/\/letrame.com\/catalogo\/wp-content\/uploads\/2024\/04\/portada_intervencion_661mm-compressed-scaled-compressed.jpg","width":1746,"height":2560},{"@type":"BreadcrumbList","@id":"https:\/\/letrame.com\/catalogo\/producto\/intervenciones-asistidas-con-perros\/#breadcrumb","itemListElement":[{"@type":"ListItem","position":1,"name":"Portada","item":"https:\/\/letrame.com\/catalogo\/"},{"@type":"ListItem","position":2,"name":"Cat\u00e1logo","item":"https:\/\/letrame.com\/catalogo\/"},{"@type":"ListItem","position":3,"name":"Intervenciones asistidas con perros en residencias de mayores."}]},{"@type":"WebSite","@id":"https:\/\/letrame.com\/catalogo\/#website","url":"https:\/\/letrame.com\/catalogo\/","name":"Catalogo | Letrame Grupo Editorial","description":"","publisher":{"@id":"https:\/\/letrame.com\/catalogo\/#organization"},"potentialAction":[{"@type":"SearchAction","target":{"@type":"EntryPoint","urlTemplate":"https:\/\/letrame.com\/catalogo\/?s={search_term_string}"},"query-input":{"@type":"PropertyValueSpecification","valueRequired":true,"valueName":"search_term_string"}}],"inLanguage":"es"},{"@type":"Organization","@id":"https:\/\/letrame.com\/catalogo\/#organization","name":"Catalogo | Letrame Grupo Editorial","url":"https:\/\/letrame.com\/catalogo\/","logo":{"@type":"ImageObject","inLanguage":"es","@id":"https:\/\/letrame.com\/catalogo\/#\/schema\/logo\/image\/","url":"https:\/\/letrame.com\/catalogo\/wp-content\/uploads\/2024\/03\/logo2.webp","contentUrl":"https:\/\/letrame.com\/catalogo\/wp-content\/uploads\/2024\/03\/logo2.webp","width":394,"height":128,"caption":"Catalogo | Letrame Grupo Editorial"},"image":{"@id":"https:\/\/letrame.com\/catalogo\/#\/schema\/logo\/image\/"}}]}},"_links":{"self":[{"href":"https:\/\/letrame.com\/catalogo\/wp-json\/wp\/v2\/product\/99143","targetHints":{"allow":["GET"]}}],"collection":[{"href":"https:\/\/letrame.com\/catalogo\/wp-json\/wp\/v2\/product"}],"about":[{"href":"https:\/\/letrame.com\/catalogo\/wp-json\/wp\/v2\/types\/product"}],"replies":[{"embeddable":true,"href":"https:\/\/letrame.com\/catalogo\/wp-json\/wp\/v2\/comments?post=99143"}],"acf:post":[{"embeddable":true,"href":"https:\/\/letrame.com\/catalogo\/wp-json\/wp\/v2\/author_book\/77515"}],"wp:featuredmedia":[{"embeddable":true,"href":"https:\/\/letrame.com\/catalogo\/wp-json\/wp\/v2\/media\/104631"}],"wp:attachment":[{"href":"https:\/\/letrame.com\/catalogo\/wp-json\/wp\/v2\/media?parent=99143"}],"wp:term":[{"taxonomy":"libro","embeddable":true,"href":"https:\/\/letrame.com\/catalogo\/wp-json\/wp\/v2\/libro?post=99143"},{"taxonomy":"product_brand","embeddable":true,"href":"https:\/\/letrame.com\/catalogo\/wp-json\/wp\/v2\/product_brand?post=99143"},{"taxonomy":"product_cat","embeddable":true,"href":"https:\/\/letrame.com\/catalogo\/wp-json\/wp\/v2\/product_cat?post=99143"},{"taxonomy":"product_tag","embeddable":true,"href":"https:\/\/letrame.com\/catalogo\/wp-json\/wp\/v2\/product_tag?post=99143"}],"curies":[{"name":"wp","href":"https:\/\/api.w.org\/{rel}","templated":true}]}}