{"id":99111,"date":"2024-04-29T15:46:22","date_gmt":"2024-04-29T13:46:22","guid":{"rendered":"https:\/\/letrame.com\/catalogo\/producto\/recuerdos-del-viejo-buli-ii\/"},"modified":"2024-04-29T15:46:22","modified_gmt":"2024-04-29T13:46:22","slug":"recuerdos-del-viejo-buli-ii","status":"publish","type":"product","link":"https:\/\/letrame.com\/catalogo\/producto\/recuerdos-del-viejo-buli-ii\/","title":{"rendered":"Recuerdos del viejo Buli II"},"content":{"rendered":"<p><strong>ISBN<\/strong>: 978-84-1144-964-9<\/p>\n<p><strong>T\u00edtulo<\/strong>: Recuerdos del viejo Buli II<\/p>\n<p><strong>Fecha<\/strong>: 2023<br \/>\n<strong>P\u00e1ginas<\/strong>: 398<\/p>\n<p><strong>SINOPSIS<\/strong><\/p>\n<p class=\"Standard\">El padre de el autor compr\u00f3 una casa en Noja a comienzos de los a\u00f1os treinta del siglo pasado. Primero como casa de veraneo y, en el aciago verano del 36 se convirti\u00f3 en refugio permanente hasta 1939. All\u00ed pas\u00f3 parta de su infancia, esa etapa de la vida, que seg\u00fan dicen, te marca para siempre, y m\u00e1s en aquellos a\u00f1os en los que ni las escuelas funcionaban y los ni\u00f1os campaban a sus anchas inconscientes de lo que estaba ocurriendo.<\/p>\n<p class=\"Standard\">Buli, nombre que le pusieron precisamente en aquellos tiempos, era un ni\u00f1o inquieto, siempre de aqu\u00ed para all\u00e1 recorriendo la costa y los callejos de Noja. Pero en el pueblo ya todos le conoc\u00edan y con algunos, la afinidad de las almas solitarias, trab\u00f3 cierta amistad que perdur\u00f3 en su recuerdo y ahora se plasma en estos relatos.<\/p>\n","protected":false},"excerpt":{"rendered":"<p><strong>ISBN<\/strong>: 978-84-1144-964-9<\/p>\n<p><strong>SINOPSIS<\/strong><\/p>\n<p class=\"Standard\">El padre de el autor compr\u00f3 una casa en Noja a comienzos de los a\u00f1os treinta del siglo pasado. Primero como casa de veraneo y, en el aciago verano del 36 se convirti\u00f3 en refugio permanente hasta 1939. All\u00ed pas\u00f3 parta de su infancia, esa etapa de la vida, que seg\u00fan dicen, te marca para siempre, y m\u00e1s en aquellos a\u00f1os en los que ni las escuelas funcionaban y los ni\u00f1os campaban a sus anchas inconscientes de lo que estaba ocurriendo.<\/p>\n<p class=\"Standard\">Buli, nombre que le pusieron precisamente en aquellos tiempos, era un ni\u00f1o inquieto, siempre de aqu\u00ed para all\u00e1 recorriendo la costa y los callejos de Noja. Pero en el pueblo ya todos le conoc\u00edan y con algunos, la afinidad de las almas solitarias, trab\u00f3 cierta amistad que perdur\u00f3 en su recuerdo y ahora se plasma en estos relatos.<\/p>\n","protected":false},"featured_media":99112,"comment_status":"closed","ping_status":"open","template":"","meta":{"_acf_changed":false},"libro":[],"product_brand":[],"product_cat":[26],"product_tag":[],"class_list":{"0":"post-99111","1":"product","2":"type-product","3":"status-publish","4":"has-post-thumbnail","6":"product_cat-sin-categoria","8":"first","9":"instock","10":"product-type-simple"},"acf":{"autor":[73799],"enlace_de_compra":""},"yoast_head":"<!-- This site is optimized with the Yoast SEO plugin v27.4 - https:\/\/yoast.com\/product\/yoast-seo-wordpress\/ -->\n<title>Recuerdos del viejo Buli II - Catalogo | Letrame Grupo Editorial<\/title>\n<meta name=\"robots\" content=\"index, follow, max-snippet:-1, max-image-preview:large, max-video-preview:-1\" \/>\n<link rel=\"canonical\" href=\"https:\/\/letrame.com\/catalogo\/producto\/recuerdos-del-viejo-buli-ii\/\" \/>\n<meta property=\"og:locale\" content=\"es_ES\" \/>\n<meta property=\"og:type\" content=\"article\" \/>\n<meta property=\"og:title\" content=\"Recuerdos del viejo Buli II - Catalogo | Letrame Grupo Editorial\" \/>\n<meta property=\"og:description\" content=\"ISBN: 978-84-1144-964-9 SINOPSIS El padre de el autor compr\u00f3 una casa en Noja a comienzos de los a\u00f1os treinta del siglo pasado. Primero como casa de veraneo y, en el aciago verano del 36 se convirti\u00f3 en refugio permanente hasta 1939. All\u00ed pas\u00f3 parta de su infancia, esa etapa de la vida, que seg\u00fan dicen, te marca para siempre, y m\u00e1s en aquellos a\u00f1os en los que ni las escuelas funcionaban y los ni\u00f1os campaban a sus anchas inconscientes de lo que estaba ocurriendo. Buli, nombre que le pusieron precisamente en aquellos tiempos, era un ni\u00f1o inquieto, siempre de aqu\u00ed para all\u00e1 recorriendo la costa y los callejos de Noja. Pero en el pueblo ya todos le conoc\u00edan y con algunos, la afinidad de las almas solitarias, trab\u00f3 cierta amistad que perdur\u00f3 en su recuerdo y ahora se plasma en estos relatos.\" \/>\n<meta property=\"og:url\" content=\"https:\/\/letrame.com\/catalogo\/producto\/recuerdos-del-viejo-buli-ii\/\" \/>\n<meta property=\"og:site_name\" content=\"Catalogo | Letrame Grupo Editorial\" \/>\n<meta property=\"og:image\" content=\"https:\/\/letrame.com\/catalogo\/wp-content\/uploads\/2024\/04\/web_portadarecuerdosdelviejobuli_1943mm-compressed.jpg\" \/>\n\t<meta property=\"og:image:width\" content=\"601\" \/>\n\t<meta property=\"og:image:height\" content=\"881\" \/>\n\t<meta property=\"og:image:type\" content=\"image\/jpeg\" \/>\n<meta name=\"twitter:card\" content=\"summary_large_image\" \/>\n<meta name=\"twitter:label1\" content=\"Tiempo de lectura\" \/>\n\t<meta name=\"twitter:data1\" content=\"1 minuto\" \/>\n<script type=\"application\/ld+json\" class=\"yoast-schema-graph\">{\"@context\":\"https:\\\/\\\/schema.org\",\"@graph\":[{\"@type\":\"WebPage\",\"@id\":\"https:\\\/\\\/letrame.com\\\/catalogo\\\/producto\\\/recuerdos-del-viejo-buli-ii\\\/\",\"url\":\"https:\\\/\\\/letrame.com\\\/catalogo\\\/producto\\\/recuerdos-del-viejo-buli-ii\\\/\",\"name\":\"Recuerdos del viejo Buli II - Catalogo | Letrame Grupo Editorial\",\"isPartOf\":{\"@id\":\"https:\\\/\\\/letrame.com\\\/catalogo\\\/#website\"},\"primaryImageOfPage\":{\"@id\":\"https:\\\/\\\/letrame.com\\\/catalogo\\\/producto\\\/recuerdos-del-viejo-buli-ii\\\/#primaryimage\"},\"image\":{\"@id\":\"https:\\\/\\\/letrame.com\\\/catalogo\\\/producto\\\/recuerdos-del-viejo-buli-ii\\\/#primaryimage\"},\"thumbnailUrl\":\"https:\\\/\\\/letrame.com\\\/catalogo\\\/wp-content\\\/uploads\\\/2024\\\/04\\\/web_portadarecuerdosdelviejobuli_1943mm-compressed.jpg\",\"datePublished\":\"2024-04-29T13:46:22+00:00\",\"breadcrumb\":{\"@id\":\"https:\\\/\\\/letrame.com\\\/catalogo\\\/producto\\\/recuerdos-del-viejo-buli-ii\\\/#breadcrumb\"},\"inLanguage\":\"es\",\"potentialAction\":[{\"@type\":\"ReadAction\",\"target\":[\"https:\\\/\\\/letrame.com\\\/catalogo\\\/producto\\\/recuerdos-del-viejo-buli-ii\\\/\"]}]},{\"@type\":\"ImageObject\",\"inLanguage\":\"es\",\"@id\":\"https:\\\/\\\/letrame.com\\\/catalogo\\\/producto\\\/recuerdos-del-viejo-buli-ii\\\/#primaryimage\",\"url\":\"https:\\\/\\\/letrame.com\\\/catalogo\\\/wp-content\\\/uploads\\\/2024\\\/04\\\/web_portadarecuerdosdelviejobuli_1943mm-compressed.jpg\",\"contentUrl\":\"https:\\\/\\\/letrame.com\\\/catalogo\\\/wp-content\\\/uploads\\\/2024\\\/04\\\/web_portadarecuerdosdelviejobuli_1943mm-compressed.jpg\",\"width\":601,\"height\":881},{\"@type\":\"BreadcrumbList\",\"@id\":\"https:\\\/\\\/letrame.com\\\/catalogo\\\/producto\\\/recuerdos-del-viejo-buli-ii\\\/#breadcrumb\",\"itemListElement\":[{\"@type\":\"ListItem\",\"position\":1,\"name\":\"Portada\",\"item\":\"https:\\\/\\\/letrame.com\\\/catalogo\\\/\"},{\"@type\":\"ListItem\",\"position\":2,\"name\":\"Cat\u00e1logo\",\"item\":\"https:\\\/\\\/letrame.com\\\/catalogo\\\/\"},{\"@type\":\"ListItem\",\"position\":3,\"name\":\"Recuerdos del viejo Buli II\"}]},{\"@type\":\"WebSite\",\"@id\":\"https:\\\/\\\/letrame.com\\\/catalogo\\\/#website\",\"url\":\"https:\\\/\\\/letrame.com\\\/catalogo\\\/\",\"name\":\"Catalogo | Letrame Grupo Editorial\",\"description\":\"\",\"publisher\":{\"@id\":\"https:\\\/\\\/letrame.com\\\/catalogo\\\/#organization\"},\"potentialAction\":[{\"@type\":\"SearchAction\",\"target\":{\"@type\":\"EntryPoint\",\"urlTemplate\":\"https:\\\/\\\/letrame.com\\\/catalogo\\\/?s={search_term_string}\"},\"query-input\":{\"@type\":\"PropertyValueSpecification\",\"valueRequired\":true,\"valueName\":\"search_term_string\"}}],\"inLanguage\":\"es\"},{\"@type\":\"Organization\",\"@id\":\"https:\\\/\\\/letrame.com\\\/catalogo\\\/#organization\",\"name\":\"Catalogo | Letrame Grupo Editorial\",\"url\":\"https:\\\/\\\/letrame.com\\\/catalogo\\\/\",\"logo\":{\"@type\":\"ImageObject\",\"inLanguage\":\"es\",\"@id\":\"https:\\\/\\\/letrame.com\\\/catalogo\\\/#\\\/schema\\\/logo\\\/image\\\/\",\"url\":\"https:\\\/\\\/letrame.com\\\/catalogo\\\/wp-content\\\/uploads\\\/2024\\\/03\\\/logo2.webp\",\"contentUrl\":\"https:\\\/\\\/letrame.com\\\/catalogo\\\/wp-content\\\/uploads\\\/2024\\\/03\\\/logo2.webp\",\"width\":394,\"height\":128,\"caption\":\"Catalogo | Letrame Grupo Editorial\"},\"image\":{\"@id\":\"https:\\\/\\\/letrame.com\\\/catalogo\\\/#\\\/schema\\\/logo\\\/image\\\/\"}}]}<\/script>\n<!-- \/ Yoast SEO plugin. -->","yoast_head_json":{"title":"Recuerdos del viejo Buli II - Catalogo | Letrame Grupo Editorial","robots":{"index":"index","follow":"follow","max-snippet":"max-snippet:-1","max-image-preview":"max-image-preview:large","max-video-preview":"max-video-preview:-1"},"canonical":"https:\/\/letrame.com\/catalogo\/producto\/recuerdos-del-viejo-buli-ii\/","og_locale":"es_ES","og_type":"article","og_title":"Recuerdos del viejo Buli II - Catalogo | Letrame Grupo Editorial","og_description":"ISBN: 978-84-1144-964-9 SINOPSIS El padre de el autor compr\u00f3 una casa en Noja a comienzos de los a\u00f1os treinta del siglo pasado. Primero como casa de veraneo y, en el aciago verano del 36 se convirti\u00f3 en refugio permanente hasta 1939. All\u00ed pas\u00f3 parta de su infancia, esa etapa de la vida, que seg\u00fan dicen, te marca para siempre, y m\u00e1s en aquellos a\u00f1os en los que ni las escuelas funcionaban y los ni\u00f1os campaban a sus anchas inconscientes de lo que estaba ocurriendo. Buli, nombre que le pusieron precisamente en aquellos tiempos, era un ni\u00f1o inquieto, siempre de aqu\u00ed para all\u00e1 recorriendo la costa y los callejos de Noja. Pero en el pueblo ya todos le conoc\u00edan y con algunos, la afinidad de las almas solitarias, trab\u00f3 cierta amistad que perdur\u00f3 en su recuerdo y ahora se plasma en estos relatos.","og_url":"https:\/\/letrame.com\/catalogo\/producto\/recuerdos-del-viejo-buli-ii\/","og_site_name":"Catalogo | Letrame Grupo Editorial","og_image":[{"width":601,"height":881,"url":"https:\/\/letrame.com\/catalogo\/wp-content\/uploads\/2024\/04\/web_portadarecuerdosdelviejobuli_1943mm-compressed.jpg","type":"image\/jpeg"}],"twitter_card":"summary_large_image","twitter_misc":{"Tiempo de lectura":"1 minuto"},"schema":{"@context":"https:\/\/schema.org","@graph":[{"@type":"WebPage","@id":"https:\/\/letrame.com\/catalogo\/producto\/recuerdos-del-viejo-buli-ii\/","url":"https:\/\/letrame.com\/catalogo\/producto\/recuerdos-del-viejo-buli-ii\/","name":"Recuerdos del viejo Buli II - Catalogo | Letrame Grupo Editorial","isPartOf":{"@id":"https:\/\/letrame.com\/catalogo\/#website"},"primaryImageOfPage":{"@id":"https:\/\/letrame.com\/catalogo\/producto\/recuerdos-del-viejo-buli-ii\/#primaryimage"},"image":{"@id":"https:\/\/letrame.com\/catalogo\/producto\/recuerdos-del-viejo-buli-ii\/#primaryimage"},"thumbnailUrl":"https:\/\/letrame.com\/catalogo\/wp-content\/uploads\/2024\/04\/web_portadarecuerdosdelviejobuli_1943mm-compressed.jpg","datePublished":"2024-04-29T13:46:22+00:00","breadcrumb":{"@id":"https:\/\/letrame.com\/catalogo\/producto\/recuerdos-del-viejo-buli-ii\/#breadcrumb"},"inLanguage":"es","potentialAction":[{"@type":"ReadAction","target":["https:\/\/letrame.com\/catalogo\/producto\/recuerdos-del-viejo-buli-ii\/"]}]},{"@type":"ImageObject","inLanguage":"es","@id":"https:\/\/letrame.com\/catalogo\/producto\/recuerdos-del-viejo-buli-ii\/#primaryimage","url":"https:\/\/letrame.com\/catalogo\/wp-content\/uploads\/2024\/04\/web_portadarecuerdosdelviejobuli_1943mm-compressed.jpg","contentUrl":"https:\/\/letrame.com\/catalogo\/wp-content\/uploads\/2024\/04\/web_portadarecuerdosdelviejobuli_1943mm-compressed.jpg","width":601,"height":881},{"@type":"BreadcrumbList","@id":"https:\/\/letrame.com\/catalogo\/producto\/recuerdos-del-viejo-buli-ii\/#breadcrumb","itemListElement":[{"@type":"ListItem","position":1,"name":"Portada","item":"https:\/\/letrame.com\/catalogo\/"},{"@type":"ListItem","position":2,"name":"Cat\u00e1logo","item":"https:\/\/letrame.com\/catalogo\/"},{"@type":"ListItem","position":3,"name":"Recuerdos del viejo Buli II"}]},{"@type":"WebSite","@id":"https:\/\/letrame.com\/catalogo\/#website","url":"https:\/\/letrame.com\/catalogo\/","name":"Catalogo | Letrame Grupo Editorial","description":"","publisher":{"@id":"https:\/\/letrame.com\/catalogo\/#organization"},"potentialAction":[{"@type":"SearchAction","target":{"@type":"EntryPoint","urlTemplate":"https:\/\/letrame.com\/catalogo\/?s={search_term_string}"},"query-input":{"@type":"PropertyValueSpecification","valueRequired":true,"valueName":"search_term_string"}}],"inLanguage":"es"},{"@type":"Organization","@id":"https:\/\/letrame.com\/catalogo\/#organization","name":"Catalogo | Letrame Grupo Editorial","url":"https:\/\/letrame.com\/catalogo\/","logo":{"@type":"ImageObject","inLanguage":"es","@id":"https:\/\/letrame.com\/catalogo\/#\/schema\/logo\/image\/","url":"https:\/\/letrame.com\/catalogo\/wp-content\/uploads\/2024\/03\/logo2.webp","contentUrl":"https:\/\/letrame.com\/catalogo\/wp-content\/uploads\/2024\/03\/logo2.webp","width":394,"height":128,"caption":"Catalogo | Letrame Grupo Editorial"},"image":{"@id":"https:\/\/letrame.com\/catalogo\/#\/schema\/logo\/image\/"}}]}},"_links":{"self":[{"href":"https:\/\/letrame.com\/catalogo\/wp-json\/wp\/v2\/product\/99111","targetHints":{"allow":["GET"]}}],"collection":[{"href":"https:\/\/letrame.com\/catalogo\/wp-json\/wp\/v2\/product"}],"about":[{"href":"https:\/\/letrame.com\/catalogo\/wp-json\/wp\/v2\/types\/product"}],"replies":[{"embeddable":true,"href":"https:\/\/letrame.com\/catalogo\/wp-json\/wp\/v2\/comments?post=99111"}],"acf:post":[{"embeddable":true,"href":"https:\/\/letrame.com\/catalogo\/wp-json\/wp\/v2\/author_book\/73799"}],"wp:featuredmedia":[{"embeddable":true,"href":"https:\/\/letrame.com\/catalogo\/wp-json\/wp\/v2\/media\/99112"}],"wp:attachment":[{"href":"https:\/\/letrame.com\/catalogo\/wp-json\/wp\/v2\/media?parent=99111"}],"wp:term":[{"taxonomy":"libro","embeddable":true,"href":"https:\/\/letrame.com\/catalogo\/wp-json\/wp\/v2\/libro?post=99111"},{"taxonomy":"product_brand","embeddable":true,"href":"https:\/\/letrame.com\/catalogo\/wp-json\/wp\/v2\/product_brand?post=99111"},{"taxonomy":"product_cat","embeddable":true,"href":"https:\/\/letrame.com\/catalogo\/wp-json\/wp\/v2\/product_cat?post=99111"},{"taxonomy":"product_tag","embeddable":true,"href":"https:\/\/letrame.com\/catalogo\/wp-json\/wp\/v2\/product_tag?post=99111"}],"curies":[{"name":"wp","href":"https:\/\/api.w.org\/{rel}","templated":true}]}}