{"id":99071,"date":"2024-04-29T15:41:18","date_gmt":"2024-04-29T13:41:18","guid":{"rendered":"https:\/\/letrame.com\/catalogo\/producto\/el-arrecife-de-las-sirenas\/"},"modified":"2024-04-29T15:41:45","modified_gmt":"2024-04-29T13:41:45","slug":"el-arrecife-de-las-sirenas","status":"publish","type":"product","link":"https:\/\/letrame.com\/catalogo\/producto\/el-arrecife-de-las-sirenas\/","title":{"rendered":"El arrecife de las sirenas"},"content":{"rendered":"<p><strong>ISBN<\/strong>: 978-84-1181-074-6<\/p>\n<p><strong>T\u00edtulo<\/strong>: El arrecife de las sirenas<br \/>\n<strong>Fecha<\/strong>: 2023<br \/>\n<strong>P\u00e1ginas<\/strong>: 328<\/p>\n<p><strong>SINOPSIS<\/strong><\/p>\n<p>\u00bfQu\u00e9 crees que ocurrir\u00eda si de pensar que siempre has sido una humilde joven que vive junto a su padre en un pueblo pesquero de repente descubres que eres un ser m\u00e1gico fuera de lo com\u00fan, que perteneces a una especie que siempre se ha entremezclado con los humanos sin levantar sospechas, y encima t\u00fa fueses la l\u00edder de estos?<\/p>\n<p>\u00a1Incre\u00edble!, \u00bfverdad?<\/p>\n<p>Pues esto es exactamente lo que le ocurre a nuestra protagonista, Coral, que poco a poco va tejiendo los hilos que va descubriendo a su alrededor y que la llevan a averiguar que es la l\u00edder de una dinast\u00eda de la que no conoc\u00eda absolutamente nada.<\/p>\n<p>Tras descubrir toda la verdad sobre su origen comienzan a surgir a su alrededor tanto amigos como enemigos, que ser\u00e1n claves a la hora de llegar a conseguir lo que le corresponde por derecho: la corona del pueblo del arrecife y todas sus gentes.<\/p>\n","protected":false},"excerpt":{"rendered":"<p><strong>ISBN<\/strong>: 978-84-1181-074-6<\/p>\n<p><strong>SINOPSIS<\/strong><\/p>\n<p>\u00bfQu\u00e9 crees que ocurrir\u00eda si de pensar que siempre has sido una humilde joven que vive junto a su padre en un pueblo pesquero de repente descubres que eres un ser m\u00e1gico fuera de lo com\u00fan, que perteneces a una especie que siempre se ha entremezclado con los humanos sin levantar sospechas, y encima t\u00fa fueses la l\u00edder de estos?<\/p>\n<p>\u00a1Incre\u00edble!, \u00bfverdad?<\/p>\n<p>Pues esto es exactamente lo que le ocurre a nuestra protagonista, Coral, que poco a poco va tejiendo los hilos que va descubriendo a su alrededor y que la llevan a averiguar que es la l\u00edder de una dinast\u00eda de la que no conoc\u00eda absolutamente nada.<\/p>\n<p>Tras descubrir toda la verdad sobre su origen comienzan a surgir a su alrededor tanto amigos como enemigos, que ser\u00e1n claves a la hora de llegar a conseguir lo que le corresponde por derecho: la corona del pueblo del arrecife y todas sus gentes.<\/p>\n","protected":false},"featured_media":99072,"comment_status":"closed","ping_status":"open","template":"","meta":{"_acf_changed":false},"libro":[],"product_brand":[],"product_cat":[26],"product_tag":[],"class_list":{"0":"post-99071","1":"product","2":"type-product","3":"status-publish","4":"has-post-thumbnail","6":"product_cat-sin-categoria","8":"first","9":"instock","10":"product-type-simple"},"acf":{"autor":[77454],"enlace_de_compra":"https:\/\/www.amazon.es\/dp\/8411810747\/"},"yoast_head":"<!-- This site is optimized with the Yoast SEO plugin v26.6 - https:\/\/yoast.com\/wordpress\/plugins\/seo\/ -->\n<title>El arrecife de las sirenas - Catalogo | Letrame Grupo Editorial<\/title>\n<meta name=\"robots\" content=\"index, follow, max-snippet:-1, max-image-preview:large, max-video-preview:-1\" \/>\n<link rel=\"canonical\" href=\"https:\/\/letrame.com\/catalogo\/producto\/el-arrecife-de-las-sirenas\/\" \/>\n<meta property=\"og:locale\" content=\"es_ES\" \/>\n<meta property=\"og:type\" content=\"article\" \/>\n<meta property=\"og:title\" content=\"El arrecife de las sirenas - Catalogo | Letrame Grupo Editorial\" \/>\n<meta property=\"og:description\" content=\"ISBN: 978-84-1181-074-6 SINOPSIS \u00bfQu\u00e9 crees que ocurrir\u00eda si de pensar que siempre has sido una humilde joven que vive junto a su padre en un pueblo pesquero de repente descubres que eres un ser m\u00e1gico fuera de lo com\u00fan, que perteneces a una especie que siempre se ha entremezclado con los humanos sin levantar sospechas, y encima t\u00fa fueses la l\u00edder de estos? \u00a1Incre\u00edble!, \u00bfverdad? Pues esto es exactamente lo que le ocurre a nuestra protagonista, Coral, que poco a poco va tejiendo los hilos que va descubriendo a su alrededor y que la llevan a averiguar que es la l\u00edder de una dinast\u00eda de la que no conoc\u00eda absolutamente nada. Tras descubrir toda la verdad sobre su origen comienzan a surgir a su alrededor tanto amigos como enemigos, que ser\u00e1n claves a la hora de llegar a conseguir lo que le corresponde por derecho: la corona del pueblo del arrecife y todas sus gentes.\" \/>\n<meta property=\"og:url\" content=\"https:\/\/letrame.com\/catalogo\/producto\/el-arrecife-de-las-sirenas\/\" \/>\n<meta property=\"og:site_name\" content=\"Catalogo | Letrame Grupo Editorial\" \/>\n<meta property=\"article:modified_time\" content=\"2024-04-29T13:41:45+00:00\" \/>\n<meta property=\"og:image\" content=\"https:\/\/letrame.com\/catalogo\/wp-content\/uploads\/2024\/04\/webportada_elarrecife_868mm-compressed-scaled-1.jpg\" \/>\n\t<meta property=\"og:image:width\" content=\"1746\" \/>\n\t<meta property=\"og:image:height\" content=\"2560\" \/>\n\t<meta property=\"og:image:type\" content=\"image\/jpeg\" \/>\n<meta name=\"twitter:card\" content=\"summary_large_image\" \/>\n<meta name=\"twitter:label1\" content=\"Tiempo de lectura\" \/>\n\t<meta name=\"twitter:data1\" content=\"1 minuto\" \/>\n<script type=\"application\/ld+json\" class=\"yoast-schema-graph\">{\"@context\":\"https:\/\/schema.org\",\"@graph\":[{\"@type\":\"WebPage\",\"@id\":\"https:\/\/letrame.com\/catalogo\/producto\/el-arrecife-de-las-sirenas\/\",\"url\":\"https:\/\/letrame.com\/catalogo\/producto\/el-arrecife-de-las-sirenas\/\",\"name\":\"El arrecife de las sirenas - Catalogo | Letrame Grupo Editorial\",\"isPartOf\":{\"@id\":\"https:\/\/letrame.com\/catalogo\/#website\"},\"primaryImageOfPage\":{\"@id\":\"https:\/\/letrame.com\/catalogo\/producto\/el-arrecife-de-las-sirenas\/#primaryimage\"},\"image\":{\"@id\":\"https:\/\/letrame.com\/catalogo\/producto\/el-arrecife-de-las-sirenas\/#primaryimage\"},\"thumbnailUrl\":\"https:\/\/letrame.com\/catalogo\/wp-content\/uploads\/2024\/04\/webportada_elarrecife_868mm-compressed-scaled-1.jpg\",\"datePublished\":\"2024-04-29T13:41:18+00:00\",\"dateModified\":\"2024-04-29T13:41:45+00:00\",\"breadcrumb\":{\"@id\":\"https:\/\/letrame.com\/catalogo\/producto\/el-arrecife-de-las-sirenas\/#breadcrumb\"},\"inLanguage\":\"es\",\"potentialAction\":[{\"@type\":\"ReadAction\",\"target\":[\"https:\/\/letrame.com\/catalogo\/producto\/el-arrecife-de-las-sirenas\/\"]}]},{\"@type\":\"ImageObject\",\"inLanguage\":\"es\",\"@id\":\"https:\/\/letrame.com\/catalogo\/producto\/el-arrecife-de-las-sirenas\/#primaryimage\",\"url\":\"https:\/\/letrame.com\/catalogo\/wp-content\/uploads\/2024\/04\/webportada_elarrecife_868mm-compressed-scaled-1.jpg\",\"contentUrl\":\"https:\/\/letrame.com\/catalogo\/wp-content\/uploads\/2024\/04\/webportada_elarrecife_868mm-compressed-scaled-1.jpg\",\"width\":1746,\"height\":2560},{\"@type\":\"BreadcrumbList\",\"@id\":\"https:\/\/letrame.com\/catalogo\/producto\/el-arrecife-de-las-sirenas\/#breadcrumb\",\"itemListElement\":[{\"@type\":\"ListItem\",\"position\":1,\"name\":\"Portada\",\"item\":\"https:\/\/letrame.com\/catalogo\/\"},{\"@type\":\"ListItem\",\"position\":2,\"name\":\"Cat\u00e1logo\",\"item\":\"https:\/\/letrame.com\/catalogo\/\"},{\"@type\":\"ListItem\",\"position\":3,\"name\":\"El arrecife de las sirenas\"}]},{\"@type\":\"WebSite\",\"@id\":\"https:\/\/letrame.com\/catalogo\/#website\",\"url\":\"https:\/\/letrame.com\/catalogo\/\",\"name\":\"Catalogo | Letrame Grupo Editorial\",\"description\":\"\",\"publisher\":{\"@id\":\"https:\/\/letrame.com\/catalogo\/#organization\"},\"potentialAction\":[{\"@type\":\"SearchAction\",\"target\":{\"@type\":\"EntryPoint\",\"urlTemplate\":\"https:\/\/letrame.com\/catalogo\/?s={search_term_string}\"},\"query-input\":{\"@type\":\"PropertyValueSpecification\",\"valueRequired\":true,\"valueName\":\"search_term_string\"}}],\"inLanguage\":\"es\"},{\"@type\":\"Organization\",\"@id\":\"https:\/\/letrame.com\/catalogo\/#organization\",\"name\":\"Catalogo | Letrame Grupo Editorial\",\"url\":\"https:\/\/letrame.com\/catalogo\/\",\"logo\":{\"@type\":\"ImageObject\",\"inLanguage\":\"es\",\"@id\":\"https:\/\/letrame.com\/catalogo\/#\/schema\/logo\/image\/\",\"url\":\"https:\/\/letrame.com\/catalogo\/wp-content\/uploads\/2024\/03\/logo2.webp\",\"contentUrl\":\"https:\/\/letrame.com\/catalogo\/wp-content\/uploads\/2024\/03\/logo2.webp\",\"width\":394,\"height\":128,\"caption\":\"Catalogo | Letrame Grupo Editorial\"},\"image\":{\"@id\":\"https:\/\/letrame.com\/catalogo\/#\/schema\/logo\/image\/\"}}]}<\/script>\n<!-- \/ Yoast SEO plugin. -->","yoast_head_json":{"title":"El arrecife de las sirenas - Catalogo | Letrame Grupo Editorial","robots":{"index":"index","follow":"follow","max-snippet":"max-snippet:-1","max-image-preview":"max-image-preview:large","max-video-preview":"max-video-preview:-1"},"canonical":"https:\/\/letrame.com\/catalogo\/producto\/el-arrecife-de-las-sirenas\/","og_locale":"es_ES","og_type":"article","og_title":"El arrecife de las sirenas - Catalogo | Letrame Grupo Editorial","og_description":"ISBN: 978-84-1181-074-6 SINOPSIS \u00bfQu\u00e9 crees que ocurrir\u00eda si de pensar que siempre has sido una humilde joven que vive junto a su padre en un pueblo pesquero de repente descubres que eres un ser m\u00e1gico fuera de lo com\u00fan, que perteneces a una especie que siempre se ha entremezclado con los humanos sin levantar sospechas, y encima t\u00fa fueses la l\u00edder de estos? \u00a1Incre\u00edble!, \u00bfverdad? Pues esto es exactamente lo que le ocurre a nuestra protagonista, Coral, que poco a poco va tejiendo los hilos que va descubriendo a su alrededor y que la llevan a averiguar que es la l\u00edder de una dinast\u00eda de la que no conoc\u00eda absolutamente nada. Tras descubrir toda la verdad sobre su origen comienzan a surgir a su alrededor tanto amigos como enemigos, que ser\u00e1n claves a la hora de llegar a conseguir lo que le corresponde por derecho: la corona del pueblo del arrecife y todas sus gentes.","og_url":"https:\/\/letrame.com\/catalogo\/producto\/el-arrecife-de-las-sirenas\/","og_site_name":"Catalogo | Letrame Grupo Editorial","article_modified_time":"2024-04-29T13:41:45+00:00","og_image":[{"width":1746,"height":2560,"url":"https:\/\/letrame.com\/catalogo\/wp-content\/uploads\/2024\/04\/webportada_elarrecife_868mm-compressed-scaled-1.jpg","type":"image\/jpeg"}],"twitter_card":"summary_large_image","twitter_misc":{"Tiempo de lectura":"1 minuto"},"schema":{"@context":"https:\/\/schema.org","@graph":[{"@type":"WebPage","@id":"https:\/\/letrame.com\/catalogo\/producto\/el-arrecife-de-las-sirenas\/","url":"https:\/\/letrame.com\/catalogo\/producto\/el-arrecife-de-las-sirenas\/","name":"El arrecife de las sirenas - Catalogo | Letrame Grupo Editorial","isPartOf":{"@id":"https:\/\/letrame.com\/catalogo\/#website"},"primaryImageOfPage":{"@id":"https:\/\/letrame.com\/catalogo\/producto\/el-arrecife-de-las-sirenas\/#primaryimage"},"image":{"@id":"https:\/\/letrame.com\/catalogo\/producto\/el-arrecife-de-las-sirenas\/#primaryimage"},"thumbnailUrl":"https:\/\/letrame.com\/catalogo\/wp-content\/uploads\/2024\/04\/webportada_elarrecife_868mm-compressed-scaled-1.jpg","datePublished":"2024-04-29T13:41:18+00:00","dateModified":"2024-04-29T13:41:45+00:00","breadcrumb":{"@id":"https:\/\/letrame.com\/catalogo\/producto\/el-arrecife-de-las-sirenas\/#breadcrumb"},"inLanguage":"es","potentialAction":[{"@type":"ReadAction","target":["https:\/\/letrame.com\/catalogo\/producto\/el-arrecife-de-las-sirenas\/"]}]},{"@type":"ImageObject","inLanguage":"es","@id":"https:\/\/letrame.com\/catalogo\/producto\/el-arrecife-de-las-sirenas\/#primaryimage","url":"https:\/\/letrame.com\/catalogo\/wp-content\/uploads\/2024\/04\/webportada_elarrecife_868mm-compressed-scaled-1.jpg","contentUrl":"https:\/\/letrame.com\/catalogo\/wp-content\/uploads\/2024\/04\/webportada_elarrecife_868mm-compressed-scaled-1.jpg","width":1746,"height":2560},{"@type":"BreadcrumbList","@id":"https:\/\/letrame.com\/catalogo\/producto\/el-arrecife-de-las-sirenas\/#breadcrumb","itemListElement":[{"@type":"ListItem","position":1,"name":"Portada","item":"https:\/\/letrame.com\/catalogo\/"},{"@type":"ListItem","position":2,"name":"Cat\u00e1logo","item":"https:\/\/letrame.com\/catalogo\/"},{"@type":"ListItem","position":3,"name":"El arrecife de las sirenas"}]},{"@type":"WebSite","@id":"https:\/\/letrame.com\/catalogo\/#website","url":"https:\/\/letrame.com\/catalogo\/","name":"Catalogo | Letrame Grupo Editorial","description":"","publisher":{"@id":"https:\/\/letrame.com\/catalogo\/#organization"},"potentialAction":[{"@type":"SearchAction","target":{"@type":"EntryPoint","urlTemplate":"https:\/\/letrame.com\/catalogo\/?s={search_term_string}"},"query-input":{"@type":"PropertyValueSpecification","valueRequired":true,"valueName":"search_term_string"}}],"inLanguage":"es"},{"@type":"Organization","@id":"https:\/\/letrame.com\/catalogo\/#organization","name":"Catalogo | Letrame Grupo Editorial","url":"https:\/\/letrame.com\/catalogo\/","logo":{"@type":"ImageObject","inLanguage":"es","@id":"https:\/\/letrame.com\/catalogo\/#\/schema\/logo\/image\/","url":"https:\/\/letrame.com\/catalogo\/wp-content\/uploads\/2024\/03\/logo2.webp","contentUrl":"https:\/\/letrame.com\/catalogo\/wp-content\/uploads\/2024\/03\/logo2.webp","width":394,"height":128,"caption":"Catalogo | Letrame Grupo Editorial"},"image":{"@id":"https:\/\/letrame.com\/catalogo\/#\/schema\/logo\/image\/"}}]}},"_links":{"self":[{"href":"https:\/\/letrame.com\/catalogo\/wp-json\/wp\/v2\/product\/99071","targetHints":{"allow":["GET"]}}],"collection":[{"href":"https:\/\/letrame.com\/catalogo\/wp-json\/wp\/v2\/product"}],"about":[{"href":"https:\/\/letrame.com\/catalogo\/wp-json\/wp\/v2\/types\/product"}],"replies":[{"embeddable":true,"href":"https:\/\/letrame.com\/catalogo\/wp-json\/wp\/v2\/comments?post=99071"}],"acf:post":[{"embeddable":true,"href":"https:\/\/letrame.com\/catalogo\/wp-json\/wp\/v2\/author_book\/77454"}],"wp:featuredmedia":[{"embeddable":true,"href":"https:\/\/letrame.com\/catalogo\/wp-json\/wp\/v2\/media\/99072"}],"wp:attachment":[{"href":"https:\/\/letrame.com\/catalogo\/wp-json\/wp\/v2\/media?parent=99071"}],"wp:term":[{"taxonomy":"libro","embeddable":true,"href":"https:\/\/letrame.com\/catalogo\/wp-json\/wp\/v2\/libro?post=99071"},{"taxonomy":"product_brand","embeddable":true,"href":"https:\/\/letrame.com\/catalogo\/wp-json\/wp\/v2\/product_brand?post=99071"},{"taxonomy":"product_cat","embeddable":true,"href":"https:\/\/letrame.com\/catalogo\/wp-json\/wp\/v2\/product_cat?post=99071"},{"taxonomy":"product_tag","embeddable":true,"href":"https:\/\/letrame.com\/catalogo\/wp-json\/wp\/v2\/product_tag?post=99071"}],"curies":[{"name":"wp","href":"https:\/\/api.w.org\/{rel}","templated":true}]}}