{"id":99065,"date":"2024-04-29T15:40:52","date_gmt":"2024-04-29T13:40:52","guid":{"rendered":"https:\/\/letrame.com\/catalogo\/producto\/el-bosque-detras-de-la-puerta\/"},"modified":"2024-04-29T15:41:14","modified_gmt":"2024-04-29T13:41:14","slug":"el-bosque-detras-de-la-puerta","status":"publish","type":"product","link":"https:\/\/letrame.com\/catalogo\/producto\/el-bosque-detras-de-la-puerta\/","title":{"rendered":"El bosque detr\u00e1s de la puerta"},"content":{"rendered":"<p><strong>ISBN<\/strong>: 978-84-1144-592-4<\/p>\n<p><strong>T\u00edtulo<\/strong>: El bosque detr\u00e1s de la puerta<br \/>\n<strong>Fecha<\/strong>: 2023<br \/>\n<strong>P\u00e1ginas<\/strong>: 400<\/p>\n<p><strong>SINOPSIS<\/strong><\/p>\n<p>La historia nos sit\u00faa, principalmente, en los ojos y pensamientos de nuestros protagonistas, Kylie y Miles, los cuales son acompa\u00f1ados por su grupo de amigos: Jessica, Frank y Sarah. En un inicio, Kylie y Miles son polos opuestos; ella es la persona m\u00e1s radiante y feliz, mientras que \u00e9l es tan serio que ni siquiera es capaz de soltar la m\u00e1s diminuta risa, y bla, bla, bla&#8230; Lo t\u00edpico en estas novelas de romance adolescente; que si ella es nueva en la escuela, que si se conocen, que si amor a primera vista, que si la casualidad de su encuentro pareciera obra del destino, que si ella hace que \u00e9l cambie su personalidad, que si en una acampada con sus amigos van a una caba\u00f1a abandonada, que si en esa caba\u00f1a los comienzan a perseguir tres monstruos, que si se topan a un hombre lobo, que si se topan con una cueva con cuatro puertas, que si detr\u00e1s de una de las puertas yace un bosque de cristal que es parte de un mundo fantas\u00eda completamente distinto al suyo; \u00a1lo t\u00edpico! \u00a1Adelante! Ad\u00e9ntrense a este isekai con tintes par\u00f3dicos, romance, mucha acci\u00f3n, poderes, magia, deconstrucci\u00f3n de personajes, bestias incre\u00edbles, dioses, una trama centenaria, y mucho humor exagerado e ir\u00f3nico. \u00a1Disfruta de esta extra\u00f1a y algo bizarra aventura divida en dos vol\u00famenes, como las t\u00edpicas novelas ligeras que luego se adaptan a una animaci\u00f3n!<\/p>\n","protected":false},"excerpt":{"rendered":"<p><strong>ISBN<\/strong>: 978-84-1144-592-4<\/p>\n<p><strong>SINOPSIS<\/strong><\/p>\n<p>La historia nos sit\u00faa, principalmente, en los ojos y pensamientos de nuestros protagonistas, Kylie y Miles, los cuales son acompa\u00f1ados por su grupo de amigos: Jessica, Frank y Sarah. En un inicio, Kylie y Miles son polos opuestos; ella es la persona m\u00e1s radiante y feliz, mientras que \u00e9l es tan serio que ni siquiera es capaz de soltar la m\u00e1s diminuta risa, y bla, bla, bla&#8230; Lo t\u00edpico en estas novelas de romance adolescente; que si ella es nueva en la escuela, que si se conocen, que si amor a primera vista, que si la casualidad de su encuentro pareciera obra del destino, que si ella hace que \u00e9l cambie su personalidad, que si en una acampada con sus amigos van a una caba\u00f1a abandonada, que si en esa caba\u00f1a los comienzan a perseguir tres monstruos, que si se topan a un hombre lobo, que si se topan con una cueva con cuatro puertas, que si detr\u00e1s de una de las puertas yace un bosque de cristal que es parte de un mundo fantas\u00eda completamente distinto al suyo; \u00a1lo t\u00edpico! \u00a1Adelante! Ad\u00e9ntrense a este isekai con tintes par\u00f3dicos, romance, mucha acci\u00f3n, poderes, magia, deconstrucci\u00f3n de personajes, bestias incre\u00edbles, dioses, una trama centenaria, y mucho humor exagerado e ir\u00f3nico. \u00a1Disfruta de esta extra\u00f1a y algo bizarra aventura divida en dos vol\u00famenes, como las t\u00edpicas novelas ligeras que luego se adaptan a una animaci\u00f3n!<\/p>\n","protected":false},"featured_media":99066,"comment_status":"closed","ping_status":"open","template":"","meta":{"_acf_changed":false},"libro":[],"product_brand":[],"product_cat":[26],"product_tag":[],"class_list":{"0":"post-99065","1":"product","2":"type-product","3":"status-publish","4":"has-post-thumbnail","6":"product_cat-sin-categoria","8":"first","9":"instock","10":"product-type-simple"},"acf":{"autor":[77450],"enlace_de_compra":"https:\/\/www.amazon.es\/El-bosque-detr%C3%A1s-puerta-Asetiam\/dp\/8411445925\/"},"yoast_head":"<!-- This site is optimized with the Yoast SEO plugin v26.6 - https:\/\/yoast.com\/wordpress\/plugins\/seo\/ -->\n<title>El bosque detr\u00e1s de la puerta - Catalogo | Letrame Grupo Editorial<\/title>\n<meta name=\"robots\" content=\"index, follow, max-snippet:-1, max-image-preview:large, max-video-preview:-1\" \/>\n<link rel=\"canonical\" href=\"https:\/\/letrame.com\/catalogo\/producto\/el-bosque-detras-de-la-puerta\/\" \/>\n<meta property=\"og:locale\" content=\"es_ES\" \/>\n<meta property=\"og:type\" content=\"article\" \/>\n<meta property=\"og:title\" content=\"El bosque detr\u00e1s de la puerta - Catalogo | Letrame Grupo Editorial\" \/>\n<meta property=\"og:description\" content=\"ISBN: 978-84-1144-592-4 SINOPSIS La historia nos sit\u00faa, principalmente, en los ojos y pensamientos de nuestros protagonistas, Kylie y Miles, los cuales son acompa\u00f1ados por su grupo de amigos: Jessica, Frank y Sarah. En un inicio, Kylie y Miles son polos opuestos; ella es la persona m\u00e1s radiante y feliz, mientras que \u00e9l es tan serio que ni siquiera es capaz de soltar la m\u00e1s diminuta risa, y bla, bla, bla... Lo t\u00edpico en estas novelas de romance adolescente; que si ella es nueva en la escuela, que si se conocen, que si amor a primera vista, que si la casualidad de su encuentro pareciera obra del destino, que si ella hace que \u00e9l cambie su personalidad, que si en una acampada con sus amigos van a una caba\u00f1a abandonada, que si en esa caba\u00f1a los comienzan a perseguir tres monstruos, que si se topan a un hombre lobo, que si se topan con una cueva con cuatro puertas, que si detr\u00e1s de una de las puertas yace un bosque de cristal que es parte de un mundo fantas\u00eda completamente distinto al suyo; \u00a1lo t\u00edpico! \u00a1Adelante! Ad\u00e9ntrense a este isekai con tintes par\u00f3dicos, romance, mucha acci\u00f3n, poderes, magia, deconstrucci\u00f3n de personajes, bestias incre\u00edbles, dioses, una trama centenaria, y mucho humor exagerado e ir\u00f3nico. \u00a1Disfruta de esta extra\u00f1a y algo bizarra aventura divida en dos vol\u00famenes, como las t\u00edpicas novelas ligeras que luego se adaptan a una animaci\u00f3n!\" \/>\n<meta property=\"og:url\" content=\"https:\/\/letrame.com\/catalogo\/producto\/el-bosque-detras-de-la-puerta\/\" \/>\n<meta property=\"og:site_name\" content=\"Catalogo | Letrame Grupo Editorial\" \/>\n<meta property=\"article:modified_time\" content=\"2024-04-29T13:41:14+00:00\" \/>\n<meta property=\"og:image\" content=\"https:\/\/letrame.com\/catalogo\/wp-content\/uploads\/2024\/04\/web_portadaelbosquetraslapuerta_1952mm-compressed.jpg\" \/>\n\t<meta property=\"og:image:width\" content=\"601\" \/>\n\t<meta property=\"og:image:height\" content=\"881\" \/>\n\t<meta property=\"og:image:type\" content=\"image\/jpeg\" \/>\n<meta name=\"twitter:card\" content=\"summary_large_image\" \/>\n<meta name=\"twitter:label1\" content=\"Tiempo de lectura\" \/>\n\t<meta name=\"twitter:data1\" content=\"1 minuto\" \/>\n<script type=\"application\/ld+json\" class=\"yoast-schema-graph\">{\"@context\":\"https:\/\/schema.org\",\"@graph\":[{\"@type\":\"WebPage\",\"@id\":\"https:\/\/letrame.com\/catalogo\/producto\/el-bosque-detras-de-la-puerta\/\",\"url\":\"https:\/\/letrame.com\/catalogo\/producto\/el-bosque-detras-de-la-puerta\/\",\"name\":\"El bosque detr\u00e1s de la puerta - Catalogo | Letrame Grupo Editorial\",\"isPartOf\":{\"@id\":\"https:\/\/letrame.com\/catalogo\/#website\"},\"primaryImageOfPage\":{\"@id\":\"https:\/\/letrame.com\/catalogo\/producto\/el-bosque-detras-de-la-puerta\/#primaryimage\"},\"image\":{\"@id\":\"https:\/\/letrame.com\/catalogo\/producto\/el-bosque-detras-de-la-puerta\/#primaryimage\"},\"thumbnailUrl\":\"https:\/\/letrame.com\/catalogo\/wp-content\/uploads\/2024\/04\/web_portadaelbosquetraslapuerta_1952mm-compressed.jpg\",\"datePublished\":\"2024-04-29T13:40:52+00:00\",\"dateModified\":\"2024-04-29T13:41:14+00:00\",\"breadcrumb\":{\"@id\":\"https:\/\/letrame.com\/catalogo\/producto\/el-bosque-detras-de-la-puerta\/#breadcrumb\"},\"inLanguage\":\"es\",\"potentialAction\":[{\"@type\":\"ReadAction\",\"target\":[\"https:\/\/letrame.com\/catalogo\/producto\/el-bosque-detras-de-la-puerta\/\"]}]},{\"@type\":\"ImageObject\",\"inLanguage\":\"es\",\"@id\":\"https:\/\/letrame.com\/catalogo\/producto\/el-bosque-detras-de-la-puerta\/#primaryimage\",\"url\":\"https:\/\/letrame.com\/catalogo\/wp-content\/uploads\/2024\/04\/web_portadaelbosquetraslapuerta_1952mm-compressed.jpg\",\"contentUrl\":\"https:\/\/letrame.com\/catalogo\/wp-content\/uploads\/2024\/04\/web_portadaelbosquetraslapuerta_1952mm-compressed.jpg\",\"width\":601,\"height\":881},{\"@type\":\"BreadcrumbList\",\"@id\":\"https:\/\/letrame.com\/catalogo\/producto\/el-bosque-detras-de-la-puerta\/#breadcrumb\",\"itemListElement\":[{\"@type\":\"ListItem\",\"position\":1,\"name\":\"Portada\",\"item\":\"https:\/\/letrame.com\/catalogo\/\"},{\"@type\":\"ListItem\",\"position\":2,\"name\":\"Cat\u00e1logo\",\"item\":\"https:\/\/letrame.com\/catalogo\/\"},{\"@type\":\"ListItem\",\"position\":3,\"name\":\"El bosque detr\u00e1s de la puerta\"}]},{\"@type\":\"WebSite\",\"@id\":\"https:\/\/letrame.com\/catalogo\/#website\",\"url\":\"https:\/\/letrame.com\/catalogo\/\",\"name\":\"Catalogo | Letrame Grupo Editorial\",\"description\":\"\",\"publisher\":{\"@id\":\"https:\/\/letrame.com\/catalogo\/#organization\"},\"potentialAction\":[{\"@type\":\"SearchAction\",\"target\":{\"@type\":\"EntryPoint\",\"urlTemplate\":\"https:\/\/letrame.com\/catalogo\/?s={search_term_string}\"},\"query-input\":{\"@type\":\"PropertyValueSpecification\",\"valueRequired\":true,\"valueName\":\"search_term_string\"}}],\"inLanguage\":\"es\"},{\"@type\":\"Organization\",\"@id\":\"https:\/\/letrame.com\/catalogo\/#organization\",\"name\":\"Catalogo | Letrame Grupo Editorial\",\"url\":\"https:\/\/letrame.com\/catalogo\/\",\"logo\":{\"@type\":\"ImageObject\",\"inLanguage\":\"es\",\"@id\":\"https:\/\/letrame.com\/catalogo\/#\/schema\/logo\/image\/\",\"url\":\"https:\/\/letrame.com\/catalogo\/wp-content\/uploads\/2024\/03\/logo2.webp\",\"contentUrl\":\"https:\/\/letrame.com\/catalogo\/wp-content\/uploads\/2024\/03\/logo2.webp\",\"width\":394,\"height\":128,\"caption\":\"Catalogo | Letrame Grupo Editorial\"},\"image\":{\"@id\":\"https:\/\/letrame.com\/catalogo\/#\/schema\/logo\/image\/\"}}]}<\/script>\n<!-- \/ Yoast SEO plugin. -->","yoast_head_json":{"title":"El bosque detr\u00e1s de la puerta - Catalogo | Letrame Grupo Editorial","robots":{"index":"index","follow":"follow","max-snippet":"max-snippet:-1","max-image-preview":"max-image-preview:large","max-video-preview":"max-video-preview:-1"},"canonical":"https:\/\/letrame.com\/catalogo\/producto\/el-bosque-detras-de-la-puerta\/","og_locale":"es_ES","og_type":"article","og_title":"El bosque detr\u00e1s de la puerta - Catalogo | Letrame Grupo Editorial","og_description":"ISBN: 978-84-1144-592-4 SINOPSIS La historia nos sit\u00faa, principalmente, en los ojos y pensamientos de nuestros protagonistas, Kylie y Miles, los cuales son acompa\u00f1ados por su grupo de amigos: Jessica, Frank y Sarah. En un inicio, Kylie y Miles son polos opuestos; ella es la persona m\u00e1s radiante y feliz, mientras que \u00e9l es tan serio que ni siquiera es capaz de soltar la m\u00e1s diminuta risa, y bla, bla, bla... Lo t\u00edpico en estas novelas de romance adolescente; que si ella es nueva en la escuela, que si se conocen, que si amor a primera vista, que si la casualidad de su encuentro pareciera obra del destino, que si ella hace que \u00e9l cambie su personalidad, que si en una acampada con sus amigos van a una caba\u00f1a abandonada, que si en esa caba\u00f1a los comienzan a perseguir tres monstruos, que si se topan a un hombre lobo, que si se topan con una cueva con cuatro puertas, que si detr\u00e1s de una de las puertas yace un bosque de cristal que es parte de un mundo fantas\u00eda completamente distinto al suyo; \u00a1lo t\u00edpico! \u00a1Adelante! Ad\u00e9ntrense a este isekai con tintes par\u00f3dicos, romance, mucha acci\u00f3n, poderes, magia, deconstrucci\u00f3n de personajes, bestias incre\u00edbles, dioses, una trama centenaria, y mucho humor exagerado e ir\u00f3nico. \u00a1Disfruta de esta extra\u00f1a y algo bizarra aventura divida en dos vol\u00famenes, como las t\u00edpicas novelas ligeras que luego se adaptan a una animaci\u00f3n!","og_url":"https:\/\/letrame.com\/catalogo\/producto\/el-bosque-detras-de-la-puerta\/","og_site_name":"Catalogo | Letrame Grupo Editorial","article_modified_time":"2024-04-29T13:41:14+00:00","og_image":[{"width":601,"height":881,"url":"https:\/\/letrame.com\/catalogo\/wp-content\/uploads\/2024\/04\/web_portadaelbosquetraslapuerta_1952mm-compressed.jpg","type":"image\/jpeg"}],"twitter_card":"summary_large_image","twitter_misc":{"Tiempo de lectura":"1 minuto"},"schema":{"@context":"https:\/\/schema.org","@graph":[{"@type":"WebPage","@id":"https:\/\/letrame.com\/catalogo\/producto\/el-bosque-detras-de-la-puerta\/","url":"https:\/\/letrame.com\/catalogo\/producto\/el-bosque-detras-de-la-puerta\/","name":"El bosque detr\u00e1s de la puerta - Catalogo | Letrame Grupo Editorial","isPartOf":{"@id":"https:\/\/letrame.com\/catalogo\/#website"},"primaryImageOfPage":{"@id":"https:\/\/letrame.com\/catalogo\/producto\/el-bosque-detras-de-la-puerta\/#primaryimage"},"image":{"@id":"https:\/\/letrame.com\/catalogo\/producto\/el-bosque-detras-de-la-puerta\/#primaryimage"},"thumbnailUrl":"https:\/\/letrame.com\/catalogo\/wp-content\/uploads\/2024\/04\/web_portadaelbosquetraslapuerta_1952mm-compressed.jpg","datePublished":"2024-04-29T13:40:52+00:00","dateModified":"2024-04-29T13:41:14+00:00","breadcrumb":{"@id":"https:\/\/letrame.com\/catalogo\/producto\/el-bosque-detras-de-la-puerta\/#breadcrumb"},"inLanguage":"es","potentialAction":[{"@type":"ReadAction","target":["https:\/\/letrame.com\/catalogo\/producto\/el-bosque-detras-de-la-puerta\/"]}]},{"@type":"ImageObject","inLanguage":"es","@id":"https:\/\/letrame.com\/catalogo\/producto\/el-bosque-detras-de-la-puerta\/#primaryimage","url":"https:\/\/letrame.com\/catalogo\/wp-content\/uploads\/2024\/04\/web_portadaelbosquetraslapuerta_1952mm-compressed.jpg","contentUrl":"https:\/\/letrame.com\/catalogo\/wp-content\/uploads\/2024\/04\/web_portadaelbosquetraslapuerta_1952mm-compressed.jpg","width":601,"height":881},{"@type":"BreadcrumbList","@id":"https:\/\/letrame.com\/catalogo\/producto\/el-bosque-detras-de-la-puerta\/#breadcrumb","itemListElement":[{"@type":"ListItem","position":1,"name":"Portada","item":"https:\/\/letrame.com\/catalogo\/"},{"@type":"ListItem","position":2,"name":"Cat\u00e1logo","item":"https:\/\/letrame.com\/catalogo\/"},{"@type":"ListItem","position":3,"name":"El bosque detr\u00e1s de la puerta"}]},{"@type":"WebSite","@id":"https:\/\/letrame.com\/catalogo\/#website","url":"https:\/\/letrame.com\/catalogo\/","name":"Catalogo | Letrame Grupo Editorial","description":"","publisher":{"@id":"https:\/\/letrame.com\/catalogo\/#organization"},"potentialAction":[{"@type":"SearchAction","target":{"@type":"EntryPoint","urlTemplate":"https:\/\/letrame.com\/catalogo\/?s={search_term_string}"},"query-input":{"@type":"PropertyValueSpecification","valueRequired":true,"valueName":"search_term_string"}}],"inLanguage":"es"},{"@type":"Organization","@id":"https:\/\/letrame.com\/catalogo\/#organization","name":"Catalogo | Letrame Grupo Editorial","url":"https:\/\/letrame.com\/catalogo\/","logo":{"@type":"ImageObject","inLanguage":"es","@id":"https:\/\/letrame.com\/catalogo\/#\/schema\/logo\/image\/","url":"https:\/\/letrame.com\/catalogo\/wp-content\/uploads\/2024\/03\/logo2.webp","contentUrl":"https:\/\/letrame.com\/catalogo\/wp-content\/uploads\/2024\/03\/logo2.webp","width":394,"height":128,"caption":"Catalogo | Letrame Grupo Editorial"},"image":{"@id":"https:\/\/letrame.com\/catalogo\/#\/schema\/logo\/image\/"}}]}},"_links":{"self":[{"href":"https:\/\/letrame.com\/catalogo\/wp-json\/wp\/v2\/product\/99065","targetHints":{"allow":["GET"]}}],"collection":[{"href":"https:\/\/letrame.com\/catalogo\/wp-json\/wp\/v2\/product"}],"about":[{"href":"https:\/\/letrame.com\/catalogo\/wp-json\/wp\/v2\/types\/product"}],"replies":[{"embeddable":true,"href":"https:\/\/letrame.com\/catalogo\/wp-json\/wp\/v2\/comments?post=99065"}],"acf:post":[{"embeddable":true,"href":"https:\/\/letrame.com\/catalogo\/wp-json\/wp\/v2\/author_book\/77450"}],"wp:featuredmedia":[{"embeddable":true,"href":"https:\/\/letrame.com\/catalogo\/wp-json\/wp\/v2\/media\/99066"}],"wp:attachment":[{"href":"https:\/\/letrame.com\/catalogo\/wp-json\/wp\/v2\/media?parent=99065"}],"wp:term":[{"taxonomy":"libro","embeddable":true,"href":"https:\/\/letrame.com\/catalogo\/wp-json\/wp\/v2\/libro?post=99065"},{"taxonomy":"product_brand","embeddable":true,"href":"https:\/\/letrame.com\/catalogo\/wp-json\/wp\/v2\/product_brand?post=99065"},{"taxonomy":"product_cat","embeddable":true,"href":"https:\/\/letrame.com\/catalogo\/wp-json\/wp\/v2\/product_cat?post=99065"},{"taxonomy":"product_tag","embeddable":true,"href":"https:\/\/letrame.com\/catalogo\/wp-json\/wp\/v2\/product_tag?post=99065"}],"curies":[{"name":"wp","href":"https:\/\/api.w.org\/{rel}","templated":true}]}}