{"id":99028,"date":"2024-04-29T15:38:09","date_gmt":"2024-04-29T13:38:09","guid":{"rendered":"https:\/\/letrame.com\/catalogo\/producto\/el-mundo-de-uruk\/"},"modified":"2024-07-31T15:50:17","modified_gmt":"2024-07-31T13:50:17","slug":"el-mundo-de-uruk","status":"publish","type":"product","link":"https:\/\/letrame.com\/catalogo\/producto\/el-mundo-de-uruk\/","title":{"rendered":"El Mundo de Uruk"},"content":{"rendered":"<p><strong>ISBN<\/strong>: 978-84-1144-997-7<\/p>\n<p><strong>T\u00edtulo<\/strong>: <span data-sheets-value=\"{&quot;1&quot;:2,&quot;2&quot;:&quot;El Mundo de Uruk&quot;}\" data-sheets-userformat=\"{&quot;2&quot;:515,&quot;3&quot;:{&quot;1&quot;:0},&quot;4&quot;:{&quot;1&quot;:2,&quot;2&quot;:14281427},&quot;12&quot;:0}\">El Mundo de Uruk<\/span><\/p>\n<p><strong>Fecha<\/strong>: 2023<br \/>\n<strong>P\u00e1ginas<\/strong>: 392<\/p>\n<p><strong>SINOPSIS<\/strong><\/p>\n<p>Esta es una historia de fantas\u00eda \u00e9pica que cuenta la saga de doce razas que perdieron su conexi\u00f3n con las lunas que reg\u00edan sus destinos. Cada raza pertenec\u00eda a una Casa, y cada Casa ten\u00eda una luna asociada que proporcionaba las virtudes necesarias para su desarrollo, evoluci\u00f3n y supervivencia.<\/p>\n<p>&nbsp;<\/p>\n<p>Las lunas eran fuentes de luz y oscuridad, de poder y peligro. Su gran se\u00f1or les hab\u00eda otorgado un don precioso, pero algo ocurri\u00f3 que alter\u00f3 el equilibrio y \u00e9l los dej\u00f3 en una noche perpetua y sombr\u00eda.<\/p>\n<p>&nbsp;<\/p>\n<p>Desde entonces, las razas deambulan sin memoria ni sentido, sin saber qui\u00e9nes son, ni qu\u00e9 hacen en este mundo. Su desaf\u00edo es recuperar su identidad y su misi\u00f3n; recordar lo que una vez fueron y lo que a\u00fan pueden ser.<\/p>\n<p>&nbsp;<\/p>\n<p>Esta primera parte relata las aventuras de Deijor, el intr\u00e9pido capit\u00e1n de El Navegante junto a su tripulaci\u00f3n en un mundo medieval, lleno de magia y misterio. Una historia de acci\u00f3n, romance y fantas\u00eda que te har\u00e1 so\u00f1ar y emocionarte.<\/p>\n<p>&nbsp;<\/p>\n","protected":false},"excerpt":{"rendered":"<p><strong>ISBN<\/strong>: 978-84-1144-997-7<\/p>\n<p><strong>SINOPSIS<\/strong><\/p>\n<p>Esta es una historia de fantas\u00eda \u00e9pica que cuenta la saga de doce razas que perdieron su conexi\u00f3n con las lunas que reg\u00edan sus destinos. Cada raza pertenec\u00eda a una Casa, y cada Casa ten\u00eda una luna asociada que proporcionaba las virtudes necesarias para su desarrollo, evoluci\u00f3n y supervivencia.<\/p>\n<p>Las lunas eran fuentes de luz y oscuridad, de poder y peligro. Su gran se\u00f1or les hab\u00eda otorgado un don precioso, pero algo ocurri\u00f3 que alter\u00f3 el equilibrio y \u00e9l los dej\u00f3 en una noche perpetua y sombr\u00eda.<\/p>\n<p>Desde entonces, las razas deambulan sin memoria ni sentido, sin saber qui\u00e9nes son, ni qu\u00e9 hacen en este mundo. Su desaf\u00edo es recuperar su identidad y su misi\u00f3n; recordar lo que una vez fueron y lo que a\u00fan pueden ser.<\/p>\n<p>Esta primera parte relata las aventuras de Deijor, el intr\u00e9pido capit\u00e1n de El Navegante junto a su tripulaci\u00f3n en un mundo medieval, lleno de magia y misterio. Una historia de acci\u00f3n, romance y fantas\u00eda que te har\u00e1 so\u00f1ar y emocionarte.<\/p>\n<p>&nbsp;<\/p>\n","protected":false},"featured_media":99029,"comment_status":"closed","ping_status":"closed","template":"","meta":{"_acf_changed":false},"libro":[],"product_brand":[],"product_cat":[26],"product_tag":[],"class_list":{"0":"post-99028","1":"product","2":"type-product","3":"status-publish","4":"has-post-thumbnail","6":"product_cat-sin-categoria","8":"first","9":"instock","10":"product-type-simple"},"acf":{"autor":[77420],"enlace_de_compra":"https:\/\/amzn.to\/3WJSj4v"},"yoast_head":"<!-- This site is optimized with the Yoast SEO plugin v26.6 - https:\/\/yoast.com\/wordpress\/plugins\/seo\/ -->\n<title>El Mundo de Uruk - Catalogo | Letrame Grupo Editorial<\/title>\n<meta name=\"robots\" content=\"index, follow, max-snippet:-1, max-image-preview:large, max-video-preview:-1\" \/>\n<link rel=\"canonical\" href=\"https:\/\/letrame.com\/catalogo\/producto\/el-mundo-de-uruk\/\" \/>\n<meta property=\"og:locale\" content=\"es_ES\" \/>\n<meta property=\"og:type\" content=\"article\" \/>\n<meta property=\"og:title\" content=\"El Mundo de Uruk - Catalogo | Letrame Grupo Editorial\" \/>\n<meta property=\"og:description\" content=\"ISBN: 978-84-1144-997-7  SINOPSIS  Esta es una historia de fantas\u00eda \u00e9pica que cuenta la saga de doce razas que perdieron su conexi\u00f3n con las lunas que reg\u00edan sus destinos. Cada raza pertenec\u00eda a una Casa, y cada Casa ten\u00eda una luna asociada que proporcionaba las virtudes necesarias para su desarrollo, evoluci\u00f3n y supervivencia.  Las lunas eran fuentes de luz y oscuridad, de poder y peligro. Su gran se\u00f1or les hab\u00eda otorgado un don precioso, pero algo ocurri\u00f3 que alter\u00f3 el equilibrio y \u00e9l los dej\u00f3 en una noche perpetua y sombr\u00eda.  Desde entonces, las razas deambulan sin memoria ni sentido, sin saber qui\u00e9nes son, ni qu\u00e9 hacen en este mundo. Su desaf\u00edo es recuperar su identidad y su misi\u00f3n; recordar lo que una vez fueron y lo que a\u00fan pueden ser.  Esta primera parte relata las aventuras de Deijor, el intr\u00e9pido capit\u00e1n de El Navegante junto a su tripulaci\u00f3n en un mundo medieval, lleno de magia y misterio. Una historia de acci\u00f3n, romance y fantas\u00eda que te har\u00e1 so\u00f1ar y emocionarte.  &nbsp;\" \/>\n<meta property=\"og:url\" content=\"https:\/\/letrame.com\/catalogo\/producto\/el-mundo-de-uruk\/\" \/>\n<meta property=\"og:site_name\" content=\"Catalogo | Letrame Grupo Editorial\" \/>\n<meta property=\"article:modified_time\" content=\"2024-07-31T13:50:17+00:00\" \/>\n<meta property=\"og:image\" content=\"https:\/\/letrame.com\/catalogo\/wp-content\/uploads\/2024\/04\/webportada_elmundodeuruk_1915mm-1-compressed-scaled-1.jpg\" \/>\n\t<meta property=\"og:image:width\" content=\"1746\" \/>\n\t<meta property=\"og:image:height\" content=\"2560\" \/>\n\t<meta property=\"og:image:type\" content=\"image\/jpeg\" \/>\n<meta name=\"twitter:card\" content=\"summary_large_image\" \/>\n<meta name=\"twitter:label1\" content=\"Tiempo de lectura\" \/>\n\t<meta name=\"twitter:data1\" content=\"2 minutos\" \/>\n<script type=\"application\/ld+json\" class=\"yoast-schema-graph\">{\"@context\":\"https:\/\/schema.org\",\"@graph\":[{\"@type\":\"WebPage\",\"@id\":\"https:\/\/letrame.com\/catalogo\/producto\/el-mundo-de-uruk\/\",\"url\":\"https:\/\/letrame.com\/catalogo\/producto\/el-mundo-de-uruk\/\",\"name\":\"El Mundo de Uruk - Catalogo | Letrame Grupo Editorial\",\"isPartOf\":{\"@id\":\"https:\/\/letrame.com\/catalogo\/#website\"},\"primaryImageOfPage\":{\"@id\":\"https:\/\/letrame.com\/catalogo\/producto\/el-mundo-de-uruk\/#primaryimage\"},\"image\":{\"@id\":\"https:\/\/letrame.com\/catalogo\/producto\/el-mundo-de-uruk\/#primaryimage\"},\"thumbnailUrl\":\"https:\/\/letrame.com\/catalogo\/wp-content\/uploads\/2024\/04\/webportada_elmundodeuruk_1915mm-1-compressed-scaled-1.jpg\",\"datePublished\":\"2024-04-29T13:38:09+00:00\",\"dateModified\":\"2024-07-31T13:50:17+00:00\",\"breadcrumb\":{\"@id\":\"https:\/\/letrame.com\/catalogo\/producto\/el-mundo-de-uruk\/#breadcrumb\"},\"inLanguage\":\"es\",\"potentialAction\":[{\"@type\":\"ReadAction\",\"target\":[\"https:\/\/letrame.com\/catalogo\/producto\/el-mundo-de-uruk\/\"]}]},{\"@type\":\"ImageObject\",\"inLanguage\":\"es\",\"@id\":\"https:\/\/letrame.com\/catalogo\/producto\/el-mundo-de-uruk\/#primaryimage\",\"url\":\"https:\/\/letrame.com\/catalogo\/wp-content\/uploads\/2024\/04\/webportada_elmundodeuruk_1915mm-1-compressed-scaled-1.jpg\",\"contentUrl\":\"https:\/\/letrame.com\/catalogo\/wp-content\/uploads\/2024\/04\/webportada_elmundodeuruk_1915mm-1-compressed-scaled-1.jpg\",\"width\":1746,\"height\":2560},{\"@type\":\"BreadcrumbList\",\"@id\":\"https:\/\/letrame.com\/catalogo\/producto\/el-mundo-de-uruk\/#breadcrumb\",\"itemListElement\":[{\"@type\":\"ListItem\",\"position\":1,\"name\":\"Portada\",\"item\":\"https:\/\/letrame.com\/catalogo\/\"},{\"@type\":\"ListItem\",\"position\":2,\"name\":\"Cat\u00e1logo\",\"item\":\"https:\/\/letrame.com\/catalogo\/\"},{\"@type\":\"ListItem\",\"position\":3,\"name\":\"El Mundo de Uruk\"}]},{\"@type\":\"WebSite\",\"@id\":\"https:\/\/letrame.com\/catalogo\/#website\",\"url\":\"https:\/\/letrame.com\/catalogo\/\",\"name\":\"Catalogo | Letrame Grupo Editorial\",\"description\":\"\",\"publisher\":{\"@id\":\"https:\/\/letrame.com\/catalogo\/#organization\"},\"potentialAction\":[{\"@type\":\"SearchAction\",\"target\":{\"@type\":\"EntryPoint\",\"urlTemplate\":\"https:\/\/letrame.com\/catalogo\/?s={search_term_string}\"},\"query-input\":{\"@type\":\"PropertyValueSpecification\",\"valueRequired\":true,\"valueName\":\"search_term_string\"}}],\"inLanguage\":\"es\"},{\"@type\":\"Organization\",\"@id\":\"https:\/\/letrame.com\/catalogo\/#organization\",\"name\":\"Catalogo | Letrame Grupo Editorial\",\"url\":\"https:\/\/letrame.com\/catalogo\/\",\"logo\":{\"@type\":\"ImageObject\",\"inLanguage\":\"es\",\"@id\":\"https:\/\/letrame.com\/catalogo\/#\/schema\/logo\/image\/\",\"url\":\"https:\/\/letrame.com\/catalogo\/wp-content\/uploads\/2024\/03\/logo2.webp\",\"contentUrl\":\"https:\/\/letrame.com\/catalogo\/wp-content\/uploads\/2024\/03\/logo2.webp\",\"width\":394,\"height\":128,\"caption\":\"Catalogo | Letrame Grupo Editorial\"},\"image\":{\"@id\":\"https:\/\/letrame.com\/catalogo\/#\/schema\/logo\/image\/\"}}]}<\/script>\n<!-- \/ Yoast SEO plugin. -->","yoast_head_json":{"title":"El Mundo de Uruk - Catalogo | Letrame Grupo Editorial","robots":{"index":"index","follow":"follow","max-snippet":"max-snippet:-1","max-image-preview":"max-image-preview:large","max-video-preview":"max-video-preview:-1"},"canonical":"https:\/\/letrame.com\/catalogo\/producto\/el-mundo-de-uruk\/","og_locale":"es_ES","og_type":"article","og_title":"El Mundo de Uruk - Catalogo | Letrame Grupo Editorial","og_description":"ISBN: 978-84-1144-997-7  SINOPSIS  Esta es una historia de fantas\u00eda \u00e9pica que cuenta la saga de doce razas que perdieron su conexi\u00f3n con las lunas que reg\u00edan sus destinos. Cada raza pertenec\u00eda a una Casa, y cada Casa ten\u00eda una luna asociada que proporcionaba las virtudes necesarias para su desarrollo, evoluci\u00f3n y supervivencia.  Las lunas eran fuentes de luz y oscuridad, de poder y peligro. Su gran se\u00f1or les hab\u00eda otorgado un don precioso, pero algo ocurri\u00f3 que alter\u00f3 el equilibrio y \u00e9l los dej\u00f3 en una noche perpetua y sombr\u00eda.  Desde entonces, las razas deambulan sin memoria ni sentido, sin saber qui\u00e9nes son, ni qu\u00e9 hacen en este mundo. Su desaf\u00edo es recuperar su identidad y su misi\u00f3n; recordar lo que una vez fueron y lo que a\u00fan pueden ser.  Esta primera parte relata las aventuras de Deijor, el intr\u00e9pido capit\u00e1n de El Navegante junto a su tripulaci\u00f3n en un mundo medieval, lleno de magia y misterio. Una historia de acci\u00f3n, romance y fantas\u00eda que te har\u00e1 so\u00f1ar y emocionarte.  &nbsp;","og_url":"https:\/\/letrame.com\/catalogo\/producto\/el-mundo-de-uruk\/","og_site_name":"Catalogo | Letrame Grupo Editorial","article_modified_time":"2024-07-31T13:50:17+00:00","og_image":[{"width":1746,"height":2560,"url":"https:\/\/letrame.com\/catalogo\/wp-content\/uploads\/2024\/04\/webportada_elmundodeuruk_1915mm-1-compressed-scaled-1.jpg","type":"image\/jpeg"}],"twitter_card":"summary_large_image","twitter_misc":{"Tiempo de lectura":"2 minutos"},"schema":{"@context":"https:\/\/schema.org","@graph":[{"@type":"WebPage","@id":"https:\/\/letrame.com\/catalogo\/producto\/el-mundo-de-uruk\/","url":"https:\/\/letrame.com\/catalogo\/producto\/el-mundo-de-uruk\/","name":"El Mundo de Uruk - Catalogo | Letrame Grupo Editorial","isPartOf":{"@id":"https:\/\/letrame.com\/catalogo\/#website"},"primaryImageOfPage":{"@id":"https:\/\/letrame.com\/catalogo\/producto\/el-mundo-de-uruk\/#primaryimage"},"image":{"@id":"https:\/\/letrame.com\/catalogo\/producto\/el-mundo-de-uruk\/#primaryimage"},"thumbnailUrl":"https:\/\/letrame.com\/catalogo\/wp-content\/uploads\/2024\/04\/webportada_elmundodeuruk_1915mm-1-compressed-scaled-1.jpg","datePublished":"2024-04-29T13:38:09+00:00","dateModified":"2024-07-31T13:50:17+00:00","breadcrumb":{"@id":"https:\/\/letrame.com\/catalogo\/producto\/el-mundo-de-uruk\/#breadcrumb"},"inLanguage":"es","potentialAction":[{"@type":"ReadAction","target":["https:\/\/letrame.com\/catalogo\/producto\/el-mundo-de-uruk\/"]}]},{"@type":"ImageObject","inLanguage":"es","@id":"https:\/\/letrame.com\/catalogo\/producto\/el-mundo-de-uruk\/#primaryimage","url":"https:\/\/letrame.com\/catalogo\/wp-content\/uploads\/2024\/04\/webportada_elmundodeuruk_1915mm-1-compressed-scaled-1.jpg","contentUrl":"https:\/\/letrame.com\/catalogo\/wp-content\/uploads\/2024\/04\/webportada_elmundodeuruk_1915mm-1-compressed-scaled-1.jpg","width":1746,"height":2560},{"@type":"BreadcrumbList","@id":"https:\/\/letrame.com\/catalogo\/producto\/el-mundo-de-uruk\/#breadcrumb","itemListElement":[{"@type":"ListItem","position":1,"name":"Portada","item":"https:\/\/letrame.com\/catalogo\/"},{"@type":"ListItem","position":2,"name":"Cat\u00e1logo","item":"https:\/\/letrame.com\/catalogo\/"},{"@type":"ListItem","position":3,"name":"El Mundo de Uruk"}]},{"@type":"WebSite","@id":"https:\/\/letrame.com\/catalogo\/#website","url":"https:\/\/letrame.com\/catalogo\/","name":"Catalogo | Letrame Grupo Editorial","description":"","publisher":{"@id":"https:\/\/letrame.com\/catalogo\/#organization"},"potentialAction":[{"@type":"SearchAction","target":{"@type":"EntryPoint","urlTemplate":"https:\/\/letrame.com\/catalogo\/?s={search_term_string}"},"query-input":{"@type":"PropertyValueSpecification","valueRequired":true,"valueName":"search_term_string"}}],"inLanguage":"es"},{"@type":"Organization","@id":"https:\/\/letrame.com\/catalogo\/#organization","name":"Catalogo | Letrame Grupo Editorial","url":"https:\/\/letrame.com\/catalogo\/","logo":{"@type":"ImageObject","inLanguage":"es","@id":"https:\/\/letrame.com\/catalogo\/#\/schema\/logo\/image\/","url":"https:\/\/letrame.com\/catalogo\/wp-content\/uploads\/2024\/03\/logo2.webp","contentUrl":"https:\/\/letrame.com\/catalogo\/wp-content\/uploads\/2024\/03\/logo2.webp","width":394,"height":128,"caption":"Catalogo | Letrame Grupo Editorial"},"image":{"@id":"https:\/\/letrame.com\/catalogo\/#\/schema\/logo\/image\/"}}]}},"_links":{"self":[{"href":"https:\/\/letrame.com\/catalogo\/wp-json\/wp\/v2\/product\/99028","targetHints":{"allow":["GET"]}}],"collection":[{"href":"https:\/\/letrame.com\/catalogo\/wp-json\/wp\/v2\/product"}],"about":[{"href":"https:\/\/letrame.com\/catalogo\/wp-json\/wp\/v2\/types\/product"}],"replies":[{"embeddable":true,"href":"https:\/\/letrame.com\/catalogo\/wp-json\/wp\/v2\/comments?post=99028"}],"acf:post":[{"embeddable":true,"href":"https:\/\/letrame.com\/catalogo\/wp-json\/wp\/v2\/author_book\/77420"}],"wp:featuredmedia":[{"embeddable":true,"href":"https:\/\/letrame.com\/catalogo\/wp-json\/wp\/v2\/media\/99029"}],"wp:attachment":[{"href":"https:\/\/letrame.com\/catalogo\/wp-json\/wp\/v2\/media?parent=99028"}],"wp:term":[{"taxonomy":"libro","embeddable":true,"href":"https:\/\/letrame.com\/catalogo\/wp-json\/wp\/v2\/libro?post=99028"},{"taxonomy":"product_brand","embeddable":true,"href":"https:\/\/letrame.com\/catalogo\/wp-json\/wp\/v2\/product_brand?post=99028"},{"taxonomy":"product_cat","embeddable":true,"href":"https:\/\/letrame.com\/catalogo\/wp-json\/wp\/v2\/product_cat?post=99028"},{"taxonomy":"product_tag","embeddable":true,"href":"https:\/\/letrame.com\/catalogo\/wp-json\/wp\/v2\/product_tag?post=99028"}],"curies":[{"name":"wp","href":"https:\/\/api.w.org\/{rel}","templated":true}]}}