{"id":99013,"date":"2024-04-29T15:36:34","date_gmt":"2024-04-29T13:36:34","guid":{"rendered":"https:\/\/letrame.com\/catalogo\/producto\/pase-arte-con-arte-y-salud-por-las-calles-de-madrid\/"},"modified":"2024-07-22T09:19:00","modified_gmt":"2024-07-22T07:19:00","slug":"pase-arte-con-arte-y-salud-por-las-calles-de-madrid","status":"publish","type":"product","link":"https:\/\/letrame.com\/catalogo\/producto\/pase-arte-con-arte-y-salud-por-las-calles-de-madrid\/","title":{"rendered":"Pase-Arte con arte y salud por las calles de Madrid"},"content":{"rendered":"<p><strong>ISBN<\/strong>: 978-84-1144-693-8<\/p>\n<p><strong>T\u00edtulo<\/strong>: <span data-sheets-value=\"{&quot;1&quot;:2,&quot;2&quot;:&quot;Pase-Arte con arte y salud por las calles de madrid&quot;}\" data-sheets-userformat=\"{&quot;2&quot;:515,&quot;3&quot;:{&quot;1&quot;:0},&quot;4&quot;:{&quot;1&quot;:2,&quot;2&quot;:14281427},&quot;12&quot;:0}\">Pase-Arte con arte y salud por las calles de Madrid<\/span><br \/>\n<strong>Fecha<\/strong>: 2023<br \/>\n<strong>P\u00e1ginas<\/strong>: 192<\/p>\n<p><strong>SINOPSIS<\/strong><\/p>\n<p>A muchas personas su m\u00e9dico les prescribe la actividad f\u00edsica diaria como complemento de su tratamiento result\u00e1ndole mon\u00f3tona y aburrida por lo repetido del recorrido. Hartos de dar vueltas al mismo circuito, por el archiconocido parque del barrio terminan por abandonarlo y volver al sedentarismo.<\/p>\n<p>En esta gu\u00eda se proponen nueve circuitos variados, amenos y diferentes por las estatuas de \u00a0las calles de Madrid \u00a0en los que se a\u00fana la actividad f\u00edsica moderada, al alcance de todas las personas, con el disfrute de las obras de\u00a0 arte vistas por el paseante innumerables veces pero que las desconoce o las ignora y por lo tanto no disfruta.<\/p>\n<p>En cada uno de ellos, en un mapa, se representa la localizaci\u00f3n de\u00a0 cada una de las obras comentadas. Circuitos de reyes a caballo, de poetas, de dioses, de escritores, de h\u00e9roes y de imponentes estatuas que nos miran desde las azoteas de Madrid. En cada circuito se calcula la distancia recorrida, las calor\u00edas consumidas y los gramos de CO2 ahorrados a la atm\u00f3sfera por hacerlo sin utilizar el coche. En cada estatua se hace un comentario art\u00edstico \u00edntimo, anecd\u00f3tico \u00a0y biogr\u00e1fico del personaje y del\u00a0 autor. Y seg\u00fan la pose, gesto y la intrahistoria del representado, \u00e9ste\u00a0 ofrece un particular consejo de salud o un reto saludable para al caminante. Si el recorrido se hace en familia, seg\u00fan la tem\u00e1tica de la obra o \u00e9poca hist\u00f3rica del personaje, se ofrecen indicaciones para relacionarlo con temas del curriculum escolar y que el colegial generalice, entienda, y disfrute\u00a0 con lo aprendido en el aula, que los padres\u00a0 den con \u00e9l,\u00a0 re-pasos de arte. Y para todos se da referencias bibliogr\u00e1ficas\u201d para saber m\u00e1s en casa\u201d sobre cada estatua.<\/p>\n<p>Este libro nos brinda la oportunidad de disfrutar de un \u201cmadrile\u00f1ear \u201c saludable, de un museo gratuito, abierto las venticuatro horas del d\u00eda ,todo el a\u00f1o, \u00a0al aire libre y sobre todo integrarnos en nuestro entorno, conocer nuestra cultura, nuestros h\u00e9roes, nuestra historia\u00a0 y \u201ccircuitarnos\u201d de felicidad y arte.<\/p>\n<p>\u00a1Y dejar de andar por la calle como zombis cabizbajos, acelerados\u00a0 y sordos a los mensajes de tanto arte!<\/p>\n<p>\u00a1Abre la primera p\u00e1gina y empieza a pase-arte conmigo!<\/p>\n<p>&nbsp;<\/p>\n<p>Dr. Dar\u00edo Fern\u00e1ndez Delgado.<\/p>\n<p>&nbsp;<\/p>\n","protected":false},"excerpt":{"rendered":"<p><strong>ISBN<\/strong>: 978-84-1144-693-8<\/p>\n<p><strong>SINOPSIS<\/strong><\/p>\n<p>A muchas personas su m\u00e9dico les prescribe la actividad f\u00edsica diaria como complemento de su tratamiento result\u00e1ndole mon\u00f3tona y aburrida por lo repetido del recorrido. Hartos de dar vueltas al mismo circuito, por el archiconocido parque del barrio terminan por abandonarlo y volver al sedentarismo.<\/p>\n<p>En esta gu\u00eda se proponen nueve circuitos variados, amenos y diferentes por las estatuas de \u00a0las calles de Madrid \u00a0en los que se a\u00fana la actividad f\u00edsica moderada, al alcance de todas las personas, con el disfrute de las obras de\u00a0 arte vistas por el paseante innumerables veces pero que las desconoce o las ignora y por lo tanto no disfruta.<\/p>\n<p>En cada uno de ellos, en un mapa, se representa la localizaci\u00f3n de\u00a0 cada una de las obras comentadas. Circuitos de reyes a caballo, de poetas, de dioses, de escritores, de h\u00e9roes y de imponentes estatuas que nos miran desde las azoteas de Madrid. En cada circuito se calcula la distancia recorrida, las calor\u00edas consumidas y los gramos de CO2 ahorrados a la atm\u00f3sfera por hacerlo sin utilizar el coche. En cada estatua se hace un comentario art\u00edstico \u00edntimo, anecd\u00f3tico \u00a0y biogr\u00e1fico del personaje y del\u00a0 autor. Y seg\u00fan la pose, gesto y la intrahistoria del representado, \u00e9ste\u00a0 ofrece un particular consejo de salud o un reto saludable para al caminante. Si el recorrido se hace en familia, seg\u00fan la tem\u00e1tica de la obra o \u00e9poca hist\u00f3rica del personaje, se ofrecen indicaciones para relacionarlo con temas del curriculum escolar y que el colegial generalice, entienda, y disfrute\u00a0 con lo aprendido en el aula, que los padres\u00a0 den con \u00e9l,\u00a0 re-pasos de arte. Y para todos se da referencias bibliogr\u00e1ficas\u201d para saber m\u00e1s en casa\u201d sobre cada estatua.<\/p>\n<p>Este libro nos brinda la oportunidad de disfrutar de un \u201cmadrile\u00f1ear \u201c saludable, de un museo gratuito, abierto las venticuatro horas del d\u00eda ,todo el a\u00f1o, \u00a0al aire libre y sobre todo integrarnos en nuestro entorno, conocer nuestra cultura, nuestros h\u00e9roes, nuestra historia\u00a0 y \u201ccircuitarnos\u201d de felicidad y arte.<\/p>\n<p>\u00a1Y dejar de andar por la calle como zombis cabizbajos, acelerados\u00a0 y sordos a los mensajes de tanto arte!<\/p>\n<p>\u00a1Abre la primera p\u00e1gina y empieza a pase-arte conmigo!<\/p>\n<p>&nbsp;<\/p>\n<p>Dr. Dar\u00edo Fern\u00e1ndez Delgado.<\/p>\n","protected":false},"featured_media":99014,"comment_status":"closed","ping_status":"closed","template":"","meta":{"_acf_changed":false},"libro":[],"product_brand":[],"product_cat":[16],"product_tag":[],"class_list":{"0":"post-99013","1":"product","2":"type-product","3":"status-publish","4":"has-post-thumbnail","6":"product_cat-novela","8":"first","9":"instock","10":"product-type-simple"},"acf":{"autor":[74528],"enlace_de_compra":"https:\/\/amzn.to\/4cMUolZ"},"yoast_head":"<!-- This site is optimized with the Yoast SEO plugin v26.6 - https:\/\/yoast.com\/wordpress\/plugins\/seo\/ -->\n<title>Pase-Arte con arte y salud por las calles de Madrid - Catalogo | Letrame Grupo Editorial<\/title>\n<meta name=\"robots\" content=\"index, follow, max-snippet:-1, max-image-preview:large, max-video-preview:-1\" \/>\n<link rel=\"canonical\" href=\"https:\/\/letrame.com\/catalogo\/producto\/pase-arte-con-arte-y-salud-por-las-calles-de-madrid\/\" \/>\n<meta property=\"og:locale\" content=\"es_ES\" \/>\n<meta property=\"og:type\" content=\"article\" \/>\n<meta property=\"og:title\" content=\"Pase-Arte con arte y salud por las calles de Madrid - Catalogo | Letrame Grupo Editorial\" \/>\n<meta property=\"og:description\" content=\"ISBN: 978-84-1144-693-8  SINOPSIS  A muchas personas su m\u00e9dico les prescribe la actividad f\u00edsica diaria como complemento de su tratamiento result\u00e1ndole mon\u00f3tona y aburrida por lo repetido del recorrido. Hartos de dar vueltas al mismo circuito, por el archiconocido parque del barrio terminan por abandonarlo y volver al sedentarismo.  En esta gu\u00eda se proponen nueve circuitos variados, amenos y diferentes por las estatuas de \u00a0las calles de Madrid \u00a0en los que se a\u00fana la actividad f\u00edsica moderada, al alcance de todas las personas, con el disfrute de las obras de\u00a0 arte vistas por el paseante innumerables veces pero que las desconoce o las ignora y por lo tanto no disfruta.  En cada uno de ellos, en un mapa, se representa la localizaci\u00f3n de\u00a0 cada una de las obras comentadas. Circuitos de reyes a caballo, de poetas, de dioses, de escritores, de h\u00e9roes y de imponentes estatuas que nos miran desde las azoteas de Madrid. En cada circuito se calcula la distancia recorrida, las calor\u00edas consumidas y los gramos de CO2 ahorrados a la atm\u00f3sfera por hacerlo sin utilizar el coche. En cada estatua se hace un comentario art\u00edstico \u00edntimo, anecd\u00f3tico \u00a0y biogr\u00e1fico del personaje y del\u00a0 autor. Y seg\u00fan la pose, gesto y la intrahistoria del representado, \u00e9ste\u00a0 ofrece un particular consejo de salud o un reto saludable para al caminante. Si el recorrido se hace en familia, seg\u00fan la tem\u00e1tica de la obra o \u00e9poca hist\u00f3rica del personaje, se ofrecen indicaciones para relacionarlo con temas del curriculum escolar y que el colegial generalice, entienda, y disfrute\u00a0 con lo aprendido en el aula, que los padres\u00a0 den con \u00e9l,\u00a0 re-pasos de arte. Y para todos se da referencias bibliogr\u00e1ficas\u201d para saber m\u00e1s en casa\u201d sobre cada estatua.  Este libro nos brinda la oportunidad de disfrutar de un \u201cmadrile\u00f1ear \u201c saludable, de un museo gratuito, abierto las venticuatro horas del d\u00eda ,todo el a\u00f1o, \u00a0al aire libre y sobre todo integrarnos en nuestro entorno, conocer nuestra cultura, nuestros h\u00e9roes, nuestra historia\u00a0 y \u201ccircuitarnos\u201d de felicidad y arte.  \u00a1Y dejar de andar por la calle como zombis cabizbajos, acelerados\u00a0 y sordos a los mensajes de tanto arte!  \u00a1Abre la primera p\u00e1gina y empieza a pase-arte conmigo!  &nbsp;  Dr. Dar\u00edo Fern\u00e1ndez Delgado.\" \/>\n<meta property=\"og:url\" content=\"https:\/\/letrame.com\/catalogo\/producto\/pase-arte-con-arte-y-salud-por-las-calles-de-madrid\/\" \/>\n<meta property=\"og:site_name\" content=\"Catalogo | Letrame Grupo Editorial\" \/>\n<meta property=\"article:modified_time\" content=\"2024-07-22T07:19:00+00:00\" \/>\n<meta property=\"og:image\" content=\"https:\/\/letrame.com\/catalogo\/wp-content\/uploads\/2024\/04\/web_portadapasearteconarte_849mm-compressed.jpg\" \/>\n\t<meta property=\"og:image:width\" content=\"601\" \/>\n\t<meta property=\"og:image:height\" content=\"849\" \/>\n\t<meta property=\"og:image:type\" content=\"image\/jpeg\" \/>\n<meta name=\"twitter:card\" content=\"summary_large_image\" \/>\n<meta name=\"twitter:label1\" content=\"Tiempo de lectura\" \/>\n\t<meta name=\"twitter:data1\" content=\"2 minutos\" \/>\n<script type=\"application\/ld+json\" class=\"yoast-schema-graph\">{\"@context\":\"https:\/\/schema.org\",\"@graph\":[{\"@type\":\"WebPage\",\"@id\":\"https:\/\/letrame.com\/catalogo\/producto\/pase-arte-con-arte-y-salud-por-las-calles-de-madrid\/\",\"url\":\"https:\/\/letrame.com\/catalogo\/producto\/pase-arte-con-arte-y-salud-por-las-calles-de-madrid\/\",\"name\":\"Pase-Arte con arte y salud por las calles de Madrid - Catalogo | Letrame Grupo Editorial\",\"isPartOf\":{\"@id\":\"https:\/\/letrame.com\/catalogo\/#website\"},\"primaryImageOfPage\":{\"@id\":\"https:\/\/letrame.com\/catalogo\/producto\/pase-arte-con-arte-y-salud-por-las-calles-de-madrid\/#primaryimage\"},\"image\":{\"@id\":\"https:\/\/letrame.com\/catalogo\/producto\/pase-arte-con-arte-y-salud-por-las-calles-de-madrid\/#primaryimage\"},\"thumbnailUrl\":\"https:\/\/letrame.com\/catalogo\/wp-content\/uploads\/2024\/04\/web_portadapasearteconarte_849mm-compressed.jpg\",\"datePublished\":\"2024-04-29T13:36:34+00:00\",\"dateModified\":\"2024-07-22T07:19:00+00:00\",\"breadcrumb\":{\"@id\":\"https:\/\/letrame.com\/catalogo\/producto\/pase-arte-con-arte-y-salud-por-las-calles-de-madrid\/#breadcrumb\"},\"inLanguage\":\"es\",\"potentialAction\":[{\"@type\":\"ReadAction\",\"target\":[\"https:\/\/letrame.com\/catalogo\/producto\/pase-arte-con-arte-y-salud-por-las-calles-de-madrid\/\"]}]},{\"@type\":\"ImageObject\",\"inLanguage\":\"es\",\"@id\":\"https:\/\/letrame.com\/catalogo\/producto\/pase-arte-con-arte-y-salud-por-las-calles-de-madrid\/#primaryimage\",\"url\":\"https:\/\/letrame.com\/catalogo\/wp-content\/uploads\/2024\/04\/web_portadapasearteconarte_849mm-compressed.jpg\",\"contentUrl\":\"https:\/\/letrame.com\/catalogo\/wp-content\/uploads\/2024\/04\/web_portadapasearteconarte_849mm-compressed.jpg\",\"width\":601,\"height\":849},{\"@type\":\"BreadcrumbList\",\"@id\":\"https:\/\/letrame.com\/catalogo\/producto\/pase-arte-con-arte-y-salud-por-las-calles-de-madrid\/#breadcrumb\",\"itemListElement\":[{\"@type\":\"ListItem\",\"position\":1,\"name\":\"Portada\",\"item\":\"https:\/\/letrame.com\/catalogo\/\"},{\"@type\":\"ListItem\",\"position\":2,\"name\":\"Cat\u00e1logo\",\"item\":\"https:\/\/letrame.com\/catalogo\/\"},{\"@type\":\"ListItem\",\"position\":3,\"name\":\"Pase-Arte con arte y salud por las calles de Madrid\"}]},{\"@type\":\"WebSite\",\"@id\":\"https:\/\/letrame.com\/catalogo\/#website\",\"url\":\"https:\/\/letrame.com\/catalogo\/\",\"name\":\"Catalogo | Letrame Grupo Editorial\",\"description\":\"\",\"publisher\":{\"@id\":\"https:\/\/letrame.com\/catalogo\/#organization\"},\"potentialAction\":[{\"@type\":\"SearchAction\",\"target\":{\"@type\":\"EntryPoint\",\"urlTemplate\":\"https:\/\/letrame.com\/catalogo\/?s={search_term_string}\"},\"query-input\":{\"@type\":\"PropertyValueSpecification\",\"valueRequired\":true,\"valueName\":\"search_term_string\"}}],\"inLanguage\":\"es\"},{\"@type\":\"Organization\",\"@id\":\"https:\/\/letrame.com\/catalogo\/#organization\",\"name\":\"Catalogo | Letrame Grupo Editorial\",\"url\":\"https:\/\/letrame.com\/catalogo\/\",\"logo\":{\"@type\":\"ImageObject\",\"inLanguage\":\"es\",\"@id\":\"https:\/\/letrame.com\/catalogo\/#\/schema\/logo\/image\/\",\"url\":\"https:\/\/letrame.com\/catalogo\/wp-content\/uploads\/2024\/03\/logo2.webp\",\"contentUrl\":\"https:\/\/letrame.com\/catalogo\/wp-content\/uploads\/2024\/03\/logo2.webp\",\"width\":394,\"height\":128,\"caption\":\"Catalogo | Letrame Grupo Editorial\"},\"image\":{\"@id\":\"https:\/\/letrame.com\/catalogo\/#\/schema\/logo\/image\/\"}}]}<\/script>\n<!-- \/ Yoast SEO plugin. -->","yoast_head_json":{"title":"Pase-Arte con arte y salud por las calles de Madrid - Catalogo | Letrame Grupo Editorial","robots":{"index":"index","follow":"follow","max-snippet":"max-snippet:-1","max-image-preview":"max-image-preview:large","max-video-preview":"max-video-preview:-1"},"canonical":"https:\/\/letrame.com\/catalogo\/producto\/pase-arte-con-arte-y-salud-por-las-calles-de-madrid\/","og_locale":"es_ES","og_type":"article","og_title":"Pase-Arte con arte y salud por las calles de Madrid - Catalogo | Letrame Grupo Editorial","og_description":"ISBN: 978-84-1144-693-8  SINOPSIS  A muchas personas su m\u00e9dico les prescribe la actividad f\u00edsica diaria como complemento de su tratamiento result\u00e1ndole mon\u00f3tona y aburrida por lo repetido del recorrido. Hartos de dar vueltas al mismo circuito, por el archiconocido parque del barrio terminan por abandonarlo y volver al sedentarismo.  En esta gu\u00eda se proponen nueve circuitos variados, amenos y diferentes por las estatuas de \u00a0las calles de Madrid \u00a0en los que se a\u00fana la actividad f\u00edsica moderada, al alcance de todas las personas, con el disfrute de las obras de\u00a0 arte vistas por el paseante innumerables veces pero que las desconoce o las ignora y por lo tanto no disfruta.  En cada uno de ellos, en un mapa, se representa la localizaci\u00f3n de\u00a0 cada una de las obras comentadas. Circuitos de reyes a caballo, de poetas, de dioses, de escritores, de h\u00e9roes y de imponentes estatuas que nos miran desde las azoteas de Madrid. En cada circuito se calcula la distancia recorrida, las calor\u00edas consumidas y los gramos de CO2 ahorrados a la atm\u00f3sfera por hacerlo sin utilizar el coche. En cada estatua se hace un comentario art\u00edstico \u00edntimo, anecd\u00f3tico \u00a0y biogr\u00e1fico del personaje y del\u00a0 autor. Y seg\u00fan la pose, gesto y la intrahistoria del representado, \u00e9ste\u00a0 ofrece un particular consejo de salud o un reto saludable para al caminante. Si el recorrido se hace en familia, seg\u00fan la tem\u00e1tica de la obra o \u00e9poca hist\u00f3rica del personaje, se ofrecen indicaciones para relacionarlo con temas del curriculum escolar y que el colegial generalice, entienda, y disfrute\u00a0 con lo aprendido en el aula, que los padres\u00a0 den con \u00e9l,\u00a0 re-pasos de arte. Y para todos se da referencias bibliogr\u00e1ficas\u201d para saber m\u00e1s en casa\u201d sobre cada estatua.  Este libro nos brinda la oportunidad de disfrutar de un \u201cmadrile\u00f1ear \u201c saludable, de un museo gratuito, abierto las venticuatro horas del d\u00eda ,todo el a\u00f1o, \u00a0al aire libre y sobre todo integrarnos en nuestro entorno, conocer nuestra cultura, nuestros h\u00e9roes, nuestra historia\u00a0 y \u201ccircuitarnos\u201d de felicidad y arte.  \u00a1Y dejar de andar por la calle como zombis cabizbajos, acelerados\u00a0 y sordos a los mensajes de tanto arte!  \u00a1Abre la primera p\u00e1gina y empieza a pase-arte conmigo!  &nbsp;  Dr. Dar\u00edo Fern\u00e1ndez Delgado.","og_url":"https:\/\/letrame.com\/catalogo\/producto\/pase-arte-con-arte-y-salud-por-las-calles-de-madrid\/","og_site_name":"Catalogo | Letrame Grupo Editorial","article_modified_time":"2024-07-22T07:19:00+00:00","og_image":[{"width":601,"height":849,"url":"https:\/\/letrame.com\/catalogo\/wp-content\/uploads\/2024\/04\/web_portadapasearteconarte_849mm-compressed.jpg","type":"image\/jpeg"}],"twitter_card":"summary_large_image","twitter_misc":{"Tiempo de lectura":"2 minutos"},"schema":{"@context":"https:\/\/schema.org","@graph":[{"@type":"WebPage","@id":"https:\/\/letrame.com\/catalogo\/producto\/pase-arte-con-arte-y-salud-por-las-calles-de-madrid\/","url":"https:\/\/letrame.com\/catalogo\/producto\/pase-arte-con-arte-y-salud-por-las-calles-de-madrid\/","name":"Pase-Arte con arte y salud por las calles de Madrid - Catalogo | Letrame Grupo Editorial","isPartOf":{"@id":"https:\/\/letrame.com\/catalogo\/#website"},"primaryImageOfPage":{"@id":"https:\/\/letrame.com\/catalogo\/producto\/pase-arte-con-arte-y-salud-por-las-calles-de-madrid\/#primaryimage"},"image":{"@id":"https:\/\/letrame.com\/catalogo\/producto\/pase-arte-con-arte-y-salud-por-las-calles-de-madrid\/#primaryimage"},"thumbnailUrl":"https:\/\/letrame.com\/catalogo\/wp-content\/uploads\/2024\/04\/web_portadapasearteconarte_849mm-compressed.jpg","datePublished":"2024-04-29T13:36:34+00:00","dateModified":"2024-07-22T07:19:00+00:00","breadcrumb":{"@id":"https:\/\/letrame.com\/catalogo\/producto\/pase-arte-con-arte-y-salud-por-las-calles-de-madrid\/#breadcrumb"},"inLanguage":"es","potentialAction":[{"@type":"ReadAction","target":["https:\/\/letrame.com\/catalogo\/producto\/pase-arte-con-arte-y-salud-por-las-calles-de-madrid\/"]}]},{"@type":"ImageObject","inLanguage":"es","@id":"https:\/\/letrame.com\/catalogo\/producto\/pase-arte-con-arte-y-salud-por-las-calles-de-madrid\/#primaryimage","url":"https:\/\/letrame.com\/catalogo\/wp-content\/uploads\/2024\/04\/web_portadapasearteconarte_849mm-compressed.jpg","contentUrl":"https:\/\/letrame.com\/catalogo\/wp-content\/uploads\/2024\/04\/web_portadapasearteconarte_849mm-compressed.jpg","width":601,"height":849},{"@type":"BreadcrumbList","@id":"https:\/\/letrame.com\/catalogo\/producto\/pase-arte-con-arte-y-salud-por-las-calles-de-madrid\/#breadcrumb","itemListElement":[{"@type":"ListItem","position":1,"name":"Portada","item":"https:\/\/letrame.com\/catalogo\/"},{"@type":"ListItem","position":2,"name":"Cat\u00e1logo","item":"https:\/\/letrame.com\/catalogo\/"},{"@type":"ListItem","position":3,"name":"Pase-Arte con arte y salud por las calles de Madrid"}]},{"@type":"WebSite","@id":"https:\/\/letrame.com\/catalogo\/#website","url":"https:\/\/letrame.com\/catalogo\/","name":"Catalogo | Letrame Grupo Editorial","description":"","publisher":{"@id":"https:\/\/letrame.com\/catalogo\/#organization"},"potentialAction":[{"@type":"SearchAction","target":{"@type":"EntryPoint","urlTemplate":"https:\/\/letrame.com\/catalogo\/?s={search_term_string}"},"query-input":{"@type":"PropertyValueSpecification","valueRequired":true,"valueName":"search_term_string"}}],"inLanguage":"es"},{"@type":"Organization","@id":"https:\/\/letrame.com\/catalogo\/#organization","name":"Catalogo | Letrame Grupo Editorial","url":"https:\/\/letrame.com\/catalogo\/","logo":{"@type":"ImageObject","inLanguage":"es","@id":"https:\/\/letrame.com\/catalogo\/#\/schema\/logo\/image\/","url":"https:\/\/letrame.com\/catalogo\/wp-content\/uploads\/2024\/03\/logo2.webp","contentUrl":"https:\/\/letrame.com\/catalogo\/wp-content\/uploads\/2024\/03\/logo2.webp","width":394,"height":128,"caption":"Catalogo | Letrame Grupo Editorial"},"image":{"@id":"https:\/\/letrame.com\/catalogo\/#\/schema\/logo\/image\/"}}]}},"_links":{"self":[{"href":"https:\/\/letrame.com\/catalogo\/wp-json\/wp\/v2\/product\/99013","targetHints":{"allow":["GET"]}}],"collection":[{"href":"https:\/\/letrame.com\/catalogo\/wp-json\/wp\/v2\/product"}],"about":[{"href":"https:\/\/letrame.com\/catalogo\/wp-json\/wp\/v2\/types\/product"}],"replies":[{"embeddable":true,"href":"https:\/\/letrame.com\/catalogo\/wp-json\/wp\/v2\/comments?post=99013"}],"acf:post":[{"embeddable":true,"href":"https:\/\/letrame.com\/catalogo\/wp-json\/wp\/v2\/author_book\/74528"}],"wp:featuredmedia":[{"embeddable":true,"href":"https:\/\/letrame.com\/catalogo\/wp-json\/wp\/v2\/media\/99014"}],"wp:attachment":[{"href":"https:\/\/letrame.com\/catalogo\/wp-json\/wp\/v2\/media?parent=99013"}],"wp:term":[{"taxonomy":"libro","embeddable":true,"href":"https:\/\/letrame.com\/catalogo\/wp-json\/wp\/v2\/libro?post=99013"},{"taxonomy":"product_brand","embeddable":true,"href":"https:\/\/letrame.com\/catalogo\/wp-json\/wp\/v2\/product_brand?post=99013"},{"taxonomy":"product_cat","embeddable":true,"href":"https:\/\/letrame.com\/catalogo\/wp-json\/wp\/v2\/product_cat?post=99013"},{"taxonomy":"product_tag","embeddable":true,"href":"https:\/\/letrame.com\/catalogo\/wp-json\/wp\/v2\/product_tag?post=99013"}],"curies":[{"name":"wp","href":"https:\/\/api.w.org\/{rel}","templated":true}]}}