{"id":98997,"date":"2024-04-29T15:35:51","date_gmt":"2024-04-29T13:35:51","guid":{"rendered":"https:\/\/letrame.com\/catalogo\/producto\/de-tango-a-gigi\/"},"modified":"2024-04-29T15:35:51","modified_gmt":"2024-04-29T13:35:51","slug":"de-tango-a-gigi","status":"publish","type":"product","link":"https:\/\/letrame.com\/catalogo\/producto\/de-tango-a-gigi\/","title":{"rendered":"De Tango a Gigi"},"content":{"rendered":"<p><strong>ISBN<\/strong>: 978-84-1181-054-8<\/p>\n<p><strong>T\u00edtulo<\/strong>: <span data-sheets-value=\"{&quot;1&quot;:2,&quot;2&quot;:&quot;De Tango a Gigi&quot;}\" data-sheets-userformat=\"{&quot;2&quot;:515,&quot;3&quot;:{&quot;1&quot;:0},&quot;4&quot;:{&quot;1&quot;:2,&quot;2&quot;:14281427},&quot;12&quot;:0}\">De Tango a Gigi<\/span><br \/>\n<strong>Fecha<\/strong>: 2023<br \/>\n<strong>P\u00e1ginas<\/strong>: 98<\/p>\n<p><strong>SINOPSIS<\/strong><\/p>\n<p>Tango y Gigi son una pareja en peligro de extinci\u00f3n, se conocieron en una fiesta de cumplea\u00f1os y desde entonces no han vuelto a separarse, pero hay algo que a ambos les inquieta y es la fuerza de un destino incierto que pondr\u00e1 a prueba la solidez de su relaci\u00f3n cuando se dan cuenta que el amor tal y como lo conocen corre peligro de desaparecer.<\/p>\n<p>Es entonces cuando deciden poner en marcha un plan de acci\u00f3n para salvar al mundo e impedir que se olvide lo que es el amor verdadero recopilando una serie de escritos que Tango le hizo a GiGi mostrando su amor m\u00e1s \u00edntimo y exponi\u00e9ndose sin tapujos aun a riesgo de ser engullidos por la cr\u00edtica o el olvido de una sociedad que apenas recuerda el verdadero sentido del compromiso.<\/p>\n<p>Recorrer\u00e1n un largo camino por los m\u00faltiples recuerdos que guardan en su memoria con el objetivo de compartirlos con todo aquel que quiera unirse a su causa y haciendo participe al lector de su aventura que empez\u00f3 tiempo atr\u00e1s en la noche de un cinco de octubre donde dos miradas se cruzaron y sin saberlo alteraron dos l\u00edneas temporales convirti\u00e9ndose en una sola.<\/p>\n<p>De Tango a GiGi es una historia rom\u00e1ntica sobre un hombre que ama a su mujer de una manera sin igual narrada donde se encuentra la promesa de un compromiso de por vida como protagonista y la lucha por la consolidaci\u00f3n de una casualidad que se acab\u00f3 convirtiendo en una realidad donde el amor gana siempre, donde los sue\u00f1os se cumplen.<\/p>\n","protected":false},"excerpt":{"rendered":"<p><strong>ISBN<\/strong>: 978-84-1181-054-8<\/p>\n<p><strong>SINOPSIS<\/strong><\/p>\n<p>Tango y Gigi son una pareja en peligro de extinci\u00f3n, se conocieron en una fiesta de cumplea\u00f1os y desde entonces no han vuelto a separarse, pero hay algo que a ambos les inquieta y es la fuerza de un destino incierto que pondr\u00e1 a prueba la solidez de su relaci\u00f3n cuando se dan cuenta que el amor tal y como lo conocen corre peligro de desaparecer.<\/p>\n<p>Es entonces cuando deciden poner en marcha un plan de acci\u00f3n para salvar al mundo e impedir que se olvide lo que es el amor verdadero recopilando una serie de escritos que Tango le hizo a GiGi mostrando su amor m\u00e1s \u00edntimo y exponi\u00e9ndose sin tapujos aun a riesgo de ser engullidos por la cr\u00edtica o el olvido de una sociedad que apenas recuerda el verdadero sentido del compromiso.<\/p>\n<p>Recorrer\u00e1n un largo camino por los m\u00faltiples recuerdos que guardan en su memoria con el objetivo de compartirlos con todo aquel que quiera unirse a su causa y haciendo participe al lector de su aventura que empez\u00f3 tiempo atr\u00e1s en la noche de un cinco de octubre donde dos miradas se cruzaron y sin saberlo alteraron dos l\u00edneas temporales convirti\u00e9ndose en una sola.<\/p>\n<p>De Tango a GiGi es una historia rom\u00e1ntica sobre un hombre que ama a su mujer de una manera sin igual narrada donde se encuentra la promesa de un compromiso de por vida como protagonista y la lucha por la consolidaci\u00f3n de una casualidad que se acab\u00f3 convirtiendo en una realidad donde el amor gana siempre, donde los sue\u00f1os se cumplen.<\/p>\n","protected":false},"featured_media":98998,"comment_status":"closed","ping_status":"open","template":"","meta":{"_acf_changed":false},"libro":[],"product_brand":[],"product_cat":[16],"product_tag":[],"class_list":{"0":"post-98997","1":"product","2":"type-product","3":"status-publish","4":"has-post-thumbnail","6":"product_cat-novela","8":"first","9":"instock","10":"product-type-simple"},"acf":{"autor":[77393],"enlace_de_compra":"https:\/\/www.amazon.es\/los-que-avivaron-fuego-Novela\/dp\/8411449815"},"yoast_head":"<!-- This site is optimized with the Yoast SEO plugin v26.6 - https:\/\/yoast.com\/wordpress\/plugins\/seo\/ -->\n<title>De Tango a Gigi - Catalogo | Letrame Grupo Editorial<\/title>\n<meta name=\"robots\" content=\"index, follow, max-snippet:-1, max-image-preview:large, max-video-preview:-1\" \/>\n<link rel=\"canonical\" href=\"https:\/\/letrame.com\/catalogo\/producto\/de-tango-a-gigi\/\" \/>\n<meta property=\"og:locale\" content=\"es_ES\" \/>\n<meta property=\"og:type\" content=\"article\" \/>\n<meta property=\"og:title\" content=\"De Tango a Gigi - Catalogo | Letrame Grupo Editorial\" \/>\n<meta property=\"og:description\" content=\"ISBN: 978-84-1181-054-8 SINOPSIS Tango y Gigi son una pareja en peligro de extinci\u00f3n, se conocieron en una fiesta de cumplea\u00f1os y desde entonces no han vuelto a separarse, pero hay algo que a ambos les inquieta y es la fuerza de un destino incierto que pondr\u00e1 a prueba la solidez de su relaci\u00f3n cuando se dan cuenta que el amor tal y como lo conocen corre peligro de desaparecer. Es entonces cuando deciden poner en marcha un plan de acci\u00f3n para salvar al mundo e impedir que se olvide lo que es el amor verdadero recopilando una serie de escritos que Tango le hizo a GiGi mostrando su amor m\u00e1s \u00edntimo y exponi\u00e9ndose sin tapujos aun a riesgo de ser engullidos por la cr\u00edtica o el olvido de una sociedad que apenas recuerda el verdadero sentido del compromiso. Recorrer\u00e1n un largo camino por los m\u00faltiples recuerdos que guardan en su memoria con el objetivo de compartirlos con todo aquel que quiera unirse a su causa y haciendo participe al lector de su aventura que empez\u00f3 tiempo atr\u00e1s en la noche de un cinco de octubre donde dos miradas se cruzaron y sin saberlo alteraron dos l\u00edneas temporales convirti\u00e9ndose en una sola. De Tango a GiGi es una historia rom\u00e1ntica sobre un hombre que ama a su mujer de una manera sin igual narrada donde se encuentra la promesa de un compromiso de por vida como protagonista y la lucha por la consolidaci\u00f3n de una casualidad que se acab\u00f3 convirtiendo en una realidad donde el amor gana siempre, donde los sue\u00f1os se cumplen.\" \/>\n<meta property=\"og:url\" content=\"https:\/\/letrame.com\/catalogo\/producto\/de-tango-a-gigi\/\" \/>\n<meta property=\"og:site_name\" content=\"Catalogo | Letrame Grupo Editorial\" \/>\n<meta property=\"og:image\" content=\"https:\/\/letrame.com\/catalogo\/wp-content\/uploads\/2024\/04\/webportada_detangoagigi_56mm-compressed.jpg\" \/>\n\t<meta property=\"og:image:width\" content=\"1772\" \/>\n\t<meta property=\"og:image:height\" content=\"2480\" \/>\n\t<meta property=\"og:image:type\" content=\"image\/jpeg\" \/>\n<meta name=\"twitter:card\" content=\"summary_large_image\" \/>\n<meta name=\"twitter:label1\" content=\"Tiempo de lectura\" \/>\n\t<meta name=\"twitter:data1\" content=\"1 minuto\" \/>\n<script type=\"application\/ld+json\" class=\"yoast-schema-graph\">{\"@context\":\"https:\/\/schema.org\",\"@graph\":[{\"@type\":\"WebPage\",\"@id\":\"https:\/\/letrame.com\/catalogo\/producto\/de-tango-a-gigi\/\",\"url\":\"https:\/\/letrame.com\/catalogo\/producto\/de-tango-a-gigi\/\",\"name\":\"De Tango a Gigi - Catalogo | Letrame Grupo Editorial\",\"isPartOf\":{\"@id\":\"https:\/\/letrame.com\/catalogo\/#website\"},\"primaryImageOfPage\":{\"@id\":\"https:\/\/letrame.com\/catalogo\/producto\/de-tango-a-gigi\/#primaryimage\"},\"image\":{\"@id\":\"https:\/\/letrame.com\/catalogo\/producto\/de-tango-a-gigi\/#primaryimage\"},\"thumbnailUrl\":\"https:\/\/letrame.com\/catalogo\/wp-content\/uploads\/2024\/04\/webportada_detangoagigi_56mm-compressed.jpg\",\"datePublished\":\"2024-04-29T13:35:51+00:00\",\"breadcrumb\":{\"@id\":\"https:\/\/letrame.com\/catalogo\/producto\/de-tango-a-gigi\/#breadcrumb\"},\"inLanguage\":\"es\",\"potentialAction\":[{\"@type\":\"ReadAction\",\"target\":[\"https:\/\/letrame.com\/catalogo\/producto\/de-tango-a-gigi\/\"]}]},{\"@type\":\"ImageObject\",\"inLanguage\":\"es\",\"@id\":\"https:\/\/letrame.com\/catalogo\/producto\/de-tango-a-gigi\/#primaryimage\",\"url\":\"https:\/\/letrame.com\/catalogo\/wp-content\/uploads\/2024\/04\/webportada_detangoagigi_56mm-compressed.jpg\",\"contentUrl\":\"https:\/\/letrame.com\/catalogo\/wp-content\/uploads\/2024\/04\/webportada_detangoagigi_56mm-compressed.jpg\",\"width\":1772,\"height\":2480},{\"@type\":\"BreadcrumbList\",\"@id\":\"https:\/\/letrame.com\/catalogo\/producto\/de-tango-a-gigi\/#breadcrumb\",\"itemListElement\":[{\"@type\":\"ListItem\",\"position\":1,\"name\":\"Portada\",\"item\":\"https:\/\/letrame.com\/catalogo\/\"},{\"@type\":\"ListItem\",\"position\":2,\"name\":\"Cat\u00e1logo\",\"item\":\"https:\/\/letrame.com\/catalogo\/\"},{\"@type\":\"ListItem\",\"position\":3,\"name\":\"De Tango a Gigi\"}]},{\"@type\":\"WebSite\",\"@id\":\"https:\/\/letrame.com\/catalogo\/#website\",\"url\":\"https:\/\/letrame.com\/catalogo\/\",\"name\":\"Catalogo | Letrame Grupo Editorial\",\"description\":\"\",\"publisher\":{\"@id\":\"https:\/\/letrame.com\/catalogo\/#organization\"},\"potentialAction\":[{\"@type\":\"SearchAction\",\"target\":{\"@type\":\"EntryPoint\",\"urlTemplate\":\"https:\/\/letrame.com\/catalogo\/?s={search_term_string}\"},\"query-input\":{\"@type\":\"PropertyValueSpecification\",\"valueRequired\":true,\"valueName\":\"search_term_string\"}}],\"inLanguage\":\"es\"},{\"@type\":\"Organization\",\"@id\":\"https:\/\/letrame.com\/catalogo\/#organization\",\"name\":\"Catalogo | Letrame Grupo Editorial\",\"url\":\"https:\/\/letrame.com\/catalogo\/\",\"logo\":{\"@type\":\"ImageObject\",\"inLanguage\":\"es\",\"@id\":\"https:\/\/letrame.com\/catalogo\/#\/schema\/logo\/image\/\",\"url\":\"https:\/\/letrame.com\/catalogo\/wp-content\/uploads\/2024\/03\/logo2.webp\",\"contentUrl\":\"https:\/\/letrame.com\/catalogo\/wp-content\/uploads\/2024\/03\/logo2.webp\",\"width\":394,\"height\":128,\"caption\":\"Catalogo | Letrame Grupo Editorial\"},\"image\":{\"@id\":\"https:\/\/letrame.com\/catalogo\/#\/schema\/logo\/image\/\"}}]}<\/script>\n<!-- \/ Yoast SEO plugin. -->","yoast_head_json":{"title":"De Tango a Gigi - Catalogo | Letrame Grupo Editorial","robots":{"index":"index","follow":"follow","max-snippet":"max-snippet:-1","max-image-preview":"max-image-preview:large","max-video-preview":"max-video-preview:-1"},"canonical":"https:\/\/letrame.com\/catalogo\/producto\/de-tango-a-gigi\/","og_locale":"es_ES","og_type":"article","og_title":"De Tango a Gigi - Catalogo | Letrame Grupo Editorial","og_description":"ISBN: 978-84-1181-054-8 SINOPSIS Tango y Gigi son una pareja en peligro de extinci\u00f3n, se conocieron en una fiesta de cumplea\u00f1os y desde entonces no han vuelto a separarse, pero hay algo que a ambos les inquieta y es la fuerza de un destino incierto que pondr\u00e1 a prueba la solidez de su relaci\u00f3n cuando se dan cuenta que el amor tal y como lo conocen corre peligro de desaparecer. Es entonces cuando deciden poner en marcha un plan de acci\u00f3n para salvar al mundo e impedir que se olvide lo que es el amor verdadero recopilando una serie de escritos que Tango le hizo a GiGi mostrando su amor m\u00e1s \u00edntimo y exponi\u00e9ndose sin tapujos aun a riesgo de ser engullidos por la cr\u00edtica o el olvido de una sociedad que apenas recuerda el verdadero sentido del compromiso. Recorrer\u00e1n un largo camino por los m\u00faltiples recuerdos que guardan en su memoria con el objetivo de compartirlos con todo aquel que quiera unirse a su causa y haciendo participe al lector de su aventura que empez\u00f3 tiempo atr\u00e1s en la noche de un cinco de octubre donde dos miradas se cruzaron y sin saberlo alteraron dos l\u00edneas temporales convirti\u00e9ndose en una sola. De Tango a GiGi es una historia rom\u00e1ntica sobre un hombre que ama a su mujer de una manera sin igual narrada donde se encuentra la promesa de un compromiso de por vida como protagonista y la lucha por la consolidaci\u00f3n de una casualidad que se acab\u00f3 convirtiendo en una realidad donde el amor gana siempre, donde los sue\u00f1os se cumplen.","og_url":"https:\/\/letrame.com\/catalogo\/producto\/de-tango-a-gigi\/","og_site_name":"Catalogo | Letrame Grupo Editorial","og_image":[{"width":1772,"height":2480,"url":"https:\/\/letrame.com\/catalogo\/wp-content\/uploads\/2024\/04\/webportada_detangoagigi_56mm-compressed.jpg","type":"image\/jpeg"}],"twitter_card":"summary_large_image","twitter_misc":{"Tiempo de lectura":"1 minuto"},"schema":{"@context":"https:\/\/schema.org","@graph":[{"@type":"WebPage","@id":"https:\/\/letrame.com\/catalogo\/producto\/de-tango-a-gigi\/","url":"https:\/\/letrame.com\/catalogo\/producto\/de-tango-a-gigi\/","name":"De Tango a Gigi - Catalogo | Letrame Grupo Editorial","isPartOf":{"@id":"https:\/\/letrame.com\/catalogo\/#website"},"primaryImageOfPage":{"@id":"https:\/\/letrame.com\/catalogo\/producto\/de-tango-a-gigi\/#primaryimage"},"image":{"@id":"https:\/\/letrame.com\/catalogo\/producto\/de-tango-a-gigi\/#primaryimage"},"thumbnailUrl":"https:\/\/letrame.com\/catalogo\/wp-content\/uploads\/2024\/04\/webportada_detangoagigi_56mm-compressed.jpg","datePublished":"2024-04-29T13:35:51+00:00","breadcrumb":{"@id":"https:\/\/letrame.com\/catalogo\/producto\/de-tango-a-gigi\/#breadcrumb"},"inLanguage":"es","potentialAction":[{"@type":"ReadAction","target":["https:\/\/letrame.com\/catalogo\/producto\/de-tango-a-gigi\/"]}]},{"@type":"ImageObject","inLanguage":"es","@id":"https:\/\/letrame.com\/catalogo\/producto\/de-tango-a-gigi\/#primaryimage","url":"https:\/\/letrame.com\/catalogo\/wp-content\/uploads\/2024\/04\/webportada_detangoagigi_56mm-compressed.jpg","contentUrl":"https:\/\/letrame.com\/catalogo\/wp-content\/uploads\/2024\/04\/webportada_detangoagigi_56mm-compressed.jpg","width":1772,"height":2480},{"@type":"BreadcrumbList","@id":"https:\/\/letrame.com\/catalogo\/producto\/de-tango-a-gigi\/#breadcrumb","itemListElement":[{"@type":"ListItem","position":1,"name":"Portada","item":"https:\/\/letrame.com\/catalogo\/"},{"@type":"ListItem","position":2,"name":"Cat\u00e1logo","item":"https:\/\/letrame.com\/catalogo\/"},{"@type":"ListItem","position":3,"name":"De Tango a Gigi"}]},{"@type":"WebSite","@id":"https:\/\/letrame.com\/catalogo\/#website","url":"https:\/\/letrame.com\/catalogo\/","name":"Catalogo | Letrame Grupo Editorial","description":"","publisher":{"@id":"https:\/\/letrame.com\/catalogo\/#organization"},"potentialAction":[{"@type":"SearchAction","target":{"@type":"EntryPoint","urlTemplate":"https:\/\/letrame.com\/catalogo\/?s={search_term_string}"},"query-input":{"@type":"PropertyValueSpecification","valueRequired":true,"valueName":"search_term_string"}}],"inLanguage":"es"},{"@type":"Organization","@id":"https:\/\/letrame.com\/catalogo\/#organization","name":"Catalogo | Letrame Grupo Editorial","url":"https:\/\/letrame.com\/catalogo\/","logo":{"@type":"ImageObject","inLanguage":"es","@id":"https:\/\/letrame.com\/catalogo\/#\/schema\/logo\/image\/","url":"https:\/\/letrame.com\/catalogo\/wp-content\/uploads\/2024\/03\/logo2.webp","contentUrl":"https:\/\/letrame.com\/catalogo\/wp-content\/uploads\/2024\/03\/logo2.webp","width":394,"height":128,"caption":"Catalogo | Letrame Grupo Editorial"},"image":{"@id":"https:\/\/letrame.com\/catalogo\/#\/schema\/logo\/image\/"}}]}},"_links":{"self":[{"href":"https:\/\/letrame.com\/catalogo\/wp-json\/wp\/v2\/product\/98997","targetHints":{"allow":["GET"]}}],"collection":[{"href":"https:\/\/letrame.com\/catalogo\/wp-json\/wp\/v2\/product"}],"about":[{"href":"https:\/\/letrame.com\/catalogo\/wp-json\/wp\/v2\/types\/product"}],"replies":[{"embeddable":true,"href":"https:\/\/letrame.com\/catalogo\/wp-json\/wp\/v2\/comments?post=98997"}],"acf:post":[{"embeddable":true,"href":"https:\/\/letrame.com\/catalogo\/wp-json\/wp\/v2\/author_book\/77393"}],"wp:featuredmedia":[{"embeddable":true,"href":"https:\/\/letrame.com\/catalogo\/wp-json\/wp\/v2\/media\/98998"}],"wp:attachment":[{"href":"https:\/\/letrame.com\/catalogo\/wp-json\/wp\/v2\/media?parent=98997"}],"wp:term":[{"taxonomy":"libro","embeddable":true,"href":"https:\/\/letrame.com\/catalogo\/wp-json\/wp\/v2\/libro?post=98997"},{"taxonomy":"product_brand","embeddable":true,"href":"https:\/\/letrame.com\/catalogo\/wp-json\/wp\/v2\/product_brand?post=98997"},{"taxonomy":"product_cat","embeddable":true,"href":"https:\/\/letrame.com\/catalogo\/wp-json\/wp\/v2\/product_cat?post=98997"},{"taxonomy":"product_tag","embeddable":true,"href":"https:\/\/letrame.com\/catalogo\/wp-json\/wp\/v2\/product_tag?post=98997"}],"curies":[{"name":"wp","href":"https:\/\/api.w.org\/{rel}","templated":true}]}}