{"id":98986,"date":"2024-04-29T15:34:36","date_gmt":"2024-04-29T13:34:36","guid":{"rendered":"https:\/\/letrame.com\/catalogo\/producto\/ultimas-confesiones-del-hombre\/"},"modified":"2024-08-01T13:28:57","modified_gmt":"2024-08-01T11:28:57","slug":"ultimas-confesiones-del-hombre","status":"publish","type":"product","link":"https:\/\/letrame.com\/catalogo\/producto\/ultimas-confesiones-del-hombre\/","title":{"rendered":"\u00daltimas confesiones del hombre"},"content":{"rendered":"<p><strong>ISBN<\/strong>: 978-84-1144-788-1<\/p>\n<p><strong>T\u00edtulo<\/strong>: <span data-sheets-value=\"{&quot;1&quot;:2,&quot;2&quot;:&quot;\u00daltimas confesiones del hombre&quot;}\" data-sheets-userformat=\"{&quot;2&quot;:515,&quot;3&quot;:{&quot;1&quot;:0},&quot;4&quot;:{&quot;1&quot;:2,&quot;2&quot;:14281427},&quot;12&quot;:0}\">\u00daltimas confesiones del hombre<\/span><br \/>\n<strong>Fecha<\/strong>: 2023<br \/>\n<strong>P\u00e1ginas<\/strong>: 382<\/p>\n<p><strong>SINOPSIS<\/strong><\/p>\n<p>\u00daltimas confesiones del hombre que hablaba con todas las cosas menos con el aceite refinado y la vaselina de color es una interesante obra contempor\u00e1nea entre ficci\u00f3n y realidad que, adem\u00e1s de por su original propuesta narrativa, destaca por el dominio de la prosa que sin ser vulgar es amable y \u00e1gil, pero tambi\u00e9n expl\u00edcita y dura por sus di\u00e1logos bien fundados y por la descripci\u00f3n tanto de los distintos espacios por los que se desarrollan las tramas como de los personajes, principales y secundarios. Estos, adem\u00e1s, est\u00e1n perfectamente construidos y dotados de una complejidad importante, lo que les hace bastante poli\u00e9dricos y con altas dosis de contenido subjetivo y psicol\u00f3gico.<\/p>\n<p>Desde un primer momento, la trama engancha al potencial lector y consigue que empatice con la situaci\u00f3n y las vivencias de los protagonistas.<\/p>\n<p>Una novela muy recomendable y original.<\/p>\n","protected":false},"excerpt":{"rendered":"<p><strong>ISBN<\/strong>: 978-84-1144-788-1<\/p>\n<p><strong>SINOPSIS<\/strong><\/p>\n<p>\u00daltimas confesiones del hombre que hablaba con todas las cosas menos con el aceite refinado y la vaselina de color es una interesante obra contempor\u00e1nea entre ficci\u00f3n y realidad que, adem\u00e1s de por su original propuesta narrativa, destaca por el dominio de la prosa que sin ser vulgar es amable y \u00e1gil, pero tambi\u00e9n expl\u00edcita y dura por sus di\u00e1logos bien fundados y por la descripci\u00f3n tanto de los distintos espacios por los que se desarrollan las tramas como de los personajes, principales y secundarios. Estos, adem\u00e1s, est\u00e1n perfectamente construidos y dotados de una complejidad importante, lo que les hace bastante poli\u00e9dricos y con altas dosis de contenido subjetivo y psicol\u00f3gico.<\/p>\n<p>Desde un primer momento, la trama engancha al potencial lector y consigue que empatice con la situaci\u00f3n y las vivencias de los protagonistas.<\/p>\n<p>Una novela muy recomendable y original.<\/p>\n","protected":false},"featured_media":98987,"comment_status":"closed","ping_status":"closed","template":"","meta":{"_acf_changed":false},"libro":[],"product_brand":[],"product_cat":[26],"product_tag":[],"class_list":{"0":"post-98986","1":"product","2":"type-product","3":"status-publish","4":"has-post-thumbnail","6":"product_cat-sin-categoria","8":"first","9":"instock","10":"product-type-simple"},"acf":{"autor":[77383],"enlace_de_compra":"https:\/\/amzn.to\/3YtEFEe"},"yoast_head":"<!-- This site is optimized with the Yoast SEO plugin v27.4 - https:\/\/yoast.com\/product\/yoast-seo-wordpress\/ -->\n<title>\u00daltimas confesiones del hombre - Catalogo | Letrame Grupo Editorial<\/title>\n<meta name=\"robots\" content=\"index, follow, max-snippet:-1, max-image-preview:large, max-video-preview:-1\" \/>\n<link rel=\"canonical\" href=\"https:\/\/letrame.com\/catalogo\/producto\/ultimas-confesiones-del-hombre\/\" \/>\n<meta property=\"og:locale\" content=\"es_ES\" \/>\n<meta property=\"og:type\" content=\"article\" \/>\n<meta property=\"og:title\" content=\"\u00daltimas confesiones del hombre - Catalogo | Letrame Grupo Editorial\" \/>\n<meta property=\"og:description\" content=\"ISBN: 978-84-1144-788-1  SINOPSIS  \u00daltimas confesiones del hombre que hablaba con todas las cosas menos con el aceite refinado y la vaselina de color es una interesante obra contempor\u00e1nea entre ficci\u00f3n y realidad que, adem\u00e1s de por su original propuesta narrativa, destaca por el dominio de la prosa que sin ser vulgar es amable y \u00e1gil, pero tambi\u00e9n expl\u00edcita y dura por sus di\u00e1logos bien fundados y por la descripci\u00f3n tanto de los distintos espacios por los que se desarrollan las tramas como de los personajes, principales y secundarios. Estos, adem\u00e1s, est\u00e1n perfectamente construidos y dotados de una complejidad importante, lo que les hace bastante poli\u00e9dricos y con altas dosis de contenido subjetivo y psicol\u00f3gico.  Desde un primer momento, la trama engancha al potencial lector y consigue que empatice con la situaci\u00f3n y las vivencias de los protagonistas.  Una novela muy recomendable y original.\" \/>\n<meta property=\"og:url\" content=\"https:\/\/letrame.com\/catalogo\/producto\/ultimas-confesiones-del-hombre\/\" \/>\n<meta property=\"og:site_name\" content=\"Catalogo | Letrame Grupo Editorial\" \/>\n<meta property=\"article:modified_time\" content=\"2024-08-01T11:28:57+00:00\" \/>\n<meta property=\"og:image\" content=\"https:\/\/letrame.com\/catalogo\/wp-content\/uploads\/2024\/04\/web_portadaultimasconfesionales_1869mm-compressed-1.jpg\" \/>\n\t<meta property=\"og:image:width\" content=\"601\" \/>\n\t<meta property=\"og:image:height\" content=\"881\" \/>\n\t<meta property=\"og:image:type\" content=\"image\/jpeg\" \/>\n<meta name=\"twitter:card\" content=\"summary_large_image\" \/>\n<meta name=\"twitter:label1\" content=\"Tiempo de lectura\" \/>\n\t<meta name=\"twitter:data1\" content=\"1 minuto\" \/>\n<script type=\"application\/ld+json\" class=\"yoast-schema-graph\">{\"@context\":\"https:\\\/\\\/schema.org\",\"@graph\":[{\"@type\":\"WebPage\",\"@id\":\"https:\\\/\\\/letrame.com\\\/catalogo\\\/producto\\\/ultimas-confesiones-del-hombre\\\/\",\"url\":\"https:\\\/\\\/letrame.com\\\/catalogo\\\/producto\\\/ultimas-confesiones-del-hombre\\\/\",\"name\":\"\u00daltimas confesiones del hombre - Catalogo | Letrame Grupo Editorial\",\"isPartOf\":{\"@id\":\"https:\\\/\\\/letrame.com\\\/catalogo\\\/#website\"},\"primaryImageOfPage\":{\"@id\":\"https:\\\/\\\/letrame.com\\\/catalogo\\\/producto\\\/ultimas-confesiones-del-hombre\\\/#primaryimage\"},\"image\":{\"@id\":\"https:\\\/\\\/letrame.com\\\/catalogo\\\/producto\\\/ultimas-confesiones-del-hombre\\\/#primaryimage\"},\"thumbnailUrl\":\"https:\\\/\\\/letrame.com\\\/catalogo\\\/wp-content\\\/uploads\\\/2024\\\/04\\\/web_portadaultimasconfesionales_1869mm-compressed-1.jpg\",\"datePublished\":\"2024-04-29T13:34:36+00:00\",\"dateModified\":\"2024-08-01T11:28:57+00:00\",\"breadcrumb\":{\"@id\":\"https:\\\/\\\/letrame.com\\\/catalogo\\\/producto\\\/ultimas-confesiones-del-hombre\\\/#breadcrumb\"},\"inLanguage\":\"es\",\"potentialAction\":[{\"@type\":\"ReadAction\",\"target\":[\"https:\\\/\\\/letrame.com\\\/catalogo\\\/producto\\\/ultimas-confesiones-del-hombre\\\/\"]}]},{\"@type\":\"ImageObject\",\"inLanguage\":\"es\",\"@id\":\"https:\\\/\\\/letrame.com\\\/catalogo\\\/producto\\\/ultimas-confesiones-del-hombre\\\/#primaryimage\",\"url\":\"https:\\\/\\\/letrame.com\\\/catalogo\\\/wp-content\\\/uploads\\\/2024\\\/04\\\/web_portadaultimasconfesionales_1869mm-compressed-1.jpg\",\"contentUrl\":\"https:\\\/\\\/letrame.com\\\/catalogo\\\/wp-content\\\/uploads\\\/2024\\\/04\\\/web_portadaultimasconfesionales_1869mm-compressed-1.jpg\",\"width\":601,\"height\":881},{\"@type\":\"BreadcrumbList\",\"@id\":\"https:\\\/\\\/letrame.com\\\/catalogo\\\/producto\\\/ultimas-confesiones-del-hombre\\\/#breadcrumb\",\"itemListElement\":[{\"@type\":\"ListItem\",\"position\":1,\"name\":\"Portada\",\"item\":\"https:\\\/\\\/letrame.com\\\/catalogo\\\/\"},{\"@type\":\"ListItem\",\"position\":2,\"name\":\"Cat\u00e1logo\",\"item\":\"https:\\\/\\\/letrame.com\\\/catalogo\\\/\"},{\"@type\":\"ListItem\",\"position\":3,\"name\":\"\u00daltimas confesiones del hombre\"}]},{\"@type\":\"WebSite\",\"@id\":\"https:\\\/\\\/letrame.com\\\/catalogo\\\/#website\",\"url\":\"https:\\\/\\\/letrame.com\\\/catalogo\\\/\",\"name\":\"Catalogo | Letrame Grupo Editorial\",\"description\":\"\",\"publisher\":{\"@id\":\"https:\\\/\\\/letrame.com\\\/catalogo\\\/#organization\"},\"potentialAction\":[{\"@type\":\"SearchAction\",\"target\":{\"@type\":\"EntryPoint\",\"urlTemplate\":\"https:\\\/\\\/letrame.com\\\/catalogo\\\/?s={search_term_string}\"},\"query-input\":{\"@type\":\"PropertyValueSpecification\",\"valueRequired\":true,\"valueName\":\"search_term_string\"}}],\"inLanguage\":\"es\"},{\"@type\":\"Organization\",\"@id\":\"https:\\\/\\\/letrame.com\\\/catalogo\\\/#organization\",\"name\":\"Catalogo | Letrame Grupo Editorial\",\"url\":\"https:\\\/\\\/letrame.com\\\/catalogo\\\/\",\"logo\":{\"@type\":\"ImageObject\",\"inLanguage\":\"es\",\"@id\":\"https:\\\/\\\/letrame.com\\\/catalogo\\\/#\\\/schema\\\/logo\\\/image\\\/\",\"url\":\"https:\\\/\\\/letrame.com\\\/catalogo\\\/wp-content\\\/uploads\\\/2024\\\/03\\\/logo2.webp\",\"contentUrl\":\"https:\\\/\\\/letrame.com\\\/catalogo\\\/wp-content\\\/uploads\\\/2024\\\/03\\\/logo2.webp\",\"width\":394,\"height\":128,\"caption\":\"Catalogo | Letrame Grupo Editorial\"},\"image\":{\"@id\":\"https:\\\/\\\/letrame.com\\\/catalogo\\\/#\\\/schema\\\/logo\\\/image\\\/\"}}]}<\/script>\n<!-- \/ Yoast SEO plugin. -->","yoast_head_json":{"title":"\u00daltimas confesiones del hombre - Catalogo | Letrame Grupo Editorial","robots":{"index":"index","follow":"follow","max-snippet":"max-snippet:-1","max-image-preview":"max-image-preview:large","max-video-preview":"max-video-preview:-1"},"canonical":"https:\/\/letrame.com\/catalogo\/producto\/ultimas-confesiones-del-hombre\/","og_locale":"es_ES","og_type":"article","og_title":"\u00daltimas confesiones del hombre - Catalogo | Letrame Grupo Editorial","og_description":"ISBN: 978-84-1144-788-1  SINOPSIS  \u00daltimas confesiones del hombre que hablaba con todas las cosas menos con el aceite refinado y la vaselina de color es una interesante obra contempor\u00e1nea entre ficci\u00f3n y realidad que, adem\u00e1s de por su original propuesta narrativa, destaca por el dominio de la prosa que sin ser vulgar es amable y \u00e1gil, pero tambi\u00e9n expl\u00edcita y dura por sus di\u00e1logos bien fundados y por la descripci\u00f3n tanto de los distintos espacios por los que se desarrollan las tramas como de los personajes, principales y secundarios. Estos, adem\u00e1s, est\u00e1n perfectamente construidos y dotados de una complejidad importante, lo que les hace bastante poli\u00e9dricos y con altas dosis de contenido subjetivo y psicol\u00f3gico.  Desde un primer momento, la trama engancha al potencial lector y consigue que empatice con la situaci\u00f3n y las vivencias de los protagonistas.  Una novela muy recomendable y original.","og_url":"https:\/\/letrame.com\/catalogo\/producto\/ultimas-confesiones-del-hombre\/","og_site_name":"Catalogo | Letrame Grupo Editorial","article_modified_time":"2024-08-01T11:28:57+00:00","og_image":[{"width":601,"height":881,"url":"https:\/\/letrame.com\/catalogo\/wp-content\/uploads\/2024\/04\/web_portadaultimasconfesionales_1869mm-compressed-1.jpg","type":"image\/jpeg"}],"twitter_card":"summary_large_image","twitter_misc":{"Tiempo de lectura":"1 minuto"},"schema":{"@context":"https:\/\/schema.org","@graph":[{"@type":"WebPage","@id":"https:\/\/letrame.com\/catalogo\/producto\/ultimas-confesiones-del-hombre\/","url":"https:\/\/letrame.com\/catalogo\/producto\/ultimas-confesiones-del-hombre\/","name":"\u00daltimas confesiones del hombre - Catalogo | Letrame Grupo Editorial","isPartOf":{"@id":"https:\/\/letrame.com\/catalogo\/#website"},"primaryImageOfPage":{"@id":"https:\/\/letrame.com\/catalogo\/producto\/ultimas-confesiones-del-hombre\/#primaryimage"},"image":{"@id":"https:\/\/letrame.com\/catalogo\/producto\/ultimas-confesiones-del-hombre\/#primaryimage"},"thumbnailUrl":"https:\/\/letrame.com\/catalogo\/wp-content\/uploads\/2024\/04\/web_portadaultimasconfesionales_1869mm-compressed-1.jpg","datePublished":"2024-04-29T13:34:36+00:00","dateModified":"2024-08-01T11:28:57+00:00","breadcrumb":{"@id":"https:\/\/letrame.com\/catalogo\/producto\/ultimas-confesiones-del-hombre\/#breadcrumb"},"inLanguage":"es","potentialAction":[{"@type":"ReadAction","target":["https:\/\/letrame.com\/catalogo\/producto\/ultimas-confesiones-del-hombre\/"]}]},{"@type":"ImageObject","inLanguage":"es","@id":"https:\/\/letrame.com\/catalogo\/producto\/ultimas-confesiones-del-hombre\/#primaryimage","url":"https:\/\/letrame.com\/catalogo\/wp-content\/uploads\/2024\/04\/web_portadaultimasconfesionales_1869mm-compressed-1.jpg","contentUrl":"https:\/\/letrame.com\/catalogo\/wp-content\/uploads\/2024\/04\/web_portadaultimasconfesionales_1869mm-compressed-1.jpg","width":601,"height":881},{"@type":"BreadcrumbList","@id":"https:\/\/letrame.com\/catalogo\/producto\/ultimas-confesiones-del-hombre\/#breadcrumb","itemListElement":[{"@type":"ListItem","position":1,"name":"Portada","item":"https:\/\/letrame.com\/catalogo\/"},{"@type":"ListItem","position":2,"name":"Cat\u00e1logo","item":"https:\/\/letrame.com\/catalogo\/"},{"@type":"ListItem","position":3,"name":"\u00daltimas confesiones del hombre"}]},{"@type":"WebSite","@id":"https:\/\/letrame.com\/catalogo\/#website","url":"https:\/\/letrame.com\/catalogo\/","name":"Catalogo | Letrame Grupo Editorial","description":"","publisher":{"@id":"https:\/\/letrame.com\/catalogo\/#organization"},"potentialAction":[{"@type":"SearchAction","target":{"@type":"EntryPoint","urlTemplate":"https:\/\/letrame.com\/catalogo\/?s={search_term_string}"},"query-input":{"@type":"PropertyValueSpecification","valueRequired":true,"valueName":"search_term_string"}}],"inLanguage":"es"},{"@type":"Organization","@id":"https:\/\/letrame.com\/catalogo\/#organization","name":"Catalogo | Letrame Grupo Editorial","url":"https:\/\/letrame.com\/catalogo\/","logo":{"@type":"ImageObject","inLanguage":"es","@id":"https:\/\/letrame.com\/catalogo\/#\/schema\/logo\/image\/","url":"https:\/\/letrame.com\/catalogo\/wp-content\/uploads\/2024\/03\/logo2.webp","contentUrl":"https:\/\/letrame.com\/catalogo\/wp-content\/uploads\/2024\/03\/logo2.webp","width":394,"height":128,"caption":"Catalogo | Letrame Grupo Editorial"},"image":{"@id":"https:\/\/letrame.com\/catalogo\/#\/schema\/logo\/image\/"}}]}},"_links":{"self":[{"href":"https:\/\/letrame.com\/catalogo\/wp-json\/wp\/v2\/product\/98986","targetHints":{"allow":["GET"]}}],"collection":[{"href":"https:\/\/letrame.com\/catalogo\/wp-json\/wp\/v2\/product"}],"about":[{"href":"https:\/\/letrame.com\/catalogo\/wp-json\/wp\/v2\/types\/product"}],"replies":[{"embeddable":true,"href":"https:\/\/letrame.com\/catalogo\/wp-json\/wp\/v2\/comments?post=98986"}],"acf:post":[{"embeddable":true,"href":"https:\/\/letrame.com\/catalogo\/wp-json\/wp\/v2\/author_book\/77383"}],"wp:featuredmedia":[{"embeddable":true,"href":"https:\/\/letrame.com\/catalogo\/wp-json\/wp\/v2\/media\/98987"}],"wp:attachment":[{"href":"https:\/\/letrame.com\/catalogo\/wp-json\/wp\/v2\/media?parent=98986"}],"wp:term":[{"taxonomy":"libro","embeddable":true,"href":"https:\/\/letrame.com\/catalogo\/wp-json\/wp\/v2\/libro?post=98986"},{"taxonomy":"product_brand","embeddable":true,"href":"https:\/\/letrame.com\/catalogo\/wp-json\/wp\/v2\/product_brand?post=98986"},{"taxonomy":"product_cat","embeddable":true,"href":"https:\/\/letrame.com\/catalogo\/wp-json\/wp\/v2\/product_cat?post=98986"},{"taxonomy":"product_tag","embeddable":true,"href":"https:\/\/letrame.com\/catalogo\/wp-json\/wp\/v2\/product_tag?post=98986"}],"curies":[{"name":"wp","href":"https:\/\/api.w.org\/{rel}","templated":true}]}}