{"id":98926,"date":"2024-04-29T15:29:04","date_gmt":"2024-04-29T13:29:04","guid":{"rendered":"https:\/\/letrame.com\/catalogo\/producto\/el-abuelo-mateo\/"},"modified":"2024-08-01T14:59:29","modified_gmt":"2024-08-01T12:59:29","slug":"el-abuelo-mateo","status":"publish","type":"product","link":"https:\/\/letrame.com\/catalogo\/producto\/el-abuelo-mateo\/","title":{"rendered":"El abuelo mateo"},"content":{"rendered":"<p><strong>ISBN<\/strong>: 978-84-1144-914-4<\/p>\n<p><strong>T\u00edtulo<\/strong>: El abuelo mateo<br \/>\n<strong>Fecha<\/strong>: 2023<br \/>\n<strong>P\u00e1ginas<\/strong>: 526<\/p>\n<p><strong>SINOPSIS<\/strong><\/p>\n<p>Prep\u00e1rate para una inmersi\u00f3n profunda en el lado oscuro de la mente, un choque profundo contra la realidad. Tres historias, tres caminos diferentes y unidos por un punto de fuga. Ambientado en Almagro, un municipio situado en la provincia de Ciudad Real. La vida no es m\u00e1s que un interminable ensayo de una obra que jam\u00e1s se va a estrenar. El abuelo Mateo es adicto al teatro y de joven actu\u00f3 en el Corral de Comedias de Almagro, representando la obra de don Quijote de La Mancha. Gran admirador del caballero de brillante armadura que ha sido su compa\u00f1ero en sus andanzas por la vida, contagiando su pasi\u00f3n por el <em>Quijote<\/em> y el teatro a todo su entorno.<\/p>\n<p>Hay una excepci\u00f3n en todas las reglas, como el abuelo Mateo que se ha saltado todas las normas que le ha impuesto la vida. Nunca supo controlar su pasado, menos su presente, y ello le ha llevado a vivir acompa\u00f1ado de problemas, causados en su mayor\u00eda por su impulsividad. Una historia de amor llena de secretos en el pasado y en el presente. Un amor amenazado, condenado, y al final de sus d\u00edas se abre una puerta a un mundo lleno de nuevos comienzos, nuevas oportunidades, donde brinda la paz llena de sobresaltos. Una avalancha de emociones que hace que todos los protagonistas giren en torno a ella.<\/p>\n<p>Roberto y Sof\u00ed, junto con sus amigos, viajan a un lugar especial. Durante cuatro d\u00edas la inquietud, el descontrol, el miedo, el alcohol y las drogas, recorre por la ladera del r\u00edo en donde acampan.<\/p>\n<p>\u00bfT\u00fa qu\u00e9 har\u00edas si te dicen que vas a morir en breve? Pues Sof\u00eda no se lo piensa y regresa de nuevo a sus ra\u00edces.<\/p>\n<p>Vivir se convierte en una carga pesada y solitaria cuando vives atormentado por el rencor, hasta que un d\u00eda descubres que la felicidad solo depende de ti.<\/p>\n<p>&nbsp;<\/p>\n<p>&nbsp;<\/p>\n<p>&nbsp;<\/p>\n","protected":false},"excerpt":{"rendered":"<p><strong>ISBN<\/strong>: 978-84-1144-914-4<\/p>\n<p><strong>SINOPSIS<\/strong><\/p>\n<p>Prep\u00e1rate para una inmersi\u00f3n profunda en el lado oscuro de la mente, un choque profundo contra la realidad. Tres historias, tres caminos diferentes y unidos por un punto de fuga. Ambientado en Almagro, un municipio situado en la provincia de Ciudad Real. La vida no es m\u00e1s que un interminable ensayo de una obra que jam\u00e1s se va a estrenar. El abuelo Mateo es adicto al teatro y de joven actu\u00f3 en el Corral de Comedias de Almagro, representando la obra de don Quijote de La Mancha. Gran admirador del caballero de brillante armadura que ha sido su compa\u00f1ero en sus andanzas por la vida, contagiando su pasi\u00f3n por el <em>Quijote<\/em> y el teatro a todo su entorno.<\/p>\n<p>Hay una excepci\u00f3n en todas las reglas, como el abuelo Mateo que se ha saltado todas las normas que le ha impuesto la vida. Nunca supo controlar su pasado, menos su presente, y ello le ha llevado a vivir acompa\u00f1ado de problemas, causados en su mayor\u00eda por su impulsividad. Una historia de amor llena de secretos en el pasado y en el presente. Un amor amenazado, condenado, y al final de sus d\u00edas se abre una puerta a un mundo lleno de nuevos comienzos, nuevas oportunidades, donde brinda la paz llena de sobresaltos. Una avalancha de emociones que hace que todos los protagonistas giren en torno a ella.<\/p>\n<p>Roberto y Sof\u00ed, junto con sus amigos, viajan a un lugar especial. Durante cuatro d\u00edas la inquietud, el descontrol, el miedo, el alcohol y las drogas, recorre por la ladera del r\u00edo en donde acampan.<\/p>\n<p>\u00bfT\u00fa qu\u00e9 har\u00edas si te dicen que vas a morir en breve? Pues Sof\u00eda no se lo piensa y regresa de nuevo a sus ra\u00edces.<\/p>\n<p>Vivir se convierte en una carga pesada y solitaria cuando vives atormentado por el rencor, hasta que un d\u00eda descubres que la felicidad solo depende de ti.<\/p>\n","protected":false},"featured_media":98927,"comment_status":"closed","ping_status":"closed","template":"","meta":{"_acf_changed":false},"libro":[],"product_brand":[],"product_cat":[26],"product_tag":[],"class_list":{"0":"post-98926","1":"product","2":"type-product","3":"status-publish","4":"has-post-thumbnail","6":"product_cat-sin-categoria","8":"first","9":"instock","10":"product-type-simple"},"acf":{"autor":[77333],"enlace_de_compra":"https:\/\/amzn.to\/4c3uXeM"},"yoast_head":"<!-- This site is optimized with the Yoast SEO plugin v26.6 - https:\/\/yoast.com\/wordpress\/plugins\/seo\/ -->\n<title>El abuelo mateo - Catalogo | Letrame Grupo Editorial<\/title>\n<meta name=\"robots\" content=\"index, follow, max-snippet:-1, max-image-preview:large, max-video-preview:-1\" \/>\n<link rel=\"canonical\" href=\"https:\/\/letrame.com\/catalogo\/producto\/el-abuelo-mateo\/\" \/>\n<meta property=\"og:locale\" content=\"es_ES\" \/>\n<meta property=\"og:type\" content=\"article\" \/>\n<meta property=\"og:title\" content=\"El abuelo mateo - Catalogo | Letrame Grupo Editorial\" \/>\n<meta property=\"og:description\" content=\"ISBN: 978-84-1144-914-4  SINOPSIS  Prep\u00e1rate para una inmersi\u00f3n profunda en el lado oscuro de la mente, un choque profundo contra la realidad. Tres historias, tres caminos diferentes y unidos por un punto de fuga. Ambientado en Almagro, un municipio situado en la provincia de Ciudad Real. La vida no es m\u00e1s que un interminable ensayo de una obra que jam\u00e1s se va a estrenar. El abuelo Mateo es adicto al teatro y de joven actu\u00f3 en el Corral de Comedias de Almagro, representando la obra de don Quijote de La Mancha. Gran admirador del caballero de brillante armadura que ha sido su compa\u00f1ero en sus andanzas por la vida, contagiando su pasi\u00f3n por el Quijote y el teatro a todo su entorno.  Hay una excepci\u00f3n en todas las reglas, como el abuelo Mateo que se ha saltado todas las normas que le ha impuesto la vida. Nunca supo controlar su pasado, menos su presente, y ello le ha llevado a vivir acompa\u00f1ado de problemas, causados en su mayor\u00eda por su impulsividad. Una historia de amor llena de secretos en el pasado y en el presente. Un amor amenazado, condenado, y al final de sus d\u00edas se abre una puerta a un mundo lleno de nuevos comienzos, nuevas oportunidades, donde brinda la paz llena de sobresaltos. Una avalancha de emociones que hace que todos los protagonistas giren en torno a ella.  Roberto y Sof\u00ed, junto con sus amigos, viajan a un lugar especial. Durante cuatro d\u00edas la inquietud, el descontrol, el miedo, el alcohol y las drogas, recorre por la ladera del r\u00edo en donde acampan.  \u00bfT\u00fa qu\u00e9 har\u00edas si te dicen que vas a morir en breve? Pues Sof\u00eda no se lo piensa y regresa de nuevo a sus ra\u00edces.  Vivir se convierte en una carga pesada y solitaria cuando vives atormentado por el rencor, hasta que un d\u00eda descubres que la felicidad solo depende de ti.\" \/>\n<meta property=\"og:url\" content=\"https:\/\/letrame.com\/catalogo\/producto\/el-abuelo-mateo\/\" \/>\n<meta property=\"og:site_name\" content=\"Catalogo | Letrame Grupo Editorial\" \/>\n<meta property=\"article:modified_time\" content=\"2024-08-01T12:59:29+00:00\" \/>\n<meta property=\"og:image\" content=\"https:\/\/letrame.com\/catalogo\/wp-content\/uploads\/2024\/04\/web_portadaelabuelomateo_2533mm-1-compressed.jpg\" \/>\n\t<meta property=\"og:image:width\" content=\"601\" \/>\n\t<meta property=\"og:image:height\" content=\"881\" \/>\n\t<meta property=\"og:image:type\" content=\"image\/jpeg\" \/>\n<meta name=\"twitter:card\" content=\"summary_large_image\" \/>\n<meta name=\"twitter:label1\" content=\"Tiempo de lectura\" \/>\n\t<meta name=\"twitter:data1\" content=\"2 minutos\" \/>\n<script type=\"application\/ld+json\" class=\"yoast-schema-graph\">{\"@context\":\"https:\/\/schema.org\",\"@graph\":[{\"@type\":\"WebPage\",\"@id\":\"https:\/\/letrame.com\/catalogo\/producto\/el-abuelo-mateo\/\",\"url\":\"https:\/\/letrame.com\/catalogo\/producto\/el-abuelo-mateo\/\",\"name\":\"El abuelo mateo - Catalogo | Letrame Grupo Editorial\",\"isPartOf\":{\"@id\":\"https:\/\/letrame.com\/catalogo\/#website\"},\"primaryImageOfPage\":{\"@id\":\"https:\/\/letrame.com\/catalogo\/producto\/el-abuelo-mateo\/#primaryimage\"},\"image\":{\"@id\":\"https:\/\/letrame.com\/catalogo\/producto\/el-abuelo-mateo\/#primaryimage\"},\"thumbnailUrl\":\"https:\/\/letrame.com\/catalogo\/wp-content\/uploads\/2024\/04\/web_portadaelabuelomateo_2533mm-1-compressed.jpg\",\"datePublished\":\"2024-04-29T13:29:04+00:00\",\"dateModified\":\"2024-08-01T12:59:29+00:00\",\"breadcrumb\":{\"@id\":\"https:\/\/letrame.com\/catalogo\/producto\/el-abuelo-mateo\/#breadcrumb\"},\"inLanguage\":\"es\",\"potentialAction\":[{\"@type\":\"ReadAction\",\"target\":[\"https:\/\/letrame.com\/catalogo\/producto\/el-abuelo-mateo\/\"]}]},{\"@type\":\"ImageObject\",\"inLanguage\":\"es\",\"@id\":\"https:\/\/letrame.com\/catalogo\/producto\/el-abuelo-mateo\/#primaryimage\",\"url\":\"https:\/\/letrame.com\/catalogo\/wp-content\/uploads\/2024\/04\/web_portadaelabuelomateo_2533mm-1-compressed.jpg\",\"contentUrl\":\"https:\/\/letrame.com\/catalogo\/wp-content\/uploads\/2024\/04\/web_portadaelabuelomateo_2533mm-1-compressed.jpg\",\"width\":601,\"height\":881},{\"@type\":\"BreadcrumbList\",\"@id\":\"https:\/\/letrame.com\/catalogo\/producto\/el-abuelo-mateo\/#breadcrumb\",\"itemListElement\":[{\"@type\":\"ListItem\",\"position\":1,\"name\":\"Portada\",\"item\":\"https:\/\/letrame.com\/catalogo\/\"},{\"@type\":\"ListItem\",\"position\":2,\"name\":\"Cat\u00e1logo\",\"item\":\"https:\/\/letrame.com\/catalogo\/\"},{\"@type\":\"ListItem\",\"position\":3,\"name\":\"El abuelo mateo\"}]},{\"@type\":\"WebSite\",\"@id\":\"https:\/\/letrame.com\/catalogo\/#website\",\"url\":\"https:\/\/letrame.com\/catalogo\/\",\"name\":\"Catalogo | Letrame Grupo Editorial\",\"description\":\"\",\"publisher\":{\"@id\":\"https:\/\/letrame.com\/catalogo\/#organization\"},\"potentialAction\":[{\"@type\":\"SearchAction\",\"target\":{\"@type\":\"EntryPoint\",\"urlTemplate\":\"https:\/\/letrame.com\/catalogo\/?s={search_term_string}\"},\"query-input\":{\"@type\":\"PropertyValueSpecification\",\"valueRequired\":true,\"valueName\":\"search_term_string\"}}],\"inLanguage\":\"es\"},{\"@type\":\"Organization\",\"@id\":\"https:\/\/letrame.com\/catalogo\/#organization\",\"name\":\"Catalogo | Letrame Grupo Editorial\",\"url\":\"https:\/\/letrame.com\/catalogo\/\",\"logo\":{\"@type\":\"ImageObject\",\"inLanguage\":\"es\",\"@id\":\"https:\/\/letrame.com\/catalogo\/#\/schema\/logo\/image\/\",\"url\":\"https:\/\/letrame.com\/catalogo\/wp-content\/uploads\/2024\/03\/logo2.webp\",\"contentUrl\":\"https:\/\/letrame.com\/catalogo\/wp-content\/uploads\/2024\/03\/logo2.webp\",\"width\":394,\"height\":128,\"caption\":\"Catalogo | Letrame Grupo Editorial\"},\"image\":{\"@id\":\"https:\/\/letrame.com\/catalogo\/#\/schema\/logo\/image\/\"}}]}<\/script>\n<!-- \/ Yoast SEO plugin. -->","yoast_head_json":{"title":"El abuelo mateo - Catalogo | Letrame Grupo Editorial","robots":{"index":"index","follow":"follow","max-snippet":"max-snippet:-1","max-image-preview":"max-image-preview:large","max-video-preview":"max-video-preview:-1"},"canonical":"https:\/\/letrame.com\/catalogo\/producto\/el-abuelo-mateo\/","og_locale":"es_ES","og_type":"article","og_title":"El abuelo mateo - Catalogo | Letrame Grupo Editorial","og_description":"ISBN: 978-84-1144-914-4  SINOPSIS  Prep\u00e1rate para una inmersi\u00f3n profunda en el lado oscuro de la mente, un choque profundo contra la realidad. Tres historias, tres caminos diferentes y unidos por un punto de fuga. Ambientado en Almagro, un municipio situado en la provincia de Ciudad Real. La vida no es m\u00e1s que un interminable ensayo de una obra que jam\u00e1s se va a estrenar. El abuelo Mateo es adicto al teatro y de joven actu\u00f3 en el Corral de Comedias de Almagro, representando la obra de don Quijote de La Mancha. Gran admirador del caballero de brillante armadura que ha sido su compa\u00f1ero en sus andanzas por la vida, contagiando su pasi\u00f3n por el Quijote y el teatro a todo su entorno.  Hay una excepci\u00f3n en todas las reglas, como el abuelo Mateo que se ha saltado todas las normas que le ha impuesto la vida. Nunca supo controlar su pasado, menos su presente, y ello le ha llevado a vivir acompa\u00f1ado de problemas, causados en su mayor\u00eda por su impulsividad. Una historia de amor llena de secretos en el pasado y en el presente. Un amor amenazado, condenado, y al final de sus d\u00edas se abre una puerta a un mundo lleno de nuevos comienzos, nuevas oportunidades, donde brinda la paz llena de sobresaltos. Una avalancha de emociones que hace que todos los protagonistas giren en torno a ella.  Roberto y Sof\u00ed, junto con sus amigos, viajan a un lugar especial. Durante cuatro d\u00edas la inquietud, el descontrol, el miedo, el alcohol y las drogas, recorre por la ladera del r\u00edo en donde acampan.  \u00bfT\u00fa qu\u00e9 har\u00edas si te dicen que vas a morir en breve? Pues Sof\u00eda no se lo piensa y regresa de nuevo a sus ra\u00edces.  Vivir se convierte en una carga pesada y solitaria cuando vives atormentado por el rencor, hasta que un d\u00eda descubres que la felicidad solo depende de ti.","og_url":"https:\/\/letrame.com\/catalogo\/producto\/el-abuelo-mateo\/","og_site_name":"Catalogo | Letrame Grupo Editorial","article_modified_time":"2024-08-01T12:59:29+00:00","og_image":[{"width":601,"height":881,"url":"https:\/\/letrame.com\/catalogo\/wp-content\/uploads\/2024\/04\/web_portadaelabuelomateo_2533mm-1-compressed.jpg","type":"image\/jpeg"}],"twitter_card":"summary_large_image","twitter_misc":{"Tiempo de lectura":"2 minutos"},"schema":{"@context":"https:\/\/schema.org","@graph":[{"@type":"WebPage","@id":"https:\/\/letrame.com\/catalogo\/producto\/el-abuelo-mateo\/","url":"https:\/\/letrame.com\/catalogo\/producto\/el-abuelo-mateo\/","name":"El abuelo mateo - Catalogo | Letrame Grupo Editorial","isPartOf":{"@id":"https:\/\/letrame.com\/catalogo\/#website"},"primaryImageOfPage":{"@id":"https:\/\/letrame.com\/catalogo\/producto\/el-abuelo-mateo\/#primaryimage"},"image":{"@id":"https:\/\/letrame.com\/catalogo\/producto\/el-abuelo-mateo\/#primaryimage"},"thumbnailUrl":"https:\/\/letrame.com\/catalogo\/wp-content\/uploads\/2024\/04\/web_portadaelabuelomateo_2533mm-1-compressed.jpg","datePublished":"2024-04-29T13:29:04+00:00","dateModified":"2024-08-01T12:59:29+00:00","breadcrumb":{"@id":"https:\/\/letrame.com\/catalogo\/producto\/el-abuelo-mateo\/#breadcrumb"},"inLanguage":"es","potentialAction":[{"@type":"ReadAction","target":["https:\/\/letrame.com\/catalogo\/producto\/el-abuelo-mateo\/"]}]},{"@type":"ImageObject","inLanguage":"es","@id":"https:\/\/letrame.com\/catalogo\/producto\/el-abuelo-mateo\/#primaryimage","url":"https:\/\/letrame.com\/catalogo\/wp-content\/uploads\/2024\/04\/web_portadaelabuelomateo_2533mm-1-compressed.jpg","contentUrl":"https:\/\/letrame.com\/catalogo\/wp-content\/uploads\/2024\/04\/web_portadaelabuelomateo_2533mm-1-compressed.jpg","width":601,"height":881},{"@type":"BreadcrumbList","@id":"https:\/\/letrame.com\/catalogo\/producto\/el-abuelo-mateo\/#breadcrumb","itemListElement":[{"@type":"ListItem","position":1,"name":"Portada","item":"https:\/\/letrame.com\/catalogo\/"},{"@type":"ListItem","position":2,"name":"Cat\u00e1logo","item":"https:\/\/letrame.com\/catalogo\/"},{"@type":"ListItem","position":3,"name":"El abuelo mateo"}]},{"@type":"WebSite","@id":"https:\/\/letrame.com\/catalogo\/#website","url":"https:\/\/letrame.com\/catalogo\/","name":"Catalogo | Letrame Grupo Editorial","description":"","publisher":{"@id":"https:\/\/letrame.com\/catalogo\/#organization"},"potentialAction":[{"@type":"SearchAction","target":{"@type":"EntryPoint","urlTemplate":"https:\/\/letrame.com\/catalogo\/?s={search_term_string}"},"query-input":{"@type":"PropertyValueSpecification","valueRequired":true,"valueName":"search_term_string"}}],"inLanguage":"es"},{"@type":"Organization","@id":"https:\/\/letrame.com\/catalogo\/#organization","name":"Catalogo | Letrame Grupo Editorial","url":"https:\/\/letrame.com\/catalogo\/","logo":{"@type":"ImageObject","inLanguage":"es","@id":"https:\/\/letrame.com\/catalogo\/#\/schema\/logo\/image\/","url":"https:\/\/letrame.com\/catalogo\/wp-content\/uploads\/2024\/03\/logo2.webp","contentUrl":"https:\/\/letrame.com\/catalogo\/wp-content\/uploads\/2024\/03\/logo2.webp","width":394,"height":128,"caption":"Catalogo | Letrame Grupo Editorial"},"image":{"@id":"https:\/\/letrame.com\/catalogo\/#\/schema\/logo\/image\/"}}]}},"_links":{"self":[{"href":"https:\/\/letrame.com\/catalogo\/wp-json\/wp\/v2\/product\/98926","targetHints":{"allow":["GET"]}}],"collection":[{"href":"https:\/\/letrame.com\/catalogo\/wp-json\/wp\/v2\/product"}],"about":[{"href":"https:\/\/letrame.com\/catalogo\/wp-json\/wp\/v2\/types\/product"}],"replies":[{"embeddable":true,"href":"https:\/\/letrame.com\/catalogo\/wp-json\/wp\/v2\/comments?post=98926"}],"acf:post":[{"embeddable":true,"href":"https:\/\/letrame.com\/catalogo\/wp-json\/wp\/v2\/author_book\/77333"}],"wp:featuredmedia":[{"embeddable":true,"href":"https:\/\/letrame.com\/catalogo\/wp-json\/wp\/v2\/media\/98927"}],"wp:attachment":[{"href":"https:\/\/letrame.com\/catalogo\/wp-json\/wp\/v2\/media?parent=98926"}],"wp:term":[{"taxonomy":"libro","embeddable":true,"href":"https:\/\/letrame.com\/catalogo\/wp-json\/wp\/v2\/libro?post=98926"},{"taxonomy":"product_brand","embeddable":true,"href":"https:\/\/letrame.com\/catalogo\/wp-json\/wp\/v2\/product_brand?post=98926"},{"taxonomy":"product_cat","embeddable":true,"href":"https:\/\/letrame.com\/catalogo\/wp-json\/wp\/v2\/product_cat?post=98926"},{"taxonomy":"product_tag","embeddable":true,"href":"https:\/\/letrame.com\/catalogo\/wp-json\/wp\/v2\/product_tag?post=98926"}],"curies":[{"name":"wp","href":"https:\/\/api.w.org\/{rel}","templated":true}]}}