{"id":98920,"date":"2024-04-29T15:28:53","date_gmt":"2024-04-29T13:28:53","guid":{"rendered":"https:\/\/letrame.com\/catalogo\/producto\/el-cuaderno-de-adrian\/"},"modified":"2024-04-29T15:28:57","modified_gmt":"2024-04-29T13:28:57","slug":"el-cuaderno-de-adrian","status":"publish","type":"product","link":"https:\/\/letrame.com\/catalogo\/producto\/el-cuaderno-de-adrian\/","title":{"rendered":"El cuaderno de Adri\u00e1n"},"content":{"rendered":"<p><strong>ISBN<\/strong>: 978-84-1144-917-5<\/p>\n<p><strong>T\u00edtulo<\/strong>: El cuaderno de Adri\u00e1n<br \/>\n<strong>Fecha<\/strong>: 2023<br \/>\n<strong>P\u00e1ginas<\/strong>: 356<\/p>\n<p><strong>SINOPSIS<\/strong><\/p>\n<p>El 3 de julio de 2021 naci\u00f3 Adri\u00e1n, primer hijo de Mar\u00eda y Joaqu\u00edn. Consciente de la concisi\u00f3n y sobriedad que tendr\u00eda el asiento oficial con el que se inscribi\u00f3 en el Registro Civil, el abuelo, primerizo tambi\u00e9n, decidi\u00f3 explicarle al reci\u00e9n nacido la convulsi\u00f3n familiar que hab\u00eda desatado su llegada y darle gracias a la vida por haberlo tra\u00eddo. Esta es la cr\u00f3nica de una emoci\u00f3n, un cuaderno de amor, lleno de abrazos y esperanzas, el relato sentido de un impacto profundo que aturull\u00f3 el coraz\u00f3n al ver c\u00f3mo una hija se convert\u00eda en madre y unos abuelos volv\u00edan a renacer en su nieto. Esa transfusi\u00f3n de sangre y sentimientos hace tambi\u00e9n de estas p\u00e1ginas un trasvase de experiencias y recuerdos, un nudo de vivencias y razones que une tres generaciones en el cruce de dos mundos, el del abuelo, que se va quedando atr\u00e1s, y el del nieto, en el que todo est\u00e1 por venir. En cada p\u00e1rrafo, el autor se desdobla en un di\u00e1logo de ternura con el beb\u00e9 que ahora lo embelesa, y de compromiso e ilusi\u00f3n con el joven que dentro de unos a\u00f1os podr\u00e1 deshacer el manojo de convicciones y argumentos con los que le dibuja el futuro que le espera. El texto transpira la sinceridad de \u00e1nimo que nace de la vitalidad y el optimismo de un ni\u00f1o de 20 meses, y el razonable recelo que generan las dificultades sociales, econ\u00f3micas, clim\u00e1ticas o de simple convivencia que tendr\u00e1 que superar Adri\u00e1n para convertirse en el hombre que sus padres esperan y el ciudadano comprometido que esta sociedad necesita.<\/p>\n<p>&nbsp;<\/p>\n<p>&nbsp;<\/p>\n","protected":false},"excerpt":{"rendered":"<p><strong>ISBN<\/strong>: 978-84-1144-917-5<\/p>\n<p><strong>SINOPSIS<\/strong><\/p>\n<p>El 3 de julio de 2021 naci\u00f3 Adri\u00e1n, primer hijo de Mar\u00eda y Joaqu\u00edn. Consciente de la concisi\u00f3n y sobriedad que tendr\u00eda el asiento oficial con el que se inscribi\u00f3 en el Registro Civil, el abuelo, primerizo tambi\u00e9n, decidi\u00f3 explicarle al reci\u00e9n nacido la convulsi\u00f3n familiar que hab\u00eda desatado su llegada y darle gracias a la vida por haberlo tra\u00eddo. Esta es la cr\u00f3nica de una emoci\u00f3n, un cuaderno de amor, lleno de abrazos y esperanzas, el relato sentido de un impacto profundo que aturull\u00f3 el coraz\u00f3n al ver c\u00f3mo una hija se convert\u00eda en madre y unos abuelos volv\u00edan a renacer en su nieto. Esa transfusi\u00f3n de sangre y sentimientos hace tambi\u00e9n de estas p\u00e1ginas un trasvase de experiencias y recuerdos, un nudo de vivencias y razones que une tres generaciones en el cruce de dos mundos, el del abuelo, que se va quedando atr\u00e1s, y el del nieto, en el que todo est\u00e1 por venir. En cada p\u00e1rrafo, el autor se desdobla en un di\u00e1logo de ternura con el beb\u00e9 que ahora lo embelesa, y de compromiso e ilusi\u00f3n con el joven que dentro de unos a\u00f1os podr\u00e1 deshacer el manojo de convicciones y argumentos con los que le dibuja el futuro que le espera. El texto transpira la sinceridad de \u00e1nimo que nace de la vitalidad y el optimismo de un ni\u00f1o de 20 meses, y el razonable recelo que generan las dificultades sociales, econ\u00f3micas, clim\u00e1ticas o de simple convivencia que tendr\u00e1 que superar Adri\u00e1n para convertirse en el hombre que sus padres esperan y el ciudadano comprometido que esta sociedad necesita.<\/p>\n","protected":false},"featured_media":98921,"comment_status":"closed","ping_status":"open","template":"","meta":{"_acf_changed":false},"libro":[],"product_brand":[],"product_cat":[26],"product_tag":[],"class_list":{"0":"post-98920","1":"product","2":"type-product","3":"status-publish","4":"has-post-thumbnail","6":"product_cat-sin-categoria","8":"first","9":"instock","10":"purchasable","11":"product-type-simple"},"acf":{"autor":[77327],"enlace_de_compra":"https:\/\/www.amazon.es\/cuaderno-Adri%C3%A1n-Francisco-C%C3%B3rdoba-Berjillos\/dp\/8411449173\/"},"yoast_head":"<!-- This site is optimized with the Yoast SEO plugin v27.4 - https:\/\/yoast.com\/product\/yoast-seo-wordpress\/ -->\n<title>El cuaderno de Adri\u00e1n - Catalogo | Letrame Grupo Editorial<\/title>\n<meta name=\"robots\" content=\"index, follow, max-snippet:-1, max-image-preview:large, max-video-preview:-1\" \/>\n<link rel=\"canonical\" href=\"https:\/\/letrame.com\/catalogo\/producto\/el-cuaderno-de-adrian\/\" \/>\n<meta property=\"og:locale\" content=\"es_ES\" \/>\n<meta property=\"og:type\" content=\"article\" \/>\n<meta property=\"og:title\" content=\"El cuaderno de Adri\u00e1n - Catalogo | Letrame Grupo Editorial\" \/>\n<meta property=\"og:description\" content=\"ISBN: 978-84-1144-917-5 SINOPSIS El 3 de julio de 2021 naci\u00f3 Adri\u00e1n, primer hijo de Mar\u00eda y Joaqu\u00edn. Consciente de la concisi\u00f3n y sobriedad que tendr\u00eda el asiento oficial con el que se inscribi\u00f3 en el Registro Civil, el abuelo, primerizo tambi\u00e9n, decidi\u00f3 explicarle al reci\u00e9n nacido la convulsi\u00f3n familiar que hab\u00eda desatado su llegada y darle gracias a la vida por haberlo tra\u00eddo. Esta es la cr\u00f3nica de una emoci\u00f3n, un cuaderno de amor, lleno de abrazos y esperanzas, el relato sentido de un impacto profundo que aturull\u00f3 el coraz\u00f3n al ver c\u00f3mo una hija se convert\u00eda en madre y unos abuelos volv\u00edan a renacer en su nieto. Esa transfusi\u00f3n de sangre y sentimientos hace tambi\u00e9n de estas p\u00e1ginas un trasvase de experiencias y recuerdos, un nudo de vivencias y razones que une tres generaciones en el cruce de dos mundos, el del abuelo, que se va quedando atr\u00e1s, y el del nieto, en el que todo est\u00e1 por venir. En cada p\u00e1rrafo, el autor se desdobla en un di\u00e1logo de ternura con el beb\u00e9 que ahora lo embelesa, y de compromiso e ilusi\u00f3n con el joven que dentro de unos a\u00f1os podr\u00e1 deshacer el manojo de convicciones y argumentos con los que le dibuja el futuro que le espera. El texto transpira la sinceridad de \u00e1nimo que nace de la vitalidad y el optimismo de un ni\u00f1o de 20 meses, y el razonable recelo que generan las dificultades sociales, econ\u00f3micas, clim\u00e1ticas o de simple convivencia que tendr\u00e1 que superar Adri\u00e1n para convertirse en el hombre que sus padres esperan y el ciudadano comprometido que esta sociedad necesita.\" \/>\n<meta property=\"og:url\" content=\"https:\/\/letrame.com\/catalogo\/producto\/el-cuaderno-de-adrian\/\" \/>\n<meta property=\"og:site_name\" content=\"Catalogo | Letrame Grupo Editorial\" \/>\n<meta property=\"article:modified_time\" content=\"2024-04-29T13:28:57+00:00\" \/>\n<meta property=\"og:image\" content=\"https:\/\/letrame.com\/catalogo\/wp-content\/uploads\/2024\/04\/web_portadaelcuadernodeadrian_1749mm-compressed.jpg\" \/>\n\t<meta property=\"og:image:width\" content=\"601\" \/>\n\t<meta property=\"og:image:height\" content=\"881\" \/>\n\t<meta property=\"og:image:type\" content=\"image\/jpeg\" \/>\n<meta name=\"twitter:card\" content=\"summary_large_image\" \/>\n<meta name=\"twitter:label1\" content=\"Tiempo de lectura\" \/>\n\t<meta name=\"twitter:data1\" content=\"2 minutos\" \/>\n<script type=\"application\/ld+json\" class=\"yoast-schema-graph\">{\"@context\":\"https:\\\/\\\/schema.org\",\"@graph\":[{\"@type\":\"WebPage\",\"@id\":\"https:\\\/\\\/letrame.com\\\/catalogo\\\/producto\\\/el-cuaderno-de-adrian\\\/\",\"url\":\"https:\\\/\\\/letrame.com\\\/catalogo\\\/producto\\\/el-cuaderno-de-adrian\\\/\",\"name\":\"El cuaderno de Adri\u00e1n - Catalogo | Letrame Grupo Editorial\",\"isPartOf\":{\"@id\":\"https:\\\/\\\/letrame.com\\\/catalogo\\\/#website\"},\"primaryImageOfPage\":{\"@id\":\"https:\\\/\\\/letrame.com\\\/catalogo\\\/producto\\\/el-cuaderno-de-adrian\\\/#primaryimage\"},\"image\":{\"@id\":\"https:\\\/\\\/letrame.com\\\/catalogo\\\/producto\\\/el-cuaderno-de-adrian\\\/#primaryimage\"},\"thumbnailUrl\":\"https:\\\/\\\/letrame.com\\\/catalogo\\\/wp-content\\\/uploads\\\/2024\\\/04\\\/web_portadaelcuadernodeadrian_1749mm-compressed.jpg\",\"datePublished\":\"2024-04-29T13:28:53+00:00\",\"dateModified\":\"2024-04-29T13:28:57+00:00\",\"breadcrumb\":{\"@id\":\"https:\\\/\\\/letrame.com\\\/catalogo\\\/producto\\\/el-cuaderno-de-adrian\\\/#breadcrumb\"},\"inLanguage\":\"es\",\"potentialAction\":[{\"@type\":\"ReadAction\",\"target\":[\"https:\\\/\\\/letrame.com\\\/catalogo\\\/producto\\\/el-cuaderno-de-adrian\\\/\"]}]},{\"@type\":\"ImageObject\",\"inLanguage\":\"es\",\"@id\":\"https:\\\/\\\/letrame.com\\\/catalogo\\\/producto\\\/el-cuaderno-de-adrian\\\/#primaryimage\",\"url\":\"https:\\\/\\\/letrame.com\\\/catalogo\\\/wp-content\\\/uploads\\\/2024\\\/04\\\/web_portadaelcuadernodeadrian_1749mm-compressed.jpg\",\"contentUrl\":\"https:\\\/\\\/letrame.com\\\/catalogo\\\/wp-content\\\/uploads\\\/2024\\\/04\\\/web_portadaelcuadernodeadrian_1749mm-compressed.jpg\",\"width\":601,\"height\":881},{\"@type\":\"BreadcrumbList\",\"@id\":\"https:\\\/\\\/letrame.com\\\/catalogo\\\/producto\\\/el-cuaderno-de-adrian\\\/#breadcrumb\",\"itemListElement\":[{\"@type\":\"ListItem\",\"position\":1,\"name\":\"Portada\",\"item\":\"https:\\\/\\\/letrame.com\\\/catalogo\\\/\"},{\"@type\":\"ListItem\",\"position\":2,\"name\":\"Cat\u00e1logo\",\"item\":\"https:\\\/\\\/letrame.com\\\/catalogo\\\/\"},{\"@type\":\"ListItem\",\"position\":3,\"name\":\"El cuaderno de Adri\u00e1n\"}]},{\"@type\":\"WebSite\",\"@id\":\"https:\\\/\\\/letrame.com\\\/catalogo\\\/#website\",\"url\":\"https:\\\/\\\/letrame.com\\\/catalogo\\\/\",\"name\":\"Catalogo | Letrame Grupo Editorial\",\"description\":\"\",\"publisher\":{\"@id\":\"https:\\\/\\\/letrame.com\\\/catalogo\\\/#organization\"},\"potentialAction\":[{\"@type\":\"SearchAction\",\"target\":{\"@type\":\"EntryPoint\",\"urlTemplate\":\"https:\\\/\\\/letrame.com\\\/catalogo\\\/?s={search_term_string}\"},\"query-input\":{\"@type\":\"PropertyValueSpecification\",\"valueRequired\":true,\"valueName\":\"search_term_string\"}}],\"inLanguage\":\"es\"},{\"@type\":\"Organization\",\"@id\":\"https:\\\/\\\/letrame.com\\\/catalogo\\\/#organization\",\"name\":\"Catalogo | Letrame Grupo Editorial\",\"url\":\"https:\\\/\\\/letrame.com\\\/catalogo\\\/\",\"logo\":{\"@type\":\"ImageObject\",\"inLanguage\":\"es\",\"@id\":\"https:\\\/\\\/letrame.com\\\/catalogo\\\/#\\\/schema\\\/logo\\\/image\\\/\",\"url\":\"https:\\\/\\\/letrame.com\\\/catalogo\\\/wp-content\\\/uploads\\\/2024\\\/03\\\/logo2.webp\",\"contentUrl\":\"https:\\\/\\\/letrame.com\\\/catalogo\\\/wp-content\\\/uploads\\\/2024\\\/03\\\/logo2.webp\",\"width\":394,\"height\":128,\"caption\":\"Catalogo | Letrame Grupo Editorial\"},\"image\":{\"@id\":\"https:\\\/\\\/letrame.com\\\/catalogo\\\/#\\\/schema\\\/logo\\\/image\\\/\"}}]}<\/script>\n<!-- \/ Yoast SEO plugin. -->","yoast_head_json":{"title":"El cuaderno de Adri\u00e1n - Catalogo | Letrame Grupo Editorial","robots":{"index":"index","follow":"follow","max-snippet":"max-snippet:-1","max-image-preview":"max-image-preview:large","max-video-preview":"max-video-preview:-1"},"canonical":"https:\/\/letrame.com\/catalogo\/producto\/el-cuaderno-de-adrian\/","og_locale":"es_ES","og_type":"article","og_title":"El cuaderno de Adri\u00e1n - Catalogo | Letrame Grupo Editorial","og_description":"ISBN: 978-84-1144-917-5 SINOPSIS El 3 de julio de 2021 naci\u00f3 Adri\u00e1n, primer hijo de Mar\u00eda y Joaqu\u00edn. Consciente de la concisi\u00f3n y sobriedad que tendr\u00eda el asiento oficial con el que se inscribi\u00f3 en el Registro Civil, el abuelo, primerizo tambi\u00e9n, decidi\u00f3 explicarle al reci\u00e9n nacido la convulsi\u00f3n familiar que hab\u00eda desatado su llegada y darle gracias a la vida por haberlo tra\u00eddo. Esta es la cr\u00f3nica de una emoci\u00f3n, un cuaderno de amor, lleno de abrazos y esperanzas, el relato sentido de un impacto profundo que aturull\u00f3 el coraz\u00f3n al ver c\u00f3mo una hija se convert\u00eda en madre y unos abuelos volv\u00edan a renacer en su nieto. Esa transfusi\u00f3n de sangre y sentimientos hace tambi\u00e9n de estas p\u00e1ginas un trasvase de experiencias y recuerdos, un nudo de vivencias y razones que une tres generaciones en el cruce de dos mundos, el del abuelo, que se va quedando atr\u00e1s, y el del nieto, en el que todo est\u00e1 por venir. En cada p\u00e1rrafo, el autor se desdobla en un di\u00e1logo de ternura con el beb\u00e9 que ahora lo embelesa, y de compromiso e ilusi\u00f3n con el joven que dentro de unos a\u00f1os podr\u00e1 deshacer el manojo de convicciones y argumentos con los que le dibuja el futuro que le espera. El texto transpira la sinceridad de \u00e1nimo que nace de la vitalidad y el optimismo de un ni\u00f1o de 20 meses, y el razonable recelo que generan las dificultades sociales, econ\u00f3micas, clim\u00e1ticas o de simple convivencia que tendr\u00e1 que superar Adri\u00e1n para convertirse en el hombre que sus padres esperan y el ciudadano comprometido que esta sociedad necesita.","og_url":"https:\/\/letrame.com\/catalogo\/producto\/el-cuaderno-de-adrian\/","og_site_name":"Catalogo | Letrame Grupo Editorial","article_modified_time":"2024-04-29T13:28:57+00:00","og_image":[{"width":601,"height":881,"url":"https:\/\/letrame.com\/catalogo\/wp-content\/uploads\/2024\/04\/web_portadaelcuadernodeadrian_1749mm-compressed.jpg","type":"image\/jpeg"}],"twitter_card":"summary_large_image","twitter_misc":{"Tiempo de lectura":"2 minutos"},"schema":{"@context":"https:\/\/schema.org","@graph":[{"@type":"WebPage","@id":"https:\/\/letrame.com\/catalogo\/producto\/el-cuaderno-de-adrian\/","url":"https:\/\/letrame.com\/catalogo\/producto\/el-cuaderno-de-adrian\/","name":"El cuaderno de Adri\u00e1n - Catalogo | Letrame Grupo Editorial","isPartOf":{"@id":"https:\/\/letrame.com\/catalogo\/#website"},"primaryImageOfPage":{"@id":"https:\/\/letrame.com\/catalogo\/producto\/el-cuaderno-de-adrian\/#primaryimage"},"image":{"@id":"https:\/\/letrame.com\/catalogo\/producto\/el-cuaderno-de-adrian\/#primaryimage"},"thumbnailUrl":"https:\/\/letrame.com\/catalogo\/wp-content\/uploads\/2024\/04\/web_portadaelcuadernodeadrian_1749mm-compressed.jpg","datePublished":"2024-04-29T13:28:53+00:00","dateModified":"2024-04-29T13:28:57+00:00","breadcrumb":{"@id":"https:\/\/letrame.com\/catalogo\/producto\/el-cuaderno-de-adrian\/#breadcrumb"},"inLanguage":"es","potentialAction":[{"@type":"ReadAction","target":["https:\/\/letrame.com\/catalogo\/producto\/el-cuaderno-de-adrian\/"]}]},{"@type":"ImageObject","inLanguage":"es","@id":"https:\/\/letrame.com\/catalogo\/producto\/el-cuaderno-de-adrian\/#primaryimage","url":"https:\/\/letrame.com\/catalogo\/wp-content\/uploads\/2024\/04\/web_portadaelcuadernodeadrian_1749mm-compressed.jpg","contentUrl":"https:\/\/letrame.com\/catalogo\/wp-content\/uploads\/2024\/04\/web_portadaelcuadernodeadrian_1749mm-compressed.jpg","width":601,"height":881},{"@type":"BreadcrumbList","@id":"https:\/\/letrame.com\/catalogo\/producto\/el-cuaderno-de-adrian\/#breadcrumb","itemListElement":[{"@type":"ListItem","position":1,"name":"Portada","item":"https:\/\/letrame.com\/catalogo\/"},{"@type":"ListItem","position":2,"name":"Cat\u00e1logo","item":"https:\/\/letrame.com\/catalogo\/"},{"@type":"ListItem","position":3,"name":"El cuaderno de Adri\u00e1n"}]},{"@type":"WebSite","@id":"https:\/\/letrame.com\/catalogo\/#website","url":"https:\/\/letrame.com\/catalogo\/","name":"Catalogo | Letrame Grupo Editorial","description":"","publisher":{"@id":"https:\/\/letrame.com\/catalogo\/#organization"},"potentialAction":[{"@type":"SearchAction","target":{"@type":"EntryPoint","urlTemplate":"https:\/\/letrame.com\/catalogo\/?s={search_term_string}"},"query-input":{"@type":"PropertyValueSpecification","valueRequired":true,"valueName":"search_term_string"}}],"inLanguage":"es"},{"@type":"Organization","@id":"https:\/\/letrame.com\/catalogo\/#organization","name":"Catalogo | Letrame Grupo Editorial","url":"https:\/\/letrame.com\/catalogo\/","logo":{"@type":"ImageObject","inLanguage":"es","@id":"https:\/\/letrame.com\/catalogo\/#\/schema\/logo\/image\/","url":"https:\/\/letrame.com\/catalogo\/wp-content\/uploads\/2024\/03\/logo2.webp","contentUrl":"https:\/\/letrame.com\/catalogo\/wp-content\/uploads\/2024\/03\/logo2.webp","width":394,"height":128,"caption":"Catalogo | Letrame Grupo Editorial"},"image":{"@id":"https:\/\/letrame.com\/catalogo\/#\/schema\/logo\/image\/"}}]}},"_links":{"self":[{"href":"https:\/\/letrame.com\/catalogo\/wp-json\/wp\/v2\/product\/98920","targetHints":{"allow":["GET"]}}],"collection":[{"href":"https:\/\/letrame.com\/catalogo\/wp-json\/wp\/v2\/product"}],"about":[{"href":"https:\/\/letrame.com\/catalogo\/wp-json\/wp\/v2\/types\/product"}],"replies":[{"embeddable":true,"href":"https:\/\/letrame.com\/catalogo\/wp-json\/wp\/v2\/comments?post=98920"}],"acf:post":[{"embeddable":true,"href":"https:\/\/letrame.com\/catalogo\/wp-json\/wp\/v2\/author_book\/77327"}],"wp:featuredmedia":[{"embeddable":true,"href":"https:\/\/letrame.com\/catalogo\/wp-json\/wp\/v2\/media\/98921"}],"wp:attachment":[{"href":"https:\/\/letrame.com\/catalogo\/wp-json\/wp\/v2\/media?parent=98920"}],"wp:term":[{"taxonomy":"libro","embeddable":true,"href":"https:\/\/letrame.com\/catalogo\/wp-json\/wp\/v2\/libro?post=98920"},{"taxonomy":"product_brand","embeddable":true,"href":"https:\/\/letrame.com\/catalogo\/wp-json\/wp\/v2\/product_brand?post=98920"},{"taxonomy":"product_cat","embeddable":true,"href":"https:\/\/letrame.com\/catalogo\/wp-json\/wp\/v2\/product_cat?post=98920"},{"taxonomy":"product_tag","embeddable":true,"href":"https:\/\/letrame.com\/catalogo\/wp-json\/wp\/v2\/product_tag?post=98920"}],"curies":[{"name":"wp","href":"https:\/\/api.w.org\/{rel}","templated":true}]}}