{"id":98918,"date":"2024-04-29T15:28:53","date_gmt":"2024-04-29T13:28:53","guid":{"rendered":"https:\/\/letrame.com\/catalogo\/producto\/_______-__-_______-______-_-_____\/"},"modified":"2024-08-01T15:04:22","modified_gmt":"2024-08-01T13:04:22","slug":"_______-__-_______-______-_-_____","status":"publish","type":"product","link":"https:\/\/letrame.com\/catalogo\/producto\/_______-__-_______-______-_-_____\/","title":{"rendered":"_______ __ _______ ______ _ _____"},"content":{"rendered":"<p><strong>ISBN<\/strong>: 978-84-1144-723-2<\/p>\n<p><strong>T\u00edtulo<\/strong>: _______ __ _______ ______ _ _____<br \/>\n<strong>Fecha<\/strong>: 2023<br \/>\n<strong>P\u00e1ginas<\/strong>: 28<\/p>\n<p><strong>SINOPSIS<\/strong><\/p>\n<p style=\"font-weight: 400;\">______ ____ _______ &#8211; __________ _____ _________ _________ ________ __ _______. _______ __ _______, ____ ______ _______________ _________ _________ _______ _ ______ __ ______ __________ __ ______. _____ ____ ________ ___ _____ _ ________ _____, ____ _______ _____ _ _______ __ ____________ ____ ______, _ _____ __________ __________ ________.<\/p>\n<p style=\"font-weight: 400;\">El mensaje es poder lograr motivar a los ni\u00f1os a practicar actividades f\u00edsicas y deportes. Mientras leen este cuento, pueden disfrutar de las aventuras de una abejita y un mosquito y de su pasi\u00f3n por el tenis. El deporte es muy importante para el crecimiento y desarrollo de los ni\u00f1os, aprenden a jugar en equipo, apoyarse y fomenta\u00a0la amistad.<\/p>\n","protected":false},"excerpt":{"rendered":"<p><strong>ISBN<\/strong>: 978-84-1144-723-2<\/p>\n<p><strong>SINOPSIS<\/strong><\/p>\n<p style=\"font-weight: 400;\">______ ____ _______ &#8211; __________ _____ _________ _________ ________ __ _______. _______ __ _______, ____ ______ _______________ _________ _________ _______ _ ______ __ ______ __________ __ ______. _____ ____ ________ ___ _____ _ ________ _____, ____ _______ _____ _ _______ __ ____________ ____ ______, _ _____ __________ __________ ________.<\/p>\n<p style=\"font-weight: 400;\">El mensaje es poder lograr motivar a los ni\u00f1os a practicar actividades f\u00edsicas y deportes. Mientras leen este cuento, pueden disfrutar de las aventuras de una abejita y un mosquito y de su pasi\u00f3n por el tenis. El deporte es muy importante para el crecimiento y desarrollo de los ni\u00f1os, aprenden a jugar en equipo, apoyarse y fomenta\u00a0la amistad.<\/p>\n","protected":false},"featured_media":98919,"comment_status":"closed","ping_status":"closed","template":"","meta":{"_acf_changed":false},"libro":[],"product_brand":[],"product_cat":[17],"product_tag":[],"class_list":{"0":"post-98918","1":"product","2":"type-product","3":"status-publish","4":"has-post-thumbnail","6":"product_cat-infantil","8":"first","9":"instock","10":"purchasable","11":"product-type-simple"},"acf":{"autor":[77929],"enlace_de_compra":""},"yoast_head":"<!-- This site is optimized with the Yoast SEO plugin v27.4 - https:\/\/yoast.com\/product\/yoast-seo-wordpress\/ -->\n<title>_______ __ _______ ______ _ _____ - Catalogo | Letrame Grupo Editorial<\/title>\n<meta name=\"robots\" content=\"index, follow, max-snippet:-1, max-image-preview:large, max-video-preview:-1\" \/>\n<link rel=\"canonical\" href=\"https:\/\/letrame.com\/catalogo\/producto\/_______-__-_______-______-_-_____\/\" \/>\n<meta property=\"og:locale\" content=\"es_ES\" \/>\n<meta property=\"og:type\" content=\"article\" \/>\n<meta property=\"og:title\" content=\"_______ __ _______ ______ _ _____ - Catalogo | Letrame Grupo Editorial\" \/>\n<meta property=\"og:description\" content=\"ISBN: 978-84-1144-723-2  SINOPSIS ______ ____ _______ - __________ _____ _________ _________ ________ __ _______. _______ __ _______, ____ ______ _______________ _________ _________ _______ _ ______ __ ______ __________ __ ______. _____ ____ ________ ___ _____ _ ________ _____, ____ _______ _____ _ _______ __ ____________ ____ ______, _ _____ __________ __________ ________. El mensaje es poder lograr motivar a los ni\u00f1os a practicar actividades f\u00edsicas y deportes. Mientras leen este cuento, pueden disfrutar de las aventuras de una abejita y un mosquito y de su pasi\u00f3n por el tenis. El deporte es muy importante para el crecimiento y desarrollo de los ni\u00f1os, aprenden a jugar en equipo, apoyarse y fomenta\u00a0la amistad.\" \/>\n<meta property=\"og:url\" content=\"https:\/\/letrame.com\/catalogo\/producto\/_______-__-_______-______-_-_____\/\" \/>\n<meta property=\"og:site_name\" content=\"Catalogo | Letrame Grupo Editorial\" \/>\n<meta property=\"article:modified_time\" content=\"2024-08-01T13:04:22+00:00\" \/>\n<meta property=\"og:image\" content=\"https:\/\/letrame.com\/catalogo\/wp-content\/uploads\/2024\/04\/webportadalaabejayelmosquito_241mm-compressed.jpg\" \/>\n\t<meta property=\"og:image:width\" content=\"601\" \/>\n\t<meta property=\"og:image:height\" content=\"881\" \/>\n\t<meta property=\"og:image:type\" content=\"image\/jpeg\" \/>\n<meta name=\"twitter:card\" content=\"summary_large_image\" \/>\n<meta name=\"twitter:label1\" content=\"Tiempo de lectura\" \/>\n\t<meta name=\"twitter:data1\" content=\"1 minuto\" \/>\n<script type=\"application\/ld+json\" class=\"yoast-schema-graph\">{\"@context\":\"https:\\\/\\\/schema.org\",\"@graph\":[{\"@type\":\"WebPage\",\"@id\":\"https:\\\/\\\/letrame.com\\\/catalogo\\\/producto\\\/_______-__-_______-______-_-_____\\\/\",\"url\":\"https:\\\/\\\/letrame.com\\\/catalogo\\\/producto\\\/_______-__-_______-______-_-_____\\\/\",\"name\":\"_______ __ _______ ______ _ _____ - Catalogo | Letrame Grupo Editorial\",\"isPartOf\":{\"@id\":\"https:\\\/\\\/letrame.com\\\/catalogo\\\/#website\"},\"primaryImageOfPage\":{\"@id\":\"https:\\\/\\\/letrame.com\\\/catalogo\\\/producto\\\/_______-__-_______-______-_-_____\\\/#primaryimage\"},\"image\":{\"@id\":\"https:\\\/\\\/letrame.com\\\/catalogo\\\/producto\\\/_______-__-_______-______-_-_____\\\/#primaryimage\"},\"thumbnailUrl\":\"https:\\\/\\\/letrame.com\\\/catalogo\\\/wp-content\\\/uploads\\\/2024\\\/04\\\/webportadalaabejayelmosquito_241mm-compressed.jpg\",\"datePublished\":\"2024-04-29T13:28:53+00:00\",\"dateModified\":\"2024-08-01T13:04:22+00:00\",\"breadcrumb\":{\"@id\":\"https:\\\/\\\/letrame.com\\\/catalogo\\\/producto\\\/_______-__-_______-______-_-_____\\\/#breadcrumb\"},\"inLanguage\":\"es\",\"potentialAction\":[{\"@type\":\"ReadAction\",\"target\":[\"https:\\\/\\\/letrame.com\\\/catalogo\\\/producto\\\/_______-__-_______-______-_-_____\\\/\"]}]},{\"@type\":\"ImageObject\",\"inLanguage\":\"es\",\"@id\":\"https:\\\/\\\/letrame.com\\\/catalogo\\\/producto\\\/_______-__-_______-______-_-_____\\\/#primaryimage\",\"url\":\"https:\\\/\\\/letrame.com\\\/catalogo\\\/wp-content\\\/uploads\\\/2024\\\/04\\\/webportadalaabejayelmosquito_241mm-compressed.jpg\",\"contentUrl\":\"https:\\\/\\\/letrame.com\\\/catalogo\\\/wp-content\\\/uploads\\\/2024\\\/04\\\/webportadalaabejayelmosquito_241mm-compressed.jpg\",\"width\":601,\"height\":881},{\"@type\":\"BreadcrumbList\",\"@id\":\"https:\\\/\\\/letrame.com\\\/catalogo\\\/producto\\\/_______-__-_______-______-_-_____\\\/#breadcrumb\",\"itemListElement\":[{\"@type\":\"ListItem\",\"position\":1,\"name\":\"Portada\",\"item\":\"https:\\\/\\\/letrame.com\\\/catalogo\\\/\"},{\"@type\":\"ListItem\",\"position\":2,\"name\":\"Cat\u00e1logo\",\"item\":\"https:\\\/\\\/letrame.com\\\/catalogo\\\/\"},{\"@type\":\"ListItem\",\"position\":3,\"name\":\"_______ __ _______ ______ _ _____\"}]},{\"@type\":\"WebSite\",\"@id\":\"https:\\\/\\\/letrame.com\\\/catalogo\\\/#website\",\"url\":\"https:\\\/\\\/letrame.com\\\/catalogo\\\/\",\"name\":\"Catalogo | Letrame Grupo Editorial\",\"description\":\"\",\"publisher\":{\"@id\":\"https:\\\/\\\/letrame.com\\\/catalogo\\\/#organization\"},\"potentialAction\":[{\"@type\":\"SearchAction\",\"target\":{\"@type\":\"EntryPoint\",\"urlTemplate\":\"https:\\\/\\\/letrame.com\\\/catalogo\\\/?s={search_term_string}\"},\"query-input\":{\"@type\":\"PropertyValueSpecification\",\"valueRequired\":true,\"valueName\":\"search_term_string\"}}],\"inLanguage\":\"es\"},{\"@type\":\"Organization\",\"@id\":\"https:\\\/\\\/letrame.com\\\/catalogo\\\/#organization\",\"name\":\"Catalogo | Letrame Grupo Editorial\",\"url\":\"https:\\\/\\\/letrame.com\\\/catalogo\\\/\",\"logo\":{\"@type\":\"ImageObject\",\"inLanguage\":\"es\",\"@id\":\"https:\\\/\\\/letrame.com\\\/catalogo\\\/#\\\/schema\\\/logo\\\/image\\\/\",\"url\":\"https:\\\/\\\/letrame.com\\\/catalogo\\\/wp-content\\\/uploads\\\/2024\\\/03\\\/logo2.webp\",\"contentUrl\":\"https:\\\/\\\/letrame.com\\\/catalogo\\\/wp-content\\\/uploads\\\/2024\\\/03\\\/logo2.webp\",\"width\":394,\"height\":128,\"caption\":\"Catalogo | Letrame Grupo Editorial\"},\"image\":{\"@id\":\"https:\\\/\\\/letrame.com\\\/catalogo\\\/#\\\/schema\\\/logo\\\/image\\\/\"}}]}<\/script>\n<!-- \/ Yoast SEO plugin. -->","yoast_head_json":{"title":"_______ __ _______ ______ _ _____ - Catalogo | Letrame Grupo Editorial","robots":{"index":"index","follow":"follow","max-snippet":"max-snippet:-1","max-image-preview":"max-image-preview:large","max-video-preview":"max-video-preview:-1"},"canonical":"https:\/\/letrame.com\/catalogo\/producto\/_______-__-_______-______-_-_____\/","og_locale":"es_ES","og_type":"article","og_title":"_______ __ _______ ______ _ _____ - Catalogo | Letrame Grupo Editorial","og_description":"ISBN: 978-84-1144-723-2  SINOPSIS ______ ____ _______ - __________ _____ _________ _________ ________ __ _______. _______ __ _______, ____ ______ _______________ _________ _________ _______ _ ______ __ ______ __________ __ ______. _____ ____ ________ ___ _____ _ ________ _____, ____ _______ _____ _ _______ __ ____________ ____ ______, _ _____ __________ __________ ________. El mensaje es poder lograr motivar a los ni\u00f1os a practicar actividades f\u00edsicas y deportes. Mientras leen este cuento, pueden disfrutar de las aventuras de una abejita y un mosquito y de su pasi\u00f3n por el tenis. El deporte es muy importante para el crecimiento y desarrollo de los ni\u00f1os, aprenden a jugar en equipo, apoyarse y fomenta\u00a0la amistad.","og_url":"https:\/\/letrame.com\/catalogo\/producto\/_______-__-_______-______-_-_____\/","og_site_name":"Catalogo | Letrame Grupo Editorial","article_modified_time":"2024-08-01T13:04:22+00:00","og_image":[{"width":601,"height":881,"url":"https:\/\/letrame.com\/catalogo\/wp-content\/uploads\/2024\/04\/webportadalaabejayelmosquito_241mm-compressed.jpg","type":"image\/jpeg"}],"twitter_card":"summary_large_image","twitter_misc":{"Tiempo de lectura":"1 minuto"},"schema":{"@context":"https:\/\/schema.org","@graph":[{"@type":"WebPage","@id":"https:\/\/letrame.com\/catalogo\/producto\/_______-__-_______-______-_-_____\/","url":"https:\/\/letrame.com\/catalogo\/producto\/_______-__-_______-______-_-_____\/","name":"_______ __ _______ ______ _ _____ - Catalogo | Letrame Grupo Editorial","isPartOf":{"@id":"https:\/\/letrame.com\/catalogo\/#website"},"primaryImageOfPage":{"@id":"https:\/\/letrame.com\/catalogo\/producto\/_______-__-_______-______-_-_____\/#primaryimage"},"image":{"@id":"https:\/\/letrame.com\/catalogo\/producto\/_______-__-_______-______-_-_____\/#primaryimage"},"thumbnailUrl":"https:\/\/letrame.com\/catalogo\/wp-content\/uploads\/2024\/04\/webportadalaabejayelmosquito_241mm-compressed.jpg","datePublished":"2024-04-29T13:28:53+00:00","dateModified":"2024-08-01T13:04:22+00:00","breadcrumb":{"@id":"https:\/\/letrame.com\/catalogo\/producto\/_______-__-_______-______-_-_____\/#breadcrumb"},"inLanguage":"es","potentialAction":[{"@type":"ReadAction","target":["https:\/\/letrame.com\/catalogo\/producto\/_______-__-_______-______-_-_____\/"]}]},{"@type":"ImageObject","inLanguage":"es","@id":"https:\/\/letrame.com\/catalogo\/producto\/_______-__-_______-______-_-_____\/#primaryimage","url":"https:\/\/letrame.com\/catalogo\/wp-content\/uploads\/2024\/04\/webportadalaabejayelmosquito_241mm-compressed.jpg","contentUrl":"https:\/\/letrame.com\/catalogo\/wp-content\/uploads\/2024\/04\/webportadalaabejayelmosquito_241mm-compressed.jpg","width":601,"height":881},{"@type":"BreadcrumbList","@id":"https:\/\/letrame.com\/catalogo\/producto\/_______-__-_______-______-_-_____\/#breadcrumb","itemListElement":[{"@type":"ListItem","position":1,"name":"Portada","item":"https:\/\/letrame.com\/catalogo\/"},{"@type":"ListItem","position":2,"name":"Cat\u00e1logo","item":"https:\/\/letrame.com\/catalogo\/"},{"@type":"ListItem","position":3,"name":"_______ __ _______ ______ _ _____"}]},{"@type":"WebSite","@id":"https:\/\/letrame.com\/catalogo\/#website","url":"https:\/\/letrame.com\/catalogo\/","name":"Catalogo | Letrame Grupo Editorial","description":"","publisher":{"@id":"https:\/\/letrame.com\/catalogo\/#organization"},"potentialAction":[{"@type":"SearchAction","target":{"@type":"EntryPoint","urlTemplate":"https:\/\/letrame.com\/catalogo\/?s={search_term_string}"},"query-input":{"@type":"PropertyValueSpecification","valueRequired":true,"valueName":"search_term_string"}}],"inLanguage":"es"},{"@type":"Organization","@id":"https:\/\/letrame.com\/catalogo\/#organization","name":"Catalogo | Letrame Grupo Editorial","url":"https:\/\/letrame.com\/catalogo\/","logo":{"@type":"ImageObject","inLanguage":"es","@id":"https:\/\/letrame.com\/catalogo\/#\/schema\/logo\/image\/","url":"https:\/\/letrame.com\/catalogo\/wp-content\/uploads\/2024\/03\/logo2.webp","contentUrl":"https:\/\/letrame.com\/catalogo\/wp-content\/uploads\/2024\/03\/logo2.webp","width":394,"height":128,"caption":"Catalogo | Letrame Grupo Editorial"},"image":{"@id":"https:\/\/letrame.com\/catalogo\/#\/schema\/logo\/image\/"}}]}},"_links":{"self":[{"href":"https:\/\/letrame.com\/catalogo\/wp-json\/wp\/v2\/product\/98918","targetHints":{"allow":["GET"]}}],"collection":[{"href":"https:\/\/letrame.com\/catalogo\/wp-json\/wp\/v2\/product"}],"about":[{"href":"https:\/\/letrame.com\/catalogo\/wp-json\/wp\/v2\/types\/product"}],"replies":[{"embeddable":true,"href":"https:\/\/letrame.com\/catalogo\/wp-json\/wp\/v2\/comments?post=98918"}],"acf:post":[{"embeddable":true,"href":"https:\/\/letrame.com\/catalogo\/wp-json\/wp\/v2\/author_book\/77929"}],"wp:featuredmedia":[{"embeddable":true,"href":"https:\/\/letrame.com\/catalogo\/wp-json\/wp\/v2\/media\/98919"}],"wp:attachment":[{"href":"https:\/\/letrame.com\/catalogo\/wp-json\/wp\/v2\/media?parent=98918"}],"wp:term":[{"taxonomy":"libro","embeddable":true,"href":"https:\/\/letrame.com\/catalogo\/wp-json\/wp\/v2\/libro?post=98918"},{"taxonomy":"product_brand","embeddable":true,"href":"https:\/\/letrame.com\/catalogo\/wp-json\/wp\/v2\/product_brand?post=98918"},{"taxonomy":"product_cat","embeddable":true,"href":"https:\/\/letrame.com\/catalogo\/wp-json\/wp\/v2\/product_cat?post=98918"},{"taxonomy":"product_tag","embeddable":true,"href":"https:\/\/letrame.com\/catalogo\/wp-json\/wp\/v2\/product_tag?post=98918"}],"curies":[{"name":"wp","href":"https:\/\/api.w.org\/{rel}","templated":true}]}}