{"id":98844,"date":"2024-04-29T15:25:21","date_gmt":"2024-04-29T13:25:21","guid":{"rendered":"https:\/\/letrame.com\/catalogo\/producto\/jaguarundi\/"},"modified":"2024-04-29T15:25:25","modified_gmt":"2024-04-29T13:25:25","slug":"jaguarundi","status":"publish","type":"product","link":"https:\/\/letrame.com\/catalogo\/producto\/jaguarundi\/","title":{"rendered":"Jaguarundi"},"content":{"rendered":"<p><strong>ISBN<\/strong>: 978-84-1144-940-3<\/p>\n<p><strong>T\u00edtulo<\/strong>: Jaguarundi<br \/>\n<strong>Fecha<\/strong>: 2023<br \/>\n<strong>P\u00e1ginas<\/strong>: 296<\/p>\n<p><strong>SINOPSIS<\/strong><\/p>\n<p>Aunki regresa de su ceremonia de iniciaci\u00f3n a la adultez, despu\u00e9s de una rara visi\u00f3n sobre la llegada de un desastre a su tierra, solo para descubrir que se est\u00e1 iniciando la conquista de la tierra de sus ancestros por hombres con una poderosa magia. Estos no son otros que los hombres de Sebasti\u00e1n de Belalc\u00e1zar, que vienen con espadas, trabucos, perros y un extra\u00f1o y poderoso animal al que llaman caballo. As\u00ed mientras, se fundan las ciudades m\u00e1s antiguas de Am\u00e9rica, su pueblo se extingue entre batallas y enfermedades que arrasan pueblos enteros perdi\u00e9ndose la protecci\u00f3n de la diosa, sus creencias y su equilibrio con la naturaleza que hab\u00eda durado m\u00e1s de 10 000 a\u00f1os.<\/p>\n","protected":false},"excerpt":{"rendered":"<p><strong>ISBN<\/strong>: 978-84-1144-940-3<\/p>\n<p><strong>SINOPSIS<\/strong><\/p>\n<p>Aunki regresa de su ceremonia de iniciaci\u00f3n a la adultez, despu\u00e9s de una rara visi\u00f3n sobre la llegada de un desastre a su tierra, solo para descubrir que se est\u00e1 iniciando la conquista de la tierra de sus ancestros por hombres con una poderosa magia. Estos no son otros que los hombres de Sebasti\u00e1n de Belalc\u00e1zar, que vienen con espadas, trabucos, perros y un extra\u00f1o y poderoso animal al que llaman caballo. As\u00ed mientras, se fundan las ciudades m\u00e1s antiguas de Am\u00e9rica, su pueblo se extingue entre batallas y enfermedades que arrasan pueblos enteros perdi\u00e9ndose la protecci\u00f3n de la diosa, sus creencias y su equilibrio con la naturaleza que hab\u00eda durado m\u00e1s de 10 000 a\u00f1os.<\/p>\n","protected":false},"featured_media":98845,"comment_status":"closed","ping_status":"open","template":"","meta":{"_acf_changed":false},"libro":[],"product_brand":[],"product_cat":[16],"product_tag":[],"class_list":{"0":"post-98844","1":"product","2":"type-product","3":"status-publish","4":"has-post-thumbnail","6":"product_cat-novela","8":"first","9":"instock","10":"product-type-simple"},"acf":{"autor":[77257],"enlace_de_compra":"https:\/\/www.amazon.es\/Jaguarundi-Juan-Manuel-Guti%C3%A9rrez-Cruz\/dp\/8411449408"},"yoast_head":"<!-- This site is optimized with the Yoast SEO plugin v26.6 - https:\/\/yoast.com\/wordpress\/plugins\/seo\/ -->\n<title>Jaguarundi - Catalogo | Letrame Grupo Editorial<\/title>\n<meta name=\"robots\" content=\"index, follow, max-snippet:-1, max-image-preview:large, max-video-preview:-1\" \/>\n<link rel=\"canonical\" href=\"https:\/\/letrame.com\/catalogo\/producto\/jaguarundi\/\" \/>\n<meta property=\"og:locale\" content=\"es_ES\" \/>\n<meta property=\"og:type\" content=\"article\" \/>\n<meta property=\"og:title\" content=\"Jaguarundi - Catalogo | Letrame Grupo Editorial\" \/>\n<meta property=\"og:description\" content=\"ISBN: 978-84-1144-940-3 SINOPSIS Aunki regresa de su ceremonia de iniciaci\u00f3n a la adultez, despu\u00e9s de una rara visi\u00f3n sobre la llegada de un desastre a su tierra, solo para descubrir que se est\u00e1 iniciando la conquista de la tierra de sus ancestros por hombres con una poderosa magia. Estos no son otros que los hombres de Sebasti\u00e1n de Belalc\u00e1zar, que vienen con espadas, trabucos, perros y un extra\u00f1o y poderoso animal al que llaman caballo. As\u00ed mientras, se fundan las ciudades m\u00e1s antiguas de Am\u00e9rica, su pueblo se extingue entre batallas y enfermedades que arrasan pueblos enteros perdi\u00e9ndose la protecci\u00f3n de la diosa, sus creencias y su equilibrio con la naturaleza que hab\u00eda durado m\u00e1s de 10 000 a\u00f1os.\" \/>\n<meta property=\"og:url\" content=\"https:\/\/letrame.com\/catalogo\/producto\/jaguarundi\/\" \/>\n<meta property=\"og:site_name\" content=\"Catalogo | Letrame Grupo Editorial\" \/>\n<meta property=\"article:modified_time\" content=\"2024-04-29T13:25:25+00:00\" \/>\n<meta property=\"og:image\" content=\"https:\/\/letrame.com\/catalogo\/wp-content\/uploads\/2024\/04\/web_portadajaguarundi_1645mm-compressed.jpg\" \/>\n\t<meta property=\"og:image:width\" content=\"601\" \/>\n\t<meta property=\"og:image:height\" content=\"881\" \/>\n\t<meta property=\"og:image:type\" content=\"image\/jpeg\" \/>\n<meta name=\"twitter:card\" content=\"summary_large_image\" \/>\n<meta name=\"twitter:label1\" content=\"Tiempo de lectura\" \/>\n\t<meta name=\"twitter:data1\" content=\"1 minuto\" \/>\n<script type=\"application\/ld+json\" class=\"yoast-schema-graph\">{\"@context\":\"https:\/\/schema.org\",\"@graph\":[{\"@type\":\"WebPage\",\"@id\":\"https:\/\/letrame.com\/catalogo\/producto\/jaguarundi\/\",\"url\":\"https:\/\/letrame.com\/catalogo\/producto\/jaguarundi\/\",\"name\":\"Jaguarundi - Catalogo | Letrame Grupo Editorial\",\"isPartOf\":{\"@id\":\"https:\/\/letrame.com\/catalogo\/#website\"},\"primaryImageOfPage\":{\"@id\":\"https:\/\/letrame.com\/catalogo\/producto\/jaguarundi\/#primaryimage\"},\"image\":{\"@id\":\"https:\/\/letrame.com\/catalogo\/producto\/jaguarundi\/#primaryimage\"},\"thumbnailUrl\":\"https:\/\/letrame.com\/catalogo\/wp-content\/uploads\/2024\/04\/web_portadajaguarundi_1645mm-compressed.jpg\",\"datePublished\":\"2024-04-29T13:25:21+00:00\",\"dateModified\":\"2024-04-29T13:25:25+00:00\",\"breadcrumb\":{\"@id\":\"https:\/\/letrame.com\/catalogo\/producto\/jaguarundi\/#breadcrumb\"},\"inLanguage\":\"es\",\"potentialAction\":[{\"@type\":\"ReadAction\",\"target\":[\"https:\/\/letrame.com\/catalogo\/producto\/jaguarundi\/\"]}]},{\"@type\":\"ImageObject\",\"inLanguage\":\"es\",\"@id\":\"https:\/\/letrame.com\/catalogo\/producto\/jaguarundi\/#primaryimage\",\"url\":\"https:\/\/letrame.com\/catalogo\/wp-content\/uploads\/2024\/04\/web_portadajaguarundi_1645mm-compressed.jpg\",\"contentUrl\":\"https:\/\/letrame.com\/catalogo\/wp-content\/uploads\/2024\/04\/web_portadajaguarundi_1645mm-compressed.jpg\",\"width\":601,\"height\":881},{\"@type\":\"BreadcrumbList\",\"@id\":\"https:\/\/letrame.com\/catalogo\/producto\/jaguarundi\/#breadcrumb\",\"itemListElement\":[{\"@type\":\"ListItem\",\"position\":1,\"name\":\"Portada\",\"item\":\"https:\/\/letrame.com\/catalogo\/\"},{\"@type\":\"ListItem\",\"position\":2,\"name\":\"Cat\u00e1logo\",\"item\":\"https:\/\/letrame.com\/catalogo\/\"},{\"@type\":\"ListItem\",\"position\":3,\"name\":\"Jaguarundi\"}]},{\"@type\":\"WebSite\",\"@id\":\"https:\/\/letrame.com\/catalogo\/#website\",\"url\":\"https:\/\/letrame.com\/catalogo\/\",\"name\":\"Catalogo | Letrame Grupo Editorial\",\"description\":\"\",\"publisher\":{\"@id\":\"https:\/\/letrame.com\/catalogo\/#organization\"},\"potentialAction\":[{\"@type\":\"SearchAction\",\"target\":{\"@type\":\"EntryPoint\",\"urlTemplate\":\"https:\/\/letrame.com\/catalogo\/?s={search_term_string}\"},\"query-input\":{\"@type\":\"PropertyValueSpecification\",\"valueRequired\":true,\"valueName\":\"search_term_string\"}}],\"inLanguage\":\"es\"},{\"@type\":\"Organization\",\"@id\":\"https:\/\/letrame.com\/catalogo\/#organization\",\"name\":\"Catalogo | Letrame Grupo Editorial\",\"url\":\"https:\/\/letrame.com\/catalogo\/\",\"logo\":{\"@type\":\"ImageObject\",\"inLanguage\":\"es\",\"@id\":\"https:\/\/letrame.com\/catalogo\/#\/schema\/logo\/image\/\",\"url\":\"https:\/\/letrame.com\/catalogo\/wp-content\/uploads\/2024\/03\/logo2.webp\",\"contentUrl\":\"https:\/\/letrame.com\/catalogo\/wp-content\/uploads\/2024\/03\/logo2.webp\",\"width\":394,\"height\":128,\"caption\":\"Catalogo | Letrame Grupo Editorial\"},\"image\":{\"@id\":\"https:\/\/letrame.com\/catalogo\/#\/schema\/logo\/image\/\"}}]}<\/script>\n<!-- \/ Yoast SEO plugin. -->","yoast_head_json":{"title":"Jaguarundi - Catalogo | Letrame Grupo Editorial","robots":{"index":"index","follow":"follow","max-snippet":"max-snippet:-1","max-image-preview":"max-image-preview:large","max-video-preview":"max-video-preview:-1"},"canonical":"https:\/\/letrame.com\/catalogo\/producto\/jaguarundi\/","og_locale":"es_ES","og_type":"article","og_title":"Jaguarundi - Catalogo | Letrame Grupo Editorial","og_description":"ISBN: 978-84-1144-940-3 SINOPSIS Aunki regresa de su ceremonia de iniciaci\u00f3n a la adultez, despu\u00e9s de una rara visi\u00f3n sobre la llegada de un desastre a su tierra, solo para descubrir que se est\u00e1 iniciando la conquista de la tierra de sus ancestros por hombres con una poderosa magia. Estos no son otros que los hombres de Sebasti\u00e1n de Belalc\u00e1zar, que vienen con espadas, trabucos, perros y un extra\u00f1o y poderoso animal al que llaman caballo. As\u00ed mientras, se fundan las ciudades m\u00e1s antiguas de Am\u00e9rica, su pueblo se extingue entre batallas y enfermedades que arrasan pueblos enteros perdi\u00e9ndose la protecci\u00f3n de la diosa, sus creencias y su equilibrio con la naturaleza que hab\u00eda durado m\u00e1s de 10 000 a\u00f1os.","og_url":"https:\/\/letrame.com\/catalogo\/producto\/jaguarundi\/","og_site_name":"Catalogo | Letrame Grupo Editorial","article_modified_time":"2024-04-29T13:25:25+00:00","og_image":[{"width":601,"height":881,"url":"https:\/\/letrame.com\/catalogo\/wp-content\/uploads\/2024\/04\/web_portadajaguarundi_1645mm-compressed.jpg","type":"image\/jpeg"}],"twitter_card":"summary_large_image","twitter_misc":{"Tiempo de lectura":"1 minuto"},"schema":{"@context":"https:\/\/schema.org","@graph":[{"@type":"WebPage","@id":"https:\/\/letrame.com\/catalogo\/producto\/jaguarundi\/","url":"https:\/\/letrame.com\/catalogo\/producto\/jaguarundi\/","name":"Jaguarundi - Catalogo | Letrame Grupo Editorial","isPartOf":{"@id":"https:\/\/letrame.com\/catalogo\/#website"},"primaryImageOfPage":{"@id":"https:\/\/letrame.com\/catalogo\/producto\/jaguarundi\/#primaryimage"},"image":{"@id":"https:\/\/letrame.com\/catalogo\/producto\/jaguarundi\/#primaryimage"},"thumbnailUrl":"https:\/\/letrame.com\/catalogo\/wp-content\/uploads\/2024\/04\/web_portadajaguarundi_1645mm-compressed.jpg","datePublished":"2024-04-29T13:25:21+00:00","dateModified":"2024-04-29T13:25:25+00:00","breadcrumb":{"@id":"https:\/\/letrame.com\/catalogo\/producto\/jaguarundi\/#breadcrumb"},"inLanguage":"es","potentialAction":[{"@type":"ReadAction","target":["https:\/\/letrame.com\/catalogo\/producto\/jaguarundi\/"]}]},{"@type":"ImageObject","inLanguage":"es","@id":"https:\/\/letrame.com\/catalogo\/producto\/jaguarundi\/#primaryimage","url":"https:\/\/letrame.com\/catalogo\/wp-content\/uploads\/2024\/04\/web_portadajaguarundi_1645mm-compressed.jpg","contentUrl":"https:\/\/letrame.com\/catalogo\/wp-content\/uploads\/2024\/04\/web_portadajaguarundi_1645mm-compressed.jpg","width":601,"height":881},{"@type":"BreadcrumbList","@id":"https:\/\/letrame.com\/catalogo\/producto\/jaguarundi\/#breadcrumb","itemListElement":[{"@type":"ListItem","position":1,"name":"Portada","item":"https:\/\/letrame.com\/catalogo\/"},{"@type":"ListItem","position":2,"name":"Cat\u00e1logo","item":"https:\/\/letrame.com\/catalogo\/"},{"@type":"ListItem","position":3,"name":"Jaguarundi"}]},{"@type":"WebSite","@id":"https:\/\/letrame.com\/catalogo\/#website","url":"https:\/\/letrame.com\/catalogo\/","name":"Catalogo | Letrame Grupo Editorial","description":"","publisher":{"@id":"https:\/\/letrame.com\/catalogo\/#organization"},"potentialAction":[{"@type":"SearchAction","target":{"@type":"EntryPoint","urlTemplate":"https:\/\/letrame.com\/catalogo\/?s={search_term_string}"},"query-input":{"@type":"PropertyValueSpecification","valueRequired":true,"valueName":"search_term_string"}}],"inLanguage":"es"},{"@type":"Organization","@id":"https:\/\/letrame.com\/catalogo\/#organization","name":"Catalogo | Letrame Grupo Editorial","url":"https:\/\/letrame.com\/catalogo\/","logo":{"@type":"ImageObject","inLanguage":"es","@id":"https:\/\/letrame.com\/catalogo\/#\/schema\/logo\/image\/","url":"https:\/\/letrame.com\/catalogo\/wp-content\/uploads\/2024\/03\/logo2.webp","contentUrl":"https:\/\/letrame.com\/catalogo\/wp-content\/uploads\/2024\/03\/logo2.webp","width":394,"height":128,"caption":"Catalogo | Letrame Grupo Editorial"},"image":{"@id":"https:\/\/letrame.com\/catalogo\/#\/schema\/logo\/image\/"}}]}},"_links":{"self":[{"href":"https:\/\/letrame.com\/catalogo\/wp-json\/wp\/v2\/product\/98844","targetHints":{"allow":["GET"]}}],"collection":[{"href":"https:\/\/letrame.com\/catalogo\/wp-json\/wp\/v2\/product"}],"about":[{"href":"https:\/\/letrame.com\/catalogo\/wp-json\/wp\/v2\/types\/product"}],"replies":[{"embeddable":true,"href":"https:\/\/letrame.com\/catalogo\/wp-json\/wp\/v2\/comments?post=98844"}],"acf:post":[{"embeddable":true,"href":"https:\/\/letrame.com\/catalogo\/wp-json\/wp\/v2\/author_book\/77257"}],"wp:featuredmedia":[{"embeddable":true,"href":"https:\/\/letrame.com\/catalogo\/wp-json\/wp\/v2\/media\/98845"}],"wp:attachment":[{"href":"https:\/\/letrame.com\/catalogo\/wp-json\/wp\/v2\/media?parent=98844"}],"wp:term":[{"taxonomy":"libro","embeddable":true,"href":"https:\/\/letrame.com\/catalogo\/wp-json\/wp\/v2\/libro?post=98844"},{"taxonomy":"product_brand","embeddable":true,"href":"https:\/\/letrame.com\/catalogo\/wp-json\/wp\/v2\/product_brand?post=98844"},{"taxonomy":"product_cat","embeddable":true,"href":"https:\/\/letrame.com\/catalogo\/wp-json\/wp\/v2\/product_cat?post=98844"},{"taxonomy":"product_tag","embeddable":true,"href":"https:\/\/letrame.com\/catalogo\/wp-json\/wp\/v2\/product_tag?post=98844"}],"curies":[{"name":"wp","href":"https:\/\/api.w.org\/{rel}","templated":true}]}}