{"id":98800,"date":"2024-04-29T15:22:39","date_gmt":"2024-04-29T13:22:39","guid":{"rendered":"https:\/\/letrame.com\/catalogo\/producto\/los-secretos-que-guardaban-mis-genes\/"},"modified":"2024-08-08T14:56:52","modified_gmt":"2024-08-08T12:56:52","slug":"los-secretos-que-guardaban-mis-genes","status":"publish","type":"product","link":"https:\/\/letrame.com\/catalogo\/producto\/los-secretos-que-guardaban-mis-genes\/","title":{"rendered":"Los secretos que guardaban mis genes"},"content":{"rendered":"<p><strong>ISBN<\/strong>: 978-84-1144-739-3<\/p>\n<p><strong>T\u00edtulo<\/strong>: <span data-sheets-value=\"{&quot;1&quot;:2,&quot;2&quot;:&quot;Los secretos que guardaban mis genes&quot;}\" data-sheets-userformat=\"{&quot;2&quot;:515,&quot;3&quot;:{&quot;1&quot;:0},&quot;4&quot;:{&quot;1&quot;:2,&quot;2&quot;:14281427},&quot;12&quot;:0}\">Los secretos que guardaban mis genes<\/span><br \/>\n<strong>Fecha<\/strong>: 2023<br \/>\n<strong>P\u00e1ginas<\/strong>: 396<\/p>\n<p><strong>SINOPSIS<\/strong><\/p>\n<p>En los sanfermines de 1967, Amaia y Juan se conocen y empiezan un noviazgo que culminar\u00e1 en el nacimiento de una ni\u00f1a, quien, por ser hija de madre soltera, ser\u00e1 dada en adopci\u00f3n. A\u00f1os m\u00e1s tarde y a muchos kil\u00f3metros de Pamplona, esta misma ni\u00f1a emprender\u00e1 una compleja b\u00fasqueda que le ocupar\u00e1 a\u00f1os para saber qui\u00e9nes fueron en realidad sus padres y poder reencontrarse con ellos y el resto de su familia biol\u00f3gica.<\/p>\n<p>Narrada en primera persona y basada en hechos reales, esta historia es un ejercicio de memoria que investiga, sirvi\u00e9ndose en parte de la ficci\u00f3n pero sobre todo de los recursos disponibles en archivos y a trav\u00e9s de nuevas tecnolog\u00edas de an\u00e1lisis del ADN, ya no solo la ascendencia de la narradora, sino la importancia de conocer nuestros or\u00edgenes y sondear nuestro pasado para poder encontrar nuestra verdadera identidad.<\/p>\n","protected":false},"excerpt":{"rendered":"<p><strong>ISBN<\/strong>: 978-84-1144-739-3<\/p>\n<p><strong>SINOPSIS<\/strong><\/p>\n<p>En los sanfermines de 1967, Amaia y Juan se conocen y empiezan un noviazgo que culminar\u00e1 en el nacimiento de una ni\u00f1a, quien, por ser hija de madre soltera, ser\u00e1 dada en adopci\u00f3n. A\u00f1os m\u00e1s tarde y a muchos kil\u00f3metros de Pamplona, esta misma ni\u00f1a emprender\u00e1 una compleja b\u00fasqueda que le ocupar\u00e1 a\u00f1os para saber qui\u00e9nes fueron en realidad sus padres y poder reencontrarse con ellos y el resto de su familia biol\u00f3gica.<\/p>\n<p>Narrada en primera persona y basada en hechos reales, esta historia es un ejercicio de memoria que investiga, sirvi\u00e9ndose en parte de la ficci\u00f3n pero sobre todo de los recursos disponibles en archivos y a trav\u00e9s de nuevas tecnolog\u00edas de an\u00e1lisis del ADN, ya no solo la ascendencia de la narradora, sino la importancia de conocer nuestros or\u00edgenes y sondear nuestro pasado para poder encontrar nuestra verdadera identidad.<\/p>\n","protected":false},"featured_media":98801,"comment_status":"closed","ping_status":"closed","template":"","meta":{"_acf_changed":false},"libro":[],"product_brand":[],"product_cat":[26],"product_tag":[],"class_list":{"0":"post-98800","1":"product","2":"type-product","3":"status-publish","4":"has-post-thumbnail","6":"product_cat-sin-categoria","8":"first","9":"instock","10":"product-type-simple"},"acf":{"autor":[77221],"enlace_de_compra":"https:\/\/amzn.to\/3AhR2sV"},"yoast_head":"<!-- This site is optimized with the Yoast SEO plugin v26.6 - https:\/\/yoast.com\/wordpress\/plugins\/seo\/ -->\n<title>Los secretos que guardaban mis genes - Catalogo | Letrame Grupo Editorial<\/title>\n<meta name=\"robots\" content=\"index, follow, max-snippet:-1, max-image-preview:large, max-video-preview:-1\" \/>\n<link rel=\"canonical\" href=\"https:\/\/letrame.com\/catalogo\/producto\/los-secretos-que-guardaban-mis-genes\/\" \/>\n<meta property=\"og:locale\" content=\"es_ES\" \/>\n<meta property=\"og:type\" content=\"article\" \/>\n<meta property=\"og:title\" content=\"Los secretos que guardaban mis genes - Catalogo | Letrame Grupo Editorial\" \/>\n<meta property=\"og:description\" content=\"ISBN: 978-84-1144-739-3  SINOPSIS  En los sanfermines de 1967, Amaia y Juan se conocen y empiezan un noviazgo que culminar\u00e1 en el nacimiento de una ni\u00f1a, quien, por ser hija de madre soltera, ser\u00e1 dada en adopci\u00f3n. A\u00f1os m\u00e1s tarde y a muchos kil\u00f3metros de Pamplona, esta misma ni\u00f1a emprender\u00e1 una compleja b\u00fasqueda que le ocupar\u00e1 a\u00f1os para saber qui\u00e9nes fueron en realidad sus padres y poder reencontrarse con ellos y el resto de su familia biol\u00f3gica.  Narrada en primera persona y basada en hechos reales, esta historia es un ejercicio de memoria que investiga, sirvi\u00e9ndose en parte de la ficci\u00f3n pero sobre todo de los recursos disponibles en archivos y a trav\u00e9s de nuevas tecnolog\u00edas de an\u00e1lisis del ADN, ya no solo la ascendencia de la narradora, sino la importancia de conocer nuestros or\u00edgenes y sondear nuestro pasado para poder encontrar nuestra verdadera identidad.\" \/>\n<meta property=\"og:url\" content=\"https:\/\/letrame.com\/catalogo\/producto\/los-secretos-que-guardaban-mis-genes\/\" \/>\n<meta property=\"og:site_name\" content=\"Catalogo | Letrame Grupo Editorial\" \/>\n<meta property=\"article:modified_time\" content=\"2024-08-08T12:56:52+00:00\" \/>\n<meta property=\"og:image\" content=\"https:\/\/letrame.com\/catalogo\/wp-content\/uploads\/2024\/04\/weblossecretosquguardan_1911mm-compressed.jpg\" \/>\n\t<meta property=\"og:image:width\" content=\"601\" \/>\n\t<meta property=\"og:image:height\" content=\"881\" \/>\n\t<meta property=\"og:image:type\" content=\"image\/jpeg\" \/>\n<meta name=\"twitter:card\" content=\"summary_large_image\" \/>\n<meta name=\"twitter:label1\" content=\"Tiempo de lectura\" \/>\n\t<meta name=\"twitter:data1\" content=\"1 minuto\" \/>\n<script type=\"application\/ld+json\" class=\"yoast-schema-graph\">{\"@context\":\"https:\/\/schema.org\",\"@graph\":[{\"@type\":\"WebPage\",\"@id\":\"https:\/\/letrame.com\/catalogo\/producto\/los-secretos-que-guardaban-mis-genes\/\",\"url\":\"https:\/\/letrame.com\/catalogo\/producto\/los-secretos-que-guardaban-mis-genes\/\",\"name\":\"Los secretos que guardaban mis genes - Catalogo | Letrame Grupo Editorial\",\"isPartOf\":{\"@id\":\"https:\/\/letrame.com\/catalogo\/#website\"},\"primaryImageOfPage\":{\"@id\":\"https:\/\/letrame.com\/catalogo\/producto\/los-secretos-que-guardaban-mis-genes\/#primaryimage\"},\"image\":{\"@id\":\"https:\/\/letrame.com\/catalogo\/producto\/los-secretos-que-guardaban-mis-genes\/#primaryimage\"},\"thumbnailUrl\":\"https:\/\/letrame.com\/catalogo\/wp-content\/uploads\/2024\/04\/weblossecretosquguardan_1911mm-compressed.jpg\",\"datePublished\":\"2024-04-29T13:22:39+00:00\",\"dateModified\":\"2024-08-08T12:56:52+00:00\",\"breadcrumb\":{\"@id\":\"https:\/\/letrame.com\/catalogo\/producto\/los-secretos-que-guardaban-mis-genes\/#breadcrumb\"},\"inLanguage\":\"es\",\"potentialAction\":[{\"@type\":\"ReadAction\",\"target\":[\"https:\/\/letrame.com\/catalogo\/producto\/los-secretos-que-guardaban-mis-genes\/\"]}]},{\"@type\":\"ImageObject\",\"inLanguage\":\"es\",\"@id\":\"https:\/\/letrame.com\/catalogo\/producto\/los-secretos-que-guardaban-mis-genes\/#primaryimage\",\"url\":\"https:\/\/letrame.com\/catalogo\/wp-content\/uploads\/2024\/04\/weblossecretosquguardan_1911mm-compressed.jpg\",\"contentUrl\":\"https:\/\/letrame.com\/catalogo\/wp-content\/uploads\/2024\/04\/weblossecretosquguardan_1911mm-compressed.jpg\",\"width\":601,\"height\":881},{\"@type\":\"BreadcrumbList\",\"@id\":\"https:\/\/letrame.com\/catalogo\/producto\/los-secretos-que-guardaban-mis-genes\/#breadcrumb\",\"itemListElement\":[{\"@type\":\"ListItem\",\"position\":1,\"name\":\"Portada\",\"item\":\"https:\/\/letrame.com\/catalogo\/\"},{\"@type\":\"ListItem\",\"position\":2,\"name\":\"Cat\u00e1logo\",\"item\":\"https:\/\/letrame.com\/catalogo\/\"},{\"@type\":\"ListItem\",\"position\":3,\"name\":\"Los secretos que guardaban mis genes\"}]},{\"@type\":\"WebSite\",\"@id\":\"https:\/\/letrame.com\/catalogo\/#website\",\"url\":\"https:\/\/letrame.com\/catalogo\/\",\"name\":\"Catalogo | Letrame Grupo Editorial\",\"description\":\"\",\"publisher\":{\"@id\":\"https:\/\/letrame.com\/catalogo\/#organization\"},\"potentialAction\":[{\"@type\":\"SearchAction\",\"target\":{\"@type\":\"EntryPoint\",\"urlTemplate\":\"https:\/\/letrame.com\/catalogo\/?s={search_term_string}\"},\"query-input\":{\"@type\":\"PropertyValueSpecification\",\"valueRequired\":true,\"valueName\":\"search_term_string\"}}],\"inLanguage\":\"es\"},{\"@type\":\"Organization\",\"@id\":\"https:\/\/letrame.com\/catalogo\/#organization\",\"name\":\"Catalogo | Letrame Grupo Editorial\",\"url\":\"https:\/\/letrame.com\/catalogo\/\",\"logo\":{\"@type\":\"ImageObject\",\"inLanguage\":\"es\",\"@id\":\"https:\/\/letrame.com\/catalogo\/#\/schema\/logo\/image\/\",\"url\":\"https:\/\/letrame.com\/catalogo\/wp-content\/uploads\/2024\/03\/logo2.webp\",\"contentUrl\":\"https:\/\/letrame.com\/catalogo\/wp-content\/uploads\/2024\/03\/logo2.webp\",\"width\":394,\"height\":128,\"caption\":\"Catalogo | Letrame Grupo Editorial\"},\"image\":{\"@id\":\"https:\/\/letrame.com\/catalogo\/#\/schema\/logo\/image\/\"}}]}<\/script>\n<!-- \/ Yoast SEO plugin. -->","yoast_head_json":{"title":"Los secretos que guardaban mis genes - Catalogo | Letrame Grupo Editorial","robots":{"index":"index","follow":"follow","max-snippet":"max-snippet:-1","max-image-preview":"max-image-preview:large","max-video-preview":"max-video-preview:-1"},"canonical":"https:\/\/letrame.com\/catalogo\/producto\/los-secretos-que-guardaban-mis-genes\/","og_locale":"es_ES","og_type":"article","og_title":"Los secretos que guardaban mis genes - Catalogo | Letrame Grupo Editorial","og_description":"ISBN: 978-84-1144-739-3  SINOPSIS  En los sanfermines de 1967, Amaia y Juan se conocen y empiezan un noviazgo que culminar\u00e1 en el nacimiento de una ni\u00f1a, quien, por ser hija de madre soltera, ser\u00e1 dada en adopci\u00f3n. A\u00f1os m\u00e1s tarde y a muchos kil\u00f3metros de Pamplona, esta misma ni\u00f1a emprender\u00e1 una compleja b\u00fasqueda que le ocupar\u00e1 a\u00f1os para saber qui\u00e9nes fueron en realidad sus padres y poder reencontrarse con ellos y el resto de su familia biol\u00f3gica.  Narrada en primera persona y basada en hechos reales, esta historia es un ejercicio de memoria que investiga, sirvi\u00e9ndose en parte de la ficci\u00f3n pero sobre todo de los recursos disponibles en archivos y a trav\u00e9s de nuevas tecnolog\u00edas de an\u00e1lisis del ADN, ya no solo la ascendencia de la narradora, sino la importancia de conocer nuestros or\u00edgenes y sondear nuestro pasado para poder encontrar nuestra verdadera identidad.","og_url":"https:\/\/letrame.com\/catalogo\/producto\/los-secretos-que-guardaban-mis-genes\/","og_site_name":"Catalogo | Letrame Grupo Editorial","article_modified_time":"2024-08-08T12:56:52+00:00","og_image":[{"width":601,"height":881,"url":"https:\/\/letrame.com\/catalogo\/wp-content\/uploads\/2024\/04\/weblossecretosquguardan_1911mm-compressed.jpg","type":"image\/jpeg"}],"twitter_card":"summary_large_image","twitter_misc":{"Tiempo de lectura":"1 minuto"},"schema":{"@context":"https:\/\/schema.org","@graph":[{"@type":"WebPage","@id":"https:\/\/letrame.com\/catalogo\/producto\/los-secretos-que-guardaban-mis-genes\/","url":"https:\/\/letrame.com\/catalogo\/producto\/los-secretos-que-guardaban-mis-genes\/","name":"Los secretos que guardaban mis genes - Catalogo | Letrame Grupo Editorial","isPartOf":{"@id":"https:\/\/letrame.com\/catalogo\/#website"},"primaryImageOfPage":{"@id":"https:\/\/letrame.com\/catalogo\/producto\/los-secretos-que-guardaban-mis-genes\/#primaryimage"},"image":{"@id":"https:\/\/letrame.com\/catalogo\/producto\/los-secretos-que-guardaban-mis-genes\/#primaryimage"},"thumbnailUrl":"https:\/\/letrame.com\/catalogo\/wp-content\/uploads\/2024\/04\/weblossecretosquguardan_1911mm-compressed.jpg","datePublished":"2024-04-29T13:22:39+00:00","dateModified":"2024-08-08T12:56:52+00:00","breadcrumb":{"@id":"https:\/\/letrame.com\/catalogo\/producto\/los-secretos-que-guardaban-mis-genes\/#breadcrumb"},"inLanguage":"es","potentialAction":[{"@type":"ReadAction","target":["https:\/\/letrame.com\/catalogo\/producto\/los-secretos-que-guardaban-mis-genes\/"]}]},{"@type":"ImageObject","inLanguage":"es","@id":"https:\/\/letrame.com\/catalogo\/producto\/los-secretos-que-guardaban-mis-genes\/#primaryimage","url":"https:\/\/letrame.com\/catalogo\/wp-content\/uploads\/2024\/04\/weblossecretosquguardan_1911mm-compressed.jpg","contentUrl":"https:\/\/letrame.com\/catalogo\/wp-content\/uploads\/2024\/04\/weblossecretosquguardan_1911mm-compressed.jpg","width":601,"height":881},{"@type":"BreadcrumbList","@id":"https:\/\/letrame.com\/catalogo\/producto\/los-secretos-que-guardaban-mis-genes\/#breadcrumb","itemListElement":[{"@type":"ListItem","position":1,"name":"Portada","item":"https:\/\/letrame.com\/catalogo\/"},{"@type":"ListItem","position":2,"name":"Cat\u00e1logo","item":"https:\/\/letrame.com\/catalogo\/"},{"@type":"ListItem","position":3,"name":"Los secretos que guardaban mis genes"}]},{"@type":"WebSite","@id":"https:\/\/letrame.com\/catalogo\/#website","url":"https:\/\/letrame.com\/catalogo\/","name":"Catalogo | Letrame Grupo Editorial","description":"","publisher":{"@id":"https:\/\/letrame.com\/catalogo\/#organization"},"potentialAction":[{"@type":"SearchAction","target":{"@type":"EntryPoint","urlTemplate":"https:\/\/letrame.com\/catalogo\/?s={search_term_string}"},"query-input":{"@type":"PropertyValueSpecification","valueRequired":true,"valueName":"search_term_string"}}],"inLanguage":"es"},{"@type":"Organization","@id":"https:\/\/letrame.com\/catalogo\/#organization","name":"Catalogo | Letrame Grupo Editorial","url":"https:\/\/letrame.com\/catalogo\/","logo":{"@type":"ImageObject","inLanguage":"es","@id":"https:\/\/letrame.com\/catalogo\/#\/schema\/logo\/image\/","url":"https:\/\/letrame.com\/catalogo\/wp-content\/uploads\/2024\/03\/logo2.webp","contentUrl":"https:\/\/letrame.com\/catalogo\/wp-content\/uploads\/2024\/03\/logo2.webp","width":394,"height":128,"caption":"Catalogo | Letrame Grupo Editorial"},"image":{"@id":"https:\/\/letrame.com\/catalogo\/#\/schema\/logo\/image\/"}}]}},"_links":{"self":[{"href":"https:\/\/letrame.com\/catalogo\/wp-json\/wp\/v2\/product\/98800","targetHints":{"allow":["GET"]}}],"collection":[{"href":"https:\/\/letrame.com\/catalogo\/wp-json\/wp\/v2\/product"}],"about":[{"href":"https:\/\/letrame.com\/catalogo\/wp-json\/wp\/v2\/types\/product"}],"replies":[{"embeddable":true,"href":"https:\/\/letrame.com\/catalogo\/wp-json\/wp\/v2\/comments?post=98800"}],"acf:post":[{"embeddable":true,"href":"https:\/\/letrame.com\/catalogo\/wp-json\/wp\/v2\/author_book\/77221"}],"wp:featuredmedia":[{"embeddable":true,"href":"https:\/\/letrame.com\/catalogo\/wp-json\/wp\/v2\/media\/98801"}],"wp:attachment":[{"href":"https:\/\/letrame.com\/catalogo\/wp-json\/wp\/v2\/media?parent=98800"}],"wp:term":[{"taxonomy":"libro","embeddable":true,"href":"https:\/\/letrame.com\/catalogo\/wp-json\/wp\/v2\/libro?post=98800"},{"taxonomy":"product_brand","embeddable":true,"href":"https:\/\/letrame.com\/catalogo\/wp-json\/wp\/v2\/product_brand?post=98800"},{"taxonomy":"product_cat","embeddable":true,"href":"https:\/\/letrame.com\/catalogo\/wp-json\/wp\/v2\/product_cat?post=98800"},{"taxonomy":"product_tag","embeddable":true,"href":"https:\/\/letrame.com\/catalogo\/wp-json\/wp\/v2\/product_tag?post=98800"}],"curies":[{"name":"wp","href":"https:\/\/api.w.org\/{rel}","templated":true}]}}