{"id":98770,"date":"2024-04-29T15:21:23","date_gmt":"2024-04-29T13:21:23","guid":{"rendered":"https:\/\/letrame.com\/catalogo\/producto\/tu-pararas-arrugas-dolores-y-calambres\/"},"modified":"2024-08-08T15:30:51","modified_gmt":"2024-08-08T13:30:51","slug":"tu-pararas-arrugas-dolores-y-calambres","status":"publish","type":"product","link":"https:\/\/letrame.com\/catalogo\/producto\/tu-pararas-arrugas-dolores-y-calambres\/","title":{"rendered":"\u00a1\u00a1\u00a1T\u00da PARAR\u00c1S ARRUGAS, DOLORES Y CALAMBRES!!!"},"content":{"rendered":"<p><strong>ISBN<\/strong>: 978-84-1114-888-7<\/p>\n<p><strong>T\u00edtulo<\/strong>: \u00a1\u00a1\u00a1T\u00da PARAR\u00c1S ARRUGAS, DOLORES Y CALAMBRES!!!<br \/>\n<strong>Fecha<\/strong>: 2023<br \/>\n<strong>P\u00e1ginas<\/strong>: 74<\/p>\n<p><strong>SINOPSIS<\/strong><\/p>\n<p>Para que puedas tener una vida inmejorable, te dejo estas f\u00f3rmulas para hacer aceites ESENCIALES con las PLANTAS:<\/p>\n<p>Y tambi\u00e9n para que des un gran paso hacia la calidad de vida SANA, con las cremas variadas que puedes hacer.<\/p>\n<p>Aqu\u00ed te doy las f\u00f3rmulas base, t\u00fa tienes que avanzar cada d\u00eda en crear&#8230;<\/p>\n<p>Este es un Camino infinito hacia la SALUD&#8230;<\/p>\n<p>\u00a1Aprender es hermoso y muy v\u00e1lido!<\/p>\n","protected":false},"excerpt":{"rendered":"<p><strong>ISBN<\/strong>: 978-84-1114-888-7<\/p>\n<p><strong>SINOPSIS<\/strong><\/p>\n<p>Para que puedas tener una vida inmejorable, te dejo estas f\u00f3rmulas para hacer aceites ESENCIALES con las PLANTAS:<\/p>\n<p>Y tambi\u00e9n para que des un gran paso hacia la calidad de vida SANA, con las cremas variadas que puedes hacer.<\/p>\n<p>Aqu\u00ed te doy las f\u00f3rmulas base, t\u00fa tienes que avanzar cada d\u00eda en crear&#8230;<\/p>\n<p>Este es un Camino infinito hacia la SALUD&#8230;<\/p>\n<p>\u00a1Aprender es hermoso y muy v\u00e1lido!<\/p>\n","protected":false},"featured_media":98771,"comment_status":"closed","ping_status":"closed","template":"","meta":{"_acf_changed":false},"libro":[],"product_brand":[],"product_cat":[26],"product_tag":[],"class_list":{"0":"post-98770","1":"product","2":"type-product","3":"status-publish","4":"has-post-thumbnail","6":"product_cat-sin-categoria","8":"first","9":"instock","10":"product-type-simple"},"acf":{"autor":[104838],"enlace_de_compra":"https:\/\/amzn.to\/3WvnIqc"},"yoast_head":"<!-- This site is optimized with the Yoast SEO plugin v26.6 - https:\/\/yoast.com\/wordpress\/plugins\/seo\/ -->\n<title>\u00a1\u00a1\u00a1T\u00da PARAR\u00c1S ARRUGAS, DOLORES Y CALAMBRES!!! - Catalogo | Letrame Grupo Editorial<\/title>\n<meta name=\"robots\" content=\"index, follow, max-snippet:-1, max-image-preview:large, max-video-preview:-1\" \/>\n<link rel=\"canonical\" href=\"https:\/\/letrame.com\/catalogo\/producto\/tu-pararas-arrugas-dolores-y-calambres\/\" \/>\n<meta property=\"og:locale\" content=\"es_ES\" \/>\n<meta property=\"og:type\" content=\"article\" \/>\n<meta property=\"og:title\" content=\"\u00a1\u00a1\u00a1T\u00da PARAR\u00c1S ARRUGAS, DOLORES Y CALAMBRES!!! - Catalogo | Letrame Grupo Editorial\" \/>\n<meta property=\"og:description\" content=\"ISBN: 978-84-1114-888-7  SINOPSIS  Para que puedas tener una vida inmejorable, te dejo estas f\u00f3rmulas para hacer aceites ESENCIALES con las PLANTAS:  Y tambi\u00e9n para que des un gran paso hacia la calidad de vida SANA, con las cremas variadas que puedes hacer.  Aqu\u00ed te doy las f\u00f3rmulas base, t\u00fa tienes que avanzar cada d\u00eda en crear...  Este es un Camino infinito hacia la SALUD...  \u00a1Aprender es hermoso y muy v\u00e1lido!\" \/>\n<meta property=\"og:url\" content=\"https:\/\/letrame.com\/catalogo\/producto\/tu-pararas-arrugas-dolores-y-calambres\/\" \/>\n<meta property=\"og:site_name\" content=\"Catalogo | Letrame Grupo Editorial\" \/>\n<meta property=\"article:modified_time\" content=\"2024-08-08T13:30:51+00:00\" \/>\n<meta property=\"og:image\" content=\"https:\/\/letrame.com\/catalogo\/wp-content\/uploads\/2024\/04\/web_tupararas_366mm-compressed.jpg\" \/>\n\t<meta property=\"og:image:width\" content=\"601\" \/>\n\t<meta property=\"og:image:height\" content=\"881\" \/>\n\t<meta property=\"og:image:type\" content=\"image\/jpeg\" \/>\n<meta name=\"twitter:card\" content=\"summary_large_image\" \/>\n<meta name=\"twitter:label1\" content=\"Tiempo de lectura\" \/>\n\t<meta name=\"twitter:data1\" content=\"1 minuto\" \/>\n<script type=\"application\/ld+json\" class=\"yoast-schema-graph\">{\"@context\":\"https:\/\/schema.org\",\"@graph\":[{\"@type\":\"WebPage\",\"@id\":\"https:\/\/letrame.com\/catalogo\/producto\/tu-pararas-arrugas-dolores-y-calambres\/\",\"url\":\"https:\/\/letrame.com\/catalogo\/producto\/tu-pararas-arrugas-dolores-y-calambres\/\",\"name\":\"\u00a1\u00a1\u00a1T\u00da PARAR\u00c1S ARRUGAS, DOLORES Y CALAMBRES!!! - Catalogo | Letrame Grupo Editorial\",\"isPartOf\":{\"@id\":\"https:\/\/letrame.com\/catalogo\/#website\"},\"primaryImageOfPage\":{\"@id\":\"https:\/\/letrame.com\/catalogo\/producto\/tu-pararas-arrugas-dolores-y-calambres\/#primaryimage\"},\"image\":{\"@id\":\"https:\/\/letrame.com\/catalogo\/producto\/tu-pararas-arrugas-dolores-y-calambres\/#primaryimage\"},\"thumbnailUrl\":\"https:\/\/letrame.com\/catalogo\/wp-content\/uploads\/2024\/04\/web_tupararas_366mm-compressed.jpg\",\"datePublished\":\"2024-04-29T13:21:23+00:00\",\"dateModified\":\"2024-08-08T13:30:51+00:00\",\"breadcrumb\":{\"@id\":\"https:\/\/letrame.com\/catalogo\/producto\/tu-pararas-arrugas-dolores-y-calambres\/#breadcrumb\"},\"inLanguage\":\"es\",\"potentialAction\":[{\"@type\":\"ReadAction\",\"target\":[\"https:\/\/letrame.com\/catalogo\/producto\/tu-pararas-arrugas-dolores-y-calambres\/\"]}]},{\"@type\":\"ImageObject\",\"inLanguage\":\"es\",\"@id\":\"https:\/\/letrame.com\/catalogo\/producto\/tu-pararas-arrugas-dolores-y-calambres\/#primaryimage\",\"url\":\"https:\/\/letrame.com\/catalogo\/wp-content\/uploads\/2024\/04\/web_tupararas_366mm-compressed.jpg\",\"contentUrl\":\"https:\/\/letrame.com\/catalogo\/wp-content\/uploads\/2024\/04\/web_tupararas_366mm-compressed.jpg\",\"width\":601,\"height\":881},{\"@type\":\"BreadcrumbList\",\"@id\":\"https:\/\/letrame.com\/catalogo\/producto\/tu-pararas-arrugas-dolores-y-calambres\/#breadcrumb\",\"itemListElement\":[{\"@type\":\"ListItem\",\"position\":1,\"name\":\"Portada\",\"item\":\"https:\/\/letrame.com\/catalogo\/\"},{\"@type\":\"ListItem\",\"position\":2,\"name\":\"Cat\u00e1logo\",\"item\":\"https:\/\/letrame.com\/catalogo\/\"},{\"@type\":\"ListItem\",\"position\":3,\"name\":\"\u00a1\u00a1\u00a1T\u00da PARAR\u00c1S ARRUGAS, DOLORES Y CALAMBRES!!!\"}]},{\"@type\":\"WebSite\",\"@id\":\"https:\/\/letrame.com\/catalogo\/#website\",\"url\":\"https:\/\/letrame.com\/catalogo\/\",\"name\":\"Catalogo | Letrame Grupo Editorial\",\"description\":\"\",\"publisher\":{\"@id\":\"https:\/\/letrame.com\/catalogo\/#organization\"},\"potentialAction\":[{\"@type\":\"SearchAction\",\"target\":{\"@type\":\"EntryPoint\",\"urlTemplate\":\"https:\/\/letrame.com\/catalogo\/?s={search_term_string}\"},\"query-input\":{\"@type\":\"PropertyValueSpecification\",\"valueRequired\":true,\"valueName\":\"search_term_string\"}}],\"inLanguage\":\"es\"},{\"@type\":\"Organization\",\"@id\":\"https:\/\/letrame.com\/catalogo\/#organization\",\"name\":\"Catalogo | Letrame Grupo Editorial\",\"url\":\"https:\/\/letrame.com\/catalogo\/\",\"logo\":{\"@type\":\"ImageObject\",\"inLanguage\":\"es\",\"@id\":\"https:\/\/letrame.com\/catalogo\/#\/schema\/logo\/image\/\",\"url\":\"https:\/\/letrame.com\/catalogo\/wp-content\/uploads\/2024\/03\/logo2.webp\",\"contentUrl\":\"https:\/\/letrame.com\/catalogo\/wp-content\/uploads\/2024\/03\/logo2.webp\",\"width\":394,\"height\":128,\"caption\":\"Catalogo | Letrame Grupo Editorial\"},\"image\":{\"@id\":\"https:\/\/letrame.com\/catalogo\/#\/schema\/logo\/image\/\"}}]}<\/script>\n<!-- \/ Yoast SEO plugin. -->","yoast_head_json":{"title":"\u00a1\u00a1\u00a1T\u00da PARAR\u00c1S ARRUGAS, DOLORES Y CALAMBRES!!! - Catalogo | Letrame Grupo Editorial","robots":{"index":"index","follow":"follow","max-snippet":"max-snippet:-1","max-image-preview":"max-image-preview:large","max-video-preview":"max-video-preview:-1"},"canonical":"https:\/\/letrame.com\/catalogo\/producto\/tu-pararas-arrugas-dolores-y-calambres\/","og_locale":"es_ES","og_type":"article","og_title":"\u00a1\u00a1\u00a1T\u00da PARAR\u00c1S ARRUGAS, DOLORES Y CALAMBRES!!! - Catalogo | Letrame Grupo Editorial","og_description":"ISBN: 978-84-1114-888-7  SINOPSIS  Para que puedas tener una vida inmejorable, te dejo estas f\u00f3rmulas para hacer aceites ESENCIALES con las PLANTAS:  Y tambi\u00e9n para que des un gran paso hacia la calidad de vida SANA, con las cremas variadas que puedes hacer.  Aqu\u00ed te doy las f\u00f3rmulas base, t\u00fa tienes que avanzar cada d\u00eda en crear...  Este es un Camino infinito hacia la SALUD...  \u00a1Aprender es hermoso y muy v\u00e1lido!","og_url":"https:\/\/letrame.com\/catalogo\/producto\/tu-pararas-arrugas-dolores-y-calambres\/","og_site_name":"Catalogo | Letrame Grupo Editorial","article_modified_time":"2024-08-08T13:30:51+00:00","og_image":[{"width":601,"height":881,"url":"https:\/\/letrame.com\/catalogo\/wp-content\/uploads\/2024\/04\/web_tupararas_366mm-compressed.jpg","type":"image\/jpeg"}],"twitter_card":"summary_large_image","twitter_misc":{"Tiempo de lectura":"1 minuto"},"schema":{"@context":"https:\/\/schema.org","@graph":[{"@type":"WebPage","@id":"https:\/\/letrame.com\/catalogo\/producto\/tu-pararas-arrugas-dolores-y-calambres\/","url":"https:\/\/letrame.com\/catalogo\/producto\/tu-pararas-arrugas-dolores-y-calambres\/","name":"\u00a1\u00a1\u00a1T\u00da PARAR\u00c1S ARRUGAS, DOLORES Y CALAMBRES!!! - Catalogo | Letrame Grupo Editorial","isPartOf":{"@id":"https:\/\/letrame.com\/catalogo\/#website"},"primaryImageOfPage":{"@id":"https:\/\/letrame.com\/catalogo\/producto\/tu-pararas-arrugas-dolores-y-calambres\/#primaryimage"},"image":{"@id":"https:\/\/letrame.com\/catalogo\/producto\/tu-pararas-arrugas-dolores-y-calambres\/#primaryimage"},"thumbnailUrl":"https:\/\/letrame.com\/catalogo\/wp-content\/uploads\/2024\/04\/web_tupararas_366mm-compressed.jpg","datePublished":"2024-04-29T13:21:23+00:00","dateModified":"2024-08-08T13:30:51+00:00","breadcrumb":{"@id":"https:\/\/letrame.com\/catalogo\/producto\/tu-pararas-arrugas-dolores-y-calambres\/#breadcrumb"},"inLanguage":"es","potentialAction":[{"@type":"ReadAction","target":["https:\/\/letrame.com\/catalogo\/producto\/tu-pararas-arrugas-dolores-y-calambres\/"]}]},{"@type":"ImageObject","inLanguage":"es","@id":"https:\/\/letrame.com\/catalogo\/producto\/tu-pararas-arrugas-dolores-y-calambres\/#primaryimage","url":"https:\/\/letrame.com\/catalogo\/wp-content\/uploads\/2024\/04\/web_tupararas_366mm-compressed.jpg","contentUrl":"https:\/\/letrame.com\/catalogo\/wp-content\/uploads\/2024\/04\/web_tupararas_366mm-compressed.jpg","width":601,"height":881},{"@type":"BreadcrumbList","@id":"https:\/\/letrame.com\/catalogo\/producto\/tu-pararas-arrugas-dolores-y-calambres\/#breadcrumb","itemListElement":[{"@type":"ListItem","position":1,"name":"Portada","item":"https:\/\/letrame.com\/catalogo\/"},{"@type":"ListItem","position":2,"name":"Cat\u00e1logo","item":"https:\/\/letrame.com\/catalogo\/"},{"@type":"ListItem","position":3,"name":"\u00a1\u00a1\u00a1T\u00da PARAR\u00c1S ARRUGAS, DOLORES Y CALAMBRES!!!"}]},{"@type":"WebSite","@id":"https:\/\/letrame.com\/catalogo\/#website","url":"https:\/\/letrame.com\/catalogo\/","name":"Catalogo | Letrame Grupo Editorial","description":"","publisher":{"@id":"https:\/\/letrame.com\/catalogo\/#organization"},"potentialAction":[{"@type":"SearchAction","target":{"@type":"EntryPoint","urlTemplate":"https:\/\/letrame.com\/catalogo\/?s={search_term_string}"},"query-input":{"@type":"PropertyValueSpecification","valueRequired":true,"valueName":"search_term_string"}}],"inLanguage":"es"},{"@type":"Organization","@id":"https:\/\/letrame.com\/catalogo\/#organization","name":"Catalogo | Letrame Grupo Editorial","url":"https:\/\/letrame.com\/catalogo\/","logo":{"@type":"ImageObject","inLanguage":"es","@id":"https:\/\/letrame.com\/catalogo\/#\/schema\/logo\/image\/","url":"https:\/\/letrame.com\/catalogo\/wp-content\/uploads\/2024\/03\/logo2.webp","contentUrl":"https:\/\/letrame.com\/catalogo\/wp-content\/uploads\/2024\/03\/logo2.webp","width":394,"height":128,"caption":"Catalogo | Letrame Grupo Editorial"},"image":{"@id":"https:\/\/letrame.com\/catalogo\/#\/schema\/logo\/image\/"}}]}},"_links":{"self":[{"href":"https:\/\/letrame.com\/catalogo\/wp-json\/wp\/v2\/product\/98770","targetHints":{"allow":["GET"]}}],"collection":[{"href":"https:\/\/letrame.com\/catalogo\/wp-json\/wp\/v2\/product"}],"about":[{"href":"https:\/\/letrame.com\/catalogo\/wp-json\/wp\/v2\/types\/product"}],"replies":[{"embeddable":true,"href":"https:\/\/letrame.com\/catalogo\/wp-json\/wp\/v2\/comments?post=98770"}],"acf:post":[{"embeddable":true,"href":"https:\/\/letrame.com\/catalogo\/wp-json\/wp\/v2\/author_book\/104838"}],"wp:featuredmedia":[{"embeddable":true,"href":"https:\/\/letrame.com\/catalogo\/wp-json\/wp\/v2\/media\/98771"}],"wp:attachment":[{"href":"https:\/\/letrame.com\/catalogo\/wp-json\/wp\/v2\/media?parent=98770"}],"wp:term":[{"taxonomy":"libro","embeddable":true,"href":"https:\/\/letrame.com\/catalogo\/wp-json\/wp\/v2\/libro?post=98770"},{"taxonomy":"product_brand","embeddable":true,"href":"https:\/\/letrame.com\/catalogo\/wp-json\/wp\/v2\/product_brand?post=98770"},{"taxonomy":"product_cat","embeddable":true,"href":"https:\/\/letrame.com\/catalogo\/wp-json\/wp\/v2\/product_cat?post=98770"},{"taxonomy":"product_tag","embeddable":true,"href":"https:\/\/letrame.com\/catalogo\/wp-json\/wp\/v2\/product_tag?post=98770"}],"curies":[{"name":"wp","href":"https:\/\/api.w.org\/{rel}","templated":true}]}}