{"id":98746,"date":"2024-04-29T15:20:30","date_gmt":"2024-04-29T13:20:30","guid":{"rendered":"https:\/\/letrame.com\/catalogo\/producto\/anosma-2a-edicion\/"},"modified":"2024-04-29T15:20:37","modified_gmt":"2024-04-29T13:20:37","slug":"anosma-2a-edicion","status":"publish","type":"product","link":"https:\/\/letrame.com\/catalogo\/producto\/anosma-2a-edicion\/","title":{"rendered":"Anosma 2\u00aa edici\u00f3n"},"content":{"rendered":"<p><strong>ISBN<\/strong>: 978-84-1144-730-0<\/p>\n<p><strong>T\u00edtulo<\/strong>: Anosma 2\u00aa edici\u00f3n<br \/>\n<strong>Fecha<\/strong>: 2023<br \/>\n<strong>P\u00e1ginas<\/strong>: 324<\/p>\n<p><strong>SINOPSIS<\/strong><\/p>\n<p>Las juntas de mujeres han regresado a las cumbres de Anaga en las noches de luna creciente. En un intento desesperado por recuperar el poder que un d\u00eda tuvieron, las brujas tendr\u00e1n que recorrer los bailaderos para realizar sus aquelarres. Para ello, se enfrentar\u00e1n a la guarder\u00eda de montes que intentar\u00e1 evitar, con crueldad y violencia, su regreso.<\/p>\n<p>Los secretos que se han escondido durante m\u00e1s de cien a\u00f1os en lo m\u00e1s profundo de Anosma est\u00e1n por salir a la luz y con ellos muchas batallas que ya no podr\u00e1n ser pospuestas. Batallas que se librar\u00e1n en los m\u00e1s l\u00fagubres barrancos y en los llanos\u00a0clareados\u00a0del bosque. A campo abierto y en los rincones m\u00e1s oscuros del interior de las brujas.<\/p>\n<p>As\u00ed, los hechos que aqu\u00ed se relatan pudieron ocurrir en alg\u00fan momento de la historia. Entre los l\u00edmites de la realidad y la imaginaci\u00f3n. Un cuento de brujas en el que la historia oral, la geograf\u00eda y el misterio componen los ingredientes\u00a0para viajar por los miedos de los lugare\u00f1os en las noches de 1926.<\/p>\n","protected":false},"excerpt":{"rendered":"<p><strong>ISBN<\/strong>: 978-84-1144-730-0<\/p>\n<p><strong>SINOPSIS<\/strong><\/p>\n<p>Las juntas de mujeres han regresado a las cumbres de Anaga en las noches de luna creciente. En un intento desesperado por recuperar el poder que un d\u00eda tuvieron, las brujas tendr\u00e1n que recorrer los bailaderos para realizar sus aquelarres. Para ello, se enfrentar\u00e1n a la guarder\u00eda de montes que intentar\u00e1 evitar, con crueldad y violencia, su regreso.<\/p>\n<p>Los secretos que se han escondido durante m\u00e1s de cien a\u00f1os en lo m\u00e1s profundo de Anosma est\u00e1n por salir a la luz y con ellos muchas batallas que ya no podr\u00e1n ser pospuestas. Batallas que se librar\u00e1n en los m\u00e1s l\u00fagubres barrancos y en los llanos\u00a0clareados\u00a0del bosque. A campo abierto y en los rincones m\u00e1s oscuros del interior de las brujas.<\/p>\n<p>As\u00ed, los hechos que aqu\u00ed se relatan pudieron ocurrir en alg\u00fan momento de la historia. Entre los l\u00edmites de la realidad y la imaginaci\u00f3n. Un cuento de brujas en el que la historia oral, la geograf\u00eda y el misterio componen los ingredientes\u00a0para viajar por los miedos de los lugare\u00f1os en las noches de 1926.<\/p>\n","protected":false},"featured_media":98747,"comment_status":"closed","ping_status":"open","template":"","meta":{"_acf_changed":false},"libro":[],"product_brand":[],"product_cat":[26],"product_tag":[],"class_list":{"0":"post-98746","1":"product","2":"type-product","3":"status-publish","4":"has-post-thumbnail","6":"product_cat-sin-categoria","8":"first","9":"instock","10":"product-type-simple"},"acf":{"autor":[75349],"enlace_de_compra":""},"yoast_head":"<!-- This site is optimized with the Yoast SEO plugin v26.6 - https:\/\/yoast.com\/wordpress\/plugins\/seo\/ -->\n<title>Anosma 2\u00aa edici\u00f3n - Catalogo | Letrame Grupo Editorial<\/title>\n<meta name=\"robots\" content=\"index, follow, max-snippet:-1, max-image-preview:large, max-video-preview:-1\" \/>\n<link rel=\"canonical\" href=\"https:\/\/letrame.com\/catalogo\/producto\/anosma-2a-edicion\/\" \/>\n<meta property=\"og:locale\" content=\"es_ES\" \/>\n<meta property=\"og:type\" content=\"article\" \/>\n<meta property=\"og:title\" content=\"Anosma 2\u00aa edici\u00f3n - Catalogo | Letrame Grupo Editorial\" \/>\n<meta property=\"og:description\" content=\"ISBN: 978-84-1144-730-0 SINOPSIS Las juntas de mujeres han regresado a las cumbres de Anaga en las noches de luna creciente. En un intento desesperado por recuperar el poder que un d\u00eda tuvieron, las brujas tendr\u00e1n que recorrer los bailaderos para realizar sus aquelarres. Para ello, se enfrentar\u00e1n a la guarder\u00eda de montes que intentar\u00e1 evitar, con crueldad y violencia, su regreso. Los secretos que se han escondido durante m\u00e1s de cien a\u00f1os en lo m\u00e1s profundo de Anosma est\u00e1n por salir a la luz y con ellos muchas batallas que ya no podr\u00e1n ser pospuestas. Batallas que se librar\u00e1n en los m\u00e1s l\u00fagubres barrancos y en los llanos\u00a0clareados\u00a0del bosque. A campo abierto y en los rincones m\u00e1s oscuros del interior de las brujas. As\u00ed, los hechos que aqu\u00ed se relatan pudieron ocurrir en alg\u00fan momento de la historia. Entre los l\u00edmites de la realidad y la imaginaci\u00f3n. Un cuento de brujas en el que la historia oral, la geograf\u00eda y el misterio componen los ingredientes\u00a0para viajar por los miedos de los lugare\u00f1os en las noches de 1926.\" \/>\n<meta property=\"og:url\" content=\"https:\/\/letrame.com\/catalogo\/producto\/anosma-2a-edicion\/\" \/>\n<meta property=\"og:site_name\" content=\"Catalogo | Letrame Grupo Editorial\" \/>\n<meta property=\"article:modified_time\" content=\"2024-04-29T13:20:37+00:00\" \/>\n<meta property=\"og:image\" content=\"https:\/\/letrame.com\/catalogo\/wp-content\/uploads\/2024\/04\/webPortadaanosma2aedicion_16mm-compressed.jpg\" \/>\n\t<meta property=\"og:image:width\" content=\"601\" \/>\n\t<meta property=\"og:image:height\" content=\"881\" \/>\n\t<meta property=\"og:image:type\" content=\"image\/jpeg\" \/>\n<meta name=\"twitter:card\" content=\"summary_large_image\" \/>\n<meta name=\"twitter:label1\" content=\"Tiempo de lectura\" \/>\n\t<meta name=\"twitter:data1\" content=\"1 minuto\" \/>\n<script type=\"application\/ld+json\" class=\"yoast-schema-graph\">{\"@context\":\"https:\/\/schema.org\",\"@graph\":[{\"@type\":\"WebPage\",\"@id\":\"https:\/\/letrame.com\/catalogo\/producto\/anosma-2a-edicion\/\",\"url\":\"https:\/\/letrame.com\/catalogo\/producto\/anosma-2a-edicion\/\",\"name\":\"Anosma 2\u00aa edici\u00f3n - Catalogo | Letrame Grupo Editorial\",\"isPartOf\":{\"@id\":\"https:\/\/letrame.com\/catalogo\/#website\"},\"primaryImageOfPage\":{\"@id\":\"https:\/\/letrame.com\/catalogo\/producto\/anosma-2a-edicion\/#primaryimage\"},\"image\":{\"@id\":\"https:\/\/letrame.com\/catalogo\/producto\/anosma-2a-edicion\/#primaryimage\"},\"thumbnailUrl\":\"https:\/\/letrame.com\/catalogo\/wp-content\/uploads\/2024\/04\/webPortadaanosma2aedicion_16mm-compressed.jpg\",\"datePublished\":\"2024-04-29T13:20:30+00:00\",\"dateModified\":\"2024-04-29T13:20:37+00:00\",\"breadcrumb\":{\"@id\":\"https:\/\/letrame.com\/catalogo\/producto\/anosma-2a-edicion\/#breadcrumb\"},\"inLanguage\":\"es\",\"potentialAction\":[{\"@type\":\"ReadAction\",\"target\":[\"https:\/\/letrame.com\/catalogo\/producto\/anosma-2a-edicion\/\"]}]},{\"@type\":\"ImageObject\",\"inLanguage\":\"es\",\"@id\":\"https:\/\/letrame.com\/catalogo\/producto\/anosma-2a-edicion\/#primaryimage\",\"url\":\"https:\/\/letrame.com\/catalogo\/wp-content\/uploads\/2024\/04\/webPortadaanosma2aedicion_16mm-compressed.jpg\",\"contentUrl\":\"https:\/\/letrame.com\/catalogo\/wp-content\/uploads\/2024\/04\/webPortadaanosma2aedicion_16mm-compressed.jpg\",\"width\":601,\"height\":881},{\"@type\":\"BreadcrumbList\",\"@id\":\"https:\/\/letrame.com\/catalogo\/producto\/anosma-2a-edicion\/#breadcrumb\",\"itemListElement\":[{\"@type\":\"ListItem\",\"position\":1,\"name\":\"Portada\",\"item\":\"https:\/\/letrame.com\/catalogo\/\"},{\"@type\":\"ListItem\",\"position\":2,\"name\":\"Cat\u00e1logo\",\"item\":\"https:\/\/letrame.com\/catalogo\/\"},{\"@type\":\"ListItem\",\"position\":3,\"name\":\"Anosma 2\u00aa edici\u00f3n\"}]},{\"@type\":\"WebSite\",\"@id\":\"https:\/\/letrame.com\/catalogo\/#website\",\"url\":\"https:\/\/letrame.com\/catalogo\/\",\"name\":\"Catalogo | Letrame Grupo Editorial\",\"description\":\"\",\"publisher\":{\"@id\":\"https:\/\/letrame.com\/catalogo\/#organization\"},\"potentialAction\":[{\"@type\":\"SearchAction\",\"target\":{\"@type\":\"EntryPoint\",\"urlTemplate\":\"https:\/\/letrame.com\/catalogo\/?s={search_term_string}\"},\"query-input\":{\"@type\":\"PropertyValueSpecification\",\"valueRequired\":true,\"valueName\":\"search_term_string\"}}],\"inLanguage\":\"es\"},{\"@type\":\"Organization\",\"@id\":\"https:\/\/letrame.com\/catalogo\/#organization\",\"name\":\"Catalogo | Letrame Grupo Editorial\",\"url\":\"https:\/\/letrame.com\/catalogo\/\",\"logo\":{\"@type\":\"ImageObject\",\"inLanguage\":\"es\",\"@id\":\"https:\/\/letrame.com\/catalogo\/#\/schema\/logo\/image\/\",\"url\":\"https:\/\/letrame.com\/catalogo\/wp-content\/uploads\/2024\/03\/logo2.webp\",\"contentUrl\":\"https:\/\/letrame.com\/catalogo\/wp-content\/uploads\/2024\/03\/logo2.webp\",\"width\":394,\"height\":128,\"caption\":\"Catalogo | Letrame Grupo Editorial\"},\"image\":{\"@id\":\"https:\/\/letrame.com\/catalogo\/#\/schema\/logo\/image\/\"}}]}<\/script>\n<!-- \/ Yoast SEO plugin. -->","yoast_head_json":{"title":"Anosma 2\u00aa edici\u00f3n - Catalogo | Letrame Grupo Editorial","robots":{"index":"index","follow":"follow","max-snippet":"max-snippet:-1","max-image-preview":"max-image-preview:large","max-video-preview":"max-video-preview:-1"},"canonical":"https:\/\/letrame.com\/catalogo\/producto\/anosma-2a-edicion\/","og_locale":"es_ES","og_type":"article","og_title":"Anosma 2\u00aa edici\u00f3n - Catalogo | Letrame Grupo Editorial","og_description":"ISBN: 978-84-1144-730-0 SINOPSIS Las juntas de mujeres han regresado a las cumbres de Anaga en las noches de luna creciente. En un intento desesperado por recuperar el poder que un d\u00eda tuvieron, las brujas tendr\u00e1n que recorrer los bailaderos para realizar sus aquelarres. Para ello, se enfrentar\u00e1n a la guarder\u00eda de montes que intentar\u00e1 evitar, con crueldad y violencia, su regreso. Los secretos que se han escondido durante m\u00e1s de cien a\u00f1os en lo m\u00e1s profundo de Anosma est\u00e1n por salir a la luz y con ellos muchas batallas que ya no podr\u00e1n ser pospuestas. Batallas que se librar\u00e1n en los m\u00e1s l\u00fagubres barrancos y en los llanos\u00a0clareados\u00a0del bosque. A campo abierto y en los rincones m\u00e1s oscuros del interior de las brujas. As\u00ed, los hechos que aqu\u00ed se relatan pudieron ocurrir en alg\u00fan momento de la historia. Entre los l\u00edmites de la realidad y la imaginaci\u00f3n. Un cuento de brujas en el que la historia oral, la geograf\u00eda y el misterio componen los ingredientes\u00a0para viajar por los miedos de los lugare\u00f1os en las noches de 1926.","og_url":"https:\/\/letrame.com\/catalogo\/producto\/anosma-2a-edicion\/","og_site_name":"Catalogo | Letrame Grupo Editorial","article_modified_time":"2024-04-29T13:20:37+00:00","og_image":[{"width":601,"height":881,"url":"https:\/\/letrame.com\/catalogo\/wp-content\/uploads\/2024\/04\/webPortadaanosma2aedicion_16mm-compressed.jpg","type":"image\/jpeg"}],"twitter_card":"summary_large_image","twitter_misc":{"Tiempo de lectura":"1 minuto"},"schema":{"@context":"https:\/\/schema.org","@graph":[{"@type":"WebPage","@id":"https:\/\/letrame.com\/catalogo\/producto\/anosma-2a-edicion\/","url":"https:\/\/letrame.com\/catalogo\/producto\/anosma-2a-edicion\/","name":"Anosma 2\u00aa edici\u00f3n - Catalogo | Letrame Grupo Editorial","isPartOf":{"@id":"https:\/\/letrame.com\/catalogo\/#website"},"primaryImageOfPage":{"@id":"https:\/\/letrame.com\/catalogo\/producto\/anosma-2a-edicion\/#primaryimage"},"image":{"@id":"https:\/\/letrame.com\/catalogo\/producto\/anosma-2a-edicion\/#primaryimage"},"thumbnailUrl":"https:\/\/letrame.com\/catalogo\/wp-content\/uploads\/2024\/04\/webPortadaanosma2aedicion_16mm-compressed.jpg","datePublished":"2024-04-29T13:20:30+00:00","dateModified":"2024-04-29T13:20:37+00:00","breadcrumb":{"@id":"https:\/\/letrame.com\/catalogo\/producto\/anosma-2a-edicion\/#breadcrumb"},"inLanguage":"es","potentialAction":[{"@type":"ReadAction","target":["https:\/\/letrame.com\/catalogo\/producto\/anosma-2a-edicion\/"]}]},{"@type":"ImageObject","inLanguage":"es","@id":"https:\/\/letrame.com\/catalogo\/producto\/anosma-2a-edicion\/#primaryimage","url":"https:\/\/letrame.com\/catalogo\/wp-content\/uploads\/2024\/04\/webPortadaanosma2aedicion_16mm-compressed.jpg","contentUrl":"https:\/\/letrame.com\/catalogo\/wp-content\/uploads\/2024\/04\/webPortadaanosma2aedicion_16mm-compressed.jpg","width":601,"height":881},{"@type":"BreadcrumbList","@id":"https:\/\/letrame.com\/catalogo\/producto\/anosma-2a-edicion\/#breadcrumb","itemListElement":[{"@type":"ListItem","position":1,"name":"Portada","item":"https:\/\/letrame.com\/catalogo\/"},{"@type":"ListItem","position":2,"name":"Cat\u00e1logo","item":"https:\/\/letrame.com\/catalogo\/"},{"@type":"ListItem","position":3,"name":"Anosma 2\u00aa edici\u00f3n"}]},{"@type":"WebSite","@id":"https:\/\/letrame.com\/catalogo\/#website","url":"https:\/\/letrame.com\/catalogo\/","name":"Catalogo | Letrame Grupo Editorial","description":"","publisher":{"@id":"https:\/\/letrame.com\/catalogo\/#organization"},"potentialAction":[{"@type":"SearchAction","target":{"@type":"EntryPoint","urlTemplate":"https:\/\/letrame.com\/catalogo\/?s={search_term_string}"},"query-input":{"@type":"PropertyValueSpecification","valueRequired":true,"valueName":"search_term_string"}}],"inLanguage":"es"},{"@type":"Organization","@id":"https:\/\/letrame.com\/catalogo\/#organization","name":"Catalogo | Letrame Grupo Editorial","url":"https:\/\/letrame.com\/catalogo\/","logo":{"@type":"ImageObject","inLanguage":"es","@id":"https:\/\/letrame.com\/catalogo\/#\/schema\/logo\/image\/","url":"https:\/\/letrame.com\/catalogo\/wp-content\/uploads\/2024\/03\/logo2.webp","contentUrl":"https:\/\/letrame.com\/catalogo\/wp-content\/uploads\/2024\/03\/logo2.webp","width":394,"height":128,"caption":"Catalogo | Letrame Grupo Editorial"},"image":{"@id":"https:\/\/letrame.com\/catalogo\/#\/schema\/logo\/image\/"}}]}},"_links":{"self":[{"href":"https:\/\/letrame.com\/catalogo\/wp-json\/wp\/v2\/product\/98746","targetHints":{"allow":["GET"]}}],"collection":[{"href":"https:\/\/letrame.com\/catalogo\/wp-json\/wp\/v2\/product"}],"about":[{"href":"https:\/\/letrame.com\/catalogo\/wp-json\/wp\/v2\/types\/product"}],"replies":[{"embeddable":true,"href":"https:\/\/letrame.com\/catalogo\/wp-json\/wp\/v2\/comments?post=98746"}],"acf:post":[{"embeddable":true,"href":"https:\/\/letrame.com\/catalogo\/wp-json\/wp\/v2\/author_book\/75349"}],"wp:featuredmedia":[{"embeddable":true,"href":"https:\/\/letrame.com\/catalogo\/wp-json\/wp\/v2\/media\/98747"}],"wp:attachment":[{"href":"https:\/\/letrame.com\/catalogo\/wp-json\/wp\/v2\/media?parent=98746"}],"wp:term":[{"taxonomy":"libro","embeddable":true,"href":"https:\/\/letrame.com\/catalogo\/wp-json\/wp\/v2\/libro?post=98746"},{"taxonomy":"product_brand","embeddable":true,"href":"https:\/\/letrame.com\/catalogo\/wp-json\/wp\/v2\/product_brand?post=98746"},{"taxonomy":"product_cat","embeddable":true,"href":"https:\/\/letrame.com\/catalogo\/wp-json\/wp\/v2\/product_cat?post=98746"},{"taxonomy":"product_tag","embeddable":true,"href":"https:\/\/letrame.com\/catalogo\/wp-json\/wp\/v2\/product_tag?post=98746"}],"curies":[{"name":"wp","href":"https:\/\/api.w.org\/{rel}","templated":true}]}}