{"id":98717,"date":"2024-04-29T15:19:12","date_gmt":"2024-04-29T13:19:12","guid":{"rendered":"https:\/\/letrame.com\/catalogo\/producto\/el-problema-del-conocimiento\/"},"modified":"2024-04-29T15:19:31","modified_gmt":"2024-04-29T13:19:31","slug":"el-problema-del-conocimiento","status":"publish","type":"product","link":"https:\/\/letrame.com\/catalogo\/producto\/el-problema-del-conocimiento\/","title":{"rendered":"El problema del conocimiento"},"content":{"rendered":"<p><strong>ISBN<\/strong>: 978-84-1144-721-8<\/p>\n<p><strong>T\u00edtulo<\/strong>: El problema del conocimiento<br \/>\n<strong>Fecha<\/strong>: 2022<br \/>\n<strong>P\u00e1ginas<\/strong>: 210<\/p>\n<p><strong>SINOPSIS<\/strong><\/p>\n<p>He aqu\u00ed el desarrollo de diversos temas contempor\u00e1neos en que se advierte la capacidad prol\u00edfica del autor con la cual, adem\u00e1s de mostrar un cierta originalidad, se pasea por temas cruciales de la filosof\u00eda y de las ciencias, como la relaci\u00f3n entre raz\u00f3n anal\u00edtica y raz\u00f3n dial\u00e9ctica, la cultura y la educaci\u00f3n, estos \u00faltimos en el marco de la Ilustraci\u00f3n; el tema del amor y la felicidad; el desarrollo cr\u00edtico de la ideolog\u00eda de la delincuencia de Michel Foucault, las determinaciones de la escuela de Frankfurt. Sobre la necesidad del derecho y la moral; un an\u00e1lisis en cuanto a la microf\u00edsica, y el complej\u00edsimo desarrollo del universo y la vida biol\u00f3gica. Todos temas desarrollados en base a un conocimiento acucioso de estos y con un exigente y \u00e1gil an\u00e1lisis cr\u00edtico racional.<br \/>\nEste libro que nos ofrece Efra\u00edn G. Zenteno V\u00e1squez nos introduce y hacen pensar en las diversas dimensiones humanas del conocimiento que se est\u00e1n dando, de modo que es necesario que lo tengan presente en vuestras consideraciones lectivas.<\/p>\n","protected":false},"excerpt":{"rendered":"<p><strong>ISBN<\/strong>: 978-84-1144-721-8<\/p>\n<p><strong>SINOPSIS<\/strong><\/p>\n<p>He aqu\u00ed el desarrollo de diversos temas contempor\u00e1neos en que se advierte la capacidad prol\u00edfica del autor con la cual, adem\u00e1s de mostrar un cierta originalidad, se pasea por temas cruciales de la filosof\u00eda y de las ciencias, como la relaci\u00f3n entre raz\u00f3n anal\u00edtica y raz\u00f3n dial\u00e9ctica, la cultura y la educaci\u00f3n, estos \u00faltimos en el marco de la Ilustraci\u00f3n; el tema del amor y la felicidad; el desarrollo cr\u00edtico de la ideolog\u00eda de la delincuencia de Michel Foucault, las determinaciones de la escuela de Frankfurt. Sobre la necesidad del derecho y la moral; un an\u00e1lisis en cuanto a la microf\u00edsica, y el complej\u00edsimo desarrollo del universo y la vida biol\u00f3gica. Todos temas desarrollados en base a un conocimiento acucioso de estos y con un exigente y \u00e1gil an\u00e1lisis cr\u00edtico racional.<br \/>\nEste libro que nos ofrece Efra\u00edn G. Zenteno V\u00e1squez nos introduce y hacen pensar en las diversas dimensiones humanas del conocimiento que se est\u00e1n dando, de modo que es necesario que lo tengan presente en vuestras consideraciones lectivas.<\/p>\n","protected":false},"featured_media":98718,"comment_status":"closed","ping_status":"open","template":"","meta":{"_acf_changed":false},"libro":[],"product_brand":[],"product_cat":[26],"product_tag":[],"class_list":{"0":"post-98717","1":"product","2":"type-product","3":"status-publish","4":"has-post-thumbnail","6":"product_cat-sin-categoria","8":"first","9":"instock","10":"product-type-simple"},"acf":{"autor":[77156],"enlace_de_compra":"https:\/\/www.amazon.es\/problema-conocimiento-Efra%C3%ADn-Zenteno-V%C3%A1squez\/dp\/8411447219\/"},"yoast_head":"<!-- This site is optimized with the Yoast SEO plugin v27.4 - https:\/\/yoast.com\/product\/yoast-seo-wordpress\/ -->\n<title>El problema del conocimiento - Catalogo | Letrame Grupo Editorial<\/title>\n<meta name=\"robots\" content=\"index, follow, max-snippet:-1, max-image-preview:large, max-video-preview:-1\" \/>\n<link rel=\"canonical\" href=\"https:\/\/letrame.com\/catalogo\/producto\/el-problema-del-conocimiento\/\" \/>\n<meta property=\"og:locale\" content=\"es_ES\" \/>\n<meta property=\"og:type\" content=\"article\" \/>\n<meta property=\"og:title\" content=\"El problema del conocimiento - Catalogo | Letrame Grupo Editorial\" \/>\n<meta property=\"og:description\" content=\"ISBN: 978-84-1144-721-8 SINOPSIS He aqu\u00ed el desarrollo de diversos temas contempor\u00e1neos en que se advierte la capacidad prol\u00edfica del autor con la cual, adem\u00e1s de mostrar un cierta originalidad, se pasea por temas cruciales de la filosof\u00eda y de las ciencias, como la relaci\u00f3n entre raz\u00f3n anal\u00edtica y raz\u00f3n dial\u00e9ctica, la cultura y la educaci\u00f3n, estos \u00faltimos en el marco de la Ilustraci\u00f3n; el tema del amor y la felicidad; el desarrollo cr\u00edtico de la ideolog\u00eda de la delincuencia de Michel Foucault, las determinaciones de la escuela de Frankfurt. Sobre la necesidad del derecho y la moral; un an\u00e1lisis en cuanto a la microf\u00edsica, y el complej\u00edsimo desarrollo del universo y la vida biol\u00f3gica. Todos temas desarrollados en base a un conocimiento acucioso de estos y con un exigente y \u00e1gil an\u00e1lisis cr\u00edtico racional. Este libro que nos ofrece Efra\u00edn G. Zenteno V\u00e1squez nos introduce y hacen pensar en las diversas dimensiones humanas del conocimiento que se est\u00e1n dando, de modo que es necesario que lo tengan presente en vuestras consideraciones lectivas.\" \/>\n<meta property=\"og:url\" content=\"https:\/\/letrame.com\/catalogo\/producto\/el-problema-del-conocimiento\/\" \/>\n<meta property=\"og:site_name\" content=\"Catalogo | Letrame Grupo Editorial\" \/>\n<meta property=\"article:modified_time\" content=\"2024-04-29T13:19:31+00:00\" \/>\n<meta property=\"og:image\" content=\"https:\/\/letrame.com\/catalogo\/wp-content\/uploads\/2024\/04\/webportadaelproblemadelconocimiento_1212mm-compressed.jpg\" \/>\n\t<meta property=\"og:image:width\" content=\"601\" \/>\n\t<meta property=\"og:image:height\" content=\"881\" \/>\n\t<meta property=\"og:image:type\" content=\"image\/jpeg\" \/>\n<meta name=\"twitter:card\" content=\"summary_large_image\" \/>\n<meta name=\"twitter:label1\" content=\"Tiempo de lectura\" \/>\n\t<meta name=\"twitter:data1\" content=\"1 minuto\" \/>\n<script type=\"application\/ld+json\" class=\"yoast-schema-graph\">{\"@context\":\"https:\\\/\\\/schema.org\",\"@graph\":[{\"@type\":\"WebPage\",\"@id\":\"https:\\\/\\\/letrame.com\\\/catalogo\\\/producto\\\/el-problema-del-conocimiento\\\/\",\"url\":\"https:\\\/\\\/letrame.com\\\/catalogo\\\/producto\\\/el-problema-del-conocimiento\\\/\",\"name\":\"El problema del conocimiento - Catalogo | Letrame Grupo Editorial\",\"isPartOf\":{\"@id\":\"https:\\\/\\\/letrame.com\\\/catalogo\\\/#website\"},\"primaryImageOfPage\":{\"@id\":\"https:\\\/\\\/letrame.com\\\/catalogo\\\/producto\\\/el-problema-del-conocimiento\\\/#primaryimage\"},\"image\":{\"@id\":\"https:\\\/\\\/letrame.com\\\/catalogo\\\/producto\\\/el-problema-del-conocimiento\\\/#primaryimage\"},\"thumbnailUrl\":\"https:\\\/\\\/letrame.com\\\/catalogo\\\/wp-content\\\/uploads\\\/2024\\\/04\\\/webportadaelproblemadelconocimiento_1212mm-compressed.jpg\",\"datePublished\":\"2024-04-29T13:19:12+00:00\",\"dateModified\":\"2024-04-29T13:19:31+00:00\",\"breadcrumb\":{\"@id\":\"https:\\\/\\\/letrame.com\\\/catalogo\\\/producto\\\/el-problema-del-conocimiento\\\/#breadcrumb\"},\"inLanguage\":\"es\",\"potentialAction\":[{\"@type\":\"ReadAction\",\"target\":[\"https:\\\/\\\/letrame.com\\\/catalogo\\\/producto\\\/el-problema-del-conocimiento\\\/\"]}]},{\"@type\":\"ImageObject\",\"inLanguage\":\"es\",\"@id\":\"https:\\\/\\\/letrame.com\\\/catalogo\\\/producto\\\/el-problema-del-conocimiento\\\/#primaryimage\",\"url\":\"https:\\\/\\\/letrame.com\\\/catalogo\\\/wp-content\\\/uploads\\\/2024\\\/04\\\/webportadaelproblemadelconocimiento_1212mm-compressed.jpg\",\"contentUrl\":\"https:\\\/\\\/letrame.com\\\/catalogo\\\/wp-content\\\/uploads\\\/2024\\\/04\\\/webportadaelproblemadelconocimiento_1212mm-compressed.jpg\",\"width\":601,\"height\":881},{\"@type\":\"BreadcrumbList\",\"@id\":\"https:\\\/\\\/letrame.com\\\/catalogo\\\/producto\\\/el-problema-del-conocimiento\\\/#breadcrumb\",\"itemListElement\":[{\"@type\":\"ListItem\",\"position\":1,\"name\":\"Portada\",\"item\":\"https:\\\/\\\/letrame.com\\\/catalogo\\\/\"},{\"@type\":\"ListItem\",\"position\":2,\"name\":\"Cat\u00e1logo\",\"item\":\"https:\\\/\\\/letrame.com\\\/catalogo\\\/\"},{\"@type\":\"ListItem\",\"position\":3,\"name\":\"El problema del conocimiento\"}]},{\"@type\":\"WebSite\",\"@id\":\"https:\\\/\\\/letrame.com\\\/catalogo\\\/#website\",\"url\":\"https:\\\/\\\/letrame.com\\\/catalogo\\\/\",\"name\":\"Catalogo | Letrame Grupo Editorial\",\"description\":\"\",\"publisher\":{\"@id\":\"https:\\\/\\\/letrame.com\\\/catalogo\\\/#organization\"},\"potentialAction\":[{\"@type\":\"SearchAction\",\"target\":{\"@type\":\"EntryPoint\",\"urlTemplate\":\"https:\\\/\\\/letrame.com\\\/catalogo\\\/?s={search_term_string}\"},\"query-input\":{\"@type\":\"PropertyValueSpecification\",\"valueRequired\":true,\"valueName\":\"search_term_string\"}}],\"inLanguage\":\"es\"},{\"@type\":\"Organization\",\"@id\":\"https:\\\/\\\/letrame.com\\\/catalogo\\\/#organization\",\"name\":\"Catalogo | Letrame Grupo Editorial\",\"url\":\"https:\\\/\\\/letrame.com\\\/catalogo\\\/\",\"logo\":{\"@type\":\"ImageObject\",\"inLanguage\":\"es\",\"@id\":\"https:\\\/\\\/letrame.com\\\/catalogo\\\/#\\\/schema\\\/logo\\\/image\\\/\",\"url\":\"https:\\\/\\\/letrame.com\\\/catalogo\\\/wp-content\\\/uploads\\\/2024\\\/03\\\/logo2.webp\",\"contentUrl\":\"https:\\\/\\\/letrame.com\\\/catalogo\\\/wp-content\\\/uploads\\\/2024\\\/03\\\/logo2.webp\",\"width\":394,\"height\":128,\"caption\":\"Catalogo | Letrame Grupo Editorial\"},\"image\":{\"@id\":\"https:\\\/\\\/letrame.com\\\/catalogo\\\/#\\\/schema\\\/logo\\\/image\\\/\"}}]}<\/script>\n<!-- \/ Yoast SEO plugin. -->","yoast_head_json":{"title":"El problema del conocimiento - Catalogo | Letrame Grupo Editorial","robots":{"index":"index","follow":"follow","max-snippet":"max-snippet:-1","max-image-preview":"max-image-preview:large","max-video-preview":"max-video-preview:-1"},"canonical":"https:\/\/letrame.com\/catalogo\/producto\/el-problema-del-conocimiento\/","og_locale":"es_ES","og_type":"article","og_title":"El problema del conocimiento - Catalogo | Letrame Grupo Editorial","og_description":"ISBN: 978-84-1144-721-8 SINOPSIS He aqu\u00ed el desarrollo de diversos temas contempor\u00e1neos en que se advierte la capacidad prol\u00edfica del autor con la cual, adem\u00e1s de mostrar un cierta originalidad, se pasea por temas cruciales de la filosof\u00eda y de las ciencias, como la relaci\u00f3n entre raz\u00f3n anal\u00edtica y raz\u00f3n dial\u00e9ctica, la cultura y la educaci\u00f3n, estos \u00faltimos en el marco de la Ilustraci\u00f3n; el tema del amor y la felicidad; el desarrollo cr\u00edtico de la ideolog\u00eda de la delincuencia de Michel Foucault, las determinaciones de la escuela de Frankfurt. Sobre la necesidad del derecho y la moral; un an\u00e1lisis en cuanto a la microf\u00edsica, y el complej\u00edsimo desarrollo del universo y la vida biol\u00f3gica. Todos temas desarrollados en base a un conocimiento acucioso de estos y con un exigente y \u00e1gil an\u00e1lisis cr\u00edtico racional. Este libro que nos ofrece Efra\u00edn G. Zenteno V\u00e1squez nos introduce y hacen pensar en las diversas dimensiones humanas del conocimiento que se est\u00e1n dando, de modo que es necesario que lo tengan presente en vuestras consideraciones lectivas.","og_url":"https:\/\/letrame.com\/catalogo\/producto\/el-problema-del-conocimiento\/","og_site_name":"Catalogo | Letrame Grupo Editorial","article_modified_time":"2024-04-29T13:19:31+00:00","og_image":[{"width":601,"height":881,"url":"https:\/\/letrame.com\/catalogo\/wp-content\/uploads\/2024\/04\/webportadaelproblemadelconocimiento_1212mm-compressed.jpg","type":"image\/jpeg"}],"twitter_card":"summary_large_image","twitter_misc":{"Tiempo de lectura":"1 minuto"},"schema":{"@context":"https:\/\/schema.org","@graph":[{"@type":"WebPage","@id":"https:\/\/letrame.com\/catalogo\/producto\/el-problema-del-conocimiento\/","url":"https:\/\/letrame.com\/catalogo\/producto\/el-problema-del-conocimiento\/","name":"El problema del conocimiento - Catalogo | Letrame Grupo Editorial","isPartOf":{"@id":"https:\/\/letrame.com\/catalogo\/#website"},"primaryImageOfPage":{"@id":"https:\/\/letrame.com\/catalogo\/producto\/el-problema-del-conocimiento\/#primaryimage"},"image":{"@id":"https:\/\/letrame.com\/catalogo\/producto\/el-problema-del-conocimiento\/#primaryimage"},"thumbnailUrl":"https:\/\/letrame.com\/catalogo\/wp-content\/uploads\/2024\/04\/webportadaelproblemadelconocimiento_1212mm-compressed.jpg","datePublished":"2024-04-29T13:19:12+00:00","dateModified":"2024-04-29T13:19:31+00:00","breadcrumb":{"@id":"https:\/\/letrame.com\/catalogo\/producto\/el-problema-del-conocimiento\/#breadcrumb"},"inLanguage":"es","potentialAction":[{"@type":"ReadAction","target":["https:\/\/letrame.com\/catalogo\/producto\/el-problema-del-conocimiento\/"]}]},{"@type":"ImageObject","inLanguage":"es","@id":"https:\/\/letrame.com\/catalogo\/producto\/el-problema-del-conocimiento\/#primaryimage","url":"https:\/\/letrame.com\/catalogo\/wp-content\/uploads\/2024\/04\/webportadaelproblemadelconocimiento_1212mm-compressed.jpg","contentUrl":"https:\/\/letrame.com\/catalogo\/wp-content\/uploads\/2024\/04\/webportadaelproblemadelconocimiento_1212mm-compressed.jpg","width":601,"height":881},{"@type":"BreadcrumbList","@id":"https:\/\/letrame.com\/catalogo\/producto\/el-problema-del-conocimiento\/#breadcrumb","itemListElement":[{"@type":"ListItem","position":1,"name":"Portada","item":"https:\/\/letrame.com\/catalogo\/"},{"@type":"ListItem","position":2,"name":"Cat\u00e1logo","item":"https:\/\/letrame.com\/catalogo\/"},{"@type":"ListItem","position":3,"name":"El problema del conocimiento"}]},{"@type":"WebSite","@id":"https:\/\/letrame.com\/catalogo\/#website","url":"https:\/\/letrame.com\/catalogo\/","name":"Catalogo | Letrame Grupo Editorial","description":"","publisher":{"@id":"https:\/\/letrame.com\/catalogo\/#organization"},"potentialAction":[{"@type":"SearchAction","target":{"@type":"EntryPoint","urlTemplate":"https:\/\/letrame.com\/catalogo\/?s={search_term_string}"},"query-input":{"@type":"PropertyValueSpecification","valueRequired":true,"valueName":"search_term_string"}}],"inLanguage":"es"},{"@type":"Organization","@id":"https:\/\/letrame.com\/catalogo\/#organization","name":"Catalogo | Letrame Grupo Editorial","url":"https:\/\/letrame.com\/catalogo\/","logo":{"@type":"ImageObject","inLanguage":"es","@id":"https:\/\/letrame.com\/catalogo\/#\/schema\/logo\/image\/","url":"https:\/\/letrame.com\/catalogo\/wp-content\/uploads\/2024\/03\/logo2.webp","contentUrl":"https:\/\/letrame.com\/catalogo\/wp-content\/uploads\/2024\/03\/logo2.webp","width":394,"height":128,"caption":"Catalogo | Letrame Grupo Editorial"},"image":{"@id":"https:\/\/letrame.com\/catalogo\/#\/schema\/logo\/image\/"}}]}},"_links":{"self":[{"href":"https:\/\/letrame.com\/catalogo\/wp-json\/wp\/v2\/product\/98717","targetHints":{"allow":["GET"]}}],"collection":[{"href":"https:\/\/letrame.com\/catalogo\/wp-json\/wp\/v2\/product"}],"about":[{"href":"https:\/\/letrame.com\/catalogo\/wp-json\/wp\/v2\/types\/product"}],"replies":[{"embeddable":true,"href":"https:\/\/letrame.com\/catalogo\/wp-json\/wp\/v2\/comments?post=98717"}],"acf:post":[{"embeddable":true,"href":"https:\/\/letrame.com\/catalogo\/wp-json\/wp\/v2\/author_book\/77156"}],"wp:featuredmedia":[{"embeddable":true,"href":"https:\/\/letrame.com\/catalogo\/wp-json\/wp\/v2\/media\/98718"}],"wp:attachment":[{"href":"https:\/\/letrame.com\/catalogo\/wp-json\/wp\/v2\/media?parent=98717"}],"wp:term":[{"taxonomy":"libro","embeddable":true,"href":"https:\/\/letrame.com\/catalogo\/wp-json\/wp\/v2\/libro?post=98717"},{"taxonomy":"product_brand","embeddable":true,"href":"https:\/\/letrame.com\/catalogo\/wp-json\/wp\/v2\/product_brand?post=98717"},{"taxonomy":"product_cat","embeddable":true,"href":"https:\/\/letrame.com\/catalogo\/wp-json\/wp\/v2\/product_cat?post=98717"},{"taxonomy":"product_tag","embeddable":true,"href":"https:\/\/letrame.com\/catalogo\/wp-json\/wp\/v2\/product_tag?post=98717"}],"curies":[{"name":"wp","href":"https:\/\/api.w.org\/{rel}","templated":true}]}}