{"id":98705,"date":"2024-04-29T15:18:20","date_gmt":"2024-04-29T13:18:20","guid":{"rendered":"https:\/\/letrame.com\/catalogo\/producto\/el-parque-con-encanto-una-mirada-a-los-jardines-del-buen-retiro-de-madrid\/"},"modified":"2024-08-08T16:02:47","modified_gmt":"2024-08-08T14:02:47","slug":"el-parque-con-encanto-una-mirada-a-los-jardines-del-buen-retiro-de-madrid","status":"publish","type":"product","link":"https:\/\/letrame.com\/catalogo\/producto\/el-parque-con-encanto-una-mirada-a-los-jardines-del-buen-retiro-de-madrid\/","title":{"rendered":"El parque con encanto. Una mirada a los Jardines del Buen Retiro de Madrid."},"content":{"rendered":"<p><strong>ISBN<\/strong>: 978-84-1144-773-7<\/p>\n<p><strong>T\u00edtulo<\/strong>: <span data-sheets-value=\"{&quot;1&quot;:2,&quot;2&quot;:&quot;Un parque con encanto&quot;}\" data-sheets-userformat=\"{&quot;2&quot;:515,&quot;3&quot;:{&quot;1&quot;:0},&quot;4&quot;:{&quot;1&quot;:2,&quot;2&quot;:14281427},&quot;12&quot;:0}\">El parque con encanto. Una mirada a los Jardines del Buen Retiro de Madrid.<\/span><\/p>\n<p><strong>Fecha<\/strong>: 2023<br \/>\n<strong>P\u00e1ginas<\/strong>: 132<\/p>\n<p><strong>SINOPSIS<\/strong><\/p>\n<p>Presentaci\u00f3n de una colecci\u00f3n de im\u00e1genes del fot\u00f3grafo Eduardo Cimadevila que muestran una visi\u00f3n peculiar de los \u00e1rboles que habitan los Jardines del Buen Retiro de Madrid. Las fotograf\u00edas _de evocadora belleza_ permiten contemplar a criaturas del mundo de los sue\u00f1os atrapadas en los troncos, retorcidos por el devenir del tiempo y las nieblas del pasado, y transfigurados en representaciones ic\u00f3nicas de animales y personajes m\u00edticos.<\/p>\n<p>Este material visual in\u00e9dito es acompa\u00f1ado por las narraciones del investigador Javier Mar\u00eda Navas _que se adentra en el mundo de la flora y la avifauna del parque_, articulando una prosa po\u00e9tica que fluye a trav\u00e9s de las estaciones del a\u00f1o. Cada momento del ciclo vegetal renueva el jard\u00edn hist\u00f3rico, atravesado por el prisma on\u00edrico del escritor. Imagen y palabra, poes\u00eda y prosa, se combinan para deleitar los sentidos de los visitantes e interesados por la floresta de lo que constituye el parque del Retiro.<\/p>\n","protected":false},"excerpt":{"rendered":"<p><strong>ISBN<\/strong>: 978-84-1144-773-7<\/p>\n<p><strong>SINOPSIS<\/strong><\/p>\n<p>Presentaci\u00f3n de una colecci\u00f3n de im\u00e1genes del fot\u00f3grafo Eduardo Cimadevila que muestran una visi\u00f3n peculiar de los \u00e1rboles que habitan los Jardines del Buen Retiro de Madrid. Las fotograf\u00edas _de evocadora belleza_ permiten contemplar a criaturas del mundo de los sue\u00f1os atrapadas en los troncos, retorcidos por el devenir del tiempo y las nieblas del pasado, y transfigurados en representaciones ic\u00f3nicas de animales y personajes m\u00edticos.<\/p>\n<p>Este material visual in\u00e9dito es acompa\u00f1ado por las narraciones del investigador Javier Mar\u00eda Navas _que se adentra en el mundo de la flora y la avifauna del parque_, articulando una prosa po\u00e9tica que fluye a trav\u00e9s de las estaciones del a\u00f1o. Cada momento del ciclo vegetal renueva el jard\u00edn hist\u00f3rico, atravesado por el prisma on\u00edrico del escritor. Imagen y palabra, poes\u00eda y prosa, se combinan para deleitar los sentidos de los visitantes e interesados por la floresta de lo que constituye el parque del Retiro.<\/p>\n<p>&nbsp;<\/p>\n","protected":false},"featured_media":98706,"comment_status":"closed","ping_status":"closed","template":"","meta":{"_acf_changed":false},"libro":[],"product_brand":[],"product_cat":[56],"product_tag":[],"class_list":{"0":"post-98705","1":"product","2":"type-product","3":"status-publish","4":"has-post-thumbnail","6":"product_cat-fotografia","8":"first","9":"instock","10":"purchasable","11":"product-type-simple"},"acf":{"autor":[77145,104878],"enlace_de_compra":""},"yoast_head":"<!-- This site is optimized with the Yoast SEO plugin v26.6 - https:\/\/yoast.com\/wordpress\/plugins\/seo\/ -->\n<title>El parque con encanto. Una mirada a los Jardines del Buen Retiro de Madrid. - Catalogo | Letrame Grupo Editorial<\/title>\n<meta name=\"robots\" content=\"index, follow, max-snippet:-1, max-image-preview:large, max-video-preview:-1\" \/>\n<link rel=\"canonical\" href=\"https:\/\/letrame.com\/catalogo\/producto\/el-parque-con-encanto-una-mirada-a-los-jardines-del-buen-retiro-de-madrid\/\" \/>\n<meta property=\"og:locale\" content=\"es_ES\" \/>\n<meta property=\"og:type\" content=\"article\" \/>\n<meta property=\"og:title\" content=\"El parque con encanto. Una mirada a los Jardines del Buen Retiro de Madrid. - Catalogo | Letrame Grupo Editorial\" \/>\n<meta property=\"og:description\" content=\"ISBN: 978-84-1144-773-7  SINOPSIS  Presentaci\u00f3n de una colecci\u00f3n de im\u00e1genes del fot\u00f3grafo Eduardo Cimadevila que muestran una visi\u00f3n peculiar de los \u00e1rboles que habitan los Jardines del Buen Retiro de Madrid. Las fotograf\u00edas _de evocadora belleza_ permiten contemplar a criaturas del mundo de los sue\u00f1os atrapadas en los troncos, retorcidos por el devenir del tiempo y las nieblas del pasado, y transfigurados en representaciones ic\u00f3nicas de animales y personajes m\u00edticos.  Este material visual in\u00e9dito es acompa\u00f1ado por las narraciones del investigador Javier Mar\u00eda Navas _que se adentra en el mundo de la flora y la avifauna del parque_, articulando una prosa po\u00e9tica que fluye a trav\u00e9s de las estaciones del a\u00f1o. Cada momento del ciclo vegetal renueva el jard\u00edn hist\u00f3rico, atravesado por el prisma on\u00edrico del escritor. Imagen y palabra, poes\u00eda y prosa, se combinan para deleitar los sentidos de los visitantes e interesados por la floresta de lo que constituye el parque del Retiro.  &nbsp;\" \/>\n<meta property=\"og:url\" content=\"https:\/\/letrame.com\/catalogo\/producto\/el-parque-con-encanto-una-mirada-a-los-jardines-del-buen-retiro-de-madrid\/\" \/>\n<meta property=\"og:site_name\" content=\"Catalogo | Letrame Grupo Editorial\" \/>\n<meta property=\"article:modified_time\" content=\"2024-08-08T14:02:47+00:00\" \/>\n<meta property=\"og:image\" content=\"https:\/\/letrame.com\/catalogo\/wp-content\/uploads\/2024\/04\/webportadaelparque_921mm-compressed.jpg\" \/>\n\t<meta property=\"og:image:width\" content=\"601\" \/>\n\t<meta property=\"og:image:height\" content=\"773\" \/>\n\t<meta property=\"og:image:type\" content=\"image\/jpeg\" \/>\n<meta name=\"twitter:card\" content=\"summary_large_image\" \/>\n<meta name=\"twitter:label1\" content=\"Tiempo de lectura\" \/>\n\t<meta name=\"twitter:data1\" content=\"1 minuto\" \/>\n<script type=\"application\/ld+json\" class=\"yoast-schema-graph\">{\"@context\":\"https:\/\/schema.org\",\"@graph\":[{\"@type\":\"WebPage\",\"@id\":\"https:\/\/letrame.com\/catalogo\/producto\/el-parque-con-encanto-una-mirada-a-los-jardines-del-buen-retiro-de-madrid\/\",\"url\":\"https:\/\/letrame.com\/catalogo\/producto\/el-parque-con-encanto-una-mirada-a-los-jardines-del-buen-retiro-de-madrid\/\",\"name\":\"El parque con encanto. Una mirada a los Jardines del Buen Retiro de Madrid. - Catalogo | Letrame Grupo Editorial\",\"isPartOf\":{\"@id\":\"https:\/\/letrame.com\/catalogo\/#website\"},\"primaryImageOfPage\":{\"@id\":\"https:\/\/letrame.com\/catalogo\/producto\/el-parque-con-encanto-una-mirada-a-los-jardines-del-buen-retiro-de-madrid\/#primaryimage\"},\"image\":{\"@id\":\"https:\/\/letrame.com\/catalogo\/producto\/el-parque-con-encanto-una-mirada-a-los-jardines-del-buen-retiro-de-madrid\/#primaryimage\"},\"thumbnailUrl\":\"https:\/\/letrame.com\/catalogo\/wp-content\/uploads\/2024\/04\/webportadaelparque_921mm-compressed.jpg\",\"datePublished\":\"2024-04-29T13:18:20+00:00\",\"dateModified\":\"2024-08-08T14:02:47+00:00\",\"breadcrumb\":{\"@id\":\"https:\/\/letrame.com\/catalogo\/producto\/el-parque-con-encanto-una-mirada-a-los-jardines-del-buen-retiro-de-madrid\/#breadcrumb\"},\"inLanguage\":\"es\",\"potentialAction\":[{\"@type\":\"ReadAction\",\"target\":[\"https:\/\/letrame.com\/catalogo\/producto\/el-parque-con-encanto-una-mirada-a-los-jardines-del-buen-retiro-de-madrid\/\"]}]},{\"@type\":\"ImageObject\",\"inLanguage\":\"es\",\"@id\":\"https:\/\/letrame.com\/catalogo\/producto\/el-parque-con-encanto-una-mirada-a-los-jardines-del-buen-retiro-de-madrid\/#primaryimage\",\"url\":\"https:\/\/letrame.com\/catalogo\/wp-content\/uploads\/2024\/04\/webportadaelparque_921mm-compressed.jpg\",\"contentUrl\":\"https:\/\/letrame.com\/catalogo\/wp-content\/uploads\/2024\/04\/webportadaelparque_921mm-compressed.jpg\",\"width\":601,\"height\":773},{\"@type\":\"BreadcrumbList\",\"@id\":\"https:\/\/letrame.com\/catalogo\/producto\/el-parque-con-encanto-una-mirada-a-los-jardines-del-buen-retiro-de-madrid\/#breadcrumb\",\"itemListElement\":[{\"@type\":\"ListItem\",\"position\":1,\"name\":\"Portada\",\"item\":\"https:\/\/letrame.com\/catalogo\/\"},{\"@type\":\"ListItem\",\"position\":2,\"name\":\"Cat\u00e1logo\",\"item\":\"https:\/\/letrame.com\/catalogo\/\"},{\"@type\":\"ListItem\",\"position\":3,\"name\":\"El parque con encanto. Una mirada a los Jardines del Buen Retiro de Madrid.\"}]},{\"@type\":\"WebSite\",\"@id\":\"https:\/\/letrame.com\/catalogo\/#website\",\"url\":\"https:\/\/letrame.com\/catalogo\/\",\"name\":\"Catalogo | Letrame Grupo Editorial\",\"description\":\"\",\"publisher\":{\"@id\":\"https:\/\/letrame.com\/catalogo\/#organization\"},\"potentialAction\":[{\"@type\":\"SearchAction\",\"target\":{\"@type\":\"EntryPoint\",\"urlTemplate\":\"https:\/\/letrame.com\/catalogo\/?s={search_term_string}\"},\"query-input\":{\"@type\":\"PropertyValueSpecification\",\"valueRequired\":true,\"valueName\":\"search_term_string\"}}],\"inLanguage\":\"es\"},{\"@type\":\"Organization\",\"@id\":\"https:\/\/letrame.com\/catalogo\/#organization\",\"name\":\"Catalogo | Letrame Grupo Editorial\",\"url\":\"https:\/\/letrame.com\/catalogo\/\",\"logo\":{\"@type\":\"ImageObject\",\"inLanguage\":\"es\",\"@id\":\"https:\/\/letrame.com\/catalogo\/#\/schema\/logo\/image\/\",\"url\":\"https:\/\/letrame.com\/catalogo\/wp-content\/uploads\/2024\/03\/logo2.webp\",\"contentUrl\":\"https:\/\/letrame.com\/catalogo\/wp-content\/uploads\/2024\/03\/logo2.webp\",\"width\":394,\"height\":128,\"caption\":\"Catalogo | Letrame Grupo Editorial\"},\"image\":{\"@id\":\"https:\/\/letrame.com\/catalogo\/#\/schema\/logo\/image\/\"}}]}<\/script>\n<!-- \/ Yoast SEO plugin. -->","yoast_head_json":{"title":"El parque con encanto. Una mirada a los Jardines del Buen Retiro de Madrid. - Catalogo | Letrame Grupo Editorial","robots":{"index":"index","follow":"follow","max-snippet":"max-snippet:-1","max-image-preview":"max-image-preview:large","max-video-preview":"max-video-preview:-1"},"canonical":"https:\/\/letrame.com\/catalogo\/producto\/el-parque-con-encanto-una-mirada-a-los-jardines-del-buen-retiro-de-madrid\/","og_locale":"es_ES","og_type":"article","og_title":"El parque con encanto. Una mirada a los Jardines del Buen Retiro de Madrid. - Catalogo | Letrame Grupo Editorial","og_description":"ISBN: 978-84-1144-773-7  SINOPSIS  Presentaci\u00f3n de una colecci\u00f3n de im\u00e1genes del fot\u00f3grafo Eduardo Cimadevila que muestran una visi\u00f3n peculiar de los \u00e1rboles que habitan los Jardines del Buen Retiro de Madrid. Las fotograf\u00edas _de evocadora belleza_ permiten contemplar a criaturas del mundo de los sue\u00f1os atrapadas en los troncos, retorcidos por el devenir del tiempo y las nieblas del pasado, y transfigurados en representaciones ic\u00f3nicas de animales y personajes m\u00edticos.  Este material visual in\u00e9dito es acompa\u00f1ado por las narraciones del investigador Javier Mar\u00eda Navas _que se adentra en el mundo de la flora y la avifauna del parque_, articulando una prosa po\u00e9tica que fluye a trav\u00e9s de las estaciones del a\u00f1o. Cada momento del ciclo vegetal renueva el jard\u00edn hist\u00f3rico, atravesado por el prisma on\u00edrico del escritor. Imagen y palabra, poes\u00eda y prosa, se combinan para deleitar los sentidos de los visitantes e interesados por la floresta de lo que constituye el parque del Retiro.  &nbsp;","og_url":"https:\/\/letrame.com\/catalogo\/producto\/el-parque-con-encanto-una-mirada-a-los-jardines-del-buen-retiro-de-madrid\/","og_site_name":"Catalogo | Letrame Grupo Editorial","article_modified_time":"2024-08-08T14:02:47+00:00","og_image":[{"width":601,"height":773,"url":"https:\/\/letrame.com\/catalogo\/wp-content\/uploads\/2024\/04\/webportadaelparque_921mm-compressed.jpg","type":"image\/jpeg"}],"twitter_card":"summary_large_image","twitter_misc":{"Tiempo de lectura":"1 minuto"},"schema":{"@context":"https:\/\/schema.org","@graph":[{"@type":"WebPage","@id":"https:\/\/letrame.com\/catalogo\/producto\/el-parque-con-encanto-una-mirada-a-los-jardines-del-buen-retiro-de-madrid\/","url":"https:\/\/letrame.com\/catalogo\/producto\/el-parque-con-encanto-una-mirada-a-los-jardines-del-buen-retiro-de-madrid\/","name":"El parque con encanto. Una mirada a los Jardines del Buen Retiro de Madrid. - Catalogo | Letrame Grupo Editorial","isPartOf":{"@id":"https:\/\/letrame.com\/catalogo\/#website"},"primaryImageOfPage":{"@id":"https:\/\/letrame.com\/catalogo\/producto\/el-parque-con-encanto-una-mirada-a-los-jardines-del-buen-retiro-de-madrid\/#primaryimage"},"image":{"@id":"https:\/\/letrame.com\/catalogo\/producto\/el-parque-con-encanto-una-mirada-a-los-jardines-del-buen-retiro-de-madrid\/#primaryimage"},"thumbnailUrl":"https:\/\/letrame.com\/catalogo\/wp-content\/uploads\/2024\/04\/webportadaelparque_921mm-compressed.jpg","datePublished":"2024-04-29T13:18:20+00:00","dateModified":"2024-08-08T14:02:47+00:00","breadcrumb":{"@id":"https:\/\/letrame.com\/catalogo\/producto\/el-parque-con-encanto-una-mirada-a-los-jardines-del-buen-retiro-de-madrid\/#breadcrumb"},"inLanguage":"es","potentialAction":[{"@type":"ReadAction","target":["https:\/\/letrame.com\/catalogo\/producto\/el-parque-con-encanto-una-mirada-a-los-jardines-del-buen-retiro-de-madrid\/"]}]},{"@type":"ImageObject","inLanguage":"es","@id":"https:\/\/letrame.com\/catalogo\/producto\/el-parque-con-encanto-una-mirada-a-los-jardines-del-buen-retiro-de-madrid\/#primaryimage","url":"https:\/\/letrame.com\/catalogo\/wp-content\/uploads\/2024\/04\/webportadaelparque_921mm-compressed.jpg","contentUrl":"https:\/\/letrame.com\/catalogo\/wp-content\/uploads\/2024\/04\/webportadaelparque_921mm-compressed.jpg","width":601,"height":773},{"@type":"BreadcrumbList","@id":"https:\/\/letrame.com\/catalogo\/producto\/el-parque-con-encanto-una-mirada-a-los-jardines-del-buen-retiro-de-madrid\/#breadcrumb","itemListElement":[{"@type":"ListItem","position":1,"name":"Portada","item":"https:\/\/letrame.com\/catalogo\/"},{"@type":"ListItem","position":2,"name":"Cat\u00e1logo","item":"https:\/\/letrame.com\/catalogo\/"},{"@type":"ListItem","position":3,"name":"El parque con encanto. Una mirada a los Jardines del Buen Retiro de Madrid."}]},{"@type":"WebSite","@id":"https:\/\/letrame.com\/catalogo\/#website","url":"https:\/\/letrame.com\/catalogo\/","name":"Catalogo | Letrame Grupo Editorial","description":"","publisher":{"@id":"https:\/\/letrame.com\/catalogo\/#organization"},"potentialAction":[{"@type":"SearchAction","target":{"@type":"EntryPoint","urlTemplate":"https:\/\/letrame.com\/catalogo\/?s={search_term_string}"},"query-input":{"@type":"PropertyValueSpecification","valueRequired":true,"valueName":"search_term_string"}}],"inLanguage":"es"},{"@type":"Organization","@id":"https:\/\/letrame.com\/catalogo\/#organization","name":"Catalogo | Letrame Grupo Editorial","url":"https:\/\/letrame.com\/catalogo\/","logo":{"@type":"ImageObject","inLanguage":"es","@id":"https:\/\/letrame.com\/catalogo\/#\/schema\/logo\/image\/","url":"https:\/\/letrame.com\/catalogo\/wp-content\/uploads\/2024\/03\/logo2.webp","contentUrl":"https:\/\/letrame.com\/catalogo\/wp-content\/uploads\/2024\/03\/logo2.webp","width":394,"height":128,"caption":"Catalogo | Letrame Grupo Editorial"},"image":{"@id":"https:\/\/letrame.com\/catalogo\/#\/schema\/logo\/image\/"}}]}},"_links":{"self":[{"href":"https:\/\/letrame.com\/catalogo\/wp-json\/wp\/v2\/product\/98705","targetHints":{"allow":["GET"]}}],"collection":[{"href":"https:\/\/letrame.com\/catalogo\/wp-json\/wp\/v2\/product"}],"about":[{"href":"https:\/\/letrame.com\/catalogo\/wp-json\/wp\/v2\/types\/product"}],"replies":[{"embeddable":true,"href":"https:\/\/letrame.com\/catalogo\/wp-json\/wp\/v2\/comments?post=98705"}],"acf:post":[{"embeddable":true,"href":"https:\/\/letrame.com\/catalogo\/wp-json\/wp\/v2\/author_book\/104878"},{"embeddable":true,"href":"https:\/\/letrame.com\/catalogo\/wp-json\/wp\/v2\/author_book\/77145"}],"wp:featuredmedia":[{"embeddable":true,"href":"https:\/\/letrame.com\/catalogo\/wp-json\/wp\/v2\/media\/98706"}],"wp:attachment":[{"href":"https:\/\/letrame.com\/catalogo\/wp-json\/wp\/v2\/media?parent=98705"}],"wp:term":[{"taxonomy":"libro","embeddable":true,"href":"https:\/\/letrame.com\/catalogo\/wp-json\/wp\/v2\/libro?post=98705"},{"taxonomy":"product_brand","embeddable":true,"href":"https:\/\/letrame.com\/catalogo\/wp-json\/wp\/v2\/product_brand?post=98705"},{"taxonomy":"product_cat","embeddable":true,"href":"https:\/\/letrame.com\/catalogo\/wp-json\/wp\/v2\/product_cat?post=98705"},{"taxonomy":"product_tag","embeddable":true,"href":"https:\/\/letrame.com\/catalogo\/wp-json\/wp\/v2\/product_tag?post=98705"}],"curies":[{"name":"wp","href":"https:\/\/api.w.org\/{rel}","templated":true}]}}