{"id":98688,"date":"2024-04-29T15:17:39","date_gmt":"2024-04-29T13:17:39","guid":{"rendered":"https:\/\/letrame.com\/catalogo\/producto\/manglares-de-tiempo\/"},"modified":"2024-04-29T15:17:42","modified_gmt":"2024-04-29T13:17:42","slug":"manglares-de-tiempo","status":"publish","type":"product","link":"https:\/\/letrame.com\/catalogo\/producto\/manglares-de-tiempo\/","title":{"rendered":"Manglares de tiempo"},"content":{"rendered":"<p><strong>ISBN<\/strong>: 978-84-1144-824-6<\/p>\n<p><strong>T\u00edtulo<\/strong>: Manglares de tiempo<br \/>\n<strong>Fecha<\/strong>: 2023<br \/>\n<strong>P\u00e1ginas<\/strong>: 152<\/p>\n<p><strong>SINOPSIS<\/strong><\/p>\n<p>Este libro re\u00fane veinticuatro cuentos, en los que se puede apreciar la versatilidad del autor, quien se pasea con facilidad por distintos temas, desde lo discretamente autobiogr\u00e1fico hasta lo fant\u00e1stico, pasando por la pol\u00edtica pedestre\u2013 pura y dura\u2013, los amores juveniles y los amores imposibles, sin dejar de lado el futuro de la humanidad que se avizora espantoso.<\/p>\n<p>A lo largo de sus p\u00e1ginas se asiste al desmoronamiento de los sue\u00f1os juveniles, a la relectura de la tragedia griega, a la sordidez del alma de los due\u00f1os de los pobres, a la mirada inocente de los ni\u00f1os y a la visi\u00f3n cansada de los viejos, sin que falten a la cita algunas recetas gastron\u00f3micas que adoban algunos de los relatos.<\/p>\n<p>Tienen la virtud de unir lo local y lo universal cuando, por ejemplo, una aldea perdida en las monta\u00f1as de Los Andes o la selva amaz\u00f3nica se convierte en ventana para contemplar la Rep\u00fablica Romana, \u00a0la Espa\u00f1a del Imperio, la de la Rep\u00fablica o la de la dictadura, o asomarse a la era de los dinosaurios o a la Irlanda irredenta. El lector podr\u00e1 sentir el peso agobiante de la vida en las grandes ciudades y tambi\u00e9n la vida buc\u00f3lica, a veces falsamente buc\u00f3lica, de los campos y veredas. La risa, la iron\u00eda, la indignaci\u00f3n o la cr\u00edtica a la sinraz\u00f3n se presentan en uno u otro de los cuentos, y las m\u00e1s de las veces en un mismo relato.<\/p>\n","protected":false},"excerpt":{"rendered":"<p><strong>ISBN<\/strong>: 978-84-1144-824-6<\/p>\n<p><strong>SINOPSIS<\/strong><\/p>\n<p>Este libro re\u00fane veinticuatro cuentos, en los que se puede apreciar la versatilidad del autor, quien se pasea con facilidad por distintos temas, desde lo discretamente autobiogr\u00e1fico hasta lo fant\u00e1stico, pasando por la pol\u00edtica pedestre\u2013 pura y dura\u2013, los amores juveniles y los amores imposibles, sin dejar de lado el futuro de la humanidad que se avizora espantoso.<\/p>\n<p>A lo largo de sus p\u00e1ginas se asiste al desmoronamiento de los sue\u00f1os juveniles, a la relectura de la tragedia griega, a la sordidez del alma de los due\u00f1os de los pobres, a la mirada inocente de los ni\u00f1os y a la visi\u00f3n cansada de los viejos, sin que falten a la cita algunas recetas gastron\u00f3micas que adoban algunos de los relatos.<\/p>\n<p>Tienen la virtud de unir lo local y lo universal cuando, por ejemplo, una aldea perdida en las monta\u00f1as de Los Andes o la selva amaz\u00f3nica se convierte en ventana para contemplar la Rep\u00fablica Romana, \u00a0la Espa\u00f1a del Imperio, la de la Rep\u00fablica o la de la dictadura, o asomarse a la era de los dinosaurios o a la Irlanda irredenta. El lector podr\u00e1 sentir el peso agobiante de la vida en las grandes ciudades y tambi\u00e9n la vida buc\u00f3lica, a veces falsamente buc\u00f3lica, de los campos y veredas. La risa, la iron\u00eda, la indignaci\u00f3n o la cr\u00edtica a la sinraz\u00f3n se presentan en uno u otro de los cuentos, y las m\u00e1s de las veces en un mismo relato.<\/p>\n","protected":false},"featured_media":98689,"comment_status":"closed","ping_status":"open","template":"","meta":{"_acf_changed":false},"libro":[],"product_brand":[],"product_cat":[33],"product_tag":[],"class_list":{"0":"post-98688","1":"product","2":"type-product","3":"status-publish","4":"has-post-thumbnail","6":"product_cat-cuento","8":"first","9":"instock","10":"product-type-simple"},"acf":{"autor":[77126],"enlace_de_compra":"https:\/\/www.amazon.es\/Sinti%C3%A9ndote-poemas-desnudando-el-alma\/dp\/8411447367\/"},"yoast_head":"<!-- This site is optimized with the Yoast SEO plugin v26.6 - https:\/\/yoast.com\/wordpress\/plugins\/seo\/ -->\n<title>Manglares de tiempo - Catalogo | Letrame Grupo Editorial<\/title>\n<meta name=\"robots\" content=\"index, follow, max-snippet:-1, max-image-preview:large, max-video-preview:-1\" \/>\n<link rel=\"canonical\" href=\"https:\/\/letrame.com\/catalogo\/producto\/manglares-de-tiempo\/\" \/>\n<meta property=\"og:locale\" content=\"es_ES\" \/>\n<meta property=\"og:type\" content=\"article\" \/>\n<meta property=\"og:title\" content=\"Manglares de tiempo - Catalogo | Letrame Grupo Editorial\" \/>\n<meta property=\"og:description\" content=\"ISBN: 978-84-1144-824-6 SINOPSIS Este libro re\u00fane veinticuatro cuentos, en los que se puede apreciar la versatilidad del autor, quien se pasea con facilidad por distintos temas, desde lo discretamente autobiogr\u00e1fico hasta lo fant\u00e1stico, pasando por la pol\u00edtica pedestre\u2013 pura y dura\u2013, los amores juveniles y los amores imposibles, sin dejar de lado el futuro de la humanidad que se avizora espantoso. A lo largo de sus p\u00e1ginas se asiste al desmoronamiento de los sue\u00f1os juveniles, a la relectura de la tragedia griega, a la sordidez del alma de los due\u00f1os de los pobres, a la mirada inocente de los ni\u00f1os y a la visi\u00f3n cansada de los viejos, sin que falten a la cita algunas recetas gastron\u00f3micas que adoban algunos de los relatos. Tienen la virtud de unir lo local y lo universal cuando, por ejemplo, una aldea perdida en las monta\u00f1as de Los Andes o la selva amaz\u00f3nica se convierte en ventana para contemplar la Rep\u00fablica Romana, \u00a0la Espa\u00f1a del Imperio, la de la Rep\u00fablica o la de la dictadura, o asomarse a la era de los dinosaurios o a la Irlanda irredenta. El lector podr\u00e1 sentir el peso agobiante de la vida en las grandes ciudades y tambi\u00e9n la vida buc\u00f3lica, a veces falsamente buc\u00f3lica, de los campos y veredas. La risa, la iron\u00eda, la indignaci\u00f3n o la cr\u00edtica a la sinraz\u00f3n se presentan en uno u otro de los cuentos, y las m\u00e1s de las veces en un mismo relato.\" \/>\n<meta property=\"og:url\" content=\"https:\/\/letrame.com\/catalogo\/producto\/manglares-de-tiempo\/\" \/>\n<meta property=\"og:site_name\" content=\"Catalogo | Letrame Grupo Editorial\" \/>\n<meta property=\"article:modified_time\" content=\"2024-04-29T13:17:42+00:00\" \/>\n<meta property=\"og:image\" content=\"https:\/\/letrame.com\/catalogo\/wp-content\/uploads\/2024\/04\/webportadamanglaresdetiempo_8mm-compressed.jpg\" \/>\n\t<meta property=\"og:image:width\" content=\"601\" \/>\n\t<meta property=\"og:image:height\" content=\"881\" \/>\n\t<meta property=\"og:image:type\" content=\"image\/jpeg\" \/>\n<meta name=\"twitter:card\" content=\"summary_large_image\" \/>\n<meta name=\"twitter:label1\" content=\"Tiempo de lectura\" \/>\n\t<meta name=\"twitter:data1\" content=\"1 minuto\" \/>\n<script type=\"application\/ld+json\" class=\"yoast-schema-graph\">{\"@context\":\"https:\/\/schema.org\",\"@graph\":[{\"@type\":\"WebPage\",\"@id\":\"https:\/\/letrame.com\/catalogo\/producto\/manglares-de-tiempo\/\",\"url\":\"https:\/\/letrame.com\/catalogo\/producto\/manglares-de-tiempo\/\",\"name\":\"Manglares de tiempo - Catalogo | Letrame Grupo Editorial\",\"isPartOf\":{\"@id\":\"https:\/\/letrame.com\/catalogo\/#website\"},\"primaryImageOfPage\":{\"@id\":\"https:\/\/letrame.com\/catalogo\/producto\/manglares-de-tiempo\/#primaryimage\"},\"image\":{\"@id\":\"https:\/\/letrame.com\/catalogo\/producto\/manglares-de-tiempo\/#primaryimage\"},\"thumbnailUrl\":\"https:\/\/letrame.com\/catalogo\/wp-content\/uploads\/2024\/04\/webportadamanglaresdetiempo_8mm-compressed.jpg\",\"datePublished\":\"2024-04-29T13:17:39+00:00\",\"dateModified\":\"2024-04-29T13:17:42+00:00\",\"breadcrumb\":{\"@id\":\"https:\/\/letrame.com\/catalogo\/producto\/manglares-de-tiempo\/#breadcrumb\"},\"inLanguage\":\"es\",\"potentialAction\":[{\"@type\":\"ReadAction\",\"target\":[\"https:\/\/letrame.com\/catalogo\/producto\/manglares-de-tiempo\/\"]}]},{\"@type\":\"ImageObject\",\"inLanguage\":\"es\",\"@id\":\"https:\/\/letrame.com\/catalogo\/producto\/manglares-de-tiempo\/#primaryimage\",\"url\":\"https:\/\/letrame.com\/catalogo\/wp-content\/uploads\/2024\/04\/webportadamanglaresdetiempo_8mm-compressed.jpg\",\"contentUrl\":\"https:\/\/letrame.com\/catalogo\/wp-content\/uploads\/2024\/04\/webportadamanglaresdetiempo_8mm-compressed.jpg\",\"width\":601,\"height\":881},{\"@type\":\"BreadcrumbList\",\"@id\":\"https:\/\/letrame.com\/catalogo\/producto\/manglares-de-tiempo\/#breadcrumb\",\"itemListElement\":[{\"@type\":\"ListItem\",\"position\":1,\"name\":\"Portada\",\"item\":\"https:\/\/letrame.com\/catalogo\/\"},{\"@type\":\"ListItem\",\"position\":2,\"name\":\"Cat\u00e1logo\",\"item\":\"https:\/\/letrame.com\/catalogo\/\"},{\"@type\":\"ListItem\",\"position\":3,\"name\":\"Manglares de tiempo\"}]},{\"@type\":\"WebSite\",\"@id\":\"https:\/\/letrame.com\/catalogo\/#website\",\"url\":\"https:\/\/letrame.com\/catalogo\/\",\"name\":\"Catalogo | Letrame Grupo Editorial\",\"description\":\"\",\"publisher\":{\"@id\":\"https:\/\/letrame.com\/catalogo\/#organization\"},\"potentialAction\":[{\"@type\":\"SearchAction\",\"target\":{\"@type\":\"EntryPoint\",\"urlTemplate\":\"https:\/\/letrame.com\/catalogo\/?s={search_term_string}\"},\"query-input\":{\"@type\":\"PropertyValueSpecification\",\"valueRequired\":true,\"valueName\":\"search_term_string\"}}],\"inLanguage\":\"es\"},{\"@type\":\"Organization\",\"@id\":\"https:\/\/letrame.com\/catalogo\/#organization\",\"name\":\"Catalogo | Letrame Grupo Editorial\",\"url\":\"https:\/\/letrame.com\/catalogo\/\",\"logo\":{\"@type\":\"ImageObject\",\"inLanguage\":\"es\",\"@id\":\"https:\/\/letrame.com\/catalogo\/#\/schema\/logo\/image\/\",\"url\":\"https:\/\/letrame.com\/catalogo\/wp-content\/uploads\/2024\/03\/logo2.webp\",\"contentUrl\":\"https:\/\/letrame.com\/catalogo\/wp-content\/uploads\/2024\/03\/logo2.webp\",\"width\":394,\"height\":128,\"caption\":\"Catalogo | Letrame Grupo Editorial\"},\"image\":{\"@id\":\"https:\/\/letrame.com\/catalogo\/#\/schema\/logo\/image\/\"}}]}<\/script>\n<!-- \/ Yoast SEO plugin. -->","yoast_head_json":{"title":"Manglares de tiempo - Catalogo | Letrame Grupo Editorial","robots":{"index":"index","follow":"follow","max-snippet":"max-snippet:-1","max-image-preview":"max-image-preview:large","max-video-preview":"max-video-preview:-1"},"canonical":"https:\/\/letrame.com\/catalogo\/producto\/manglares-de-tiempo\/","og_locale":"es_ES","og_type":"article","og_title":"Manglares de tiempo - Catalogo | Letrame Grupo Editorial","og_description":"ISBN: 978-84-1144-824-6 SINOPSIS Este libro re\u00fane veinticuatro cuentos, en los que se puede apreciar la versatilidad del autor, quien se pasea con facilidad por distintos temas, desde lo discretamente autobiogr\u00e1fico hasta lo fant\u00e1stico, pasando por la pol\u00edtica pedestre\u2013 pura y dura\u2013, los amores juveniles y los amores imposibles, sin dejar de lado el futuro de la humanidad que se avizora espantoso. A lo largo de sus p\u00e1ginas se asiste al desmoronamiento de los sue\u00f1os juveniles, a la relectura de la tragedia griega, a la sordidez del alma de los due\u00f1os de los pobres, a la mirada inocente de los ni\u00f1os y a la visi\u00f3n cansada de los viejos, sin que falten a la cita algunas recetas gastron\u00f3micas que adoban algunos de los relatos. Tienen la virtud de unir lo local y lo universal cuando, por ejemplo, una aldea perdida en las monta\u00f1as de Los Andes o la selva amaz\u00f3nica se convierte en ventana para contemplar la Rep\u00fablica Romana, \u00a0la Espa\u00f1a del Imperio, la de la Rep\u00fablica o la de la dictadura, o asomarse a la era de los dinosaurios o a la Irlanda irredenta. El lector podr\u00e1 sentir el peso agobiante de la vida en las grandes ciudades y tambi\u00e9n la vida buc\u00f3lica, a veces falsamente buc\u00f3lica, de los campos y veredas. La risa, la iron\u00eda, la indignaci\u00f3n o la cr\u00edtica a la sinraz\u00f3n se presentan en uno u otro de los cuentos, y las m\u00e1s de las veces en un mismo relato.","og_url":"https:\/\/letrame.com\/catalogo\/producto\/manglares-de-tiempo\/","og_site_name":"Catalogo | Letrame Grupo Editorial","article_modified_time":"2024-04-29T13:17:42+00:00","og_image":[{"width":601,"height":881,"url":"https:\/\/letrame.com\/catalogo\/wp-content\/uploads\/2024\/04\/webportadamanglaresdetiempo_8mm-compressed.jpg","type":"image\/jpeg"}],"twitter_card":"summary_large_image","twitter_misc":{"Tiempo de lectura":"1 minuto"},"schema":{"@context":"https:\/\/schema.org","@graph":[{"@type":"WebPage","@id":"https:\/\/letrame.com\/catalogo\/producto\/manglares-de-tiempo\/","url":"https:\/\/letrame.com\/catalogo\/producto\/manglares-de-tiempo\/","name":"Manglares de tiempo - Catalogo | Letrame Grupo Editorial","isPartOf":{"@id":"https:\/\/letrame.com\/catalogo\/#website"},"primaryImageOfPage":{"@id":"https:\/\/letrame.com\/catalogo\/producto\/manglares-de-tiempo\/#primaryimage"},"image":{"@id":"https:\/\/letrame.com\/catalogo\/producto\/manglares-de-tiempo\/#primaryimage"},"thumbnailUrl":"https:\/\/letrame.com\/catalogo\/wp-content\/uploads\/2024\/04\/webportadamanglaresdetiempo_8mm-compressed.jpg","datePublished":"2024-04-29T13:17:39+00:00","dateModified":"2024-04-29T13:17:42+00:00","breadcrumb":{"@id":"https:\/\/letrame.com\/catalogo\/producto\/manglares-de-tiempo\/#breadcrumb"},"inLanguage":"es","potentialAction":[{"@type":"ReadAction","target":["https:\/\/letrame.com\/catalogo\/producto\/manglares-de-tiempo\/"]}]},{"@type":"ImageObject","inLanguage":"es","@id":"https:\/\/letrame.com\/catalogo\/producto\/manglares-de-tiempo\/#primaryimage","url":"https:\/\/letrame.com\/catalogo\/wp-content\/uploads\/2024\/04\/webportadamanglaresdetiempo_8mm-compressed.jpg","contentUrl":"https:\/\/letrame.com\/catalogo\/wp-content\/uploads\/2024\/04\/webportadamanglaresdetiempo_8mm-compressed.jpg","width":601,"height":881},{"@type":"BreadcrumbList","@id":"https:\/\/letrame.com\/catalogo\/producto\/manglares-de-tiempo\/#breadcrumb","itemListElement":[{"@type":"ListItem","position":1,"name":"Portada","item":"https:\/\/letrame.com\/catalogo\/"},{"@type":"ListItem","position":2,"name":"Cat\u00e1logo","item":"https:\/\/letrame.com\/catalogo\/"},{"@type":"ListItem","position":3,"name":"Manglares de tiempo"}]},{"@type":"WebSite","@id":"https:\/\/letrame.com\/catalogo\/#website","url":"https:\/\/letrame.com\/catalogo\/","name":"Catalogo | Letrame Grupo Editorial","description":"","publisher":{"@id":"https:\/\/letrame.com\/catalogo\/#organization"},"potentialAction":[{"@type":"SearchAction","target":{"@type":"EntryPoint","urlTemplate":"https:\/\/letrame.com\/catalogo\/?s={search_term_string}"},"query-input":{"@type":"PropertyValueSpecification","valueRequired":true,"valueName":"search_term_string"}}],"inLanguage":"es"},{"@type":"Organization","@id":"https:\/\/letrame.com\/catalogo\/#organization","name":"Catalogo | Letrame Grupo Editorial","url":"https:\/\/letrame.com\/catalogo\/","logo":{"@type":"ImageObject","inLanguage":"es","@id":"https:\/\/letrame.com\/catalogo\/#\/schema\/logo\/image\/","url":"https:\/\/letrame.com\/catalogo\/wp-content\/uploads\/2024\/03\/logo2.webp","contentUrl":"https:\/\/letrame.com\/catalogo\/wp-content\/uploads\/2024\/03\/logo2.webp","width":394,"height":128,"caption":"Catalogo | Letrame Grupo Editorial"},"image":{"@id":"https:\/\/letrame.com\/catalogo\/#\/schema\/logo\/image\/"}}]}},"_links":{"self":[{"href":"https:\/\/letrame.com\/catalogo\/wp-json\/wp\/v2\/product\/98688","targetHints":{"allow":["GET"]}}],"collection":[{"href":"https:\/\/letrame.com\/catalogo\/wp-json\/wp\/v2\/product"}],"about":[{"href":"https:\/\/letrame.com\/catalogo\/wp-json\/wp\/v2\/types\/product"}],"replies":[{"embeddable":true,"href":"https:\/\/letrame.com\/catalogo\/wp-json\/wp\/v2\/comments?post=98688"}],"acf:post":[{"embeddable":true,"href":"https:\/\/letrame.com\/catalogo\/wp-json\/wp\/v2\/author_book\/77126"}],"wp:featuredmedia":[{"embeddable":true,"href":"https:\/\/letrame.com\/catalogo\/wp-json\/wp\/v2\/media\/98689"}],"wp:attachment":[{"href":"https:\/\/letrame.com\/catalogo\/wp-json\/wp\/v2\/media?parent=98688"}],"wp:term":[{"taxonomy":"libro","embeddable":true,"href":"https:\/\/letrame.com\/catalogo\/wp-json\/wp\/v2\/libro?post=98688"},{"taxonomy":"product_brand","embeddable":true,"href":"https:\/\/letrame.com\/catalogo\/wp-json\/wp\/v2\/product_brand?post=98688"},{"taxonomy":"product_cat","embeddable":true,"href":"https:\/\/letrame.com\/catalogo\/wp-json\/wp\/v2\/product_cat?post=98688"},{"taxonomy":"product_tag","embeddable":true,"href":"https:\/\/letrame.com\/catalogo\/wp-json\/wp\/v2\/product_tag?post=98688"}],"curies":[{"name":"wp","href":"https:\/\/api.w.org\/{rel}","templated":true}]}}